[INFO] fetching crate merlon 1.1.0...
[INFO] testing merlon-1.1.0 against 1.69.0 for beta-1.70-1
[INFO] extracting crate merlon 1.1.0 into /workspace/builds/worker-4-tc1/source
[INFO] validating manifest of crates.io crate merlon 1.1.0 on toolchain 1.69.0
[INFO] running `Command { std: CARGO_HOME="/workspace/cargo-home" RUSTUP_HOME="/workspace/rustup-home" "/workspace/cargo-home/bin/cargo" "+1.69.0" "metadata" "--manifest-path" "Cargo.toml" "--no-deps", kill_on_drop: false }`
[INFO] started tweaking crates.io crate merlon 1.1.0
[INFO] finished tweaking crates.io crate merlon 1.1.0
[INFO] tweaked toml for crates.io crate merlon 1.1.0 written to /workspace/builds/worker-4-tc1/source/Cargo.toml
[INFO] crate crates.io crate merlon 1.1.0 already has a lockfile, it will not be regenerated
[INFO] running `Command { std: CARGO_HOME="/workspace/cargo-home" RUSTUP_HOME="/workspace/rustup-home" "/workspace/cargo-home/bin/cargo" "+1.69.0" "fetch" "--manifest-path" "Cargo.toml", kill_on_drop: false }`
[INFO] [stderr]  Downloading crates ...
[INFO] [stderr]   Downloaded trycmd v0.14.16
[INFO] [stderr]   Downloaded uuid v1.3.1
[INFO] [stderr]   Downloaded snapbox-macros v0.3.4
[INFO] [stderr]   Downloaded epi v0.15.0
[INFO] [stderr]   Downloaded inventory v0.3.5
[INFO] [stderr]   Downloaded snapbox v0.4.11
[INFO] [stderr]   Downloaded mio-misc v1.2.2
[INFO] [stderr]   Downloaded eframe v0.15.0
[INFO] [stderr]   Downloaded webbrowser v0.5.5
[INFO] [stderr]   Downloaded egui_web v0.15.0
[INFO] [stderr]   Downloaded copypasta v0.7.1
[INFO] [stderr]   Downloaded egui-winit v0.15.0
[INFO] [stderr]   Downloaded egui_glow v0.15.0
[INFO] [stderr]   Downloaded emath v0.15.0
[INFO] [stderr]   Downloaded ctor v0.2.0
[INFO] [stderr]   Downloaded cansi v2.2.1
[INFO] [stderr]   Downloaded native-dialog v0.5.8
[INFO] [stderr]   Downloaded wfd v0.1.7
[INFO] [stderr]   Downloaded clap v4.2.4
[INFO] [stderr]   Downloaded glutin v0.27.0
[INFO] [stderr]   Downloaded klask v1.0.0
[INFO] [stderr]   Downloaded clap_builder v4.2.4
[INFO] [stderr]   Downloaded egui v0.15.0
[INFO] [stderr]   Downloaded rustix v0.37.14
[INFO] [stderr]   Downloaded winit v0.25.0
[INFO] [stderr]   Downloaded epaint v0.15.0
[INFO] running `Command { std: "docker" "create" "-v" "/var/lib/crater-agent-workspace/builds/worker-4-tc1/target:/opt/rustwide/target:rw,Z" "-v" "/var/lib/crater-agent-workspace/builds/worker-4-tc1/source:/opt/rustwide/workdir:ro,Z" "-v" "/var/lib/crater-agent-workspace/cargo-home:/opt/rustwide/cargo-home:ro,Z" "-v" "/var/lib/crater-agent-workspace/rustup-home:/opt/rustwide/rustup-home:ro,Z" "-e" "SOURCE_DIR=/opt/rustwide/workdir" "-e" "CARGO_TARGET_DIR=/opt/rustwide/target" "-e" "CARGO_HOME=/opt/rustwide/cargo-home" "-e" "RUSTUP_HOME=/opt/rustwide/rustup-home" "-w" "/opt/rustwide/workdir" "-m" "1610612736" "--user" "0:0" "--network" "none" "ghcr.io/rust-lang/crates-build-env/linux@sha256:5ff2268d62e97bff2cde7d5815dd6ed5b47097566f13b8d0ca110b04b60e07ed" "/opt/rustwide/cargo-home/bin/cargo" "+1.69.0" "metadata" "--no-deps" "--format-version=1", kill_on_drop: false }`
[INFO] [stdout] 9cd0d998a755146e5c7d133a91eb265869729d0ce724d526e94ef210a62e390d
[INFO] running `Command { std: "docker" "start" "-a" "9cd0d998a755146e5c7d133a91eb265869729d0ce724d526e94ef210a62e390d", kill_on_drop: false }`
[INFO] running `Command { std: "docker" "inspect" "9cd0d998a755146e5c7d133a91eb265869729d0ce724d526e94ef210a62e390d", kill_on_drop: false }`
[INFO] running `Command { std: "docker" "rm" "-f" "9cd0d998a755146e5c7d133a91eb265869729d0ce724d526e94ef210a62e390d", kill_on_drop: false }`
[INFO] [stdout] 9cd0d998a755146e5c7d133a91eb265869729d0ce724d526e94ef210a62e390d
[INFO] running `Command { std: "docker" "create" "-v" "/var/lib/crater-agent-workspace/builds/worker-4-tc1/target:/opt/rustwide/target:rw,Z" "-v" "/var/lib/crater-agent-workspace/builds/worker-4-tc1/source:/opt/rustwide/workdir:ro,Z" "-v" "/var/lib/crater-agent-workspace/cargo-home:/opt/rustwide/cargo-home:ro,Z" "-v" "/var/lib/crater-agent-workspace/rustup-home:/opt/rustwide/rustup-home:ro,Z" "-e" "SOURCE_DIR=/opt/rustwide/workdir" "-e" "CARGO_TARGET_DIR=/opt/rustwide/target" "-e" "CARGO_INCREMENTAL=0" "-e" "RUST_BACKTRACE=full" "-e" "RUSTFLAGS=--cap-lints=warn" "-e" "RUSTDOCFLAGS=--cap-lints=warn" "-e" "CARGO_HOME=/opt/rustwide/cargo-home" "-e" "RUSTUP_HOME=/opt/rustwide/rustup-home" "-w" "/opt/rustwide/workdir" "-m" "1610612736" "--user" "0:0" "--network" "none" "ghcr.io/rust-lang/crates-build-env/linux@sha256:5ff2268d62e97bff2cde7d5815dd6ed5b47097566f13b8d0ca110b04b60e07ed" "/opt/rustwide/cargo-home/bin/cargo" "+1.69.0" "build" "--frozen" "--message-format=json", kill_on_drop: false }`
[INFO] [stdout] f3f37303c8bf4268317b24a89073d2b440879f9d5fb92ed1fbf130495a5345a2
[INFO] running `Command { std: "docker" "start" "-a" "f3f37303c8bf4268317b24a89073d2b440879f9d5fb92ed1fbf130495a5345a2", kill_on_drop: false }`
[INFO] [stderr]    Compiling target-lexicon v0.12.6
[INFO] [stderr]    Compiling serde v1.0.160
[INFO] [stderr]    Compiling io-lifetimes v1.0.10
[INFO] [stderr]    Compiling rustix v0.37.14
[INFO] [stderr]    Compiling linux-raw-sys v0.3.4
[INFO] [stderr]    Compiling generic-array v0.14.7
[INFO] [stderr]    Compiling syn v1.0.109
[INFO] [stderr]    Compiling lock_api v0.4.9
[INFO] [stderr]    Compiling parking_lot_core v0.9.7
[INFO] [stderr]    Compiling utf8parse v0.2.1
[INFO] [stderr]    Compiling anstyle v1.0.0
[INFO] [stderr]    Compiling anyhow v1.0.70
[INFO] [stderr]    Compiling scopeguard v1.1.0
[INFO] [stderr]    Compiling colorchoice v1.0.0
[INFO] [stderr]    Compiling smallvec v1.10.0
[INFO] [stderr]    Compiling anstyle-query v1.0.0
[INFO] [stderr]    Compiling quick-error v1.2.3
[INFO] [stderr]    Compiling anstyle-parse v0.2.0
[INFO] [stderr]    Compiling ghost v0.1.9
[INFO] [stderr]    Compiling humantime v1.3.0
[INFO] [stderr]    Compiling ctor v0.2.0
[INFO] [stderr]    Compiling winnow v0.4.1
[INFO] [stderr]    Compiling heck v0.4.1
[INFO] [stderr]    Compiling clap_lex v0.4.1
[INFO] [stderr]    Compiling semver v1.0.17
[INFO] [stderr]    Compiling env_logger v0.7.1
[INFO] [stderr]    Compiling thiserror-impl v1.0.40
[INFO] [stderr]    Compiling clap_derive v4.2.0
[INFO] [stderr]    Compiling parking_lot v0.12.1
[INFO] [stderr]    Compiling time v0.1.45
[INFO] [stderr]    Compiling crypto-common v0.1.6
[INFO] [stderr]    Compiling block-buffer v0.10.4
[INFO] [stderr]    Compiling getrandom v0.2.9
[INFO] [stderr]    Compiling indoc v1.0.9
[INFO] [stderr]    Compiling pyo3-build-config v0.18.3
[INFO] [stderr]    Compiling unindent v0.1.11
[INFO] [stderr]    Compiling iana-time-zone v0.1.56
[INFO] [stderr]    Compiling inventory v0.3.5
[INFO] [stderr]    Compiling digest v0.10.6
[INFO] [stderr]    Compiling pretty_env_logger v0.4.0
[INFO] [stderr]    Compiling temp-dir v0.1.11
[INFO] [stderr]    Compiling sha1 v0.10.5
[INFO] [stderr]    Compiling fs_extra v1.3.0
[INFO] [stderr]    Compiling chrono v0.4.24
[INFO] [stderr]    Compiling is-terminal v0.4.7
[INFO] [stderr]    Compiling thiserror v1.0.40
[INFO] [stderr]    Compiling anstream v0.3.0
[INFO] [stderr]    Compiling clap_builder v4.2.4
[INFO] [stderr]    Compiling pyo3-ffi v0.18.3
[INFO] [stderr]    Compiling pyo3 v0.18.3
[INFO] [stderr]    Compiling serde_spanned v0.6.1
[INFO] [stderr]    Compiling toml_datetime v0.6.1
[INFO] [stderr]    Compiling uuid v1.3.1
[INFO] [stderr]    Compiling pyo3-macros-backend v0.18.3
[INFO] [stderr]    Compiling toml_edit v0.19.8
[INFO] [stderr]    Compiling clap v4.2.4
[INFO] [stderr]    Compiling toml v0.7.3
[INFO] [stderr]    Compiling pyo3-macros v0.18.3
[INFO] [stderr]    Compiling merlon v1.1.0 (/opt/rustwide/workdir)
[INFO] [stderr]     Finished dev [unoptimized + debuginfo] target(s) in 26.00s
[INFO] running `Command { std: "docker" "inspect" "f3f37303c8bf4268317b24a89073d2b440879f9d5fb92ed1fbf130495a5345a2", kill_on_drop: false }`
[INFO] running `Command { std: "docker" "rm" "-f" "f3f37303c8bf4268317b24a89073d2b440879f9d5fb92ed1fbf130495a5345a2", kill_on_drop: false }`
[INFO] [stdout] f3f37303c8bf4268317b24a89073d2b440879f9d5fb92ed1fbf130495a5345a2
[INFO] running `Command { std: "docker" "create" "-v" "/var/lib/crater-agent-workspace/builds/worker-4-tc1/target:/opt/rustwide/target:rw,Z" "-v" "/var/lib/crater-agent-workspace/builds/worker-4-tc1/source:/opt/rustwide/workdir:ro,Z" "-v" "/var/lib/crater-agent-workspace/cargo-home:/opt/rustwide/cargo-home:ro,Z" "-v" "/var/lib/crater-agent-workspace/rustup-home:/opt/rustwide/rustup-home:ro,Z" "-e" "SOURCE_DIR=/opt/rustwide/workdir" "-e" "CARGO_TARGET_DIR=/opt/rustwide/target" "-e" "CARGO_INCREMENTAL=0" "-e" "RUST_BACKTRACE=full" "-e" "RUSTFLAGS=--cap-lints=warn" "-e" "RUSTDOCFLAGS=--cap-lints=warn" "-e" "CARGO_HOME=/opt/rustwide/cargo-home" "-e" "RUSTUP_HOME=/opt/rustwide/rustup-home" "-w" "/opt/rustwide/workdir" "-m" "1610612736" "--user" "0:0" "--network" "none" "ghcr.io/rust-lang/crates-build-env/linux@sha256:5ff2268d62e97bff2cde7d5815dd6ed5b47097566f13b8d0ca110b04b60e07ed" "/opt/rustwide/cargo-home/bin/cargo" "+1.69.0" "test" "--frozen" "--no-run" "--message-format=json", kill_on_drop: false }`
[INFO] [stdout] 65ffcd57d69e62198e242b33d8d7832f14a8a59d6f25d481fc97fa25c9a9038e
[INFO] running `Command { std: "docker" "start" "-a" "65ffcd57d69e62198e242b33d8d7832f14a8a59d6f25d481fc97fa25c9a9038e", kill_on_drop: false }`
[INFO] [stderr]    Compiling rustix v0.37.14
[INFO] [stderr]    Compiling getrandom v0.2.9
[INFO] [stderr]    Compiling crossbeam-epoch v0.9.14
[INFO] [stderr]    Compiling fastrand v1.9.0
[INFO] [stderr]    Compiling content_inspector v0.2.4
[INFO] [stderr]    Compiling wait-timeout v0.2.0
[INFO] [stderr]    Compiling os_pipe v1.1.4
[INFO] [stderr]    Compiling filetime v0.2.21
[INFO] [stderr]    Compiling walkdir v2.3.3
[INFO] [stderr]    Compiling normalize-line-endings v0.3.0
[INFO] [stderr]    Compiling similar v2.2.1
[INFO] [stderr]    Compiling either v1.8.1
[INFO] [stderr]    Compiling dunce v1.0.4
[INFO] [stderr]    Compiling humantime-serde v1.1.1
[INFO] [stderr]    Compiling glob v0.3.1
[INFO] [stderr]    Compiling shlex v1.1.0
[INFO] [stderr]    Compiling uuid v1.3.1
[INFO] [stderr]    Compiling rand_core v0.6.4
[INFO] [stderr]    Compiling rand_chacha v0.3.1
[INFO] [stderr]    Compiling crossbeam-deque v0.8.3
[INFO] [stderr]    Compiling rand v0.8.5
[INFO] [stderr]    Compiling rayon-core v1.11.0
[INFO] [stderr]    Compiling rayon v1.7.0
[INFO] [stderr]    Compiling is-terminal v0.4.7
[INFO] [stderr]    Compiling tempfile v3.5.0
[INFO] [stderr]    Compiling anstream v0.3.0
[INFO] [stderr]    Compiling clap_builder v4.2.4
[INFO] [stderr]    Compiling snapbox-macros v0.3.4
[INFO] [stderr]    Compiling snapbox v0.4.11
[INFO] [stderr]    Compiling trycmd v0.14.16
[INFO] [stderr]    Compiling clap v4.2.4
[INFO] [stderr]    Compiling merlon v1.1.0 (/opt/rustwide/workdir)
[INFO] [stderr]     Finished test [unoptimized + debuginfo] target(s) in 18.01s
[INFO] running `Command { std: "docker" "inspect" "65ffcd57d69e62198e242b33d8d7832f14a8a59d6f25d481fc97fa25c9a9038e", kill_on_drop: false }`
[INFO] running `Command { std: "docker" "rm" "-f" "65ffcd57d69e62198e242b33d8d7832f14a8a59d6f25d481fc97fa25c9a9038e", kill_on_drop: false }`
[INFO] [stdout] 65ffcd57d69e62198e242b33d8d7832f14a8a59d6f25d481fc97fa25c9a9038e
[INFO] running `Command { std: "docker" "create" "-v" "/var/lib/crater-agent-workspace/builds/worker-4-tc1/target:/opt/rustwide/target:rw,Z" "-v" "/var/lib/crater-agent-workspace/builds/worker-4-tc1/source:/opt/rustwide/workdir:ro,Z" "-v" "/var/lib/crater-agent-workspace/cargo-home:/opt/rustwide/cargo-home:ro,Z" "-v" "/var/lib/crater-agent-workspace/rustup-home:/opt/rustwide/rustup-home:ro,Z" "-e" "SOURCE_DIR=/opt/rustwide/workdir" "-e" "CARGO_TARGET_DIR=/opt/rustwide/target" "-e" "CARGO_INCREMENTAL=0" "-e" "RUST_BACKTRACE=full" "-e" "RUSTFLAGS=--cap-lints=warn" "-e" "RUSTDOCFLAGS=--cap-lints=warn" "-e" "CARGO_HOME=/opt/rustwide/cargo-home" "-e" "RUSTUP_HOME=/opt/rustwide/rustup-home" "-w" "/opt/rustwide/workdir" "-m" "1610612736" "--user" "0:0" "--network" "none" "ghcr.io/rust-lang/crates-build-env/linux@sha256:5ff2268d62e97bff2cde7d5815dd6ed5b47097566f13b8d0ca110b04b60e07ed" "/opt/rustwide/cargo-home/bin/cargo" "+1.69.0" "test" "--frozen", kill_on_drop: false }`
[INFO] [stdout] 5d26b47c34826f45ad7bfab115fe635bc94807033eb022cfd0d55d92468abe01
[INFO] running `Command { std: "docker" "start" "-a" "5d26b47c34826f45ad7bfab115fe635bc94807033eb022cfd0d55d92468abe01", kill_on_drop: false }`
[INFO] [stderr]     Finished test [unoptimized + debuginfo] target(s) in 0.21s
[INFO] [stderr]      Running unittests src/lib.rs (/opt/rustwide/target/debug/deps/merlon-dc3dfe70d8fb41ef)
[INFO] [stdout] 
[INFO] [stdout] running 1 test
[INFO] [stdout] test package::registry::test::dependency_graph ... ok
[INFO] [stdout] 
[INFO] [stdout] test result: ok. 1 passed; 0 failed; 0 ignored; 0 measured; 0 filtered out; finished in 0.09s
[INFO] [stdout] 
[INFO] [stderr]      Running unittests src/main.rs (/opt/rustwide/target/debug/deps/merlon-3899d277c7ebaaa6)
[INFO] [stderr]      Running tests/cli_tests.rs (/opt/rustwide/target/debug/deps/cli_tests-82177cf79f42c9d2)
[INFO] [stdout] 
[INFO] [stdout] running 1 test
[INFO] [stdout] test verify_cli ... ok
[INFO] [stdout] 
[INFO] [stdout] test result: ok. 1 passed; 0 failed; 0 ignored; 0 measured; 0 filtered out; finished in 0.00s
[INFO] [stdout] 
[INFO] [stdout] 
[INFO] [stdout] running 1 test
[INFO] [stderr] [2mTesting[0m tests/cmd/new.toml ... [32mok[0m
[INFO] [stderr] [2mTesting[0m tests/cmd/new.toml:teardown ... [32mok[0m
[INFO] [stdout] test cli_tests ... ok
[INFO] [stdout] 
[INFO] [stdout] test result: ok. 1 passed; 0 failed; 0 ignored; 0 measured; 0 filtered out; finished in 0.05s
[INFO] [stdout] 
[INFO] [stderr]      Running tests/dependencies.rs (/opt/rustwide/target/debug/deps/dependencies-4e65863a10090279)
[INFO] [stdout] 
[INFO] [stdout] running 5 tests
[INFO] [stdout] test sync_complex_dependency_graph_to_repo ... ignored
[INFO] [stderr] Cloning into 'papermario'...
[INFO] [stderr] Cloning into 'papermario'...
[INFO] [stderr] Cloning into 'papermario'...
[INFO] [stdout] test rom::baserom_exists ... FAILED
[INFO] [stderr] fatal: unable to access 'https://github.com/pmret/papermario.git/': Could not resolve host: github.com
[INFO] [stderr] fatal: unable to access 'https://github.com/pmret/papermario.git/': Could not resolve host: github.com
[INFO] [stderr] fatal: unable to access 'https://github.com/pmret/papermario.git/': Could not resolve host: github.com
[INFO] [stdout] test single_dependency ... FAILED
[INFO] [stdout] test initialised_patches_maintained ... FAILED
[INFO] [stdout] test initialising_package_gives_decomp_dependency ... FAILED
[INFO] [stdout] 
[INFO] [stdout] failures:
[INFO] [stdout] 
[INFO] [stdout] ---- rom::baserom_exists stdout ----
[INFO] [stdout] thread 'rom::baserom_exists' panicked at 'assertion failed: baserom().exists()', tests/rom.rs:10:5
[INFO] [stdout] stack backtrace:
[INFO] [stdout]    0:     0x55e3d13d1aba - std::backtrace_rs::backtrace::libunwind::trace::ha9053a9a07ca49cb
[INFO] [stdout]                                at /rustc/84c898d65adf2f39a5a98507f1fe0ce10a2b8dbc/library/std/src/../../backtrace/src/backtrace/libunwind.rs:93:5
[INFO] [stdout]    1:     0x55e3d13d1aba - std::backtrace_rs::backtrace::trace_unsynchronized::h9c2852a457ad564e
[INFO] [stdout]                                at /rustc/84c898d65adf2f39a5a98507f1fe0ce10a2b8dbc/library/std/src/../../backtrace/src/backtrace/mod.rs:66:5
[INFO] [stdout]    2:     0x55e3d13d1aba - std::sys_common::backtrace::_print_fmt::h457936fbfaa0070f
[INFO] [stdout]                                at /rustc/84c898d65adf2f39a5a98507f1fe0ce10a2b8dbc/library/std/src/sys_common/backtrace.rs:65:5
[INFO] [stdout]    3:     0x55e3d13d1aba - <std::sys_common::backtrace::_print::DisplayBacktrace as core::fmt::Display>::fmt::h5779d7bf7f70cb0c
[INFO] [stdout]                                at /rustc/84c898d65adf2f39a5a98507f1fe0ce10a2b8dbc/library/std/src/sys_common/backtrace.rs:44:22
[INFO] [stdout]    4:     0x55e3d13f877e - core::fmt::write::h5a4baaff1bcd3eb5
[INFO] [stdout]                                at /rustc/84c898d65adf2f39a5a98507f1fe0ce10a2b8dbc/library/core/src/fmt/mod.rs:1232:17
[INFO] [stdout]    5:     0x55e3d13ce585 - std::io::Write::write_fmt::h478f79c628ef31d1
[INFO] [stdout]                                at /rustc/84c898d65adf2f39a5a98507f1fe0ce10a2b8dbc/library/std/src/io/mod.rs:1684:15
[INFO] [stdout]    6:     0x55e3d13d1885 - std::sys_common::backtrace::_print::h5fcdc36060f177e8
[INFO] [stdout]                                at /rustc/84c898d65adf2f39a5a98507f1fe0ce10a2b8dbc/library/std/src/sys_common/backtrace.rs:47:5
[INFO] [stdout]    7:     0x55e3d13d1885 - std::sys_common::backtrace::print::h54ca9458b876c8bf
[INFO] [stdout]                                at /rustc/84c898d65adf2f39a5a98507f1fe0ce10a2b8dbc/library/std/src/sys_common/backtrace.rs:34:9
[INFO] [stdout]    8:     0x55e3d13d364f - std::panicking::default_hook::{{closure}}::hbe471161c7664ed6
[INFO] [stdout]                                at /rustc/84c898d65adf2f39a5a98507f1fe0ce10a2b8dbc/library/std/src/panicking.rs:271:22
[INFO] [stdout]    9:     0x55e3d13d330f - std::panicking::default_hook::ha3500da57aa4ac4f
[INFO] [stdout]                                at /rustc/84c898d65adf2f39a5a98507f1fe0ce10a2b8dbc/library/std/src/panicking.rs:287:9
[INFO] [stdout]   10:     0x55e3d10dbd07 - <alloc::boxed::Box<F,A> as core::ops::function::Fn<Args>>::call::hdf1b89dd137ece34
[INFO] [stdout]                                at /rustc/84c898d65adf2f39a5a98507f1fe0ce10a2b8dbc/library/alloc/src/boxed.rs:2001:9
[INFO] [stdout]   11:     0x55e3d10dbd07 - test::test_main::{{closure}}::h9081a79f20e75698
[INFO] [stdout]                                at /rustc/84c898d65adf2f39a5a98507f1fe0ce10a2b8dbc/library/test/src/lib.rs:135:21
[INFO] [stdout]   12:     0x55e3d13d3d7d - <alloc::boxed::Box<F,A> as core::ops::function::Fn<Args>>::call::h6507bddc3eebb4a5
[INFO] [stdout]                                at /rustc/84c898d65adf2f39a5a98507f1fe0ce10a2b8dbc/library/alloc/src/boxed.rs:2001:9
[INFO] [stdout]   13:     0x55e3d13d3d7d - std::panicking::rust_panic_with_hook::h50c09d000dc561d2
[INFO] [stdout]                                at /rustc/84c898d65adf2f39a5a98507f1fe0ce10a2b8dbc/library/std/src/panicking.rs:696:13
[INFO] [stdout]   14:     0x55e3d13d3ab2 - std::panicking::begin_panic_handler::{{closure}}::h9e2b2176e00e0d9c
[INFO] [stdout]                                at /rustc/84c898d65adf2f39a5a98507f1fe0ce10a2b8dbc/library/std/src/panicking.rs:581:13
[INFO] [stdout]   15:     0x55e3d13d1f26 - std::sys_common::backtrace::__rust_end_short_backtrace::h5739b8e512c09d02
[INFO] [stdout]                                at /rustc/84c898d65adf2f39a5a98507f1fe0ce10a2b8dbc/library/std/src/sys_common/backtrace.rs:150:18
[INFO] [stdout]   16:     0x55e3d13d3802 - rust_begin_unwind
[INFO] [stdout]                                at /rustc/84c898d65adf2f39a5a98507f1fe0ce10a2b8dbc/library/std/src/panicking.rs:579:5
[INFO] [stdout]   17:     0x55e3d0eb5503 - core::panicking::panic_fmt::hf33a1475b4dc5c3e
[INFO] [stdout]                                at /rustc/84c898d65adf2f39a5a98507f1fe0ce10a2b8dbc/library/core/src/panicking.rs:64:14
[INFO] [stdout]   18:     0x55e3d0eb559d - core::panicking::panic::h9533b2fee90b999e
[INFO] [stdout]                                at /rustc/84c898d65adf2f39a5a98507f1fe0ce10a2b8dbc/library/core/src/panicking.rs:114:5
[INFO] [stdout]   19:     0x55e3d0ebf4a5 - dependencies::rom::baserom_exists::h34ac03e69eb9af3f
[INFO] [stdout]                                at /opt/rustwide/workdir/tests/rom.rs:10:5
[INFO] [stdout]   20:     0x55e3d0ebf3d7 - dependencies::rom::baserom_exists::{{closure}}::h6c9ad362fb831198
[INFO] [stdout]                                at /opt/rustwide/workdir/tests/rom.rs:9:21
[INFO] [stdout]   21:     0x55e3d0ec22a5 - core::ops::function::FnOnce::call_once::h5c18c174ea2675b8
[INFO] [stdout]                                at /rustc/84c898d65adf2f39a5a98507f1fe0ce10a2b8dbc/library/core/src/ops/function.rs:250:5
[INFO] [stdout]   22:     0x55e3d10e10ef - core::ops::function::FnOnce::call_once::h7d969581be7d0075
[INFO] [stdout]                                at /rustc/84c898d65adf2f39a5a98507f1fe0ce10a2b8dbc/library/core/src/ops/function.rs:250:5
[INFO] [stdout]   23:     0x55e3d10e10ef - test::__rust_begin_short_backtrace::hca25a52684e56655
[INFO] [stdout]                                at /rustc/84c898d65adf2f39a5a98507f1fe0ce10a2b8dbc/library/test/src/lib.rs:656:18
[INFO] [stdout]   24:     0x55e3d10b270c - test::run_test::{{closure}}::ha8ac744c4af1a4bb
[INFO] [stdout]                                at /rustc/84c898d65adf2f39a5a98507f1fe0ce10a2b8dbc/library/test/src/lib.rs:647:30
[INFO] [stdout]   25:     0x55e3d10b270c - core::ops::function::FnOnce::call_once{{vtable.shim}}::h7b411a9ed45bdecf
[INFO] [stdout]                                at /rustc/84c898d65adf2f39a5a98507f1fe0ce10a2b8dbc/library/core/src/ops/function.rs:250:5
[INFO] [stdout]   26:     0x55e3d10e00b6 - <alloc::boxed::Box<F,A> as core::ops::function::FnOnce<Args>>::call_once::hd05328869a8ed200
[INFO] [stdout]                                at /rustc/84c898d65adf2f39a5a98507f1fe0ce10a2b8dbc/library/alloc/src/boxed.rs:1987:9
[INFO] [stdout]   27:     0x55e3d10e00b6 - <core::panic::unwind_safe::AssertUnwindSafe<F> as core::ops::function::FnOnce<()>>::call_once::h0c601ce20bd5b2be
[INFO] [stdout]                                at /rustc/84c898d65adf2f39a5a98507f1fe0ce10a2b8dbc/library/core/src/panic/unwind_safe.rs:271:9
[INFO] [stdout]   28:     0x55e3d10e00b6 - std::panicking::try::do_call::ha4be5c164fe30854
[INFO] [stdout]                                at /rustc/84c898d65adf2f39a5a98507f1fe0ce10a2b8dbc/library/std/src/panicking.rs:487:40
[INFO] [stdout]   29:     0x55e3d10e00b6 - std::panicking::try::h604546f3609af05f
[INFO] [stdout]                                at /rustc/84c898d65adf2f39a5a98507f1fe0ce10a2b8dbc/library/std/src/panicking.rs:451:19
[INFO] [stdout]   30:     0x55e3d10e00b6 - std::panic::catch_unwind::h5bfa8afe44c9c2f9
[INFO] [stdout]                                at /rustc/84c898d65adf2f39a5a98507f1fe0ce10a2b8dbc/library/std/src/panic.rs:140:14
[INFO] [stdout]   31:     0x55e3d10e00b6 - test::run_test_in_process::hd50dee55dd63e6aa
[INFO] [stdout]                                at /rustc/84c898d65adf2f39a5a98507f1fe0ce10a2b8dbc/library/test/src/lib.rs:679:27
[INFO] [stdout]   32:     0x55e3d10e00b6 - test::run_test::run_test_inner::{{closure}}::h4aa0f433aa85cea8
[INFO] [stdout]                                at /rustc/84c898d65adf2f39a5a98507f1fe0ce10a2b8dbc/library/test/src/lib.rs:573:39
[INFO] [stdout]   33:     0x55e3d10acd81 - test::run_test::run_test_inner::{{closure}}::had56431adf24b4d6
[INFO] [stdout]                                at /rustc/84c898d65adf2f39a5a98507f1fe0ce10a2b8dbc/library/test/src/lib.rs:600:37
[INFO] [stdout]   34:     0x55e3d10acd81 - std::sys_common::backtrace::__rust_begin_short_backtrace::ha8d9890e0c73bf13
[INFO] [stdout]                                at /rustc/84c898d65adf2f39a5a98507f1fe0ce10a2b8dbc/library/std/src/sys_common/backtrace.rs:134:18
[INFO] [stdout]   35:     0x55e3d10b279b - std::thread::Builder::spawn_unchecked_::{{closure}}::{{closure}}::h251832bcb4a95327
[INFO] [stdout]                                at /rustc/84c898d65adf2f39a5a98507f1fe0ce10a2b8dbc/library/std/src/thread/mod.rs:560:17
[INFO] [stdout]   36:     0x55e3d10b279b - <core::panic::unwind_safe::AssertUnwindSafe<F> as core::ops::function::FnOnce<()>>::call_once::h8fdff598fa414831
[INFO] [stdout]                                at /rustc/84c898d65adf2f39a5a98507f1fe0ce10a2b8dbc/library/core/src/panic/unwind_safe.rs:271:9
[INFO] [stdout]   37:     0x55e3d10b279b - std::panicking::try::do_call::h455dd2f7764a950f
[INFO] [stdout]                                at /rustc/84c898d65adf2f39a5a98507f1fe0ce10a2b8dbc/library/std/src/panicking.rs:487:40
[INFO] [stdout]   38:     0x55e3d10b279b - std::panicking::try::had6f23b7b73ae72a
[INFO] [stdout]                                at /rustc/84c898d65adf2f39a5a98507f1fe0ce10a2b8dbc/library/std/src/panicking.rs:451:19
[INFO] [stdout]   39:     0x55e3d10b279b - std::panic::catch_unwind::ha6a5ca3915b4dad0
[INFO] [stdout]                                at /rustc/84c898d65adf2f39a5a98507f1fe0ce10a2b8dbc/library/std/src/panic.rs:140:14
[INFO] [stdout]   40:     0x55e3d10b279b - std::thread::Builder::spawn_unchecked_::{{closure}}::h883b72ef75da6231
[INFO] [stdout]                                at /rustc/84c898d65adf2f39a5a98507f1fe0ce10a2b8dbc/library/std/src/thread/mod.rs:559:30
[INFO] [stdout]   41:     0x55e3d10b279b - core::ops::function::FnOnce::call_once{{vtable.shim}}::hb7dff73dc8bd2ccb
[INFO] [stdout]                                at /rustc/84c898d65adf2f39a5a98507f1fe0ce10a2b8dbc/library/core/src/ops/function.rs:250:5
[INFO] [stdout]   42:     0x55e3d13d9633 - <alloc::boxed::Box<F,A> as core::ops::function::FnOnce<Args>>::call_once::h39990b24eedef2ab
[INFO] [stdout]                                at /rustc/84c898d65adf2f39a5a98507f1fe0ce10a2b8dbc/library/alloc/src/boxed.rs:1987:9
[INFO] [stdout]   43:     0x55e3d13d9633 - <alloc::boxed::Box<F,A> as core::ops::function::FnOnce<Args>>::call_once::h01a027258444143b
[INFO] [stdout]                                at /rustc/84c898d65adf2f39a5a98507f1fe0ce10a2b8dbc/library/alloc/src/boxed.rs:1987:9
[INFO] [stdout]   44:     0x55e3d13d9633 - std::sys::unix::thread::Thread::new::thread_start::ha4f1cdd9c25884ba
[INFO] [stdout]                                at /rustc/84c898d65adf2f39a5a98507f1fe0ce10a2b8dbc/library/std/src/sys/unix/thread.rs:108:17
[INFO] [stdout]   45:     0x7f7321688b43 - <unknown>
[INFO] [stdout]   46:     0x7f7321719bb4 - __clone
[INFO] [stdout]   47:                0x0 - <unknown>
[INFO] [stdout] 
[INFO] [stdout] ---- single_dependency stdout ----
[INFO] [stdout] Error: failed to initialise package Root by  <>
[INFO] [stdout] 
[INFO] [stdout] Caused by:
[INFO] [stdout]     failed to clone decomp repository
[INFO] [stdout] 
[INFO] [stdout] ---- initialised_patches_maintained stdout ----
[INFO] [stdout] Error: failed to initialise package Package by  <>
[INFO] [stdout] 
[INFO] [stdout] Caused by:
[INFO] [stdout]     failed to clone decomp repository
[INFO] [stdout] 
[INFO] [stdout] ---- initialising_package_gives_decomp_dependency stdout ----
[INFO] [stdout] Error: failed to initialise package Test by  <>
[INFO] [stdout] 
[INFO] [stdout] Caused by:
[INFO] [stdout]     failed to clone decomp repository
[INFO] [stdout] 
[INFO] [stdout] 
[INFO] [stdout] failures:
[INFO] [stdout]     initialised_patches_maintained
[INFO] [stdout]     initialising_package_gives_decomp_dependency
[INFO] [stdout]     rom::baserom_exists
[INFO] [stdout]     single_dependency
[INFO] [stdout] 
[INFO] [stdout] test result: FAILED. 0 passed; 4 failed; 1 ignored; 0 measured; 0 filtered out; finished in 0.20s
[INFO] [stdout] 
[INFO] [stderr] error: test failed, to rerun pass `--test dependencies`
[INFO] running `Command { std: "docker" "inspect" "5d26b47c34826f45ad7bfab115fe635bc94807033eb022cfd0d55d92468abe01", kill_on_drop: false }`
[INFO] running `Command { std: "docker" "rm" "-f" "5d26b47c34826f45ad7bfab115fe635bc94807033eb022cfd0d55d92468abe01", kill_on_drop: false }`
[INFO] [stdout] 5d26b47c34826f45ad7bfab115fe635bc94807033eb022cfd0d55d92468abe01
