[INFO] fetching crate menv 0.2.7...
[INFO] testing menv-0.2.7 against beta-2023-04-20 for beta-1.70-1
[INFO] extracting crate menv 0.2.7 into /workspace/builds/worker-5-tc2/source
[INFO] validating manifest of crates.io crate menv 0.2.7 on toolchain beta-2023-04-20
[INFO] running `Command { std: CARGO_HOME="/workspace/cargo-home" RUSTUP_HOME="/workspace/rustup-home" "/workspace/cargo-home/bin/cargo" "+beta-2023-04-20" "metadata" "--manifest-path" "Cargo.toml" "--no-deps", kill_on_drop: false }`
[INFO] started tweaking crates.io crate menv 0.2.7
[INFO] finished tweaking crates.io crate menv 0.2.7
[INFO] tweaked toml for crates.io crate menv 0.2.7 written to /workspace/builds/worker-5-tc2/source/Cargo.toml
[INFO] crate crates.io crate menv 0.2.7 already has a lockfile, it will not be regenerated
[INFO] running `Command { std: CARGO_HOME="/workspace/cargo-home" RUSTUP_HOME="/workspace/rustup-home" "/workspace/cargo-home/bin/cargo" "+beta-2023-04-20" "fetch" "--manifest-path" "Cargo.toml", kill_on_drop: false }`
[INFO] [stderr]     Updating crates.io index
[INFO] [stderr]     Blocking waiting for file lock on package cache
[INFO] [stderr]  Downloading crates ...
[INFO] [stderr]   Downloaded menv_proc_macro v0.1.0
[INFO] running `Command { std: "docker" "create" "-v" "/var/lib/crater-agent-workspace/builds/worker-5-tc2/target:/opt/rustwide/target:rw,Z" "-v" "/var/lib/crater-agent-workspace/builds/worker-5-tc2/source:/opt/rustwide/workdir:ro,Z" "-v" "/var/lib/crater-agent-workspace/cargo-home:/opt/rustwide/cargo-home:ro,Z" "-v" "/var/lib/crater-agent-workspace/rustup-home:/opt/rustwide/rustup-home:ro,Z" "-e" "SOURCE_DIR=/opt/rustwide/workdir" "-e" "CARGO_TARGET_DIR=/opt/rustwide/target" "-e" "CARGO_HOME=/opt/rustwide/cargo-home" "-e" "RUSTUP_HOME=/opt/rustwide/rustup-home" "-w" "/opt/rustwide/workdir" "-m" "1610612736" "--user" "0:0" "--network" "none" "ghcr.io/rust-lang/crates-build-env/linux@sha256:5ff2268d62e97bff2cde7d5815dd6ed5b47097566f13b8d0ca110b04b60e07ed" "/opt/rustwide/cargo-home/bin/cargo" "+beta-2023-04-20" "metadata" "--no-deps" "--format-version=1", kill_on_drop: false }`
[INFO] [stdout] ca1f01d913f2a1bee8a1ef21000772e10a6c6f23d300f28704562b076a9f7abd
[INFO] running `Command { std: "docker" "start" "-a" "ca1f01d913f2a1bee8a1ef21000772e10a6c6f23d300f28704562b076a9f7abd", kill_on_drop: false }`
[INFO] running `Command { std: "docker" "inspect" "ca1f01d913f2a1bee8a1ef21000772e10a6c6f23d300f28704562b076a9f7abd", kill_on_drop: false }`
[INFO] running `Command { std: "docker" "rm" "-f" "ca1f01d913f2a1bee8a1ef21000772e10a6c6f23d300f28704562b076a9f7abd", kill_on_drop: false }`
[INFO] [stdout] ca1f01d913f2a1bee8a1ef21000772e10a6c6f23d300f28704562b076a9f7abd
[INFO] running `Command { std: "docker" "create" "-v" "/var/lib/crater-agent-workspace/builds/worker-5-tc2/target:/opt/rustwide/target:rw,Z" "-v" "/var/lib/crater-agent-workspace/builds/worker-5-tc2/source:/opt/rustwide/workdir:ro,Z" "-v" "/var/lib/crater-agent-workspace/cargo-home:/opt/rustwide/cargo-home:ro,Z" "-v" "/var/lib/crater-agent-workspace/rustup-home:/opt/rustwide/rustup-home:ro,Z" "-e" "SOURCE_DIR=/opt/rustwide/workdir" "-e" "CARGO_TARGET_DIR=/opt/rustwide/target" "-e" "CARGO_INCREMENTAL=0" "-e" "RUST_BACKTRACE=full" "-e" "RUSTFLAGS=--cap-lints=warn" "-e" "RUSTDOCFLAGS=--cap-lints=warn" "-e" "CARGO_HOME=/opt/rustwide/cargo-home" "-e" "RUSTUP_HOME=/opt/rustwide/rustup-home" "-w" "/opt/rustwide/workdir" "-m" "1610612736" "--user" "0:0" "--network" "none" "ghcr.io/rust-lang/crates-build-env/linux@sha256:5ff2268d62e97bff2cde7d5815dd6ed5b47097566f13b8d0ca110b04b60e07ed" "/opt/rustwide/cargo-home/bin/cargo" "+beta-2023-04-20" "build" "--frozen" "--message-format=json", kill_on_drop: false }`
[INFO] [stdout] 1bb544e5941daf4be1c204d565b5cc01801bff8c83a0f451411bb2cc303971b0
[INFO] running `Command { std: "docker" "start" "-a" "1bb544e5941daf4be1c204d565b5cc01801bff8c83a0f451411bb2cc303971b0", kill_on_drop: false }`
[INFO] [stderr]    Compiling menv_proc_macro v0.1.0
[INFO] [stderr]    Compiling menv v0.2.7 (/opt/rustwide/workdir)
[INFO] [stderr]     Finished dev [unoptimized + debuginfo] target(s) in 0.46s
[INFO] running `Command { std: "docker" "inspect" "1bb544e5941daf4be1c204d565b5cc01801bff8c83a0f451411bb2cc303971b0", kill_on_drop: false }`
[INFO] running `Command { std: "docker" "rm" "-f" "1bb544e5941daf4be1c204d565b5cc01801bff8c83a0f451411bb2cc303971b0", kill_on_drop: false }`
[INFO] [stdout] 1bb544e5941daf4be1c204d565b5cc01801bff8c83a0f451411bb2cc303971b0
[INFO] running `Command { std: "docker" "create" "-v" "/var/lib/crater-agent-workspace/builds/worker-5-tc2/target:/opt/rustwide/target:rw,Z" "-v" "/var/lib/crater-agent-workspace/builds/worker-5-tc2/source:/opt/rustwide/workdir:ro,Z" "-v" "/var/lib/crater-agent-workspace/cargo-home:/opt/rustwide/cargo-home:ro,Z" "-v" "/var/lib/crater-agent-workspace/rustup-home:/opt/rustwide/rustup-home:ro,Z" "-e" "SOURCE_DIR=/opt/rustwide/workdir" "-e" "CARGO_TARGET_DIR=/opt/rustwide/target" "-e" "CARGO_INCREMENTAL=0" "-e" "RUST_BACKTRACE=full" "-e" "RUSTFLAGS=--cap-lints=warn" "-e" "RUSTDOCFLAGS=--cap-lints=warn" "-e" "CARGO_HOME=/opt/rustwide/cargo-home" "-e" "RUSTUP_HOME=/opt/rustwide/rustup-home" "-w" "/opt/rustwide/workdir" "-m" "1610612736" "--user" "0:0" "--network" "none" "ghcr.io/rust-lang/crates-build-env/linux@sha256:5ff2268d62e97bff2cde7d5815dd6ed5b47097566f13b8d0ca110b04b60e07ed" "/opt/rustwide/cargo-home/bin/cargo" "+beta-2023-04-20" "test" "--frozen" "--no-run" "--message-format=json", kill_on_drop: false }`
[INFO] [stdout] 77e78d104788913568e0e1ec38c7ced9cf56f27612f2601c9bc7a94514128857
[INFO] running `Command { std: "docker" "start" "-a" "77e78d104788913568e0e1ec38c7ced9cf56f27612f2601c9bc7a94514128857", kill_on_drop: false }`
[INFO] [stderr]    Compiling menv v0.2.7 (/opt/rustwide/workdir)
[INFO] [stderr]     Finished test [unoptimized + debuginfo] target(s) in 0.25s
[INFO] running `Command { std: "docker" "inspect" "77e78d104788913568e0e1ec38c7ced9cf56f27612f2601c9bc7a94514128857", kill_on_drop: false }`
[INFO] running `Command { std: "docker" "rm" "-f" "77e78d104788913568e0e1ec38c7ced9cf56f27612f2601c9bc7a94514128857", kill_on_drop: false }`
[INFO] [stdout] 77e78d104788913568e0e1ec38c7ced9cf56f27612f2601c9bc7a94514128857
[INFO] running `Command { std: "docker" "create" "-v" "/var/lib/crater-agent-workspace/builds/worker-5-tc2/target:/opt/rustwide/target:rw,Z" "-v" "/var/lib/crater-agent-workspace/builds/worker-5-tc2/source:/opt/rustwide/workdir:ro,Z" "-v" "/var/lib/crater-agent-workspace/cargo-home:/opt/rustwide/cargo-home:ro,Z" "-v" "/var/lib/crater-agent-workspace/rustup-home:/opt/rustwide/rustup-home:ro,Z" "-e" "SOURCE_DIR=/opt/rustwide/workdir" "-e" "CARGO_TARGET_DIR=/opt/rustwide/target" "-e" "CARGO_INCREMENTAL=0" "-e" "RUST_BACKTRACE=full" "-e" "RUSTFLAGS=--cap-lints=warn" "-e" "RUSTDOCFLAGS=--cap-lints=warn" "-e" "CARGO_HOME=/opt/rustwide/cargo-home" "-e" "RUSTUP_HOME=/opt/rustwide/rustup-home" "-w" "/opt/rustwide/workdir" "-m" "1610612736" "--user" "0:0" "--network" "none" "ghcr.io/rust-lang/crates-build-env/linux@sha256:5ff2268d62e97bff2cde7d5815dd6ed5b47097566f13b8d0ca110b04b60e07ed" "/opt/rustwide/cargo-home/bin/cargo" "+beta-2023-04-20" "test" "--frozen", kill_on_drop: false }`
[INFO] [stdout] cff157c2bbee40c36565561446e9242eff7c1ce8bf2dd317cfd3de486df2dd8e
[INFO] running `Command { std: "docker" "start" "-a" "cff157c2bbee40c36565561446e9242eff7c1ce8bf2dd317cfd3de486df2dd8e", kill_on_drop: false }`
[INFO] [stderr]     Finished test [unoptimized + debuginfo] target(s) in 0.00s
[INFO] [stderr]      Running unittests src/lib.rs (/opt/rustwide/target/debug/deps/menv-a5320b9de5e092df)
[INFO] [stdout] 
[INFO] [stdout] running 0 tests
[INFO] [stdout] 
[INFO] [stdout] test result: ok. 0 passed; 0 failed; 0 ignored; 0 measured; 0 filtered out; finished in 0.00s
[INFO] [stdout] 
[INFO] [stderr]    Doc-tests menv
[INFO] [stdout] 
[INFO] [stdout] running 1 test
[INFO] [stdout] test src/lib.rs - require_envs (line 26) ... FAILED
[INFO] [stdout] 
[INFO] [stdout] failures:
[INFO] [stdout] 
[INFO] [stdout] ---- src/lib.rs - require_envs (line 26) stdout ----
[INFO] [stdout] error[E0412]: cannot find type `Flag` in this scope
[INFO] [stdout]   --> src/lib.rs:41:52
[INFO] [stdout]    |
[INFO] [stdout] 17 |         do_overflow_checks~, "DO_OVERFLOW_CHECKS", Flag,
[INFO] [stdout]    |                                                    ^^^^ not found in this scope
[INFO] [stdout]    |
[INFO] [stdout] help: consider importing this struct
[INFO] [stdout]    |
[INFO] [stdout] 4  +     use menv::Flag;
[INFO] [stdout]    |
[INFO] [stdout] 
[INFO] [stdout] error: aborting due to previous error
[INFO] [stdout] 
[INFO] [stdout] For more information about this error, try `rustc --explain E0412`.
[INFO] [stdout] Couldn't compile the test.
[INFO] [stdout] 
[INFO] [stdout] failures:
[INFO] [stdout]     src/lib.rs - require_envs (line 26)
[INFO] [stdout] 
[INFO] [stdout] test result: FAILED. 0 passed; 1 failed; 0 ignored; 0 measured; 0 filtered out; finished in 0.04s
[INFO] [stdout] 
[INFO] [stderr] error: doctest failed, to rerun pass `--doc`
[INFO] running `Command { std: "docker" "inspect" "cff157c2bbee40c36565561446e9242eff7c1ce8bf2dd317cfd3de486df2dd8e", kill_on_drop: false }`
[INFO] running `Command { std: "docker" "rm" "-f" "cff157c2bbee40c36565561446e9242eff7c1ce8bf2dd317cfd3de486df2dd8e", kill_on_drop: false }`
[INFO] [stdout] cff157c2bbee40c36565561446e9242eff7c1ce8bf2dd317cfd3de486df2dd8e
