[INFO] fetching crate memory_pages 0.1.0...
[INFO] testing memory_pages-0.1.0 against 1.69.0 for beta-1.70-1
[INFO] extracting crate memory_pages 0.1.0 into /workspace/builds/worker-5-tc1/source
[INFO] validating manifest of crates.io crate memory_pages 0.1.0 on toolchain 1.69.0
[INFO] running `Command { std: CARGO_HOME="/workspace/cargo-home" RUSTUP_HOME="/workspace/rustup-home" "/workspace/cargo-home/bin/cargo" "+1.69.0" "metadata" "--manifest-path" "Cargo.toml" "--no-deps", kill_on_drop: false }`
[INFO] started tweaking crates.io crate memory_pages 0.1.0
[INFO] finished tweaking crates.io crate memory_pages 0.1.0
[INFO] tweaked toml for crates.io crate memory_pages 0.1.0 written to /workspace/builds/worker-5-tc1/source/Cargo.toml
[INFO] running `Command { std: CARGO_HOME="/workspace/cargo-home" RUSTUP_HOME="/workspace/rustup-home" __CARGO_TEST_CHANNEL_OVERRIDE_DO_NOT_USE_THIS="nightly" "/workspace/cargo-home/bin/cargo" "+1.69.0" "generate-lockfile" "--manifest-path" "Cargo.toml" "-Zno-index-update", kill_on_drop: false }`
[INFO] running `Command { std: CARGO_HOME="/workspace/cargo-home" RUSTUP_HOME="/workspace/rustup-home" "/workspace/cargo-home/bin/cargo" "+1.69.0" "fetch" "--manifest-path" "Cargo.toml", kill_on_drop: false }`
[INFO] running `Command { std: "docker" "create" "-v" "/var/lib/crater-agent-workspace/builds/worker-5-tc1/target:/opt/rustwide/target:rw,Z" "-v" "/var/lib/crater-agent-workspace/builds/worker-5-tc1/source:/opt/rustwide/workdir:ro,Z" "-v" "/var/lib/crater-agent-workspace/cargo-home:/opt/rustwide/cargo-home:ro,Z" "-v" "/var/lib/crater-agent-workspace/rustup-home:/opt/rustwide/rustup-home:ro,Z" "-e" "SOURCE_DIR=/opt/rustwide/workdir" "-e" "CARGO_TARGET_DIR=/opt/rustwide/target" "-e" "CARGO_HOME=/opt/rustwide/cargo-home" "-e" "RUSTUP_HOME=/opt/rustwide/rustup-home" "-w" "/opt/rustwide/workdir" "-m" "1610612736" "--user" "0:0" "--network" "none" "ghcr.io/rust-lang/crates-build-env/linux@sha256:5ff2268d62e97bff2cde7d5815dd6ed5b47097566f13b8d0ca110b04b60e07ed" "/opt/rustwide/cargo-home/bin/cargo" "+1.69.0" "metadata" "--no-deps" "--format-version=1", kill_on_drop: false }`
[INFO] [stdout] 3df666aa81162232afc26495be1c638ea1743048db186db4bdfa2ad8bd25099e
[INFO] running `Command { std: "docker" "start" "-a" "3df666aa81162232afc26495be1c638ea1743048db186db4bdfa2ad8bd25099e", kill_on_drop: false }`
[INFO] running `Command { std: "docker" "inspect" "3df666aa81162232afc26495be1c638ea1743048db186db4bdfa2ad8bd25099e", kill_on_drop: false }`
[INFO] running `Command { std: "docker" "rm" "-f" "3df666aa81162232afc26495be1c638ea1743048db186db4bdfa2ad8bd25099e", kill_on_drop: false }`
[INFO] [stdout] 3df666aa81162232afc26495be1c638ea1743048db186db4bdfa2ad8bd25099e
[INFO] running `Command { std: "docker" "create" "-v" "/var/lib/crater-agent-workspace/builds/worker-5-tc1/target:/opt/rustwide/target:rw,Z" "-v" "/var/lib/crater-agent-workspace/builds/worker-5-tc1/source:/opt/rustwide/workdir:ro,Z" "-v" "/var/lib/crater-agent-workspace/cargo-home:/opt/rustwide/cargo-home:ro,Z" "-v" "/var/lib/crater-agent-workspace/rustup-home:/opt/rustwide/rustup-home:ro,Z" "-e" "SOURCE_DIR=/opt/rustwide/workdir" "-e" "CARGO_TARGET_DIR=/opt/rustwide/target" "-e" "CARGO_INCREMENTAL=0" "-e" "RUST_BACKTRACE=full" "-e" "RUSTFLAGS=--cap-lints=warn" "-e" "RUSTDOCFLAGS=--cap-lints=warn" "-e" "CARGO_HOME=/opt/rustwide/cargo-home" "-e" "RUSTUP_HOME=/opt/rustwide/rustup-home" "-w" "/opt/rustwide/workdir" "-m" "1610612736" "--user" "0:0" "--network" "none" "ghcr.io/rust-lang/crates-build-env/linux@sha256:5ff2268d62e97bff2cde7d5815dd6ed5b47097566f13b8d0ca110b04b60e07ed" "/opt/rustwide/cargo-home/bin/cargo" "+1.69.0" "build" "--frozen" "--message-format=json", kill_on_drop: false }`
[INFO] [stdout] 170ce433a7b290afe501f6d956af026b4c127eb49e9de330c02d9c2933a92e3f
[INFO] running `Command { std: "docker" "start" "-a" "170ce433a7b290afe501f6d956af026b4c127eb49e9de330c02d9c2933a92e3f", kill_on_drop: false }`
[INFO] [stderr]    Compiling memory_pages v0.1.0 (/opt/rustwide/workdir)
[INFO] [stderr]     Finished dev [unoptimized + debuginfo] target(s) in 0.44s
[INFO] running `Command { std: "docker" "inspect" "170ce433a7b290afe501f6d956af026b4c127eb49e9de330c02d9c2933a92e3f", kill_on_drop: false }`
[INFO] running `Command { std: "docker" "rm" "-f" "170ce433a7b290afe501f6d956af026b4c127eb49e9de330c02d9c2933a92e3f", kill_on_drop: false }`
[INFO] [stdout] 170ce433a7b290afe501f6d956af026b4c127eb49e9de330c02d9c2933a92e3f
[INFO] running `Command { std: "docker" "create" "-v" "/var/lib/crater-agent-workspace/builds/worker-5-tc1/target:/opt/rustwide/target:rw,Z" "-v" "/var/lib/crater-agent-workspace/builds/worker-5-tc1/source:/opt/rustwide/workdir:ro,Z" "-v" "/var/lib/crater-agent-workspace/cargo-home:/opt/rustwide/cargo-home:ro,Z" "-v" "/var/lib/crater-agent-workspace/rustup-home:/opt/rustwide/rustup-home:ro,Z" "-e" "SOURCE_DIR=/opt/rustwide/workdir" "-e" "CARGO_TARGET_DIR=/opt/rustwide/target" "-e" "CARGO_INCREMENTAL=0" "-e" "RUST_BACKTRACE=full" "-e" "RUSTFLAGS=--cap-lints=warn" "-e" "RUSTDOCFLAGS=--cap-lints=warn" "-e" "CARGO_HOME=/opt/rustwide/cargo-home" "-e" "RUSTUP_HOME=/opt/rustwide/rustup-home" "-w" "/opt/rustwide/workdir" "-m" "1610612736" "--user" "0:0" "--network" "none" "ghcr.io/rust-lang/crates-build-env/linux@sha256:5ff2268d62e97bff2cde7d5815dd6ed5b47097566f13b8d0ca110b04b60e07ed" "/opt/rustwide/cargo-home/bin/cargo" "+1.69.0" "test" "--frozen" "--no-run" "--message-format=json", kill_on_drop: false }`
[INFO] [stdout] 65cc45eaf43532ca9efce1bde6dd424165739bed954fceb002ed1347e5c9405d
[INFO] running `Command { std: "docker" "start" "-a" "65cc45eaf43532ca9efce1bde6dd424165739bed954fceb002ed1347e5c9405d", kill_on_drop: false }`
[INFO] [stderr]    Compiling autocfg v1.1.0
[INFO] [stderr]    Compiling crossbeam-utils v0.8.15
[INFO] [stderr]    Compiling cfg-if v1.0.0
[INFO] [stderr]    Compiling libc v0.2.142
[INFO] [stderr]    Compiling serde v1.0.160
[INFO] [stderr]    Compiling proc-macro2 v1.0.56
[INFO] [stderr]    Compiling unicode-ident v1.0.8
[INFO] [stderr]    Compiling scopeguard v1.1.0
[INFO] [stderr]    Compiling quote v1.0.26
[INFO] [stderr]    Compiling memchr v2.5.0
[INFO] [stderr]    Compiling rayon-core v1.11.0
[INFO] [stderr]    Compiling ryu v1.0.13
[INFO] [stderr]    Compiling itoa v1.0.6
[INFO] [stderr]    Compiling memoffset v0.8.0
[INFO] [stderr]    Compiling crossbeam-epoch v0.9.14
[INFO] [stderr]    Compiling num-traits v0.2.15
[INFO] [stderr]    Compiling serde_json v1.0.96
[INFO] [stderr]    Compiling either v1.8.1
[INFO] [stderr]    Compiling crossbeam-channel v0.5.8
[INFO] [stderr]    Compiling num_cpus v1.15.0
[INFO] [stderr]    Compiling plotters-backend v0.3.4
[INFO] [stderr]    Compiling crossbeam-deque v0.8.3
[INFO] [stderr]    Compiling unicode-width v0.1.10
[INFO] [stderr]    Compiling serde_derive v1.0.160
[INFO] [stderr]    Compiling textwrap v0.11.0
[INFO] [stderr]    Compiling csv-core v0.1.10
[INFO] [stderr]    Compiling plotters-svg v0.3.3
[INFO] [stderr]    Compiling syn v2.0.15
[INFO] [stderr]    Compiling itertools v0.10.5
[INFO] [stderr]    Compiling same-file v1.0.6
[INFO] [stderr]    Compiling cast v0.3.0
[INFO] [stderr]    Compiling regex-syntax v0.7.1
[INFO] [stderr]    Compiling bitflags v1.3.2
[INFO] [stderr]    Compiling half v1.8.2
[INFO] [stderr]    Compiling clap v2.34.0
[INFO] [stderr]    Compiling plotters v0.3.4
[INFO] [stderr]    Compiling rayon v1.7.0
[INFO] [stderr]    Compiling regex v1.8.1
[INFO] [stderr]    Compiling criterion-plot v0.4.5
[INFO] [stderr]    Compiling csv v1.2.1
[INFO] [stderr]    Compiling serde_cbor v0.11.2
[INFO] [stderr]    Compiling tinytemplate v1.2.1
[INFO] [stderr]    Compiling walkdir v2.3.3
[INFO] [stderr]    Compiling atty v0.2.14
[INFO] [stderr]    Compiling lazy_static v1.4.0
[INFO] [stderr]    Compiling oorandom v11.1.3
[INFO] [stderr]    Compiling criterion v0.3.6
[INFO] [stderr]    Compiling memory_pages v0.1.0 (/opt/rustwide/workdir)
[INFO] [stdout] warning: unused variable: `i`
[INFO] [stdout]    --> src/paged_vec.rs:352:13
[INFO] [stdout]     |
[INFO] [stdout] 352 |         for i in 0..vec.capacity() {
[INFO] [stdout]     |             ^ help: if this is intentional, prefix it with an underscore: `_i`
[INFO] [stdout]     |
[INFO] [stdout]     = note: `#[warn(unused_variables)]` on by default
[INFO] [stdout] 
[INFO] [stdout] 
[INFO] [stdout] warning: unused variable: `rf`
[INFO] [stdout]    --> src/lib.rs:798:13
[INFO] [stdout]     |
[INFO] [stdout] 798 |         let rf: &[u8] = &pages;
[INFO] [stdout]     |             ^^ help: if this is intentional, prefix it with an underscore: `_rf`
[INFO] [stdout] 
[INFO] [stdout] 
[INFO] [stdout] warning: 2 warnings emitted
[INFO] [stdout] 
[INFO] [stdout] 
[INFO] [stderr]     Finished test [unoptimized + debuginfo] target(s) in 24.02s
[INFO] running `Command { std: "docker" "inspect" "65cc45eaf43532ca9efce1bde6dd424165739bed954fceb002ed1347e5c9405d", kill_on_drop: false }`
[INFO] running `Command { std: "docker" "rm" "-f" "65cc45eaf43532ca9efce1bde6dd424165739bed954fceb002ed1347e5c9405d", kill_on_drop: false }`
[INFO] [stdout] 65cc45eaf43532ca9efce1bde6dd424165739bed954fceb002ed1347e5c9405d
[INFO] running `Command { std: "docker" "create" "-v" "/var/lib/crater-agent-workspace/builds/worker-5-tc1/target:/opt/rustwide/target:rw,Z" "-v" "/var/lib/crater-agent-workspace/builds/worker-5-tc1/source:/opt/rustwide/workdir:ro,Z" "-v" "/var/lib/crater-agent-workspace/cargo-home:/opt/rustwide/cargo-home:ro,Z" "-v" "/var/lib/crater-agent-workspace/rustup-home:/opt/rustwide/rustup-home:ro,Z" "-e" "SOURCE_DIR=/opt/rustwide/workdir" "-e" "CARGO_TARGET_DIR=/opt/rustwide/target" "-e" "CARGO_INCREMENTAL=0" "-e" "RUST_BACKTRACE=full" "-e" "RUSTFLAGS=--cap-lints=warn" "-e" "RUSTDOCFLAGS=--cap-lints=warn" "-e" "CARGO_HOME=/opt/rustwide/cargo-home" "-e" "RUSTUP_HOME=/opt/rustwide/rustup-home" "-w" "/opt/rustwide/workdir" "-m" "1610612736" "--user" "0:0" "--network" "none" "ghcr.io/rust-lang/crates-build-env/linux@sha256:5ff2268d62e97bff2cde7d5815dd6ed5b47097566f13b8d0ca110b04b60e07ed" "/opt/rustwide/cargo-home/bin/cargo" "+1.69.0" "test" "--frozen", kill_on_drop: false }`
[INFO] [stdout] c80ab05d54c1aa614bdbfeb618690d4ff17437a7e5794cef77cd9e1c3472dbbe
[INFO] running `Command { std: "docker" "start" "-a" "c80ab05d54c1aa614bdbfeb618690d4ff17437a7e5794cef77cd9e1c3472dbbe", kill_on_drop: false }`
[INFO] [stderr] warning: unused variable: `i`
[INFO] [stderr]    --> src/paged_vec.rs:352:13
[INFO] [stderr]     |
[INFO] [stderr] 352 |         for i in 0..vec.capacity() {
[INFO] [stderr]     |             ^ help: if this is intentional, prefix it with an underscore: `_i`
[INFO] [stderr]     |
[INFO] [stderr]     = note: `#[warn(unused_variables)]` on by default
[INFO] [stderr] 
[INFO] [stderr] warning: unused variable: `rf`
[INFO] [stderr]    --> src/lib.rs:798:13
[INFO] [stderr]     |
[INFO] [stderr] 798 |         let rf: &[u8] = &pages;
[INFO] [stderr]     |             ^^ help: if this is intentional, prefix it with an underscore: `_rf`
[INFO] [stderr] 
[INFO] [stderr] warning: `memory_pages` (lib test) generated 2 warnings (run `cargo fix --lib -p memory_pages --tests` to apply 2 suggestions)
[INFO] [stderr]     Finished test [unoptimized + debuginfo] target(s) in 0.07s
[INFO] [stderr]      Running unittests src/lib.rs (/opt/rustwide/target/debug/deps/memory_pages-0f332ebfe55a8629)
[INFO] [stdout] 
[INFO] [stdout] running 9 tests
[INFO] [stdout] test test::test_acces_rw ... ok
[INFO] [stdout] test test::test_acces_r ... ok
[INFO] [stdout] test test::test_alloc_r ... ok
[INFO] [stdout] test paged_vec::test::test_page_vec ... ok
[INFO] [stdout] test test::test_allow_read ... ok
[INFO] [stdout] test test::test_allow_write ... ok
[INFO] [stdout] test test::test_alloc_rw ... ok
[INFO] [stdout] test paged_vec::test::test_page_vec_push ... ok
[INFO] [stdout] test paged_vec::test::test_page_vec_drop ... ok
[INFO] [stdout] 
[INFO] [stdout] test result: ok. 9 passed; 0 failed; 0 ignored; 0 measured; 0 filtered out; finished in 0.02s
[INFO] [stdout] 
[INFO] [stderr]    Doc-tests memory_pages
[INFO] [stderr] warning: unknown lint: `rustdoc::missing_doc_code_examples`
[INFO] [stderr]   --> /opt/rustwide/workdir/src/lib.rs:17:1
[INFO] [stderr]    |
[INFO] [stderr] 17 | #![warn(rustdoc::missing_doc_code_examples)]
[INFO] [stderr]    | ^^^^^^^^^^^^^^^^^^^^^^^^^^^^^^^^^^^^^^^^^^^^
[INFO] [stderr]    |
[INFO] [stderr]    = note: the `rustdoc::missing_doc_code_examples` lint is unstable
[INFO] [stderr]    = note: see issue #101730 <https://github.com/rust-lang/rust/issues/101730> for more information
[INFO] [stderr]    = note: `#[warn(unknown_lints)]` on by default
[INFO] [stderr] 
[INFO] [stderr] warning: 1 warning emitted
[INFO] [stderr] 
[INFO] [stdout] 
[INFO] [stdout] running 26 tests
[INFO] [stdout] test src/lib.rs - Pages<R,W,AllowExec>::get_fn_ptr (line 640) ... FAILED
[INFO] [stdout] test src/lib.rs - Pages<R,W,AllowExec>::get_fn_ptr (line 633) ... FAILED
[INFO] [stdout] test src/lib.rs - Pages<R,W,E>::allow_write (line 501) - compile fail ... ok
[INFO] [stdout] test src/fn_ref.rs - fn_ref::FnRef<'a,F>::internal_fn (line 25) ... FAILED
[INFO] [stdout] test src/lib.rs - Pages<R,W,AllowExec>::get_fn (line 659) - compile ... FAILED
[INFO] [stdout] test src/lib.rs - Pages<R,W,AllowExec>::get_fn_ptr (line 626) ... FAILED
[INFO] [stdout] test src/lib.rs - Pages<R,W,AllowExec>::get_fn (line 671) - compile ... FAILED
[INFO] [stdout] test src/lib.rs - Pages<R,W,E>::deny_write (line 556) - compile fail ... ok
[INFO] [stdout] test src/lib.rs - Pages<AllowRead,AllowWrite,E>::resize (line 421) ... ok
[INFO] [stdout] test src/lib.rs - Pages<R,W,E>::deny_write (line 545) ... ok
[INFO] [stdout] test src/lib.rs - Pages<R,W,E>::allow_write (line 524) ... ok
[INFO] [stdout] test src/lib.rs - Pages<R,W,E>::new (line 235) ... ok
[INFO] [stdout] test src/lib.rs - Pages<R,W,E>::allow_write (line 516) ... ok
[INFO] [stdout] test src/lib.rs - Pages<R,W,E>::allow_write (line 508) ... ok
[INFO] [stdout] test src/lib.rs - Pages<R,W,E>::allow_write (line 532) ... ok
[INFO] [stdout] test src/lib.rs - Pages<R,W,E>::new (line 241) ... ok
[INFO] [stdout] test src/lib.rs - Pages<R,W,E>::new (line 249) ... ok
[INFO] [stdout] test src/paged_vec.rs - paged_vec::PagedVec<T>::clear (line 271) ... ok
[INFO] [stdout] test src/paged_vec.rs - paged_vec::PagedVec<T>::push_within_capacity (line 50) ... ok
[INFO] [stdout] test src/paged_vec.rs - paged_vec::PagedVec<T>::capacity (line 223) ... ok
[INFO] [stdout] test src/paged_vec.rs - paged_vec::PagedVec<T>::push (line 202) ... ok
[INFO] [stdout] test src/paged_vec.rs - paged_vec::PagedVec<T>::new (line 29) ... ok
[INFO] [stdout] test src/paged_vec.rs - paged_vec::PagedVec<T>::pop (line 243) ... ok
[INFO] [stdout] test src/paged_vec.rs - paged_vec::PagedVec<T>::reserve_exact (line 143) ... ok
[INFO] [stdout] test src/paged_vec.rs - paged_vec::PagedVec<T>::remove (line 171) ... ok
[INFO] [stdout] test src/paged_vec.rs - paged_vec::PagedVec<T>::reserve (line 117) ... ok
[INFO] [stderr] error: doctest failed, to rerun pass `--doc`
[INFO] [stdout] 
[INFO] [stdout] failures:
[INFO] [stdout] 
[INFO] [stdout] ---- src/lib.rs - Pages<R,W,AllowExec>::get_fn_ptr (line 640) stdout ----
[INFO] [stdout] error[E0412]: cannot find type `AllowExec` in this scope
[INFO] [stdout]  --> src/lib.rs:642:38
[INFO] [stdout]   |
[INFO] [stdout] 5 |  let memory:Pages<DenyRead,DenyWrite,AllowExec> = Pages::new(0x1000);
[INFO] [stdout]   |                                      ^^^^^^^^^ not found in this scope
[INFO] [stdout]   |
[INFO] [stdout] help: you might be missing a type parameter
[INFO] [stdout]   |
[INFO] [stdout] 3 | fn main() { #[allow(non_snake_case)] fn _doctest_main_src_lib_rs_640_0<AllowExec>() {
[INFO] [stdout]   |                                                                       +++++++++++
[INFO] [stdout] 
[INFO] [stdout] error: aborting due to previous error
[INFO] [stdout] 
[INFO] [stdout] For more information about this error, try `rustc --explain E0412`.
[INFO] [stdout] Couldn't compile the test.
[INFO] [stdout] ---- src/lib.rs - Pages<R,W,AllowExec>::get_fn_ptr (line 633) stdout ----
[INFO] [stdout] error[E0412]: cannot find type `AllowExec` in this scope
[INFO] [stdout]  --> src/lib.rs:635:38
[INFO] [stdout]   |
[INFO] [stdout] 5 |  let memory:Pages<DenyRead,DenyWrite,AllowExec> = Pages::new(0x1000);
[INFO] [stdout]   |                                      ^^^^^^^^^ not found in this scope
[INFO] [stdout]   |
[INFO] [stdout] help: you might be missing a type parameter
[INFO] [stdout]   |
[INFO] [stdout] 3 | fn main() { #[allow(non_snake_case)] fn _doctest_main_src_lib_rs_633_0<AllowExec>() {
[INFO] [stdout]   |                                                                       +++++++++++
[INFO] [stdout] 
[INFO] [stdout] error: aborting due to previous error
[INFO] [stdout] 
[INFO] [stdout] For more information about this error, try `rustc --explain E0412`.
[INFO] [stdout] Couldn't compile the test.
[INFO] [stdout] ---- src/fn_ref.rs - fn_ref::FnRef<'a,F>::internal_fn (line 25) stdout ----
[INFO] [stdout] error[E0599]: no method named `set_protected_exec` found for struct `memory_pages::Pages<memory_pages::AllowRead, memory_pages::AllowWrite, memory_pages::DenyExec>` in the current scope
[INFO] [stdout]  --> src/fn_ref.rs:30:21
[INFO] [stdout]   |
[INFO] [stdout] 8 | let memory = memory.set_protected_exec();
[INFO] [stdout]   |                     ^^^^^^^^^^^^^^^^^^ method not found in `Pages<AllowRead, AllowWrite, DenyExec>`
[INFO] [stdout] 
[INFO] [stdout] error: aborting due to previous error
[INFO] [stdout] 
[INFO] [stdout] For more information about this error, try `rustc --explain E0599`.
[INFO] [stdout] Couldn't compile the test.
[INFO] [stdout] ---- src/lib.rs - Pages<R,W,AllowExec>::get_fn (line 659) stdout ----
[INFO] [stdout] error[E0412]: cannot find type `FnRef` in this scope
[INFO] [stdout]  --> src/lib.rs:665:9
[INFO] [stdout]   |
[INFO] [stdout] 9 | let nop:FnRef<unsafe extern "C" fn()> = unsafe{memory.get_fn(0)};
[INFO] [stdout]   |         ^^^^^ not found in this scope
[INFO] [stdout] 
[INFO] [stdout] error[E0599]: no method named `set_protected_exec` found for struct `memory_pages::Pages<memory_pages::AllowRead, memory_pages::AllowWrite, memory_pages::DenyExec>` in the current scope
[INFO] [stdout]  --> src/lib.rs:664:21
[INFO] [stdout]   |
[INFO] [stdout] 8 | let memory = memory.set_protected_exec();
[INFO] [stdout]   |                     ^^^^^^^^^^^^^^^^^^ method not found in `Pages<AllowRead, AllowWrite, DenyExec>`
[INFO] [stdout] 
[INFO] [stdout] error: aborting due to 2 previous errors
[INFO] [stdout] 
[INFO] [stdout] Some errors have detailed explanations: E0412, E0599.
[INFO] [stdout] For more information about an error, try `rustc --explain E0412`.
[INFO] [stdout] Couldn't compile the test.
[INFO] [stdout] ---- src/lib.rs - Pages<R,W,AllowExec>::get_fn_ptr (line 626) stdout ----
[INFO] [stdout] error[E0412]: cannot find type `AllowExec` in this scope
[INFO] [stdout]  --> src/lib.rs:628:38
[INFO] [stdout]   |
[INFO] [stdout] 5 |  let memory:Pages<DenyRead,DenyWrite,AllowExec> = Pages::new(0x1000);
[INFO] [stdout]   |                                      ^^^^^^^^^ not found in this scope
[INFO] [stdout]   |
[INFO] [stdout] help: you might be missing a type parameter
[INFO] [stdout]   |
[INFO] [stdout] 3 | fn main() { #[allow(non_snake_case)] fn _doctest_main_src_lib_rs_626_0<AllowExec>() {
[INFO] [stdout]   |                                                                       +++++++++++
[INFO] [stdout] 
[INFO] [stdout] error: aborting due to previous error
[INFO] [stdout] 
[INFO] [stdout] For more information about this error, try `rustc --explain E0412`.
[INFO] [stdout] Couldn't compile the test.
[INFO] [stdout] ---- src/lib.rs - Pages<R,W,AllowExec>::get_fn (line 671) stdout ----
[INFO] [stdout] error[E0412]: cannot find type `FnRef` in this scope
[INFO] [stdout]   --> src/lib.rs:683:9
[INFO] [stdout]    |
[INFO] [stdout] 15 | let add:FnRef<unsafe extern "C" fn(u64,u64)->u64> = unsafe{memory.get_fn(0)};
[INFO] [stdout]    |         ^^^^^ not found in this scope
[INFO] [stdout] 
[INFO] [stdout] error[E0599]: no method named `set_protected_exec` found for struct `memory_pages::Pages<memory_pages::AllowRead, memory_pages::AllowWrite, memory_pages::DenyExec>` in the current scope
[INFO] [stdout]   --> src/lib.rs:680:21
[INFO] [stdout]    |
[INFO] [stdout] 12 | let memory = memory.set_protected_exec();
[INFO] [stdout]    |                     ^^^^^^^^^^^^^^^^^^ method not found in `Pages<AllowRead, AllowWrite, DenyExec>`
[INFO] [stdout] 
[INFO] [stdout] error: aborting due to 2 previous errors
[INFO] [stdout] 
[INFO] [stdout] Some errors have detailed explanations: E0412, E0599.
[INFO] [stdout] For more information about an error, try `rustc --explain E0412`.
[INFO] [stdout] Couldn't compile the test.
[INFO] [stdout] 
[INFO] [stdout] failures:
[INFO] [stdout]     src/fn_ref.rs - fn_ref::FnRef<'a,F>::internal_fn (line 25)
[INFO] [stdout]     src/lib.rs - Pages<R,W,AllowExec>::get_fn (line 659)
[INFO] [stdout]     src/lib.rs - Pages<R,W,AllowExec>::get_fn (line 671)
[INFO] [stdout]     src/lib.rs - Pages<R,W,AllowExec>::get_fn_ptr (line 626)
[INFO] [stdout]     src/lib.rs - Pages<R,W,AllowExec>::get_fn_ptr (line 633)
[INFO] [stdout]     src/lib.rs - Pages<R,W,AllowExec>::get_fn_ptr (line 640)
[INFO] [stdout] 
[INFO] [stdout] test result: FAILED. 20 passed; 6 failed; 0 ignored; 0 measured; 0 filtered out; finished in 2.02s
[INFO] [stdout] 
[INFO] running `Command { std: "docker" "inspect" "c80ab05d54c1aa614bdbfeb618690d4ff17437a7e5794cef77cd9e1c3472dbbe", kill_on_drop: false }`
[INFO] running `Command { std: "docker" "rm" "-f" "c80ab05d54c1aa614bdbfeb618690d4ff17437a7e5794cef77cd9e1c3472dbbe", kill_on_drop: false }`
[INFO] [stdout] c80ab05d54c1aa614bdbfeb618690d4ff17437a7e5794cef77cd9e1c3472dbbe
