[INFO] fetching crate memoize-inner 0.4.0...
[INFO] testing memoize-inner-0.4.0 against beta-2023-04-20 for beta-1.70-1
[INFO] extracting crate memoize-inner 0.4.0 into /workspace/builds/worker-2-tc2/source
[INFO] validating manifest of crates.io crate memoize-inner 0.4.0 on toolchain beta-2023-04-20
[INFO] running `Command { std: CARGO_HOME="/workspace/cargo-home" RUSTUP_HOME="/workspace/rustup-home" "/workspace/cargo-home/bin/cargo" "+beta-2023-04-20" "metadata" "--manifest-path" "Cargo.toml" "--no-deps", kill_on_drop: false }`
[INFO] started tweaking crates.io crate memoize-inner 0.4.0
[INFO] finished tweaking crates.io crate memoize-inner 0.4.0
[INFO] tweaked toml for crates.io crate memoize-inner 0.4.0 written to /workspace/builds/worker-2-tc2/source/Cargo.toml
[INFO] running `Command { std: CARGO_HOME="/workspace/cargo-home" RUSTUP_HOME="/workspace/rustup-home" __CARGO_TEST_CHANNEL_OVERRIDE_DO_NOT_USE_THIS="nightly" "/workspace/cargo-home/bin/cargo" "+beta-2023-04-20" "generate-lockfile" "--manifest-path" "Cargo.toml" "-Zno-index-update", kill_on_drop: false }`
[INFO] running `Command { std: CARGO_HOME="/workspace/cargo-home" RUSTUP_HOME="/workspace/rustup-home" "/workspace/cargo-home/bin/cargo" "+beta-2023-04-20" "fetch" "--manifest-path" "Cargo.toml", kill_on_drop: false }`
[INFO] running `Command { std: "docker" "create" "-v" "/var/lib/crater-agent-workspace/builds/worker-2-tc2/target:/opt/rustwide/target:rw,Z" "-v" "/var/lib/crater-agent-workspace/builds/worker-2-tc2/source:/opt/rustwide/workdir:ro,Z" "-v" "/var/lib/crater-agent-workspace/cargo-home:/opt/rustwide/cargo-home:ro,Z" "-v" "/var/lib/crater-agent-workspace/rustup-home:/opt/rustwide/rustup-home:ro,Z" "-e" "SOURCE_DIR=/opt/rustwide/workdir" "-e" "CARGO_TARGET_DIR=/opt/rustwide/target" "-e" "CARGO_HOME=/opt/rustwide/cargo-home" "-e" "RUSTUP_HOME=/opt/rustwide/rustup-home" "-w" "/opt/rustwide/workdir" "-m" "1610612736" "--user" "0:0" "--network" "none" "ghcr.io/rust-lang/crates-build-env/linux@sha256:5ff2268d62e97bff2cde7d5815dd6ed5b47097566f13b8d0ca110b04b60e07ed" "/opt/rustwide/cargo-home/bin/cargo" "+beta-2023-04-20" "metadata" "--no-deps" "--format-version=1", kill_on_drop: false }`
[INFO] [stdout] 9551ec5a7d9937fee1fb81c0ae30a62aa0ede93dac142d248e4290ec4451d1e5
[INFO] running `Command { std: "docker" "start" "-a" "9551ec5a7d9937fee1fb81c0ae30a62aa0ede93dac142d248e4290ec4451d1e5", kill_on_drop: false }`
[INFO] running `Command { std: "docker" "inspect" "9551ec5a7d9937fee1fb81c0ae30a62aa0ede93dac142d248e4290ec4451d1e5", kill_on_drop: false }`
[INFO] running `Command { std: "docker" "rm" "-f" "9551ec5a7d9937fee1fb81c0ae30a62aa0ede93dac142d248e4290ec4451d1e5", kill_on_drop: false }`
[INFO] [stdout] 9551ec5a7d9937fee1fb81c0ae30a62aa0ede93dac142d248e4290ec4451d1e5
[INFO] running `Command { std: "docker" "create" "-v" "/var/lib/crater-agent-workspace/builds/worker-2-tc2/target:/opt/rustwide/target:rw,Z" "-v" "/var/lib/crater-agent-workspace/builds/worker-2-tc2/source:/opt/rustwide/workdir:ro,Z" "-v" "/var/lib/crater-agent-workspace/cargo-home:/opt/rustwide/cargo-home:ro,Z" "-v" "/var/lib/crater-agent-workspace/rustup-home:/opt/rustwide/rustup-home:ro,Z" "-e" "SOURCE_DIR=/opt/rustwide/workdir" "-e" "CARGO_TARGET_DIR=/opt/rustwide/target" "-e" "CARGO_INCREMENTAL=0" "-e" "RUST_BACKTRACE=full" "-e" "RUSTFLAGS=--cap-lints=warn" "-e" "RUSTDOCFLAGS=--cap-lints=warn" "-e" "CARGO_HOME=/opt/rustwide/cargo-home" "-e" "RUSTUP_HOME=/opt/rustwide/rustup-home" "-w" "/opt/rustwide/workdir" "-m" "1610612736" "--user" "0:0" "--network" "none" "ghcr.io/rust-lang/crates-build-env/linux@sha256:5ff2268d62e97bff2cde7d5815dd6ed5b47097566f13b8d0ca110b04b60e07ed" "/opt/rustwide/cargo-home/bin/cargo" "+beta-2023-04-20" "build" "--frozen" "--message-format=json", kill_on_drop: false }`
[INFO] [stdout] 2370275de46475756bd8ddd7973b872bb7a3b9ae3db4fc5d67bfec727dda2259
[INFO] running `Command { std: "docker" "start" "-a" "2370275de46475756bd8ddd7973b872bb7a3b9ae3db4fc5d67bfec727dda2259", kill_on_drop: false }`
[INFO] [stderr]    Compiling proc-macro2 v1.0.56
[INFO] [stderr]    Compiling unicode-ident v1.0.8
[INFO] [stderr]    Compiling quote v1.0.26
[INFO] [stderr]    Compiling syn v1.0.109
[INFO] [stderr]    Compiling lazy_static v1.4.0
[INFO] [stderr]    Compiling memoize-inner v0.4.0 (/opt/rustwide/workdir)
[INFO] [stderr]     Finished dev [unoptimized + debuginfo] target(s) in 7.89s
[INFO] running `Command { std: "docker" "inspect" "2370275de46475756bd8ddd7973b872bb7a3b9ae3db4fc5d67bfec727dda2259", kill_on_drop: false }`
[INFO] running `Command { std: "docker" "rm" "-f" "2370275de46475756bd8ddd7973b872bb7a3b9ae3db4fc5d67bfec727dda2259", kill_on_drop: false }`
[INFO] [stdout] 2370275de46475756bd8ddd7973b872bb7a3b9ae3db4fc5d67bfec727dda2259
[INFO] running `Command { std: "docker" "create" "-v" "/var/lib/crater-agent-workspace/builds/worker-2-tc2/target:/opt/rustwide/target:rw,Z" "-v" "/var/lib/crater-agent-workspace/builds/worker-2-tc2/source:/opt/rustwide/workdir:ro,Z" "-v" "/var/lib/crater-agent-workspace/cargo-home:/opt/rustwide/cargo-home:ro,Z" "-v" "/var/lib/crater-agent-workspace/rustup-home:/opt/rustwide/rustup-home:ro,Z" "-e" "SOURCE_DIR=/opt/rustwide/workdir" "-e" "CARGO_TARGET_DIR=/opt/rustwide/target" "-e" "CARGO_INCREMENTAL=0" "-e" "RUST_BACKTRACE=full" "-e" "RUSTFLAGS=--cap-lints=warn" "-e" "RUSTDOCFLAGS=--cap-lints=warn" "-e" "CARGO_HOME=/opt/rustwide/cargo-home" "-e" "RUSTUP_HOME=/opt/rustwide/rustup-home" "-w" "/opt/rustwide/workdir" "-m" "1610612736" "--user" "0:0" "--network" "none" "ghcr.io/rust-lang/crates-build-env/linux@sha256:5ff2268d62e97bff2cde7d5815dd6ed5b47097566f13b8d0ca110b04b60e07ed" "/opt/rustwide/cargo-home/bin/cargo" "+beta-2023-04-20" "test" "--frozen" "--no-run" "--message-format=json", kill_on_drop: false }`
[INFO] [stdout] a0ca41e02c425126c649cf2160eb2c28e543f134c0ab314ebf9ed0c7984d5eb0
[INFO] running `Command { std: "docker" "start" "-a" "a0ca41e02c425126c649cf2160eb2c28e543f134c0ab314ebf9ed0c7984d5eb0", kill_on_drop: false }`
[INFO] [stderr]    Compiling memoize-inner v0.4.0 (/opt/rustwide/workdir)
[INFO] [stderr]     Finished test [unoptimized + debuginfo] target(s) in 1.26s
[INFO] running `Command { std: "docker" "inspect" "a0ca41e02c425126c649cf2160eb2c28e543f134c0ab314ebf9ed0c7984d5eb0", kill_on_drop: false }`
[INFO] running `Command { std: "docker" "rm" "-f" "a0ca41e02c425126c649cf2160eb2c28e543f134c0ab314ebf9ed0c7984d5eb0", kill_on_drop: false }`
[INFO] [stdout] a0ca41e02c425126c649cf2160eb2c28e543f134c0ab314ebf9ed0c7984d5eb0
[INFO] running `Command { std: "docker" "create" "-v" "/var/lib/crater-agent-workspace/builds/worker-2-tc2/target:/opt/rustwide/target:rw,Z" "-v" "/var/lib/crater-agent-workspace/builds/worker-2-tc2/source:/opt/rustwide/workdir:ro,Z" "-v" "/var/lib/crater-agent-workspace/cargo-home:/opt/rustwide/cargo-home:ro,Z" "-v" "/var/lib/crater-agent-workspace/rustup-home:/opt/rustwide/rustup-home:ro,Z" "-e" "SOURCE_DIR=/opt/rustwide/workdir" "-e" "CARGO_TARGET_DIR=/opt/rustwide/target" "-e" "CARGO_INCREMENTAL=0" "-e" "RUST_BACKTRACE=full" "-e" "RUSTFLAGS=--cap-lints=warn" "-e" "RUSTDOCFLAGS=--cap-lints=warn" "-e" "CARGO_HOME=/opt/rustwide/cargo-home" "-e" "RUSTUP_HOME=/opt/rustwide/rustup-home" "-w" "/opt/rustwide/workdir" "-m" "1610612736" "--user" "0:0" "--network" "none" "ghcr.io/rust-lang/crates-build-env/linux@sha256:5ff2268d62e97bff2cde7d5815dd6ed5b47097566f13b8d0ca110b04b60e07ed" "/opt/rustwide/cargo-home/bin/cargo" "+beta-2023-04-20" "test" "--frozen", kill_on_drop: false }`
[INFO] [stdout] ca6f9b52541c74670cd6c62991e17ed79db3d5faae4994a2c23021f4724970e9
[INFO] running `Command { std: "docker" "start" "-a" "ca6f9b52541c74670cd6c62991e17ed79db3d5faae4994a2c23021f4724970e9", kill_on_drop: false }`
[INFO] [stderr]     Finished test [unoptimized + debuginfo] target(s) in 0.02s
[INFO] [stderr]      Running unittests src/lib.rs (/opt/rustwide/target/debug/deps/memoize_inner-65cb165c4ed7da58)
[INFO] [stdout] 
[INFO] [stdout] running 0 tests
[INFO] [stdout] 
[INFO] [stdout] test result: ok. 0 passed; 0 failed; 0 ignored; 0 measured; 0 filtered out; finished in 0.00s
[INFO] [stdout] 
[INFO] [stderr]    Doc-tests memoize-inner
[INFO] [stdout] 
[INFO] [stdout] running 1 test
[INFO] [stderr] error: doctest failed, to rerun pass `--doc`
[INFO] [stdout] test src/lib.rs - memoize (line 222) ... FAILED
[INFO] [stdout] 
[INFO] [stdout] failures:
[INFO] [stdout] 
[INFO] [stdout] ---- src/lib.rs - memoize (line 222) stdout ----
[INFO] [stdout] error[E0432]: unresolved import `memoize`
[INFO] [stdout]  --> src/lib.rs:223:5
[INFO] [stdout]   |
[INFO] [stdout] 3 | use memoize::memoize;
[INFO] [stdout]   |     ^^^^^^^ use of undeclared crate or module `memoize`
[INFO] [stdout] 
[INFO] [stdout] error: cannot determine resolution for the attribute macro `memoize`
[INFO] [stdout]  --> src/lib.rs:224:3
[INFO] [stdout]   |
[INFO] [stdout] 4 | #[memoize]
[INFO] [stdout]   |   ^^^^^^^
[INFO] [stdout]   |
[INFO] [stdout]   = note: import resolution is stuck, try simplifying macro imports
[INFO] [stdout] 
[INFO] [stdout] error: aborting due to 2 previous errors
[INFO] [stdout] 
[INFO] [stdout] For more information about this error, try `rustc --explain E0432`.
[INFO] [stdout] Couldn't compile the test.
[INFO] [stdout] 
[INFO] [stdout] failures:
[INFO] [stdout]     src/lib.rs - memoize (line 222)
[INFO] [stdout] 
[INFO] [stdout] test result: FAILED. 0 passed; 1 failed; 0 ignored; 0 measured; 0 filtered out; finished in 0.04s
[INFO] [stdout] 
[INFO] running `Command { std: "docker" "inspect" "ca6f9b52541c74670cd6c62991e17ed79db3d5faae4994a2c23021f4724970e9", kill_on_drop: false }`
[INFO] running `Command { std: "docker" "rm" "-f" "ca6f9b52541c74670cd6c62991e17ed79db3d5faae4994a2c23021f4724970e9", kill_on_drop: false }`
[INFO] [stdout] ca6f9b52541c74670cd6c62991e17ed79db3d5faae4994a2c23021f4724970e9
