[INFO] fetching crate memflow-derive 0.2.0-beta3...
[INFO] testing memflow-derive-0.2.0-beta3 against 1.69.0 for beta-1.70-1
[INFO] extracting crate memflow-derive 0.2.0-beta3 into /workspace/builds/worker-0-tc1/source
[INFO] validating manifest of crates.io crate memflow-derive 0.2.0-beta3 on toolchain 1.69.0
[INFO] running `Command { std: CARGO_HOME="/workspace/cargo-home" RUSTUP_HOME="/workspace/rustup-home" "/workspace/cargo-home/bin/cargo" "+1.69.0" "metadata" "--manifest-path" "Cargo.toml" "--no-deps", kill_on_drop: false }`
[INFO] started tweaking crates.io crate memflow-derive 0.2.0-beta3
[INFO] finished tweaking crates.io crate memflow-derive 0.2.0-beta3
[INFO] tweaked toml for crates.io crate memflow-derive 0.2.0-beta3 written to /workspace/builds/worker-0-tc1/source/Cargo.toml
[INFO] running `Command { std: CARGO_HOME="/workspace/cargo-home" RUSTUP_HOME="/workspace/rustup-home" __CARGO_TEST_CHANNEL_OVERRIDE_DO_NOT_USE_THIS="nightly" "/workspace/cargo-home/bin/cargo" "+1.69.0" "generate-lockfile" "--manifest-path" "Cargo.toml" "-Zno-index-update", kill_on_drop: false }`
[INFO] running `Command { std: CARGO_HOME="/workspace/cargo-home" RUSTUP_HOME="/workspace/rustup-home" "/workspace/cargo-home/bin/cargo" "+1.69.0" "fetch" "--manifest-path" "Cargo.toml", kill_on_drop: false }`
[INFO] running `Command { std: "docker" "create" "-v" "/var/lib/crater-agent-workspace/builds/worker-0-tc1/target:/opt/rustwide/target:rw,Z" "-v" "/var/lib/crater-agent-workspace/builds/worker-0-tc1/source:/opt/rustwide/workdir:ro,Z" "-v" "/var/lib/crater-agent-workspace/cargo-home:/opt/rustwide/cargo-home:ro,Z" "-v" "/var/lib/crater-agent-workspace/rustup-home:/opt/rustwide/rustup-home:ro,Z" "-e" "SOURCE_DIR=/opt/rustwide/workdir" "-e" "CARGO_TARGET_DIR=/opt/rustwide/target" "-e" "CARGO_HOME=/opt/rustwide/cargo-home" "-e" "RUSTUP_HOME=/opt/rustwide/rustup-home" "-w" "/opt/rustwide/workdir" "-m" "1610612736" "--user" "0:0" "--network" "none" "ghcr.io/rust-lang/crates-build-env/linux@sha256:5ff2268d62e97bff2cde7d5815dd6ed5b47097566f13b8d0ca110b04b60e07ed" "/opt/rustwide/cargo-home/bin/cargo" "+1.69.0" "metadata" "--no-deps" "--format-version=1", kill_on_drop: false }`
[INFO] [stdout] d8aefbac9dcd980d4cc800dee54146db843eece0953fb984b3c7374fc41e1639
[INFO] running `Command { std: "docker" "start" "-a" "d8aefbac9dcd980d4cc800dee54146db843eece0953fb984b3c7374fc41e1639", kill_on_drop: false }`
[INFO] running `Command { std: "docker" "inspect" "d8aefbac9dcd980d4cc800dee54146db843eece0953fb984b3c7374fc41e1639", kill_on_drop: false }`
[INFO] running `Command { std: "docker" "rm" "-f" "d8aefbac9dcd980d4cc800dee54146db843eece0953fb984b3c7374fc41e1639", kill_on_drop: false }`
[INFO] [stdout] d8aefbac9dcd980d4cc800dee54146db843eece0953fb984b3c7374fc41e1639
[INFO] running `Command { std: "docker" "create" "-v" "/var/lib/crater-agent-workspace/builds/worker-0-tc1/target:/opt/rustwide/target:rw,Z" "-v" "/var/lib/crater-agent-workspace/builds/worker-0-tc1/source:/opt/rustwide/workdir:ro,Z" "-v" "/var/lib/crater-agent-workspace/cargo-home:/opt/rustwide/cargo-home:ro,Z" "-v" "/var/lib/crater-agent-workspace/rustup-home:/opt/rustwide/rustup-home:ro,Z" "-e" "SOURCE_DIR=/opt/rustwide/workdir" "-e" "CARGO_TARGET_DIR=/opt/rustwide/target" "-e" "CARGO_INCREMENTAL=0" "-e" "RUST_BACKTRACE=full" "-e" "RUSTFLAGS=--cap-lints=warn" "-e" "RUSTDOCFLAGS=--cap-lints=warn" "-e" "CARGO_HOME=/opt/rustwide/cargo-home" "-e" "RUSTUP_HOME=/opt/rustwide/rustup-home" "-w" "/opt/rustwide/workdir" "-m" "1610612736" "--user" "0:0" "--network" "none" "ghcr.io/rust-lang/crates-build-env/linux@sha256:5ff2268d62e97bff2cde7d5815dd6ed5b47097566f13b8d0ca110b04b60e07ed" "/opt/rustwide/cargo-home/bin/cargo" "+1.69.0" "build" "--frozen" "--message-format=json", kill_on_drop: false }`
[INFO] [stdout] 339edfe28cfe853d1be14eb4a64ccaa35d7372be730760a1e990816f8d3f180f
[INFO] running `Command { std: "docker" "start" "-a" "339edfe28cfe853d1be14eb4a64ccaa35d7372be730760a1e990816f8d3f180f", kill_on_drop: false }`
[INFO] [stderr]    Compiling proc-macro2 v1.0.56
[INFO] [stderr]    Compiling quote v1.0.26
[INFO] [stderr]    Compiling unicode-ident v1.0.8
[INFO] [stderr]    Compiling autocfg v1.1.0
[INFO] [stderr]    Compiling syn v1.0.109
[INFO] [stderr]    Compiling strsim v0.10.0
[INFO] [stderr]    Compiling hashbrown v0.12.3
[INFO] [stderr]    Compiling fnv v1.0.7
[INFO] [stderr]    Compiling ident_case v1.0.1
[INFO] [stderr]    Compiling toml_datetime v0.6.1
[INFO] [stderr]    Compiling winnow v0.4.4
[INFO] [stderr]    Compiling once_cell v1.17.1
[INFO] [stderr]    Compiling indexmap v1.9.3
[INFO] [stderr]    Compiling toml_edit v0.19.8
[INFO] [stderr]    Compiling proc-macro-crate v1.3.1
[INFO] [stderr]    Compiling darling_core v0.13.4
[INFO] [stderr]    Compiling darling_macro v0.13.4
[INFO] [stderr]    Compiling darling v0.13.4
[INFO] [stderr]    Compiling memflow-derive v0.2.0-beta3 (/opt/rustwide/workdir)
[INFO] [stderr]     Finished dev [unoptimized + debuginfo] target(s) in 12.83s
[INFO] running `Command { std: "docker" "inspect" "339edfe28cfe853d1be14eb4a64ccaa35d7372be730760a1e990816f8d3f180f", kill_on_drop: false }`
[INFO] running `Command { std: "docker" "rm" "-f" "339edfe28cfe853d1be14eb4a64ccaa35d7372be730760a1e990816f8d3f180f", kill_on_drop: false }`
[INFO] [stdout] 339edfe28cfe853d1be14eb4a64ccaa35d7372be730760a1e990816f8d3f180f
[INFO] running `Command { std: "docker" "create" "-v" "/var/lib/crater-agent-workspace/builds/worker-0-tc1/target:/opt/rustwide/target:rw,Z" "-v" "/var/lib/crater-agent-workspace/builds/worker-0-tc1/source:/opt/rustwide/workdir:ro,Z" "-v" "/var/lib/crater-agent-workspace/cargo-home:/opt/rustwide/cargo-home:ro,Z" "-v" "/var/lib/crater-agent-workspace/rustup-home:/opt/rustwide/rustup-home:ro,Z" "-e" "SOURCE_DIR=/opt/rustwide/workdir" "-e" "CARGO_TARGET_DIR=/opt/rustwide/target" "-e" "CARGO_INCREMENTAL=0" "-e" "RUST_BACKTRACE=full" "-e" "RUSTFLAGS=--cap-lints=warn" "-e" "RUSTDOCFLAGS=--cap-lints=warn" "-e" "CARGO_HOME=/opt/rustwide/cargo-home" "-e" "RUSTUP_HOME=/opt/rustwide/rustup-home" "-w" "/opt/rustwide/workdir" "-m" "1610612736" "--user" "0:0" "--network" "none" "ghcr.io/rust-lang/crates-build-env/linux@sha256:5ff2268d62e97bff2cde7d5815dd6ed5b47097566f13b8d0ca110b04b60e07ed" "/opt/rustwide/cargo-home/bin/cargo" "+1.69.0" "test" "--frozen" "--no-run" "--message-format=json", kill_on_drop: false }`
[INFO] [stdout] 29bc9c25305792ad5e19959ccecd8a23d750270205e17897f9ac6d5c50ae75f5
[INFO] running `Command { std: "docker" "start" "-a" "29bc9c25305792ad5e19959ccecd8a23d750270205e17897f9ac6d5c50ae75f5", kill_on_drop: false }`
[INFO] [stderr]    Compiling memflow-derive v0.2.0-beta3 (/opt/rustwide/workdir)
[INFO] [stderr]     Finished test [unoptimized + debuginfo] target(s) in 1.39s
[INFO] running `Command { std: "docker" "inspect" "29bc9c25305792ad5e19959ccecd8a23d750270205e17897f9ac6d5c50ae75f5", kill_on_drop: false }`
[INFO] running `Command { std: "docker" "rm" "-f" "29bc9c25305792ad5e19959ccecd8a23d750270205e17897f9ac6d5c50ae75f5", kill_on_drop: false }`
[INFO] [stdout] 29bc9c25305792ad5e19959ccecd8a23d750270205e17897f9ac6d5c50ae75f5
[INFO] running `Command { std: "docker" "create" "-v" "/var/lib/crater-agent-workspace/builds/worker-0-tc1/target:/opt/rustwide/target:rw,Z" "-v" "/var/lib/crater-agent-workspace/builds/worker-0-tc1/source:/opt/rustwide/workdir:ro,Z" "-v" "/var/lib/crater-agent-workspace/cargo-home:/opt/rustwide/cargo-home:ro,Z" "-v" "/var/lib/crater-agent-workspace/rustup-home:/opt/rustwide/rustup-home:ro,Z" "-e" "SOURCE_DIR=/opt/rustwide/workdir" "-e" "CARGO_TARGET_DIR=/opt/rustwide/target" "-e" "CARGO_INCREMENTAL=0" "-e" "RUST_BACKTRACE=full" "-e" "RUSTFLAGS=--cap-lints=warn" "-e" "RUSTDOCFLAGS=--cap-lints=warn" "-e" "CARGO_HOME=/opt/rustwide/cargo-home" "-e" "RUSTUP_HOME=/opt/rustwide/rustup-home" "-w" "/opt/rustwide/workdir" "-m" "1610612736" "--user" "0:0" "--network" "none" "ghcr.io/rust-lang/crates-build-env/linux@sha256:5ff2268d62e97bff2cde7d5815dd6ed5b47097566f13b8d0ca110b04b60e07ed" "/opt/rustwide/cargo-home/bin/cargo" "+1.69.0" "test" "--frozen", kill_on_drop: false }`
[INFO] [stdout] 56413f5539e662c845af15cf60039dc42892e2b8c23f4fb1ebb9468abbc41155
[INFO] running `Command { std: "docker" "start" "-a" "56413f5539e662c845af15cf60039dc42892e2b8c23f4fb1ebb9468abbc41155", kill_on_drop: false }`
[INFO] [stderr]     Finished test [unoptimized + debuginfo] target(s) in 0.02s
[INFO] [stderr]      Running unittests src/lib.rs (/opt/rustwide/target/debug/deps/memflow_derive-0123b29da1047ea6)
[INFO] [stdout] 
[INFO] [stdout] running 0 tests
[INFO] [stdout] 
[INFO] [stdout] test result: ok. 0 passed; 0 failed; 0 ignored; 0 measured; 0 filtered out; finished in 0.00s
[INFO] [stdout] 
[INFO] [stderr]    Doc-tests memflow-derive
[INFO] [stdout] 
[INFO] [stdout] running 12 tests
[INFO] [stdout] test src/lib.rs - connector (line 103) ... FAILED
[INFO] [stdout] test src/lib.rs - os (line 354) ... FAILED
[INFO] [stdout] test src/lib.rs - connector (line 113) ... FAILED
[INFO] [stdout] test src/lib.rs - connector (line 142) ... FAILED
[INFO] [stdout] test src/lib.rs - os (line 399) ... FAILED
[INFO] [stdout] test src/lib.rs - connector (line 169) ... FAILED
[INFO] [stdout] test src/lib.rs - connector (line 93) ... FAILED
[INFO] [stdout] test src/lib.rs - connector (line 156) ... FAILED
[INFO] [stdout] test src/lib.rs - os (line 384) ... FAILED
[INFO] [stdout] test src/lib.rs - connector (line 127) ... FAILED
[INFO] [stdout] test src/lib.rs - os (line 367) ... FAILED
[INFO] [stderr] error: doctest failed, to rerun pass `--doc`
[INFO] [stdout] test src/lib.rs - os (line 413) ... FAILED
[INFO] [stdout] 
[INFO] [stdout] failures:
[INFO] [stdout] 
[INFO] [stdout] ---- src/lib.rs - connector (line 103) stdout ----
[INFO] [stdout] error[E0433]: failed to resolve: could not find `memflow` in the list of imported crates
[INFO] [stdout]  --> src/lib.rs:104:7
[INFO] [stdout]   |
[INFO] [stdout] 3 | use ::memflow::prelude::v1::*;
[INFO] [stdout]   |       ^^^^^^^ could not find `memflow` in the list of imported crates
[INFO] [stdout] 
[INFO] [stdout] error[E0433]: failed to resolve: could not find `memflow` in the list of imported crates
[INFO] [stdout]  --> src/lib.rs:105:7
[INFO] [stdout]   |
[INFO] [stdout] 4 | use ::memflow::dummy::*;
[INFO] [stdout]   |       ^^^^^^^ could not find `memflow` in the list of imported crates
[INFO] [stdout] 
[INFO] [stdout] error: cannot find attribute `connector` in this scope
[INFO] [stdout]  --> src/lib.rs:106:3
[INFO] [stdout]   |
[INFO] [stdout] 5 | #[connector(name = "dummy_conn", no_default_cache = true)]
[INFO] [stdout]   |   ^^^^^^^^^
[INFO] [stdout]   |
[INFO] [stdout]   = help: consider importing this attribute macro:
[INFO] [stdout]           memflow_derive::connector
[INFO] [stdout] 
[INFO] [stdout] error[E0412]: cannot find type `ConnectorArgs` in this scope
[INFO] [stdout]  --> src/lib.rs:107:33
[INFO] [stdout]   |
[INFO] [stdout] 6 | pub fn create_connector(_args: &ConnectorArgs) -> Result<DummyMemory> {
[INFO] [stdout]   |                                 ^^^^^^^^^^^^^ not found in this scope
[INFO] [stdout] 
[INFO] [stdout] error[E0412]: cannot find type `DummyMemory` in this scope
[INFO] [stdout]  --> src/lib.rs:107:58
[INFO] [stdout]   |
[INFO] [stdout] 6 | pub fn create_connector(_args: &ConnectorArgs) -> Result<DummyMemory> {
[INFO] [stdout]   |                                                          ^^^^^^^^^^^ not found in this scope
[INFO] [stdout]   |
[INFO] [stdout] help: you might be missing a type parameter
[INFO] [stdout]   |
[INFO] [stdout] 6 | pub fn create_connector<DummyMemory>(_args: &ConnectorArgs) -> Result<DummyMemory> {
[INFO] [stdout]   |                        +++++++++++++
[INFO] [stdout] 
[INFO] [stdout] error[E0107]: enum takes 2 generic arguments but 1 generic argument was supplied
[INFO] [stdout]  --> src/lib.rs:107:51
[INFO] [stdout]   |
[INFO] [stdout] 6 | pub fn create_connector(_args: &ConnectorArgs) -> Result<DummyMemory> {
[INFO] [stdout]   |                                                   ^^^^^^ ----------- supplied 1 generic argument
[INFO] [stdout]   |                                                   |
[INFO] [stdout]   |                                                   expected 2 generic arguments
[INFO] [stdout]   |
[INFO] [stdout] help: add missing generic argument
[INFO] [stdout]   |
[INFO] [stdout] 6 | pub fn create_connector(_args: &ConnectorArgs) -> Result<DummyMemory, E> {
[INFO] [stdout]   |                                                                     +++
[INFO] [stdout] 
[INFO] [stdout] error[E0433]: failed to resolve: use of undeclared type `DummyMemory`
[INFO] [stdout]  --> src/lib.rs:108:8
[INFO] [stdout]   |
[INFO] [stdout] 7 |     Ok(DummyMemory::new(size::mb(16)))
[INFO] [stdout]   |        ^^^^^^^^^^^ use of undeclared type `DummyMemory`
[INFO] [stdout] 
[INFO] [stdout] error[E0433]: failed to resolve: use of undeclared crate or module `size`
[INFO] [stdout]  --> src/lib.rs:108:25
[INFO] [stdout]   |
[INFO] [stdout] 7 |     Ok(DummyMemory::new(size::mb(16)))
[INFO] [stdout]   |                         ^^^^
[INFO] [stdout]   |                         |
[INFO] [stdout]   |                         use of undeclared crate or module `size`
[INFO] [stdout]   |                         help: a builtin type with a similar name exists: `isize`
[INFO] [stdout] 
[INFO] [stdout] error: aborting due to 8 previous errors
[INFO] [stdout] 
[INFO] [stdout] Some errors have detailed explanations: E0107, E0412, E0433.
[INFO] [stdout] For more information about an error, try `rustc --explain E0107`.
[INFO] [stdout] Couldn't compile the test.
[INFO] [stdout] ---- src/lib.rs - os (line 354) stdout ----
[INFO] [stdout] error[E0433]: failed to resolve: could not find `memflow` in the list of imported crates
[INFO] [stdout]  --> src/lib.rs:355:7
[INFO] [stdout]   |
[INFO] [stdout] 3 | use ::memflow::prelude::v1::*;
[INFO] [stdout]   |       ^^^^^^^ could not find `memflow` in the list of imported crates
[INFO] [stdout] 
[INFO] [stdout] error[E0433]: failed to resolve: could not find `memflow` in the list of imported crates
[INFO] [stdout]  --> src/lib.rs:356:7
[INFO] [stdout]   |
[INFO] [stdout] 4 | use ::memflow::dummy::*;
[INFO] [stdout]   |       ^^^^^^^ could not find `memflow` in the list of imported crates
[INFO] [stdout] 
[INFO] [stdout] error: cannot find attribute `os` in this scope
[INFO] [stdout]  --> src/lib.rs:357:3
[INFO] [stdout]   |
[INFO] [stdout] 5 | #[os(name = "dummy_os", version = "1.0.0", description = "Dummy Plugin for Testing purposes")]
[INFO] [stdout]   |   ^^
[INFO] [stdout]   |
[INFO] [stdout]   = help: consider importing this attribute macro:
[INFO] [stdout]           memflow_derive::os
[INFO] [stdout] 
[INFO] [stdout] error[E0412]: cannot find type `OsArgs` in this scope
[INFO] [stdout]  --> src/lib.rs:359:13
[INFO] [stdout]   |
[INFO] [stdout] 7 |     _args: &OsArgs,
[INFO] [stdout]   |             ^^^^^^ not found in this scope
[INFO] [stdout] 
[INFO] [stdout] error[E0412]: cannot find type `DummyOs` in this scope
[INFO] [stdout]  --> src/lib.rs:360:13
[INFO] [stdout]   |
[INFO] [stdout] 8 | ) -> Result<DummyOs> {
[INFO] [stdout]   |             ^^^^^^^ not found in this scope
[INFO] [stdout]   |
[INFO] [stdout] help: you might be missing a type parameter
[INFO] [stdout]   |
[INFO] [stdout] 6 | pub fn create_os<DummyOs>(
[INFO] [stdout]   |                 +++++++++
[INFO] [stdout] 
[INFO] [stdout] error[E0107]: enum takes 2 generic arguments but 1 generic argument was supplied
[INFO] [stdout]  --> src/lib.rs:360:6
[INFO] [stdout]   |
[INFO] [stdout] 8 | ) -> Result<DummyOs> {
[INFO] [stdout]   |      ^^^^^^ ------- supplied 1 generic argument
[INFO] [stdout]   |      |
[INFO] [stdout]   |      expected 2 generic arguments
[INFO] [stdout]   |
[INFO] [stdout] help: add missing generic argument
[INFO] [stdout]   |
[INFO] [stdout] 8 | ) -> Result<DummyOs, E> {
[INFO] [stdout]   |                    +++
[INFO] [stdout] 
[INFO] [stdout] error[E0433]: failed to resolve: use of undeclared type `DummyMemory`
[INFO] [stdout]  --> src/lib.rs:361:20
[INFO] [stdout]   |
[INFO] [stdout] 9 |     let phys_mem = DummyMemory::new(size::mb(16));
[INFO] [stdout]   |                    ^^^^^^^^^^^ use of undeclared type `DummyMemory`
[INFO] [stdout] 
[INFO] [stdout] error[E0433]: failed to resolve: use of undeclared crate or module `size`
[INFO] [stdout]  --> src/lib.rs:361:37
[INFO] [stdout]   |
[INFO] [stdout] 9 |     let phys_mem = DummyMemory::new(size::mb(16));
[INFO] [stdout]   |                                     ^^^^
[INFO] [stdout]   |                                     |
[INFO] [stdout]   |                                     use of undeclared crate or module `size`
[INFO] [stdout]   |                                     help: a builtin type with a similar name exists: `isize`
[INFO] [stdout] 
[INFO] [stdout] error[E0433]: failed to resolve: use of undeclared type `DummyOs`
[INFO] [stdout]   --> src/lib.rs:362:8
[INFO] [stdout]    |
[INFO] [stdout] 10 |     Ok(DummyOs::new(phys_mem))
[INFO] [stdout]    |        ^^^^^^^ use of undeclared type `DummyOs`
[INFO] [stdout] 
[INFO] [stdout] error: aborting due to 9 previous errors
[INFO] [stdout] 
[INFO] [stdout] Some errors have detailed explanations: E0107, E0412, E0433.
[INFO] [stdout] For more information about an error, try `rustc --explain E0107`.
[INFO] [stdout] Couldn't compile the test.
[INFO] [stdout] ---- src/lib.rs - connector (line 113) stdout ----
[INFO] [stdout] error[E0433]: failed to resolve: could not find `memflow` in the list of imported crates
[INFO] [stdout]  --> src/lib.rs:114:7
[INFO] [stdout]   |
[INFO] [stdout] 3 | use ::memflow::prelude::v1::*;
[INFO] [stdout]   |       ^^^^^^^ could not find `memflow` in the list of imported crates
[INFO] [stdout] 
[INFO] [stdout] error[E0433]: failed to resolve: could not find `memflow` in the list of imported crates
[INFO] [stdout]  --> src/lib.rs:115:7
[INFO] [stdout]   |
[INFO] [stdout] 4 | use ::memflow::dummy::*;
[INFO] [stdout]   |       ^^^^^^^ could not find `memflow` in the list of imported crates
[INFO] [stdout] 
[INFO] [stdout] error: cannot find attribute `connector` in this scope
[INFO] [stdout]  --> src/lib.rs:116:3
[INFO] [stdout]   |
[INFO] [stdout] 5 | #[connector(name = "dummy_conn", help_fn = "help")]
[INFO] [stdout]   |   ^^^^^^^^^
[INFO] [stdout]   |
[INFO] [stdout]   = help: consider importing this attribute macro:
[INFO] [stdout]           memflow_derive::connector
[INFO] [stdout] 
[INFO] [stdout] error[E0412]: cannot find type `ConnectorArgs` in this scope
[INFO] [stdout]  --> src/lib.rs:117:33
[INFO] [stdout]   |
[INFO] [stdout] 6 | pub fn create_connector(_args: &ConnectorArgs) -> Result<DummyMemory> {
[INFO] [stdout]   |                                 ^^^^^^^^^^^^^ not found in this scope
[INFO] [stdout] 
[INFO] [stdout] error[E0412]: cannot find type `DummyMemory` in this scope
[INFO] [stdout]  --> src/lib.rs:117:58
[INFO] [stdout]   |
[INFO] [stdout] 6 | pub fn create_connector(_args: &ConnectorArgs) -> Result<DummyMemory> {
[INFO] [stdout]   |                                                          ^^^^^^^^^^^ not found in this scope
[INFO] [stdout]   |
[INFO] [stdout] help: you might be missing a type parameter
[INFO] [stdout]   |
[INFO] [stdout] 6 | pub fn create_connector<DummyMemory>(_args: &ConnectorArgs) -> Result<DummyMemory> {
[INFO] [stdout]   |                        +++++++++++++
[INFO] [stdout] 
[INFO] [stdout] error[E0107]: enum takes 2 generic arguments but 1 generic argument was supplied
[INFO] [stdout]  --> src/lib.rs:117:51
[INFO] [stdout]   |
[INFO] [stdout] 6 | pub fn create_connector(_args: &ConnectorArgs) -> Result<DummyMemory> {
[INFO] [stdout]   |                                                   ^^^^^^ ----------- supplied 1 generic argument
[INFO] [stdout]   |                                                   |
[INFO] [stdout]   |                                                   expected 2 generic arguments
[INFO] [stdout]   |
[INFO] [stdout] help: add missing generic argument
[INFO] [stdout]   |
[INFO] [stdout] 6 | pub fn create_connector(_args: &ConnectorArgs) -> Result<DummyMemory, E> {
[INFO] [stdout]   |                                                                     +++
[INFO] [stdout] 
[INFO] [stdout] error[E0433]: failed to resolve: use of undeclared type `DummyMemory`
[INFO] [stdout]  --> src/lib.rs:118:8
[INFO] [stdout]   |
[INFO] [stdout] 7 |     Ok(DummyMemory::new(size::mb(16)))
[INFO] [stdout]   |        ^^^^^^^^^^^ use of undeclared type `DummyMemory`
[INFO] [stdout] 
[INFO] [stdout] error[E0433]: failed to resolve: use of undeclared crate or module `size`
[INFO] [stdout]  --> src/lib.rs:118:25
[INFO] [stdout]   |
[INFO] [stdout] 7 |     Ok(DummyMemory::new(size::mb(16)))
[INFO] [stdout]   |                         ^^^^
[INFO] [stdout]   |                         |
[INFO] [stdout]   |                         use of undeclared crate or module `size`
[INFO] [stdout]   |                         help: a builtin type with a similar name exists: `isize`
[INFO] [stdout] 
[INFO] [stdout] error: aborting due to 8 previous errors
[INFO] [stdout] 
[INFO] [stdout] Some errors have detailed explanations: E0107, E0412, E0433.
[INFO] [stdout] For more information about an error, try `rustc --explain E0107`.
[INFO] [stdout] Couldn't compile the test.
[INFO] [stdout] ---- src/lib.rs - connector (line 142) stdout ----
[INFO] [stdout] error[E0433]: failed to resolve: could not find `memflow` in the list of imported crates
[INFO] [stdout]  --> src/lib.rs:143:7
[INFO] [stdout]   |
[INFO] [stdout] 3 | use ::memflow::prelude::v1::*;
[INFO] [stdout]   |       ^^^^^^^ could not find `memflow` in the list of imported crates
[INFO] [stdout] 
[INFO] [stdout] error[E0433]: failed to resolve: could not find `memflow` in the list of imported crates
[INFO] [stdout]  --> src/lib.rs:144:7
[INFO] [stdout]   |
[INFO] [stdout] 4 | use ::memflow::dummy::*;
[INFO] [stdout]   |       ^^^^^^^ could not find `memflow` in the list of imported crates
[INFO] [stdout] 
[INFO] [stdout] error: cannot find attribute `connector` in this scope
[INFO] [stdout]  --> src/lib.rs:145:3
[INFO] [stdout]   |
[INFO] [stdout] 5 | #[connector(name = "dummy_conn", return_wrapped = true)]
[INFO] [stdout]   |   ^^^^^^^^^
[INFO] [stdout]   |
[INFO] [stdout]   = help: consider importing this attribute macro:
[INFO] [stdout]           memflow_derive::connector
[INFO] [stdout] 
[INFO] [stdout] error[E0433]: failed to resolve: use of undeclared crate or module `memflow`
[INFO] [stdout]   --> src/lib.rs:151:8
[INFO] [stdout]    |
[INFO] [stdout] 11 |     Ok(memflow::plugins::connector::create_instance(connector, lib, args, false))
[INFO] [stdout]    |        ^^^^^^^ use of undeclared crate or module `memflow`
[INFO] [stdout] 
[INFO] [stdout] error[E0412]: cannot find type `ConnectorArgs` in this scope
[INFO] [stdout]  --> src/lib.rs:147:12
[INFO] [stdout]   |
[INFO] [stdout] 7 |     args: &ConnectorArgs,
[INFO] [stdout]   |            ^^^^^^^^^^^^^ not found in this scope
[INFO] [stdout] 
[INFO] [stdout] error[E0412]: cannot find type `LibArc` in this scope
[INFO] [stdout]  --> src/lib.rs:148:10
[INFO] [stdout]   |
[INFO] [stdout] 8 |     lib: LibArc,
[INFO] [stdout]   |          ^^^^^^ not found in this scope
[INFO] [stdout] 
[INFO] [stdout] error[E0412]: cannot find type `ConnectorInstanceArcBox` in this scope
[INFO] [stdout]  --> src/lib.rs:149:13
[INFO] [stdout]   |
[INFO] [stdout] 9 | ) -> Result<ConnectorInstanceArcBox<'static>> {
[INFO] [stdout]   |             ^^^^^^^^^^^^^^^^^^^^^^^ not found in this scope
[INFO] [stdout] 
[INFO] [stdout] error[E0107]: enum takes 2 generic arguments but 1 generic argument was supplied
[INFO] [stdout]  --> src/lib.rs:149:6
[INFO] [stdout]   |
[INFO] [stdout] 9 | ) -> Result<ConnectorInstanceArcBox<'static>> {
[INFO] [stdout]   |      ^^^^^^ -------------------------------- supplied 1 generic argument
[INFO] [stdout]   |      |
[INFO] [stdout]   |      expected 2 generic arguments
[INFO] [stdout]   |
[INFO] [stdout] help: add missing generic argument
[INFO] [stdout]   |
[INFO] [stdout] 9 | ) -> Result<ConnectorInstanceArcBox<'static>, E> {
[INFO] [stdout]   |                                             +++
[INFO] [stdout] 
[INFO] [stdout] error[E0433]: failed to resolve: use of undeclared type `DummyMemory`
[INFO] [stdout]   --> src/lib.rs:150:21
[INFO] [stdout]    |
[INFO] [stdout] 10 |     let connector = DummyMemory::new(size::mb(16));
[INFO] [stdout]    |                     ^^^^^^^^^^^ use of undeclared type `DummyMemory`
[INFO] [stdout] 
[INFO] [stdout] error[E0433]: failed to resolve: use of undeclared crate or module `size`
[INFO] [stdout]   --> src/lib.rs:150:38
[INFO] [stdout]    |
[INFO] [stdout] 10 |     let connector = DummyMemory::new(size::mb(16));
[INFO] [stdout]    |                                      ^^^^
[INFO] [stdout]    |                                      |
[INFO] [stdout]    |                                      use of undeclared crate or module `size`
[INFO] [stdout]    |                                      help: a builtin type with a similar name exists: `isize`
[INFO] [stdout] 
[INFO] [stdout] error: aborting due to 10 previous errors
[INFO] [stdout] 
[INFO] [stdout] Some errors have detailed explanations: E0107, E0412, E0433.
[INFO] [stdout] For more information about an error, try `rustc --explain E0107`.
[INFO] [stdout] Couldn't compile the test.
[INFO] [stdout] ---- src/lib.rs - os (line 399) stdout ----
[INFO] [stdout] error[E0433]: failed to resolve: could not find `memflow` in the list of imported crates
[INFO] [stdout]  --> src/lib.rs:400:7
[INFO] [stdout]   |
[INFO] [stdout] 3 | use ::memflow::prelude::v1::*;
[INFO] [stdout]   |       ^^^^^^^ could not find `memflow` in the list of imported crates
[INFO] [stdout] 
[INFO] [stdout] error[E0433]: failed to resolve: could not find `memflow` in the list of imported crates
[INFO] [stdout]  --> src/lib.rs:401:7
[INFO] [stdout]   |
[INFO] [stdout] 4 | use ::memflow::dummy::*;
[INFO] [stdout]   |       ^^^^^^^ could not find `memflow` in the list of imported crates
[INFO] [stdout] 
[INFO] [stdout] error: cannot find attribute `os` in this scope
[INFO] [stdout]  --> src/lib.rs:402:3
[INFO] [stdout]   |
[INFO] [stdout] 5 | #[os(name = "dummy_os", accept_input = true)]
[INFO] [stdout]   |   ^^
[INFO] [stdout]   |
[INFO] [stdout]   = help: consider importing this attribute macro:
[INFO] [stdout]           memflow_derive::os
[INFO] [stdout] 
[INFO] [stdout] error[E0412]: cannot find type `OsArgs` in this scope
[INFO] [stdout]  --> src/lib.rs:404:12
[INFO] [stdout]   |
[INFO] [stdout] 7 |     args: &OsArgs,
[INFO] [stdout]   |            ^^^^^^ not found in this scope
[INFO] [stdout] 
[INFO] [stdout] error[E0412]: cannot find type `ConnectorInstanceArcBox` in this scope
[INFO] [stdout]  --> src/lib.rs:405:24
[INFO] [stdout]   |
[INFO] [stdout] 8 |     _connector: Option<ConnectorInstanceArcBox<'static>>,
[INFO] [stdout]   |                        ^^^^^^^^^^^^^^^^^^^^^^^ not found in this scope
[INFO] [stdout] 
[INFO] [stdout] error[E0412]: cannot find type `DummyOs` in this scope
[INFO] [stdout]  --> src/lib.rs:406:13
[INFO] [stdout]   |
[INFO] [stdout] 9 | ) -> Result<DummyOs> {
[INFO] [stdout]   |             ^^^^^^^ not found in this scope
[INFO] [stdout]   |
[INFO] [stdout] help: you might be missing a type parameter
[INFO] [stdout]   |
[INFO] [stdout] 6 | pub fn create_os<DummyOs>(
[INFO] [stdout]   |                 +++++++++
[INFO] [stdout] 
[INFO] [stdout] error[E0107]: enum takes 2 generic arguments but 1 generic argument was supplied
[INFO] [stdout]  --> src/lib.rs:406:6
[INFO] [stdout]   |
[INFO] [stdout] 9 | ) -> Result<DummyOs> {
[INFO] [stdout]   |      ^^^^^^ ------- supplied 1 generic argument
[INFO] [stdout]   |      |
[INFO] [stdout]   |      expected 2 generic arguments
[INFO] [stdout]   |
[INFO] [stdout] help: add missing generic argument
[INFO] [stdout]   |
[INFO] [stdout] 9 | ) -> Result<DummyOs, E> {
[INFO] [stdout]   |                    +++
[INFO] [stdout] 
[INFO] [stdout] error[E0433]: failed to resolve: use of undeclared type `DummyMemory`
[INFO] [stdout]   --> src/lib.rs:407:20
[INFO] [stdout]    |
[INFO] [stdout] 10 |     let phys_mem = DummyMemory::new(size::mb(16));
[INFO] [stdout]    |                    ^^^^^^^^^^^ use of undeclared type `DummyMemory`
[INFO] [stdout] 
[INFO] [stdout] error[E0433]: failed to resolve: use of undeclared crate or module `size`
[INFO] [stdout]   --> src/lib.rs:407:37
[INFO] [stdout]    |
[INFO] [stdout] 10 |     let phys_mem = DummyMemory::new(size::mb(16));
[INFO] [stdout]    |                                     ^^^^
[INFO] [stdout]    |                                     |
[INFO] [stdout]    |                                     use of undeclared crate or module `size`
[INFO] [stdout]    |                                     help: a builtin type with a similar name exists: `isize`
[INFO] [stdout] 
[INFO] [stdout] error[E0433]: failed to resolve: use of undeclared type `DummyOs`
[INFO] [stdout]   --> src/lib.rs:408:8
[INFO] [stdout]    |
[INFO] [stdout] 11 |     Ok(DummyOs::new(phys_mem))
[INFO] [stdout]    |        ^^^^^^^ use of undeclared type `DummyOs`
[INFO] [stdout] 
[INFO] [stdout] error: aborting due to 10 previous errors
[INFO] [stdout] 
[INFO] [stdout] Some errors have detailed explanations: E0107, E0412, E0433.
[INFO] [stdout] For more information about an error, try `rustc --explain E0107`.
[INFO] [stdout] Couldn't compile the test.
[INFO] [stdout] ---- src/lib.rs - connector (line 169) stdout ----
[INFO] [stdout] error[E0433]: failed to resolve: could not find `memflow` in the list of imported crates
[INFO] [stdout]  --> src/lib.rs:170:7
[INFO] [stdout]   |
[INFO] [stdout] 3 | use ::memflow::prelude::v1::*;
[INFO] [stdout]   |       ^^^^^^^ could not find `memflow` in the list of imported crates
[INFO] [stdout] 
[INFO] [stdout] error[E0433]: failed to resolve: could not find `memflow` in the list of imported crates
[INFO] [stdout]  --> src/lib.rs:171:7
[INFO] [stdout]   |
[INFO] [stdout] 4 | use ::memflow::dummy::*;
[INFO] [stdout]   |       ^^^^^^^ could not find `memflow` in the list of imported crates
[INFO] [stdout] 
[INFO] [stdout] error: cannot find attribute `connector` in this scope
[INFO] [stdout]  --> src/lib.rs:172:3
[INFO] [stdout]   |
[INFO] [stdout] 5 | #[connector(name = "dummy_conn", accept_input = true, return_wrapped = true)]
[INFO] [stdout]   |   ^^^^^^^^^
[INFO] [stdout]   |
[INFO] [stdout]   = help: consider importing this attribute macro:
[INFO] [stdout]           memflow_derive::connector
[INFO] [stdout] 
[INFO] [stdout] error[E0433]: failed to resolve: use of undeclared crate or module `memflow`
[INFO] [stdout]   --> src/lib.rs:179:8
[INFO] [stdout]    |
[INFO] [stdout] 12 |     Ok(memflow::plugins::connector::create_instance(connector, lib, args, false))
[INFO] [stdout]    |        ^^^^^^^ use of undeclared crate or module `memflow`
[INFO] [stdout] 
[INFO] [stdout] error[E0412]: cannot find type `ConnectorArgs` in this scope
[INFO] [stdout]  --> src/lib.rs:174:12
[INFO] [stdout]   |
[INFO] [stdout] 7 |     args: &ConnectorArgs,
[INFO] [stdout]   |            ^^^^^^^^^^^^^ not found in this scope
[INFO] [stdout] 
[INFO] [stdout] error[E0412]: cannot find type `OsInstanceArcBox` in this scope
[INFO] [stdout]  --> src/lib.rs:175:17
[INFO] [stdout]   |
[INFO] [stdout] 8 |     _os: Option<OsInstanceArcBox<'static>>,
[INFO] [stdout]   |                 ^^^^^^^^^^^^^^^^ not found in this scope
[INFO] [stdout] 
[INFO] [stdout] error[E0412]: cannot find type `LibArc` in this scope
[INFO] [stdout]  --> src/lib.rs:176:10
[INFO] [stdout]   |
[INFO] [stdout] 9 |     lib: LibArc,
[INFO] [stdout]   |          ^^^^^^ not found in this scope
[INFO] [stdout] 
[INFO] [stdout] error[E0412]: cannot find type `ConnectorInstanceArcBox` in this scope
[INFO] [stdout]   --> src/lib.rs:177:13
[INFO] [stdout]    |
[INFO] [stdout] 10 | ) -> Result<ConnectorInstanceArcBox<'static>> {
[INFO] [stdout]    |             ^^^^^^^^^^^^^^^^^^^^^^^ not found in this scope
[INFO] [stdout] 
[INFO] [stdout] error[E0107]: enum takes 2 generic arguments but 1 generic argument was supplied
[INFO] [stdout]   --> src/lib.rs:177:6
[INFO] [stdout]    |
[INFO] [stdout] 10 | ) -> Result<ConnectorInstanceArcBox<'static>> {
[INFO] [stdout]    |      ^^^^^^ -------------------------------- supplied 1 generic argument
[INFO] [stdout]    |      |
[INFO] [stdout]    |      expected 2 generic arguments
[INFO] [stdout]    |
[INFO] [stdout] help: add missing generic argument
[INFO] [stdout]    |
[INFO] [stdout] 10 | ) -> Result<ConnectorInstanceArcBox<'static>, E> {
[INFO] [stdout]    |                                             +++
[INFO] [stdout] 
[INFO] [stdout] error[E0433]: failed to resolve: use of undeclared type `DummyMemory`
[INFO] [stdout]   --> src/lib.rs:178:21
[INFO] [stdout]    |
[INFO] [stdout] 11 |     let connector = DummyMemory::new(size::mb(16));
[INFO] [stdout]    |                     ^^^^^^^^^^^ use of undeclared type `DummyMemory`
[INFO] [stdout] 
[INFO] [stdout] error[E0433]: failed to resolve: use of undeclared crate or module `size`
[INFO] [stdout]   --> src/lib.rs:178:38
[INFO] [stdout]    |
[INFO] [stdout] 11 |     let connector = DummyMemory::new(size::mb(16));
[INFO] [stdout]    |                                      ^^^^
[INFO] [stdout]    |                                      |
[INFO] [stdout]    |                                      use of undeclared crate or module `size`
[INFO] [stdout]    |                                      help: a builtin type with a similar name exists: `isize`
[INFO] [stdout] 
[INFO] [stdout] error: aborting due to 11 previous errors
[INFO] [stdout] 
[INFO] [stdout] Some errors have detailed explanations: E0107, E0412, E0433.
[INFO] [stdout] For more information about an error, try `rustc --explain E0107`.
[INFO] [stdout] Couldn't compile the test.
[INFO] [stdout] ---- src/lib.rs - connector (line 93) stdout ----
[INFO] [stdout] error[E0433]: failed to resolve: could not find `memflow` in the list of imported crates
[INFO] [stdout]  --> src/lib.rs:94:7
[INFO] [stdout]   |
[INFO] [stdout] 3 | use ::memflow::prelude::v1::*;
[INFO] [stdout]   |       ^^^^^^^ could not find `memflow` in the list of imported crates
[INFO] [stdout] 
[INFO] [stdout] error[E0433]: failed to resolve: could not find `memflow` in the list of imported crates
[INFO] [stdout]  --> src/lib.rs:95:7
[INFO] [stdout]   |
[INFO] [stdout] 4 | use ::memflow::dummy::*;
[INFO] [stdout]   |       ^^^^^^^ could not find `memflow` in the list of imported crates
[INFO] [stdout] 
[INFO] [stdout] error: cannot find attribute `connector` in this scope
[INFO] [stdout]  --> src/lib.rs:96:3
[INFO] [stdout]   |
[INFO] [stdout] 5 | #[connector(name = "dummy_conn", version = "1.0.0", description = "Dummy Plugin for Testing purposes")]
[INFO] [stdout]   |   ^^^^^^^^^
[INFO] [stdout]   |
[INFO] [stdout]   = help: consider importing this attribute macro:
[INFO] [stdout]           memflow_derive::connector
[INFO] [stdout] 
[INFO] [stdout] error[E0412]: cannot find type `ConnectorArgs` in this scope
[INFO] [stdout]  --> src/lib.rs:97:33
[INFO] [stdout]   |
[INFO] [stdout] 6 | pub fn create_connector(_args: &ConnectorArgs) -> Result<DummyMemory> {
[INFO] [stdout]   |                                 ^^^^^^^^^^^^^ not found in this scope
[INFO] [stdout] 
[INFO] [stdout] error[E0412]: cannot find type `DummyMemory` in this scope
[INFO] [stdout]  --> src/lib.rs:97:58
[INFO] [stdout]   |
[INFO] [stdout] 6 | pub fn create_connector(_args: &ConnectorArgs) -> Result<DummyMemory> {
[INFO] [stdout]   |                                                          ^^^^^^^^^^^ not found in this scope
[INFO] [stdout]   |
[INFO] [stdout] help: you might be missing a type parameter
[INFO] [stdout]   |
[INFO] [stdout] 6 | pub fn create_connector<DummyMemory>(_args: &ConnectorArgs) -> Result<DummyMemory> {
[INFO] [stdout]   |                        +++++++++++++
[INFO] [stdout] 
[INFO] [stdout] error[E0107]: enum takes 2 generic arguments but 1 generic argument was supplied
[INFO] [stdout]  --> src/lib.rs:97:51
[INFO] [stdout]   |
[INFO] [stdout] 6 | pub fn create_connector(_args: &ConnectorArgs) -> Result<DummyMemory> {
[INFO] [stdout]   |                                                   ^^^^^^ ----------- supplied 1 generic argument
[INFO] [stdout]   |                                                   |
[INFO] [stdout]   |                                                   expected 2 generic arguments
[INFO] [stdout]   |
[INFO] [stdout] help: add missing generic argument
[INFO] [stdout]   |
[INFO] [stdout] 6 | pub fn create_connector(_args: &ConnectorArgs) -> Result<DummyMemory, E> {
[INFO] [stdout]   |                                                                     +++
[INFO] [stdout] 
[INFO] [stdout] error[E0433]: failed to resolve: use of undeclared type `DummyMemory`
[INFO] [stdout]  --> src/lib.rs:98:8
[INFO] [stdout]   |
[INFO] [stdout] 7 |     Ok(DummyMemory::new(size::mb(16)))
[INFO] [stdout]   |        ^^^^^^^^^^^ use of undeclared type `DummyMemory`
[INFO] [stdout] 
[INFO] [stdout] error[E0433]: failed to resolve: use of undeclared crate or module `size`
[INFO] [stdout]  --> src/lib.rs:98:25
[INFO] [stdout]   |
[INFO] [stdout] 7 |     Ok(DummyMemory::new(size::mb(16)))
[INFO] [stdout]   |                         ^^^^
[INFO] [stdout]   |                         |
[INFO] [stdout]   |                         use of undeclared crate or module `size`
[INFO] [stdout]   |                         help: a builtin type with a similar name exists: `isize`
[INFO] [stdout] 
[INFO] [stdout] error: aborting due to 8 previous errors
[INFO] [stdout] 
[INFO] [stdout] Some errors have detailed explanations: E0107, E0412, E0433.
[INFO] [stdout] For more information about an error, try `rustc --explain E0107`.
[INFO] [stdout] Couldn't compile the test.
[INFO] [stdout] ---- src/lib.rs - connector (line 156) stdout ----
[INFO] [stdout] error[E0433]: failed to resolve: could not find `memflow` in the list of imported crates
[INFO] [stdout]  --> src/lib.rs:157:7
[INFO] [stdout]   |
[INFO] [stdout] 3 | use ::memflow::prelude::v1::*;
[INFO] [stdout]   |       ^^^^^^^ could not find `memflow` in the list of imported crates
[INFO] [stdout] 
[INFO] [stdout] error[E0433]: failed to resolve: could not find `memflow` in the list of imported crates
[INFO] [stdout]  --> src/lib.rs:158:7
[INFO] [stdout]   |
[INFO] [stdout] 4 | use ::memflow::dummy::*;
[INFO] [stdout]   |       ^^^^^^^ could not find `memflow` in the list of imported crates
[INFO] [stdout] 
[INFO] [stdout] error: cannot find attribute `connector` in this scope
[INFO] [stdout]  --> src/lib.rs:159:3
[INFO] [stdout]   |
[INFO] [stdout] 5 | #[connector(name = "dummy_conn", accept_input = true)]
[INFO] [stdout]   |   ^^^^^^^^^
[INFO] [stdout]   |
[INFO] [stdout]   = help: consider importing this attribute macro:
[INFO] [stdout]           memflow_derive::connector
[INFO] [stdout] 
[INFO] [stdout] error[E0412]: cannot find type `ConnectorArgs` in this scope
[INFO] [stdout]  --> src/lib.rs:161:13
[INFO] [stdout]   |
[INFO] [stdout] 7 |     _args: &ConnectorArgs,
[INFO] [stdout]   |             ^^^^^^^^^^^^^ not found in this scope
[INFO] [stdout] 
[INFO] [stdout] error[E0412]: cannot find type `OsInstanceArcBox` in this scope
[INFO] [stdout]  --> src/lib.rs:162:17
[INFO] [stdout]   |
[INFO] [stdout] 8 |     _os: Option<OsInstanceArcBox<'static>>,
[INFO] [stdout]   |                 ^^^^^^^^^^^^^^^^ not found in this scope
[INFO] [stdout] 
[INFO] [stdout] error[E0412]: cannot find type `DummyMemory` in this scope
[INFO] [stdout]  --> src/lib.rs:163:13
[INFO] [stdout]   |
[INFO] [stdout] 9 | ) -> Result<DummyMemory> {
[INFO] [stdout]   |             ^^^^^^^^^^^ not found in this scope
[INFO] [stdout]   |
[INFO] [stdout] help: you might be missing a type parameter
[INFO] [stdout]   |
[INFO] [stdout] 6 | pub fn create_connector<DummyMemory>(
[INFO] [stdout]   |                        +++++++++++++
[INFO] [stdout] 
[INFO] [stdout] error[E0107]: enum takes 2 generic arguments but 1 generic argument was supplied
[INFO] [stdout]  --> src/lib.rs:163:6
[INFO] [stdout]   |
[INFO] [stdout] 9 | ) -> Result<DummyMemory> {
[INFO] [stdout]   |      ^^^^^^ ----------- supplied 1 generic argument
[INFO] [stdout]   |      |
[INFO] [stdout]   |      expected 2 generic arguments
[INFO] [stdout]   |
[INFO] [stdout] help: add missing generic argument
[INFO] [stdout]   |
[INFO] [stdout] 9 | ) -> Result<DummyMemory, E> {
[INFO] [stdout]   |                        +++
[INFO] [stdout] 
[INFO] [stdout] error[E0433]: failed to resolve: use of undeclared type `DummyMemory`
[INFO] [stdout]   --> src/lib.rs:164:8
[INFO] [stdout]    |
[INFO] [stdout] 10 |     Ok(DummyMemory::new(size::mb(16)))
[INFO] [stdout]    |        ^^^^^^^^^^^ use of undeclared type `DummyMemory`
[INFO] [stdout] 
[INFO] [stdout] error[E0433]: failed to resolve: use of undeclared crate or module `size`
[INFO] [stdout]   --> src/lib.rs:164:25
[INFO] [stdout]    |
[INFO] [stdout] 10 |     Ok(DummyMemory::new(size::mb(16)))
[INFO] [stdout]    |                         ^^^^
[INFO] [stdout]    |                         |
[INFO] [stdout]    |                         use of undeclared crate or module `size`
[INFO] [stdout]    |                         help: a builtin type with a similar name exists: `isize`
[INFO] [stdout] 
[INFO] [stdout] error: aborting due to 9 previous errors
[INFO] [stdout] 
[INFO] [stdout] Some errors have detailed explanations: E0107, E0412, E0433.
[INFO] [stdout] For more information about an error, try `rustc --explain E0107`.
[INFO] [stdout] Couldn't compile the test.
[INFO] [stdout] ---- src/lib.rs - os (line 384) stdout ----
[INFO] [stdout] error[E0433]: failed to resolve: could not find `memflow` in the list of imported crates
[INFO] [stdout]  --> src/lib.rs:385:7
[INFO] [stdout]   |
[INFO] [stdout] 3 | use ::memflow::prelude::v1::*;
[INFO] [stdout]   |       ^^^^^^^ could not find `memflow` in the list of imported crates
[INFO] [stdout] 
[INFO] [stdout] error[E0433]: failed to resolve: could not find `memflow` in the list of imported crates
[INFO] [stdout]  --> src/lib.rs:386:7
[INFO] [stdout]   |
[INFO] [stdout] 4 | use ::memflow::dummy::*;
[INFO] [stdout]   |       ^^^^^^^ could not find `memflow` in the list of imported crates
[INFO] [stdout] 
[INFO] [stdout] error: cannot find attribute `os` in this scope
[INFO] [stdout]  --> src/lib.rs:387:3
[INFO] [stdout]   |
[INFO] [stdout] 5 | #[os(name = "dummy_os", return_wrapped = true)]
[INFO] [stdout]   |   ^^
[INFO] [stdout]   |
[INFO] [stdout]   = help: consider importing this attribute macro:
[INFO] [stdout]           memflow_derive::os
[INFO] [stdout] 
[INFO] [stdout] error[E0433]: failed to resolve: use of undeclared crate or module `memflow`
[INFO] [stdout]   --> src/lib.rs:394:8
[INFO] [stdout]    |
[INFO] [stdout] 12 |     Ok(memflow::plugins::os::create_instance(os, lib, args))
[INFO] [stdout]    |        ^^^^^^^ use of undeclared crate or module `memflow`
[INFO] [stdout] 
[INFO] [stdout] error[E0412]: cannot find type `OsArgs` in this scope
[INFO] [stdout]  --> src/lib.rs:389:12
[INFO] [stdout]   |
[INFO] [stdout] 7 |     args: &OsArgs,
[INFO] [stdout]   |            ^^^^^^ not found in this scope
[INFO] [stdout] 
[INFO] [stdout] error[E0412]: cannot find type `LibArc` in this scope
[INFO] [stdout]  --> src/lib.rs:390:10
[INFO] [stdout]   |
[INFO] [stdout] 8 |     lib: LibArc,
[INFO] [stdout]   |          ^^^^^^ not found in this scope
[INFO] [stdout] 
[INFO] [stdout] error[E0412]: cannot find type `OsInstanceArcBox` in this scope
[INFO] [stdout]  --> src/lib.rs:391:13
[INFO] [stdout]   |
[INFO] [stdout] 9 | ) -> Result<OsInstanceArcBox<'static>> {
[INFO] [stdout]   |             ^^^^^^^^^^^^^^^^ not found in this scope
[INFO] [stdout] 
[INFO] [stdout] error[E0107]: enum takes 2 generic arguments but 1 generic argument was supplied
[INFO] [stdout]  --> src/lib.rs:391:6
[INFO] [stdout]   |
[INFO] [stdout] 9 | ) -> Result<OsInstanceArcBox<'static>> {
[INFO] [stdout]   |      ^^^^^^ ------------------------- supplied 1 generic argument
[INFO] [stdout]   |      |
[INFO] [stdout]   |      expected 2 generic arguments
[INFO] [stdout]   |
[INFO] [stdout] help: add missing generic argument
[INFO] [stdout]   |
[INFO] [stdout] 9 | ) -> Result<OsInstanceArcBox<'static>, E> {
[INFO] [stdout]   |                                      +++
[INFO] [stdout] 
[INFO] [stdout] error[E0433]: failed to resolve: use of undeclared type `DummyMemory`
[INFO] [stdout]   --> src/lib.rs:392:20
[INFO] [stdout]    |
[INFO] [stdout] 10 |     let phys_mem = DummyMemory::new(size::mb(16));
[INFO] [stdout]    |                    ^^^^^^^^^^^ use of undeclared type `DummyMemory`
[INFO] [stdout] 
[INFO] [stdout] error[E0433]: failed to resolve: use of undeclared crate or module `size`
[INFO] [stdout]   --> src/lib.rs:392:37
[INFO] [stdout]    |
[INFO] [stdout] 10 |     let phys_mem = DummyMemory::new(size::mb(16));
[INFO] [stdout]    |                                     ^^^^
[INFO] [stdout]    |                                     |
[INFO] [stdout]    |                                     use of undeclared crate or module `size`
[INFO] [stdout]    |                                     help: a builtin type with a similar name exists: `isize`
[INFO] [stdout] 
[INFO] [stdout] error[E0433]: failed to resolve: use of undeclared type `DummyOs`
[INFO] [stdout]   --> src/lib.rs:393:14
[INFO] [stdout]    |
[INFO] [stdout] 11 |     let os = DummyOs::new(phys_mem);
[INFO] [stdout]    |              ^^^^^^^ use of undeclared type `DummyOs`
[INFO] [stdout] 
[INFO] [stdout] error: aborting due to 11 previous errors
[INFO] [stdout] 
[INFO] [stdout] Some errors have detailed explanations: E0107, E0412, E0433.
[INFO] [stdout] For more information about an error, try `rustc --explain E0107`.
[INFO] [stdout] Couldn't compile the test.
[INFO] [stdout] ---- src/lib.rs - connector (line 127) stdout ----
[INFO] [stdout] error[E0433]: failed to resolve: could not find `memflow` in the list of imported crates
[INFO] [stdout]  --> src/lib.rs:128:7
[INFO] [stdout]   |
[INFO] [stdout] 3 | use ::memflow::prelude::v1::*;
[INFO] [stdout]   |       ^^^^^^^ could not find `memflow` in the list of imported crates
[INFO] [stdout] 
[INFO] [stdout] error[E0433]: failed to resolve: could not find `memflow` in the list of imported crates
[INFO] [stdout]  --> src/lib.rs:129:7
[INFO] [stdout]   |
[INFO] [stdout] 4 | use ::memflow::dummy::*;
[INFO] [stdout]   |       ^^^^^^^ could not find `memflow` in the list of imported crates
[INFO] [stdout] 
[INFO] [stdout] error: cannot find attribute `connector` in this scope
[INFO] [stdout]  --> src/lib.rs:131:3
[INFO] [stdout]   |
[INFO] [stdout] 6 | #[connector(name = "dummy_conn", target_list_fn = "target_list")]
[INFO] [stdout]   |   ^^^^^^^^^
[INFO] [stdout]   |
[INFO] [stdout]   = help: consider importing this attribute macro:
[INFO] [stdout]           memflow_derive::connector
[INFO] [stdout] 
[INFO] [stdout] error[E0412]: cannot find type `ConnectorArgs` in this scope
[INFO] [stdout]  --> src/lib.rs:132:33
[INFO] [stdout]   |
[INFO] [stdout] 7 | pub fn create_connector(_args: &ConnectorArgs) -> Result<DummyMemory> {
[INFO] [stdout]   |                                 ^^^^^^^^^^^^^ not found in this scope
[INFO] [stdout] 
[INFO] [stdout] error[E0412]: cannot find type `DummyMemory` in this scope
[INFO] [stdout]  --> src/lib.rs:132:58
[INFO] [stdout]   |
[INFO] [stdout] 7 | pub fn create_connector(_args: &ConnectorArgs) -> Result<DummyMemory> {
[INFO] [stdout]   |                                                          ^^^^^^^^^^^ not found in this scope
[INFO] [stdout]   |
[INFO] [stdout] help: you might be missing a type parameter
[INFO] [stdout]   |
[INFO] [stdout] 7 | pub fn create_connector<DummyMemory>(_args: &ConnectorArgs) -> Result<DummyMemory> {
[INFO] [stdout]   |                        +++++++++++++
[INFO] [stdout] 
[INFO] [stdout] error[E0412]: cannot find type `TargetInfo` in this scope
[INFO] [stdout]   --> src/lib.rs:136:36
[INFO] [stdout]    |
[INFO] [stdout] 11 | pub fn target_list() -> Result<Vec<TargetInfo>> {
[INFO] [stdout]    |                                    ^^^^^^^^^^ not found in this scope
[INFO] [stdout]    |
[INFO] [stdout] help: you might be missing a type parameter
[INFO] [stdout]    |
[INFO] [stdout] 11 | pub fn target_list<TargetInfo>() -> Result<Vec<TargetInfo>> {
[INFO] [stdout]    |                   ++++++++++++
[INFO] [stdout] 
[INFO] [stdout] error[E0107]: enum takes 2 generic arguments but 1 generic argument was supplied
[INFO] [stdout]  --> src/lib.rs:132:51
[INFO] [stdout]   |
[INFO] [stdout] 7 | pub fn create_connector(_args: &ConnectorArgs) -> Result<DummyMemory> {
[INFO] [stdout]   |                                                   ^^^^^^ ----------- supplied 1 generic argument
[INFO] [stdout]   |                                                   |
[INFO] [stdout]   |                                                   expected 2 generic arguments
[INFO] [stdout]   |
[INFO] [stdout] help: add missing generic argument
[INFO] [stdout]   |
[INFO] [stdout] 7 | pub fn create_connector(_args: &ConnectorArgs) -> Result<DummyMemory, E> {
[INFO] [stdout]   |                                                                     +++
[INFO] [stdout] 
[INFO] [stdout] error[E0107]: enum takes 2 generic arguments but 1 generic argument was supplied
[INFO] [stdout]   --> src/lib.rs:136:25
[INFO] [stdout]    |
[INFO] [stdout] 11 | pub fn target_list() -> Result<Vec<TargetInfo>> {
[INFO] [stdout]    |                         ^^^^^^ --------------- supplied 1 generic argument
[INFO] [stdout]    |                         |
[INFO] [stdout]    |                         expected 2 generic arguments
[INFO] [stdout]    |
[INFO] [stdout] help: add missing generic argument
[INFO] [stdout]    |
[INFO] [stdout] 11 | pub fn target_list() -> Result<Vec<TargetInfo>, E> {
[INFO] [stdout]    |                                               +++
[INFO] [stdout] 
[INFO] [stdout] error[E0433]: failed to resolve: use of undeclared type `DummyMemory`
[INFO] [stdout]  --> src/lib.rs:133:8
[INFO] [stdout]   |
[INFO] [stdout] 8 |     Ok(DummyMemory::new(size::mb(16)))
[INFO] [stdout]   |        ^^^^^^^^^^^ use of undeclared type `DummyMemory`
[INFO] [stdout] 
[INFO] [stdout] error[E0433]: failed to resolve: use of undeclared crate or module `size`
[INFO] [stdout]  --> src/lib.rs:133:25
[INFO] [stdout]   |
[INFO] [stdout] 8 |     Ok(DummyMemory::new(size::mb(16)))
[INFO] [stdout]   |                         ^^^^
[INFO] [stdout]   |                         |
[INFO] [stdout]   |                         use of undeclared crate or module `size`
[INFO] [stdout]   |                         help: a builtin type with a similar name exists: `isize`
[INFO] [stdout] 
[INFO] [stdout] error: aborting due to 10 previous errors
[INFO] [stdout] 
[INFO] [stdout] Some errors have detailed explanations: E0107, E0412, E0433.
[INFO] [stdout] For more information about an error, try `rustc --explain E0107`.
[INFO] [stdout] Couldn't compile the test.
[INFO] [stdout] ---- src/lib.rs - os (line 367) stdout ----
[INFO] [stdout] error[E0433]: failed to resolve: could not find `memflow` in the list of imported crates
[INFO] [stdout]  --> src/lib.rs:368:7
[INFO] [stdout]   |
[INFO] [stdout] 3 | use ::memflow::prelude::v1::*;
[INFO] [stdout]   |       ^^^^^^^ could not find `memflow` in the list of imported crates
[INFO] [stdout] 
[INFO] [stdout] error[E0433]: failed to resolve: could not find `memflow` in the list of imported crates
[INFO] [stdout]  --> src/lib.rs:369:7
[INFO] [stdout]   |
[INFO] [stdout] 4 | use ::memflow::dummy::*;
[INFO] [stdout]   |       ^^^^^^^ could not find `memflow` in the list of imported crates
[INFO] [stdout] 
[INFO] [stdout] error: cannot find attribute `os` in this scope
[INFO] [stdout]  --> src/lib.rs:370:3
[INFO] [stdout]   |
[INFO] [stdout] 5 | #[os(name = "dummy_os", help_fn = "help")]
[INFO] [stdout]   |   ^^
[INFO] [stdout]   |
[INFO] [stdout]   = help: consider importing this attribute macro:
[INFO] [stdout]           memflow_derive::os
[INFO] [stdout] 
[INFO] [stdout] error[E0412]: cannot find type `OsArgs` in this scope
[INFO] [stdout]  --> src/lib.rs:372:13
[INFO] [stdout]   |
[INFO] [stdout] 7 |     _args: &OsArgs,
[INFO] [stdout]   |             ^^^^^^ not found in this scope
[INFO] [stdout] 
[INFO] [stdout] error[E0412]: cannot find type `DummyOs` in this scope
[INFO] [stdout]  --> src/lib.rs:373:13
[INFO] [stdout]   |
[INFO] [stdout] 8 | ) -> Result<DummyOs> {
[INFO] [stdout]   |             ^^^^^^^ not found in this scope
[INFO] [stdout]   |
[INFO] [stdout] help: you might be missing a type parameter
[INFO] [stdout]   |
[INFO] [stdout] 6 | pub fn create_os<DummyOs>(
[INFO] [stdout]   |                 +++++++++
[INFO] [stdout] 
[INFO] [stdout] error[E0107]: enum takes 2 generic arguments but 1 generic argument was supplied
[INFO] [stdout]  --> src/lib.rs:373:6
[INFO] [stdout]   |
[INFO] [stdout] 8 | ) -> Result<DummyOs> {
[INFO] [stdout]   |      ^^^^^^ ------- supplied 1 generic argument
[INFO] [stdout]   |      |
[INFO] [stdout]   |      expected 2 generic arguments
[INFO] [stdout]   |
[INFO] [stdout] help: add missing generic argument
[INFO] [stdout]   |
[INFO] [stdout] 8 | ) -> Result<DummyOs, E> {
[INFO] [stdout]   |                    +++
[INFO] [stdout] 
[INFO] [stdout] error[E0433]: failed to resolve: use of undeclared type `DummyMemory`
[INFO] [stdout]  --> src/lib.rs:374:20
[INFO] [stdout]   |
[INFO] [stdout] 9 |     let phys_mem = DummyMemory::new(size::mb(16));
[INFO] [stdout]   |                    ^^^^^^^^^^^ use of undeclared type `DummyMemory`
[INFO] [stdout] 
[INFO] [stdout] error[E0433]: failed to resolve: use of undeclared crate or module `size`
[INFO] [stdout]  --> src/lib.rs:374:37
[INFO] [stdout]   |
[INFO] [stdout] 9 |     let phys_mem = DummyMemory::new(size::mb(16));
[INFO] [stdout]   |                                     ^^^^
[INFO] [stdout]   |                                     |
[INFO] [stdout]   |                                     use of undeclared crate or module `size`
[INFO] [stdout]   |                                     help: a builtin type with a similar name exists: `isize`
[INFO] [stdout] 
[INFO] [stdout] error[E0433]: failed to resolve: use of undeclared type `DummyOs`
[INFO] [stdout]   --> src/lib.rs:375:8
[INFO] [stdout]    |
[INFO] [stdout] 10 |     Ok(DummyOs::new(phys_mem))
[INFO] [stdout]    |        ^^^^^^^ use of undeclared type `DummyOs`
[INFO] [stdout] 
[INFO] [stdout] error: aborting due to 9 previous errors
[INFO] [stdout] 
[INFO] [stdout] Some errors have detailed explanations: E0107, E0412, E0433.
[INFO] [stdout] For more information about an error, try `rustc --explain E0107`.
[INFO] [stdout] Couldn't compile the test.
[INFO] [stdout] ---- src/lib.rs - os (line 413) stdout ----
[INFO] [stdout] error[E0433]: failed to resolve: could not find `memflow` in the list of imported crates
[INFO] [stdout]  --> src/lib.rs:414:7
[INFO] [stdout]   |
[INFO] [stdout] 3 | use ::memflow::prelude::v1::*;
[INFO] [stdout]   |       ^^^^^^^ could not find `memflow` in the list of imported crates
[INFO] [stdout] 
[INFO] [stdout] error[E0433]: failed to resolve: could not find `memflow` in the list of imported crates
[INFO] [stdout]  --> src/lib.rs:415:7
[INFO] [stdout]   |
[INFO] [stdout] 4 | use ::memflow::dummy::*;
[INFO] [stdout]   |       ^^^^^^^ could not find `memflow` in the list of imported crates
[INFO] [stdout] 
[INFO] [stdout] error: cannot find attribute `os` in this scope
[INFO] [stdout]  --> src/lib.rs:416:3
[INFO] [stdout]   |
[INFO] [stdout] 5 | #[os(name = "dummy_os", accept_input = true, return_wrapped = true)]
[INFO] [stdout]   |   ^^
[INFO] [stdout]   |
[INFO] [stdout]   = help: consider importing this attribute macro:
[INFO] [stdout]           memflow_derive::os
[INFO] [stdout] 
[INFO] [stdout] error[E0433]: failed to resolve: use of undeclared crate or module `memflow`
[INFO] [stdout]   --> src/lib.rs:424:8
[INFO] [stdout]    |
[INFO] [stdout] 13 |     Ok(memflow::plugins::os::create_instance(os, lib, args))
[INFO] [stdout]    |        ^^^^^^^ use of undeclared crate or module `memflow`
[INFO] [stdout] 
[INFO] [stdout] error[E0412]: cannot find type `OsArgs` in this scope
[INFO] [stdout]  --> src/lib.rs:418:12
[INFO] [stdout]   |
[INFO] [stdout] 7 |     args: &OsArgs,
[INFO] [stdout]   |            ^^^^^^ not found in this scope
[INFO] [stdout] 
[INFO] [stdout] error[E0412]: cannot find type `ConnectorInstanceArcBox` in this scope
[INFO] [stdout]  --> src/lib.rs:419:24
[INFO] [stdout]   |
[INFO] [stdout] 8 |     _connector: Option<ConnectorInstanceArcBox<'static>>,
[INFO] [stdout]   |                        ^^^^^^^^^^^^^^^^^^^^^^^ not found in this scope
[INFO] [stdout] 
[INFO] [stdout] error[E0412]: cannot find type `LibArc` in this scope
[INFO] [stdout]  --> src/lib.rs:420:10
[INFO] [stdout]   |
[INFO] [stdout] 9 |     lib: LibArc,
[INFO] [stdout]   |          ^^^^^^ not found in this scope
[INFO] [stdout] 
[INFO] [stdout] error[E0412]: cannot find type `OsInstanceArcBox` in this scope
[INFO] [stdout]   --> src/lib.rs:421:13
[INFO] [stdout]    |
[INFO] [stdout] 10 | ) -> Result<OsInstanceArcBox<'static>> {
[INFO] [stdout]    |             ^^^^^^^^^^^^^^^^ not found in this scope
[INFO] [stdout] 
[INFO] [stdout] error[E0107]: enum takes 2 generic arguments but 1 generic argument was supplied
[INFO] [stdout]   --> src/lib.rs:421:6
[INFO] [stdout]    |
[INFO] [stdout] 10 | ) -> Result<OsInstanceArcBox<'static>> {
[INFO] [stdout]    |      ^^^^^^ ------------------------- supplied 1 generic argument
[INFO] [stdout]    |      |
[INFO] [stdout]    |      expected 2 generic arguments
[INFO] [stdout]    |
[INFO] [stdout] help: add missing generic argument
[INFO] [stdout]    |
[INFO] [stdout] 10 | ) -> Result<OsInstanceArcBox<'static>, E> {
[INFO] [stdout]    |                                      +++
[INFO] [stdout] 
[INFO] [stdout] error[E0433]: failed to resolve: use of undeclared type `DummyMemory`
[INFO] [stdout]   --> src/lib.rs:422:20
[INFO] [stdout]    |
[INFO] [stdout] 11 |     let phys_mem = DummyMemory::new(size::mb(16));
[INFO] [stdout]    |                    ^^^^^^^^^^^ use of undeclared type `DummyMemory`
[INFO] [stdout] 
[INFO] [stdout] error[E0433]: failed to resolve: use of undeclared crate or module `size`
[INFO] [stdout]   --> src/lib.rs:422:37
[INFO] [stdout]    |
[INFO] [stdout] 11 |     let phys_mem = DummyMemory::new(size::mb(16));
[INFO] [stdout]    |                                     ^^^^
[INFO] [stdout]    |                                     |
[INFO] [stdout]    |                                     use of undeclared crate or module `size`
[INFO] [stdout]    |                                     help: a builtin type with a similar name exists: `isize`
[INFO] [stdout] 
[INFO] [stdout] error[E0433]: failed to resolve: use of undeclared type `DummyOs`
[INFO] [stdout]   --> src/lib.rs:423:14
[INFO] [stdout]    |
[INFO] [stdout] 12 |     let os = DummyOs::new(phys_mem);
[INFO] [stdout]    |              ^^^^^^^ use of undeclared type `DummyOs`
[INFO] [stdout] 
[INFO] [stdout] error: aborting due to 12 previous errors
[INFO] [stdout] 
[INFO] [stdout] Some errors have detailed explanations: E0107, E0412, E0433.
[INFO] [stdout] For more information about an error, try `rustc --explain E0107`.
[INFO] [stdout] Couldn't compile the test.
[INFO] [stdout] 
[INFO] [stdout] failures:
[INFO] [stdout]     src/lib.rs - connector (line 103)
[INFO] [stdout]     src/lib.rs - connector (line 113)
[INFO] [stdout]     src/lib.rs - connector (line 127)
[INFO] [stdout]     src/lib.rs - connector (line 142)
[INFO] [stdout]     src/lib.rs - connector (line 156)
[INFO] [stdout]     src/lib.rs - connector (line 169)
[INFO] [stdout]     src/lib.rs - connector (line 93)
[INFO] [stdout]     src/lib.rs - os (line 354)
[INFO] [stdout]     src/lib.rs - os (line 367)
[INFO] [stdout]     src/lib.rs - os (line 384)
[INFO] [stdout]     src/lib.rs - os (line 399)
[INFO] [stdout]     src/lib.rs - os (line 413)
[INFO] [stdout] 
[INFO] [stdout] test result: FAILED. 0 passed; 12 failed; 0 ignored; 0 measured; 0 filtered out; finished in 0.20s
[INFO] [stdout] 
[INFO] running `Command { std: "docker" "inspect" "56413f5539e662c845af15cf60039dc42892e2b8c23f4fb1ebb9468abbc41155", kill_on_drop: false }`
[INFO] running `Command { std: "docker" "rm" "-f" "56413f5539e662c845af15cf60039dc42892e2b8c23f4fb1ebb9468abbc41155", kill_on_drop: false }`
[INFO] [stdout] 56413f5539e662c845af15cf60039dc42892e2b8c23f4fb1ebb9468abbc41155
