[INFO] fetching crate meet-macro 0.1.0...
[INFO] testing meet-macro-0.1.0 against beta-2023-04-20 for beta-1.70-1
[INFO] extracting crate meet-macro 0.1.0 into /workspace/builds/worker-3-tc2/source
[INFO] validating manifest of crates.io crate meet-macro 0.1.0 on toolchain beta-2023-04-20
[INFO] running `Command { std: CARGO_HOME="/workspace/cargo-home" RUSTUP_HOME="/workspace/rustup-home" "/workspace/cargo-home/bin/cargo" "+beta-2023-04-20" "metadata" "--manifest-path" "Cargo.toml" "--no-deps", kill_on_drop: false }`
[INFO] started tweaking crates.io crate meet-macro 0.1.0
[INFO] finished tweaking crates.io crate meet-macro 0.1.0
[INFO] tweaked toml for crates.io crate meet-macro 0.1.0 written to /workspace/builds/worker-3-tc2/source/Cargo.toml
[INFO] running `Command { std: CARGO_HOME="/workspace/cargo-home" RUSTUP_HOME="/workspace/rustup-home" __CARGO_TEST_CHANNEL_OVERRIDE_DO_NOT_USE_THIS="nightly" "/workspace/cargo-home/bin/cargo" "+beta-2023-04-20" "generate-lockfile" "--manifest-path" "Cargo.toml" "-Zno-index-update", kill_on_drop: false }`
[INFO] running `Command { std: CARGO_HOME="/workspace/cargo-home" RUSTUP_HOME="/workspace/rustup-home" "/workspace/cargo-home/bin/cargo" "+beta-2023-04-20" "fetch" "--manifest-path" "Cargo.toml", kill_on_drop: false }`
[INFO] running `Command { std: "docker" "create" "-v" "/var/lib/crater-agent-workspace/builds/worker-3-tc2/target:/opt/rustwide/target:rw,Z" "-v" "/var/lib/crater-agent-workspace/builds/worker-3-tc2/source:/opt/rustwide/workdir:ro,Z" "-v" "/var/lib/crater-agent-workspace/cargo-home:/opt/rustwide/cargo-home:ro,Z" "-v" "/var/lib/crater-agent-workspace/rustup-home:/opt/rustwide/rustup-home:ro,Z" "-e" "SOURCE_DIR=/opt/rustwide/workdir" "-e" "CARGO_TARGET_DIR=/opt/rustwide/target" "-e" "CARGO_HOME=/opt/rustwide/cargo-home" "-e" "RUSTUP_HOME=/opt/rustwide/rustup-home" "-w" "/opt/rustwide/workdir" "-m" "1610612736" "--user" "0:0" "--network" "none" "ghcr.io/rust-lang/crates-build-env/linux@sha256:5ff2268d62e97bff2cde7d5815dd6ed5b47097566f13b8d0ca110b04b60e07ed" "/opt/rustwide/cargo-home/bin/cargo" "+beta-2023-04-20" "metadata" "--no-deps" "--format-version=1", kill_on_drop: false }`
[INFO] [stdout] b8a42486d98d643d2e30a71491973068a9ffe512ee6cc4e615aaab29edf0dcb4
[INFO] running `Command { std: "docker" "start" "-a" "b8a42486d98d643d2e30a71491973068a9ffe512ee6cc4e615aaab29edf0dcb4", kill_on_drop: false }`
[INFO] running `Command { std: "docker" "inspect" "b8a42486d98d643d2e30a71491973068a9ffe512ee6cc4e615aaab29edf0dcb4", kill_on_drop: false }`
[INFO] running `Command { std: "docker" "rm" "-f" "b8a42486d98d643d2e30a71491973068a9ffe512ee6cc4e615aaab29edf0dcb4", kill_on_drop: false }`
[INFO] [stdout] b8a42486d98d643d2e30a71491973068a9ffe512ee6cc4e615aaab29edf0dcb4
[INFO] running `Command { std: "docker" "create" "-v" "/var/lib/crater-agent-workspace/builds/worker-3-tc2/target:/opt/rustwide/target:rw,Z" "-v" "/var/lib/crater-agent-workspace/builds/worker-3-tc2/source:/opt/rustwide/workdir:ro,Z" "-v" "/var/lib/crater-agent-workspace/cargo-home:/opt/rustwide/cargo-home:ro,Z" "-v" "/var/lib/crater-agent-workspace/rustup-home:/opt/rustwide/rustup-home:ro,Z" "-e" "SOURCE_DIR=/opt/rustwide/workdir" "-e" "CARGO_TARGET_DIR=/opt/rustwide/target" "-e" "CARGO_INCREMENTAL=0" "-e" "RUST_BACKTRACE=full" "-e" "RUSTFLAGS=--cap-lints=warn" "-e" "RUSTDOCFLAGS=--cap-lints=warn" "-e" "CARGO_HOME=/opt/rustwide/cargo-home" "-e" "RUSTUP_HOME=/opt/rustwide/rustup-home" "-w" "/opt/rustwide/workdir" "-m" "1610612736" "--user" "0:0" "--network" "none" "ghcr.io/rust-lang/crates-build-env/linux@sha256:5ff2268d62e97bff2cde7d5815dd6ed5b47097566f13b8d0ca110b04b60e07ed" "/opt/rustwide/cargo-home/bin/cargo" "+beta-2023-04-20" "build" "--frozen" "--message-format=json", kill_on_drop: false }`
[INFO] [stdout] 87e876d83e1a10d8438f53c30c73c72a8f269492fad360352551cb658ee95b2f
[INFO] running `Command { std: "docker" "start" "-a" "87e876d83e1a10d8438f53c30c73c72a8f269492fad360352551cb658ee95b2f", kill_on_drop: false }`
[INFO] [stderr]    Compiling proc-macro2 v1.0.56
[INFO] [stderr]    Compiling quote v1.0.26
[INFO] [stderr]    Compiling unicode-ident v1.0.8
[INFO] [stderr]    Compiling syn v1.0.109
[INFO] [stderr]    Compiling proc-macro-hack v0.5.20+deprecated
[INFO] [stderr]    Compiling lazy_static v1.4.0
[INFO] [stderr]    Compiling boolinator v2.4.0
[INFO] [stderr]    Compiling meet-macro v0.1.0 (/opt/rustwide/workdir)
[INFO] [stderr]     Finished dev [unoptimized + debuginfo] target(s) in 11.64s
[INFO] running `Command { std: "docker" "inspect" "87e876d83e1a10d8438f53c30c73c72a8f269492fad360352551cb658ee95b2f", kill_on_drop: false }`
[INFO] running `Command { std: "docker" "rm" "-f" "87e876d83e1a10d8438f53c30c73c72a8f269492fad360352551cb658ee95b2f", kill_on_drop: false }`
[INFO] [stdout] 87e876d83e1a10d8438f53c30c73c72a8f269492fad360352551cb658ee95b2f
[INFO] running `Command { std: "docker" "create" "-v" "/var/lib/crater-agent-workspace/builds/worker-3-tc2/target:/opt/rustwide/target:rw,Z" "-v" "/var/lib/crater-agent-workspace/builds/worker-3-tc2/source:/opt/rustwide/workdir:ro,Z" "-v" "/var/lib/crater-agent-workspace/cargo-home:/opt/rustwide/cargo-home:ro,Z" "-v" "/var/lib/crater-agent-workspace/rustup-home:/opt/rustwide/rustup-home:ro,Z" "-e" "SOURCE_DIR=/opt/rustwide/workdir" "-e" "CARGO_TARGET_DIR=/opt/rustwide/target" "-e" "CARGO_INCREMENTAL=0" "-e" "RUST_BACKTRACE=full" "-e" "RUSTFLAGS=--cap-lints=warn" "-e" "RUSTDOCFLAGS=--cap-lints=warn" "-e" "CARGO_HOME=/opt/rustwide/cargo-home" "-e" "RUSTUP_HOME=/opt/rustwide/rustup-home" "-w" "/opt/rustwide/workdir" "-m" "1610612736" "--user" "0:0" "--network" "none" "ghcr.io/rust-lang/crates-build-env/linux@sha256:5ff2268d62e97bff2cde7d5815dd6ed5b47097566f13b8d0ca110b04b60e07ed" "/opt/rustwide/cargo-home/bin/cargo" "+beta-2023-04-20" "test" "--frozen" "--no-run" "--message-format=json", kill_on_drop: false }`
[INFO] [stdout] e328089bc2899ae0827ab86e18c76201a5f9d8e5467b7c56f6964b42f636d650
[INFO] running `Command { std: "docker" "start" "-a" "e328089bc2899ae0827ab86e18c76201a5f9d8e5467b7c56f6964b42f636d650", kill_on_drop: false }`
[INFO] [stderr]    Compiling meet-macro v0.1.0 (/opt/rustwide/workdir)
[INFO] [stderr]     Finished test [unoptimized + debuginfo] target(s) in 2.50s
[INFO] running `Command { std: "docker" "inspect" "e328089bc2899ae0827ab86e18c76201a5f9d8e5467b7c56f6964b42f636d650", kill_on_drop: false }`
[INFO] running `Command { std: "docker" "rm" "-f" "e328089bc2899ae0827ab86e18c76201a5f9d8e5467b7c56f6964b42f636d650", kill_on_drop: false }`
[INFO] [stdout] e328089bc2899ae0827ab86e18c76201a5f9d8e5467b7c56f6964b42f636d650
[INFO] running `Command { std: "docker" "create" "-v" "/var/lib/crater-agent-workspace/builds/worker-3-tc2/target:/opt/rustwide/target:rw,Z" "-v" "/var/lib/crater-agent-workspace/builds/worker-3-tc2/source:/opt/rustwide/workdir:ro,Z" "-v" "/var/lib/crater-agent-workspace/cargo-home:/opt/rustwide/cargo-home:ro,Z" "-v" "/var/lib/crater-agent-workspace/rustup-home:/opt/rustwide/rustup-home:ro,Z" "-e" "SOURCE_DIR=/opt/rustwide/workdir" "-e" "CARGO_TARGET_DIR=/opt/rustwide/target" "-e" "CARGO_INCREMENTAL=0" "-e" "RUST_BACKTRACE=full" "-e" "RUSTFLAGS=--cap-lints=warn" "-e" "RUSTDOCFLAGS=--cap-lints=warn" "-e" "CARGO_HOME=/opt/rustwide/cargo-home" "-e" "RUSTUP_HOME=/opt/rustwide/rustup-home" "-w" "/opt/rustwide/workdir" "-m" "1610612736" "--user" "0:0" "--network" "none" "ghcr.io/rust-lang/crates-build-env/linux@sha256:5ff2268d62e97bff2cde7d5815dd6ed5b47097566f13b8d0ca110b04b60e07ed" "/opt/rustwide/cargo-home/bin/cargo" "+beta-2023-04-20" "test" "--frozen", kill_on_drop: false }`
[INFO] [stdout] 97ec2c534f503109f7d0fad6012167994a1c1f3b2cbccb701d750646a7dc0261
[INFO] running `Command { std: "docker" "start" "-a" "97ec2c534f503109f7d0fad6012167994a1c1f3b2cbccb701d750646a7dc0261", kill_on_drop: false }`
[INFO] [stderr]     Blocking waiting for file lock on package cache
[INFO] [stderr]     Finished test [unoptimized + debuginfo] target(s) in 1.41s
[INFO] [stderr]      Running unittests src/lib.rs (/opt/rustwide/target/debug/deps/meet_macro-23e5b0df95ee1f33)
[INFO] [stderr]    Doc-tests meet-macro
[INFO] [stdout] 
[INFO] [stdout] running 0 tests
[INFO] [stdout] 
[INFO] [stdout] test result: ok. 0 passed; 0 failed; 0 ignored; 0 measured; 0 filtered out; finished in 0.00s
[INFO] [stdout] 
[INFO] [stdout] 
[INFO] [stdout] running 1 test
[INFO] [stdout] test src/lib.rs - (line 8) ... FAILED
[INFO] [stdout] 
[INFO] [stdout] failures:
[INFO] [stdout] 
[INFO] [stdout] ---- src/lib.rs - (line 8) stdout ----
[INFO] [stdout] error: expected item, found `;`
[INFO] [stdout]   --> src/lib.rs:20:2
[INFO] [stdout]    |
[INFO] [stdout] 13 | };
[INFO] [stdout]    |  ^ help: remove this semicolon
[INFO] [stdout]    |
[INFO] [stdout]    = help: braced struct declarations are not followed by a semicolon
[INFO] [stdout] 
[INFO] [stdout] error[E0463]: can't find crate for `meet`
[INFO] [stdout]  --> src/lib.rs:9:14
[INFO] [stdout]   |
[INFO] [stdout] 2 | #[macro_use] extern crate meet;
[INFO] [stdout]   |              ^^^^^^^^^^^^^^^^^^ can't find crate
[INFO] [stdout] 
[INFO] [stdout] error: cannot find derive macro `Properties` in this scope
[INFO] [stdout]  --> src/lib.rs:16:17
[INFO] [stdout]   |
[INFO] [stdout] 9 | #[derive(Clone, Properties)]
[INFO] [stdout]   |                 ^^^^^^^^^^
[INFO] [stdout]   |
[INFO] [stdout]   = help: consider importing this derive macro:
[INFO] [stdout]           meet_macro::Properties
[INFO] [stdout] 
[INFO] [stdout] error: cannot find attribute `props` in this scope
[INFO] [stdout]   --> src/lib.rs:18:5
[INFO] [stdout]    |
[INFO] [stdout] 11 |   #[props(required)]
[INFO] [stdout]    |     ^^^^^
[INFO] [stdout] 
[INFO] [stdout] error: cannot find macro `html` in this scope
[INFO] [stdout]   --> src/lib.rs:39:1
[INFO] [stdout]    |
[INFO] [stdout] 32 | html! {
[INFO] [stdout]    | ^^^^
[INFO] [stdout] 
[INFO] [stdout] error[E0412]: cannot find type `ComponentLink` in this scope
[INFO] [stdout]  --> src/lib.rs:13:9
[INFO] [stdout]   |
[INFO] [stdout] 6 |   link: ComponentLink<Self>,
[INFO] [stdout]   |         ^^^^^^^^^^^^^ not found in this scope
[INFO] [stdout] 
[INFO] [stdout] error[E0412]: cannot find type `ComponentLink` in this scope
[INFO] [stdout]   --> src/lib.rs:27:39
[INFO] [stdout]    |
[INFO] [stdout] 5  | struct Component {
[INFO] [stdout]    | ---------------- similarly named struct `Component` defined here
[INFO] [stdout] ...
[INFO] [stdout] 20 |     fn create(_: Self::Properties, _: ComponentLink<Self>) -> Self {
[INFO] [stdout]    |                                       ^^^^^^^^^^^^^ help: a struct with a similar name exists: `Component`
[INFO] [stdout] 
[INFO] [stdout] error[E0412]: cannot find type `ShouldRender` in this scope
[INFO] [stdout]   --> src/lib.rs:31:49
[INFO] [stdout]    |
[INFO] [stdout] 24 |     fn update(&mut self, msg: Self::Message) -> ShouldRender {
[INFO] [stdout]    |                                                 ^^^^^^^^^^^^ not found in this scope
[INFO] [stdout] 
[INFO] [stdout] error[E0412]: cannot find type `Html` in this scope
[INFO] [stdout]   --> src/lib.rs:35:23
[INFO] [stdout]    |
[INFO] [stdout] 28 |     fn view(&self) -> Html {
[INFO] [stdout]    |                       ^^^^ not found in this scope
[INFO] [stdout] 
[INFO] [stdout] error: aborting due to 9 previous errors
[INFO] [stdout] 
[INFO] [stdout] Some errors have detailed explanations: E0412, E0463.
[INFO] [stdout] For more information about an error, try `rustc --explain E0412`.
[INFO] [stdout] Couldn't compile the test.
[INFO] [stdout] 
[INFO] [stdout] failures:
[INFO] [stdout]     src/lib.rs - (line 8)
[INFO] [stdout] 
[INFO] [stdout] test result: FAILED. 0 passed; 1 failed; 0 ignored; 0 measured; 0 filtered out; finished in 0.10s
[INFO] [stdout] 
[INFO] [stderr] error: doctest failed, to rerun pass `--doc`
[INFO] running `Command { std: "docker" "inspect" "97ec2c534f503109f7d0fad6012167994a1c1f3b2cbccb701d750646a7dc0261", kill_on_drop: false }`
[INFO] running `Command { std: "docker" "rm" "-f" "97ec2c534f503109f7d0fad6012167994a1c1f3b2cbccb701d750646a7dc0261", kill_on_drop: false }`
[INFO] [stdout] 97ec2c534f503109f7d0fad6012167994a1c1f3b2cbccb701d750646a7dc0261
