[INFO] fetching crate mediaflow_core 0.9.0...
[INFO] testing mediaflow_core-0.9.0 against 1.69.0 for beta-1.70-1
[INFO] extracting crate mediaflow_core 0.9.0 into /workspace/builds/worker-7-tc1/source
[INFO] validating manifest of crates.io crate mediaflow_core 0.9.0 on toolchain 1.69.0
[INFO] running `Command { std: CARGO_HOME="/workspace/cargo-home" RUSTUP_HOME="/workspace/rustup-home" "/workspace/cargo-home/bin/cargo" "+1.69.0" "metadata" "--manifest-path" "Cargo.toml" "--no-deps", kill_on_drop: false }`
[INFO] started tweaking crates.io crate mediaflow_core 0.9.0
[INFO] finished tweaking crates.io crate mediaflow_core 0.9.0
[INFO] tweaked toml for crates.io crate mediaflow_core 0.9.0 written to /workspace/builds/worker-7-tc1/source/Cargo.toml
[INFO] running `Command { std: CARGO_HOME="/workspace/cargo-home" RUSTUP_HOME="/workspace/rustup-home" __CARGO_TEST_CHANNEL_OVERRIDE_DO_NOT_USE_THIS="nightly" "/workspace/cargo-home/bin/cargo" "+1.69.0" "generate-lockfile" "--manifest-path" "Cargo.toml" "-Zno-index-update", kill_on_drop: false }`
[INFO] running `Command { std: CARGO_HOME="/workspace/cargo-home" RUSTUP_HOME="/workspace/rustup-home" "/workspace/cargo-home/bin/cargo" "+1.69.0" "fetch" "--manifest-path" "Cargo.toml", kill_on_drop: false }`
[INFO] running `Command { std: "docker" "create" "-v" "/var/lib/crater-agent-workspace/builds/worker-7-tc1/target:/opt/rustwide/target:rw,Z" "-v" "/var/lib/crater-agent-workspace/builds/worker-7-tc1/source:/opt/rustwide/workdir:ro,Z" "-v" "/var/lib/crater-agent-workspace/cargo-home:/opt/rustwide/cargo-home:ro,Z" "-v" "/var/lib/crater-agent-workspace/rustup-home:/opt/rustwide/rustup-home:ro,Z" "-e" "SOURCE_DIR=/opt/rustwide/workdir" "-e" "CARGO_TARGET_DIR=/opt/rustwide/target" "-e" "CARGO_HOME=/opt/rustwide/cargo-home" "-e" "RUSTUP_HOME=/opt/rustwide/rustup-home" "-w" "/opt/rustwide/workdir" "-m" "1610612736" "--user" "0:0" "--network" "none" "ghcr.io/rust-lang/crates-build-env/linux@sha256:5ff2268d62e97bff2cde7d5815dd6ed5b47097566f13b8d0ca110b04b60e07ed" "/opt/rustwide/cargo-home/bin/cargo" "+1.69.0" "metadata" "--no-deps" "--format-version=1", kill_on_drop: false }`
[INFO] [stdout] c63ddb5fff59dc06b9651e7f10b4d7e19ccfb1d883640ed74968424ddaa8918e
[INFO] running `Command { std: "docker" "start" "-a" "c63ddb5fff59dc06b9651e7f10b4d7e19ccfb1d883640ed74968424ddaa8918e", kill_on_drop: false }`
[INFO] running `Command { std: "docker" "inspect" "c63ddb5fff59dc06b9651e7f10b4d7e19ccfb1d883640ed74968424ddaa8918e", kill_on_drop: false }`
[INFO] running `Command { std: "docker" "rm" "-f" "c63ddb5fff59dc06b9651e7f10b4d7e19ccfb1d883640ed74968424ddaa8918e", kill_on_drop: false }`
[INFO] [stdout] c63ddb5fff59dc06b9651e7f10b4d7e19ccfb1d883640ed74968424ddaa8918e
[INFO] running `Command { std: "docker" "create" "-v" "/var/lib/crater-agent-workspace/builds/worker-7-tc1/target:/opt/rustwide/target:rw,Z" "-v" "/var/lib/crater-agent-workspace/builds/worker-7-tc1/source:/opt/rustwide/workdir:ro,Z" "-v" "/var/lib/crater-agent-workspace/cargo-home:/opt/rustwide/cargo-home:ro,Z" "-v" "/var/lib/crater-agent-workspace/rustup-home:/opt/rustwide/rustup-home:ro,Z" "-e" "SOURCE_DIR=/opt/rustwide/workdir" "-e" "CARGO_TARGET_DIR=/opt/rustwide/target" "-e" "CARGO_INCREMENTAL=0" "-e" "RUST_BACKTRACE=full" "-e" "RUSTFLAGS=--cap-lints=warn" "-e" "RUSTDOCFLAGS=--cap-lints=warn" "-e" "CARGO_HOME=/opt/rustwide/cargo-home" "-e" "RUSTUP_HOME=/opt/rustwide/rustup-home" "-w" "/opt/rustwide/workdir" "-m" "1610612736" "--user" "0:0" "--network" "none" "ghcr.io/rust-lang/crates-build-env/linux@sha256:5ff2268d62e97bff2cde7d5815dd6ed5b47097566f13b8d0ca110b04b60e07ed" "/opt/rustwide/cargo-home/bin/cargo" "+1.69.0" "build" "--frozen" "--message-format=json", kill_on_drop: false }`
[INFO] [stdout] 154b03da3895dfb44464d04ed372143eca2603916e9fee8d232d457233ac6939
[INFO] running `Command { std: "docker" "start" "-a" "154b03da3895dfb44464d04ed372143eca2603916e9fee8d232d457233ac6939", kill_on_drop: false }`
[INFO] [stderr]    Compiling proc-macro2 v1.0.56
[INFO] [stderr]    Compiling quote v1.0.26
[INFO] [stderr]    Compiling unicode-ident v1.0.8
[INFO] [stderr]    Compiling serde_derive v1.0.160
[INFO] [stderr]    Compiling serde v1.0.160
[INFO] [stderr]    Compiling syn v2.0.15
[INFO] [stderr]    Compiling mediaflow_core v0.9.0 (/opt/rustwide/workdir)
[INFO] [stderr]     Finished dev [unoptimized + debuginfo] target(s) in 9.42s
[INFO] running `Command { std: "docker" "inspect" "154b03da3895dfb44464d04ed372143eca2603916e9fee8d232d457233ac6939", kill_on_drop: false }`
[INFO] running `Command { std: "docker" "rm" "-f" "154b03da3895dfb44464d04ed372143eca2603916e9fee8d232d457233ac6939", kill_on_drop: false }`
[INFO] [stdout] 154b03da3895dfb44464d04ed372143eca2603916e9fee8d232d457233ac6939
[INFO] running `Command { std: "docker" "create" "-v" "/var/lib/crater-agent-workspace/builds/worker-7-tc1/target:/opt/rustwide/target:rw,Z" "-v" "/var/lib/crater-agent-workspace/builds/worker-7-tc1/source:/opt/rustwide/workdir:ro,Z" "-v" "/var/lib/crater-agent-workspace/cargo-home:/opt/rustwide/cargo-home:ro,Z" "-v" "/var/lib/crater-agent-workspace/rustup-home:/opt/rustwide/rustup-home:ro,Z" "-e" "SOURCE_DIR=/opt/rustwide/workdir" "-e" "CARGO_TARGET_DIR=/opt/rustwide/target" "-e" "CARGO_INCREMENTAL=0" "-e" "RUST_BACKTRACE=full" "-e" "RUSTFLAGS=--cap-lints=warn" "-e" "RUSTDOCFLAGS=--cap-lints=warn" "-e" "CARGO_HOME=/opt/rustwide/cargo-home" "-e" "RUSTUP_HOME=/opt/rustwide/rustup-home" "-w" "/opt/rustwide/workdir" "-m" "1610612736" "--user" "0:0" "--network" "none" "ghcr.io/rust-lang/crates-build-env/linux@sha256:5ff2268d62e97bff2cde7d5815dd6ed5b47097566f13b8d0ca110b04b60e07ed" "/opt/rustwide/cargo-home/bin/cargo" "+1.69.0" "test" "--frozen" "--no-run" "--message-format=json", kill_on_drop: false }`
[INFO] [stdout] 5a0635a1a426503bf5877ee3f3a62b38a9d1870a4f8daf53001c594cc3d6536d
[INFO] running `Command { std: "docker" "start" "-a" "5a0635a1a426503bf5877ee3f3a62b38a9d1870a4f8daf53001c594cc3d6536d", kill_on_drop: false }`
[INFO] [stderr]    Compiling mediaflow_core v0.9.0 (/opt/rustwide/workdir)
[INFO] [stderr]     Finished test [unoptimized + debuginfo] target(s) in 0.57s
[INFO] running `Command { std: "docker" "inspect" "5a0635a1a426503bf5877ee3f3a62b38a9d1870a4f8daf53001c594cc3d6536d", kill_on_drop: false }`
[INFO] running `Command { std: "docker" "rm" "-f" "5a0635a1a426503bf5877ee3f3a62b38a9d1870a4f8daf53001c594cc3d6536d", kill_on_drop: false }`
[INFO] [stdout] 5a0635a1a426503bf5877ee3f3a62b38a9d1870a4f8daf53001c594cc3d6536d
[INFO] running `Command { std: "docker" "create" "-v" "/var/lib/crater-agent-workspace/builds/worker-7-tc1/target:/opt/rustwide/target:rw,Z" "-v" "/var/lib/crater-agent-workspace/builds/worker-7-tc1/source:/opt/rustwide/workdir:ro,Z" "-v" "/var/lib/crater-agent-workspace/cargo-home:/opt/rustwide/cargo-home:ro,Z" "-v" "/var/lib/crater-agent-workspace/rustup-home:/opt/rustwide/rustup-home:ro,Z" "-e" "SOURCE_DIR=/opt/rustwide/workdir" "-e" "CARGO_TARGET_DIR=/opt/rustwide/target" "-e" "CARGO_INCREMENTAL=0" "-e" "RUST_BACKTRACE=full" "-e" "RUSTFLAGS=--cap-lints=warn" "-e" "RUSTDOCFLAGS=--cap-lints=warn" "-e" "CARGO_HOME=/opt/rustwide/cargo-home" "-e" "RUSTUP_HOME=/opt/rustwide/rustup-home" "-w" "/opt/rustwide/workdir" "-m" "1610612736" "--user" "0:0" "--network" "none" "ghcr.io/rust-lang/crates-build-env/linux@sha256:5ff2268d62e97bff2cde7d5815dd6ed5b47097566f13b8d0ca110b04b60e07ed" "/opt/rustwide/cargo-home/bin/cargo" "+1.69.0" "test" "--frozen", kill_on_drop: false }`
[INFO] [stdout] 3662bcac4fe4a5a3086926de5c799fa4412052e18997499e6103261167ac4a66
[INFO] running `Command { std: "docker" "start" "-a" "3662bcac4fe4a5a3086926de5c799fa4412052e18997499e6103261167ac4a66", kill_on_drop: false }`
[INFO] [stderr]     Blocking waiting for file lock on package cache
[INFO] [stderr]     Blocking waiting for file lock on package cache
[INFO] [stderr]     Finished test [unoptimized + debuginfo] target(s) in 0.92s
[INFO] [stderr]      Running unittests src/lib.rs (/opt/rustwide/target/debug/deps/mediaflow_core-31627f7355f1eae4)
[INFO] [stdout] 
[INFO] [stdout] running 0 tests
[INFO] [stdout] 
[INFO] [stdout] test result: ok. 0 passed; 0 failed; 0 ignored; 0 measured; 0 filtered out; finished in 0.00s
[INFO] [stdout] 
[INFO] [stderr]    Doc-tests mediaflow_core
[INFO] [stdout] 
[INFO] [stdout] running 4 tests
[INFO] [stdout] test src/file_downloads.rs - file_downloads::MediaflowFileDownload (line 8) ... FAILED
[INFO] [stdout] test src/formats.rs - formats::MediaflowFormat (line 8) ... FAILED
[INFO] [stdout] test src/files.rs - files::MediaflowFile (line 8) ... FAILED
[INFO] [stdout] test src/folders.rs - folders::MediaflowFolder (line 8) ... FAILED
[INFO] [stdout] 
[INFO] [stdout] failures:
[INFO] [stdout] 
[INFO] [stdout] ---- src/file_downloads.rs - file_downloads::MediaflowFileDownload (line 8) stdout ----
[INFO] [stdout] error[E0432]: unresolved import `mediaflow`
[INFO] [stdout]  --> src/file_downloads.rs:9:5
[INFO] [stdout]   |
[INFO] [stdout] 3 | use mediaflow::MediaflowFileDownload;
[INFO] [stdout]   |     ^^^^^^^^^ use of undeclared crate or module `mediaflow`
[INFO] [stdout] 
[INFO] [stdout] error: cannot determine resolution for the derive macro `MediaflowFileDownload`
[INFO] [stdout]  --> src/file_downloads.rs:10:10
[INFO] [stdout]   |
[INFO] [stdout] 4 | #[derive(MediaflowFileDownload)]
[INFO] [stdout]   |          ^^^^^^^^^^^^^^^^^^^^^
[INFO] [stdout]   |
[INFO] [stdout]   = note: import resolution is stuck, try simplifying macro imports
[INFO] [stdout] 
[INFO] [stdout] error: aborting due to 2 previous errors
[INFO] [stdout] 
[INFO] [stdout] For more information about this error, try `rustc --explain E0432`.
[INFO] [stdout] Couldn't compile the test.
[INFO] [stdout] ---- src/formats.rs - formats::MediaflowFormat (line 8) stdout ----
[INFO] [stdout] error[E0432]: unresolved import `mediaflow`
[INFO] [stdout]  --> src/formats.rs:9:5
[INFO] [stdout]   |
[INFO] [stdout] 3 | use mediaflow::MediaflowFormat;
[INFO] [stdout]   |     ^^^^^^^^^ use of undeclared crate or module `mediaflow`
[INFO] [stdout] 
[INFO] [stdout] error: cannot determine resolution for the derive macro `MediaflowFormat`
[INFO] [stdout]  --> src/formats.rs:10:10
[INFO] [stdout]   |
[INFO] [stdout] 4 | #[derive(MediaflowFormat)]
[INFO] [stdout]   |          ^^^^^^^^^^^^^^^
[INFO] [stdout]   |
[INFO] [stdout]   = note: import resolution is stuck, try simplifying macro imports
[INFO] [stdout] 
[INFO] [stdout] error: aborting due to 2 previous errors
[INFO] [stdout] 
[INFO] [stdout] For more information about this error, try `rustc --explain E0432`.
[INFO] [stdout] Couldn't compile the test.
[INFO] [stdout] ---- src/files.rs - files::MediaflowFile (line 8) stdout ----
[INFO] [stdout] error[E0432]: unresolved import `mediaflow`
[INFO] [stdout]  --> src/files.rs:9:5
[INFO] [stdout]   |
[INFO] [stdout] 3 | use mediaflow::MediaflowFile;
[INFO] [stdout]   |     ^^^^^^^^^ use of undeclared crate or module `mediaflow`
[INFO] [stdout] 
[INFO] [stdout] error: cannot determine resolution for the derive macro `MediaflowFile`
[INFO] [stdout]  --> src/files.rs:10:10
[INFO] [stdout]   |
[INFO] [stdout] 4 | #[derive(MediaflowFile)]
[INFO] [stdout]   |          ^^^^^^^^^^^^^
[INFO] [stdout]   |
[INFO] [stdout]   = note: import resolution is stuck, try simplifying macro imports
[INFO] [stdout] 
[INFO] [stdout] error: aborting due to 2 previous errors
[INFO] [stdout] 
[INFO] [stdout] For more information about this error, try `rustc --explain E0432`.
[INFO] [stdout] Couldn't compile the test.
[INFO] [stdout] ---- src/folders.rs - folders::MediaflowFolder (line 8) stdout ----
[INFO] [stdout] error[E0432]: unresolved import `mediaflow`
[INFO] [stdout]  --> src/folders.rs:9:5
[INFO] [stdout]   |
[INFO] [stdout] 3 | use mediaflow::MediaflowFolder;
[INFO] [stdout]   |     ^^^^^^^^^ use of undeclared crate or module `mediaflow`
[INFO] [stdout] 
[INFO] [stdout] error: cannot determine resolution for the derive macro `MediaflowFolder`
[INFO] [stdout]  --> src/folders.rs:10:10
[INFO] [stdout]   |
[INFO] [stdout] 4 | #[derive(MediaflowFolder)]
[INFO] [stdout]   |          ^^^^^^^^^^^^^^^
[INFO] [stdout]   |
[INFO] [stdout]   = note: import resolution is stuck, try simplifying macro imports
[INFO] [stdout] 
[INFO] [stdout] error: aborting due to 2 previous errors
[INFO] [stdout] 
[INFO] [stdout] For more information about this error, try `rustc --explain E0432`.
[INFO] [stdout] Couldn't compile the test.
[INFO] [stdout] 
[INFO] [stdout] failures:
[INFO] [stdout]     src/file_downloads.rs - file_downloads::MediaflowFileDownload (line 8)
[INFO] [stdout]     src/files.rs - files::MediaflowFile (line 8)
[INFO] [stdout]     src/folders.rs - folders::MediaflowFolder (line 8)
[INFO] [stdout]     src/formats.rs - formats::MediaflowFormat (line 8)
[INFO] [stdout] 
[INFO] [stdout] test result: FAILED. 0 passed; 4 failed; 0 ignored; 0 measured; 0 filtered out; finished in 0.03s
[INFO] [stdout] 
[INFO] [stderr] error: doctest failed, to rerun pass `--doc`
[INFO] running `Command { std: "docker" "inspect" "3662bcac4fe4a5a3086926de5c799fa4412052e18997499e6103261167ac4a66", kill_on_drop: false }`
[INFO] running `Command { std: "docker" "rm" "-f" "3662bcac4fe4a5a3086926de5c799fa4412052e18997499e6103261167ac4a66", kill_on_drop: false }`
[INFO] [stdout] 3662bcac4fe4a5a3086926de5c799fa4412052e18997499e6103261167ac4a66
