[INFO] fetching crate mdlc 0.7.0...
[INFO] testing mdlc-0.7.0 against 1.69.0 for beta-1.70-1
[INFO] extracting crate mdlc 0.7.0 into /workspace/builds/worker-3-tc1/source
[INFO] validating manifest of crates.io crate mdlc 0.7.0 on toolchain 1.69.0
[INFO] running `Command { std: CARGO_HOME="/workspace/cargo-home" RUSTUP_HOME="/workspace/rustup-home" "/workspace/cargo-home/bin/cargo" "+1.69.0" "metadata" "--manifest-path" "Cargo.toml" "--no-deps", kill_on_drop: false }`
[INFO] started tweaking crates.io crate mdlc 0.7.0
[INFO] finished tweaking crates.io crate mdlc 0.7.0
[INFO] tweaked toml for crates.io crate mdlc 0.7.0 written to /workspace/builds/worker-3-tc1/source/Cargo.toml
[INFO] crate crates.io crate mdlc 0.7.0 already has a lockfile, it will not be regenerated
[INFO] running `Command { std: CARGO_HOME="/workspace/cargo-home" RUSTUP_HOME="/workspace/rustup-home" "/workspace/cargo-home/bin/cargo" "+1.69.0" "fetch" "--manifest-path" "Cargo.toml", kill_on_drop: false }`
[INFO] [stderr]     Blocking waiting for file lock on package cache
[INFO] running `Command { std: "docker" "create" "-v" "/var/lib/crater-agent-workspace/builds/worker-3-tc1/target:/opt/rustwide/target:rw,Z" "-v" "/var/lib/crater-agent-workspace/builds/worker-3-tc1/source:/opt/rustwide/workdir:ro,Z" "-v" "/var/lib/crater-agent-workspace/cargo-home:/opt/rustwide/cargo-home:ro,Z" "-v" "/var/lib/crater-agent-workspace/rustup-home:/opt/rustwide/rustup-home:ro,Z" "-e" "SOURCE_DIR=/opt/rustwide/workdir" "-e" "CARGO_TARGET_DIR=/opt/rustwide/target" "-e" "CARGO_HOME=/opt/rustwide/cargo-home" "-e" "RUSTUP_HOME=/opt/rustwide/rustup-home" "-w" "/opt/rustwide/workdir" "-m" "1610612736" "--user" "0:0" "--network" "none" "ghcr.io/rust-lang/crates-build-env/linux@sha256:5ff2268d62e97bff2cde7d5815dd6ed5b47097566f13b8d0ca110b04b60e07ed" "/opt/rustwide/cargo-home/bin/cargo" "+1.69.0" "metadata" "--no-deps" "--format-version=1", kill_on_drop: false }`
[INFO] [stdout] 4766ffc6e00768e99a90c98c2d62fdfe03eacd83dd062e98fc771b5200b07ee5
[INFO] running `Command { std: "docker" "start" "-a" "4766ffc6e00768e99a90c98c2d62fdfe03eacd83dd062e98fc771b5200b07ee5", kill_on_drop: false }`
[INFO] running `Command { std: "docker" "inspect" "4766ffc6e00768e99a90c98c2d62fdfe03eacd83dd062e98fc771b5200b07ee5", kill_on_drop: false }`
[INFO] running `Command { std: "docker" "rm" "-f" "4766ffc6e00768e99a90c98c2d62fdfe03eacd83dd062e98fc771b5200b07ee5", kill_on_drop: false }`
[INFO] [stdout] 4766ffc6e00768e99a90c98c2d62fdfe03eacd83dd062e98fc771b5200b07ee5
[INFO] running `Command { std: "docker" "create" "-v" "/var/lib/crater-agent-workspace/builds/worker-3-tc1/target:/opt/rustwide/target:rw,Z" "-v" "/var/lib/crater-agent-workspace/builds/worker-3-tc1/source:/opt/rustwide/workdir:ro,Z" "-v" "/var/lib/crater-agent-workspace/cargo-home:/opt/rustwide/cargo-home:ro,Z" "-v" "/var/lib/crater-agent-workspace/rustup-home:/opt/rustwide/rustup-home:ro,Z" "-e" "SOURCE_DIR=/opt/rustwide/workdir" "-e" "CARGO_TARGET_DIR=/opt/rustwide/target" "-e" "CARGO_INCREMENTAL=0" "-e" "RUST_BACKTRACE=full" "-e" "RUSTFLAGS=--cap-lints=warn" "-e" "RUSTDOCFLAGS=--cap-lints=warn" "-e" "CARGO_HOME=/opt/rustwide/cargo-home" "-e" "RUSTUP_HOME=/opt/rustwide/rustup-home" "-w" "/opt/rustwide/workdir" "-m" "1610612736" "--user" "0:0" "--network" "none" "ghcr.io/rust-lang/crates-build-env/linux@sha256:5ff2268d62e97bff2cde7d5815dd6ed5b47097566f13b8d0ca110b04b60e07ed" "/opt/rustwide/cargo-home/bin/cargo" "+1.69.0" "build" "--frozen" "--message-format=json", kill_on_drop: false }`
[INFO] [stdout] ce73f371315df0a7cf7a60b927fb0b8618778a26fcc462232c210f6a556727a9
[INFO] running `Command { std: "docker" "start" "-a" "ce73f371315df0a7cf7a60b927fb0b8618778a26fcc462232c210f6a556727a9", kill_on_drop: false }`
[INFO] [stderr]    Compiling libc v0.2.135
[INFO] [stderr]    Compiling proc-macro2 v1.0.47
[INFO] [stderr]    Compiling unicode-ident v1.0.5
[INFO] [stderr]    Compiling quote v1.0.21
[INFO] [stderr]    Compiling syn v1.0.102
[INFO] [stderr]    Compiling once_cell v1.15.0
[INFO] [stderr]    Compiling slab v0.4.7
[INFO] [stderr]    Compiling futures-core v0.3.24
[INFO] [stderr]    Compiling openssl-sys v0.9.76
[INFO] [stderr]    Compiling bytes v0.5.6
[INFO] [stderr]    Compiling pin-project-lite v0.1.12
[INFO] [stderr]    Compiling futures-task v0.3.24
[INFO] [stderr]    Compiling crossbeam-utils v0.8.12
[INFO] [stderr]    Compiling itoa v1.0.4
[INFO] [stderr]    Compiling indexmap v1.9.1
[INFO] [stderr]    Compiling memoffset v0.6.5
[INFO] [stderr]    Compiling openssl v0.10.42
[INFO] [stderr]    Compiling futures-util v0.3.24
[INFO] [stderr]    Compiling bytes v1.2.1
[INFO] [stderr]    Compiling tracing-core v0.1.30
[INFO] [stderr]    Compiling crossbeam-epoch v0.9.11
[INFO] [stderr]    Compiling futures-sink v0.3.24
[INFO] [stderr]    Compiling futures-io v0.3.24
[INFO] [stderr]    Compiling httparse v1.8.0
[INFO] [stderr]    Compiling futures-channel v0.3.24
[INFO] [stderr]    Compiling hashbrown v0.12.3
[INFO] [stderr]    Compiling serde v1.0.145
[INFO] [stderr]    Compiling rayon-core v1.9.3
[INFO] [stderr]    Compiling mime_guess v2.0.4
[INFO] [stderr]    Compiling http v0.2.8
[INFO] [stderr]    Compiling unicode-normalization v0.1.22
[INFO] [stderr]    Compiling native-tls v0.2.10
[INFO] [stderr]    Compiling tower-service v0.3.2
[INFO] [stderr]    Compiling tracing v0.1.37
[INFO] [stderr]    Compiling unicode-segmentation v1.10.0
[INFO] [stderr]    Compiling httpdate v0.3.2
[INFO] [stderr]    Compiling crossbeam-channel v0.5.6
[INFO] [stderr]    Compiling crossbeam-deque v0.8.2
[INFO] [stderr]    Compiling num_cpus v1.13.1
[INFO] [stderr]    Compiling net2 v0.2.37
[INFO] [stderr]    Compiling iovec v0.1.4
[INFO] [stderr]    Compiling proc-macro-error-attr v1.0.4
[INFO] [stderr]    Compiling socket2 v0.3.19
[INFO] [stderr]    Compiling heck v0.3.3
[INFO] [stderr]    Compiling atty v0.2.14
[INFO] [stderr]    Compiling idna v0.3.0
[INFO] [stderr]    Compiling rayon v1.5.3
[INFO] [stderr]    Compiling mio v0.6.23
[INFO] [stderr]    Compiling ryu v1.0.11
[INFO] [stderr]    Compiling http-body v0.3.1
[INFO] [stderr]    Compiling anyhow v1.0.65
[INFO] [stderr]    Compiling clap v2.34.0
[INFO] [stderr]    Compiling thread_local v1.1.4
[INFO] [stderr]    Compiling aho-corasick v0.7.19
[INFO] [stderr]    Compiling regex-syntax v0.6.27
[INFO] [stderr]    Compiling either v1.8.0
[INFO] [stderr]    Compiling url v2.3.1
[INFO] [stderr]    Compiling tokio v0.2.25
[INFO] [stderr]    Compiling glob v0.3.0
[INFO] [stderr]    Compiling regex v1.3.9
[INFO] [stderr]    Compiling serde_urlencoded v0.7.1
[INFO] [stderr]    Compiling proc-macro-error v1.0.4
[INFO] [stderr]    Compiling tokio-util v0.3.1
[INFO] [stderr]    Compiling pin-project-internal v1.0.12
[INFO] [stderr]    Compiling openssl-macros v0.1.0
[INFO] [stderr]    Compiling structopt-derive v0.4.18
[INFO] [stderr]    Compiling pin-project v1.0.12
[INFO] [stderr]    Compiling tracing-futures v0.2.5
[INFO] [stderr]    Compiling structopt v0.3.26
[INFO] [stderr]    Compiling h2 v0.2.7
[INFO] [stderr]    Compiling tokio-tls v0.3.1
[INFO] [stderr]    Compiling hyper v0.13.10
[INFO] [stderr]    Compiling hyper-tls v0.4.3
[INFO] [stderr]    Compiling reqwest v0.10.10
[INFO] [stderr]    Compiling mdlc v0.7.0 (/opt/rustwide/workdir)
[INFO] [stderr]     Finished dev [unoptimized + debuginfo] target(s) in 33.52s
[INFO] running `Command { std: "docker" "inspect" "ce73f371315df0a7cf7a60b927fb0b8618778a26fcc462232c210f6a556727a9", kill_on_drop: false }`
[INFO] running `Command { std: "docker" "rm" "-f" "ce73f371315df0a7cf7a60b927fb0b8618778a26fcc462232c210f6a556727a9", kill_on_drop: false }`
[INFO] [stdout] ce73f371315df0a7cf7a60b927fb0b8618778a26fcc462232c210f6a556727a9
[INFO] running `Command { std: "docker" "create" "-v" "/var/lib/crater-agent-workspace/builds/worker-3-tc1/target:/opt/rustwide/target:rw,Z" "-v" "/var/lib/crater-agent-workspace/builds/worker-3-tc1/source:/opt/rustwide/workdir:ro,Z" "-v" "/var/lib/crater-agent-workspace/cargo-home:/opt/rustwide/cargo-home:ro,Z" "-v" "/var/lib/crater-agent-workspace/rustup-home:/opt/rustwide/rustup-home:ro,Z" "-e" "SOURCE_DIR=/opt/rustwide/workdir" "-e" "CARGO_TARGET_DIR=/opt/rustwide/target" "-e" "CARGO_INCREMENTAL=0" "-e" "RUST_BACKTRACE=full" "-e" "RUSTFLAGS=--cap-lints=warn" "-e" "RUSTDOCFLAGS=--cap-lints=warn" "-e" "CARGO_HOME=/opt/rustwide/cargo-home" "-e" "RUSTUP_HOME=/opt/rustwide/rustup-home" "-w" "/opt/rustwide/workdir" "-m" "1610612736" "--user" "0:0" "--network" "none" "ghcr.io/rust-lang/crates-build-env/linux@sha256:5ff2268d62e97bff2cde7d5815dd6ed5b47097566f13b8d0ca110b04b60e07ed" "/opt/rustwide/cargo-home/bin/cargo" "+1.69.0" "test" "--frozen" "--no-run" "--message-format=json", kill_on_drop: false }`
[INFO] [stdout] 2a1e54753c866448a6aafba8b4b33e6c13a13dd36591e2cbb283e3e73ce3a315
[INFO] running `Command { std: "docker" "start" "-a" "2a1e54753c866448a6aafba8b4b33e6c13a13dd36591e2cbb283e3e73ce3a315", kill_on_drop: false }`
[INFO] [stderr]    Compiling mdlc v0.7.0 (/opt/rustwide/workdir)
[INFO] [stderr]     Finished test [unoptimized + debuginfo] target(s) in 0.98s
[INFO] running `Command { std: "docker" "inspect" "2a1e54753c866448a6aafba8b4b33e6c13a13dd36591e2cbb283e3e73ce3a315", kill_on_drop: false }`
[INFO] running `Command { std: "docker" "rm" "-f" "2a1e54753c866448a6aafba8b4b33e6c13a13dd36591e2cbb283e3e73ce3a315", kill_on_drop: false }`
[INFO] [stdout] 2a1e54753c866448a6aafba8b4b33e6c13a13dd36591e2cbb283e3e73ce3a315
[INFO] running `Command { std: "docker" "create" "-v" "/var/lib/crater-agent-workspace/builds/worker-3-tc1/target:/opt/rustwide/target:rw,Z" "-v" "/var/lib/crater-agent-workspace/builds/worker-3-tc1/source:/opt/rustwide/workdir:ro,Z" "-v" "/var/lib/crater-agent-workspace/cargo-home:/opt/rustwide/cargo-home:ro,Z" "-v" "/var/lib/crater-agent-workspace/rustup-home:/opt/rustwide/rustup-home:ro,Z" "-e" "SOURCE_DIR=/opt/rustwide/workdir" "-e" "CARGO_TARGET_DIR=/opt/rustwide/target" "-e" "CARGO_INCREMENTAL=0" "-e" "RUST_BACKTRACE=full" "-e" "RUSTFLAGS=--cap-lints=warn" "-e" "RUSTDOCFLAGS=--cap-lints=warn" "-e" "CARGO_HOME=/opt/rustwide/cargo-home" "-e" "RUSTUP_HOME=/opt/rustwide/rustup-home" "-w" "/opt/rustwide/workdir" "-m" "1610612736" "--user" "0:0" "--network" "none" "ghcr.io/rust-lang/crates-build-env/linux@sha256:5ff2268d62e97bff2cde7d5815dd6ed5b47097566f13b8d0ca110b04b60e07ed" "/opt/rustwide/cargo-home/bin/cargo" "+1.69.0" "test" "--frozen", kill_on_drop: false }`
[INFO] [stdout] 9f1a10839d43abb9321c587d49c2fb2f4b0dd0f35dfb556dccf3179867e1ecef
[INFO] running `Command { std: "docker" "start" "-a" "9f1a10839d43abb9321c587d49c2fb2f4b0dd0f35dfb556dccf3179867e1ecef", kill_on_drop: false }`
[INFO] [stderr]     Finished test [unoptimized + debuginfo] target(s) in 0.08s
[INFO] [stderr]      Running unittests src/lib.rs (/opt/rustwide/target/debug/deps/mdlc-892366dfae421cf0)
[INFO] [stdout] 
[INFO] [stdout] running 1 test
[INFO] [stdout] test links::tests::test_link_identification ... FAILED
[INFO] [stdout] 
[INFO] [stdout] failures:
[INFO] [stdout] 
[INFO] [stdout] ---- links::tests::test_link_identification stdout ----
[INFO] [stdout] thread 'links::tests::test_link_identification' panicked at 'not implemented', src/links.rs:112:9
[INFO] [stdout] stack backtrace:
[INFO] [stdout]    0:     0x559f80b8b12a - std::backtrace_rs::backtrace::libunwind::trace::ha9053a9a07ca49cb
[INFO] [stdout]                                at /rustc/84c898d65adf2f39a5a98507f1fe0ce10a2b8dbc/library/std/src/../../backtrace/src/backtrace/libunwind.rs:93:5
[INFO] [stdout]    1:     0x559f80b8b12a - std::backtrace_rs::backtrace::trace_unsynchronized::h9c2852a457ad564e
[INFO] [stdout]                                at /rustc/84c898d65adf2f39a5a98507f1fe0ce10a2b8dbc/library/std/src/../../backtrace/src/backtrace/mod.rs:66:5
[INFO] [stdout]    2:     0x559f80b8b12a - std::sys_common::backtrace::_print_fmt::h457936fbfaa0070f
[INFO] [stdout]                                at /rustc/84c898d65adf2f39a5a98507f1fe0ce10a2b8dbc/library/std/src/sys_common/backtrace.rs:65:5
[INFO] [stdout]    3:     0x559f80b8b12a - <std::sys_common::backtrace::_print::DisplayBacktrace as core::fmt::Display>::fmt::h5779d7bf7f70cb0c
[INFO] [stdout]                                at /rustc/84c898d65adf2f39a5a98507f1fe0ce10a2b8dbc/library/std/src/sys_common/backtrace.rs:44:22
[INFO] [stdout]    4:     0x559f80bae7be - core::fmt::write::h5a4baaff1bcd3eb5
[INFO] [stdout]                                at /rustc/84c898d65adf2f39a5a98507f1fe0ce10a2b8dbc/library/core/src/fmt/mod.rs:1232:17
[INFO] [stdout]    5:     0x559f80b885a5 - std::io::Write::write_fmt::h478f79c628ef31d1
[INFO] [stdout]                                at /rustc/84c898d65adf2f39a5a98507f1fe0ce10a2b8dbc/library/std/src/io/mod.rs:1684:15
[INFO] [stdout]    6:     0x559f80b8aef5 - std::sys_common::backtrace::_print::h5fcdc36060f177e8
[INFO] [stdout]                                at /rustc/84c898d65adf2f39a5a98507f1fe0ce10a2b8dbc/library/std/src/sys_common/backtrace.rs:47:5
[INFO] [stdout]    7:     0x559f80b8aef5 - std::sys_common::backtrace::print::h54ca9458b876c8bf
[INFO] [stdout]                                at /rustc/84c898d65adf2f39a5a98507f1fe0ce10a2b8dbc/library/std/src/sys_common/backtrace.rs:34:9
[INFO] [stdout]    8:     0x559f80b8ccbf - std::panicking::default_hook::{{closure}}::hbe471161c7664ed6
[INFO] [stdout]                                at /rustc/84c898d65adf2f39a5a98507f1fe0ce10a2b8dbc/library/std/src/panicking.rs:271:22
[INFO] [stdout]    9:     0x559f80b8c97f - std::panicking::default_hook::ha3500da57aa4ac4f
[INFO] [stdout]                                at /rustc/84c898d65adf2f39a5a98507f1fe0ce10a2b8dbc/library/std/src/panicking.rs:287:9
[INFO] [stdout]   10:     0x559f80b5ea27 - <alloc::boxed::Box<F,A> as core::ops::function::Fn<Args>>::call::hdf1b89dd137ece34
[INFO] [stdout]                                at /rustc/84c898d65adf2f39a5a98507f1fe0ce10a2b8dbc/library/alloc/src/boxed.rs:2001:9
[INFO] [stdout]   11:     0x559f80b5ea27 - test::test_main::{{closure}}::h9081a79f20e75698
[INFO] [stdout]                                at /rustc/84c898d65adf2f39a5a98507f1fe0ce10a2b8dbc/library/test/src/lib.rs:135:21
[INFO] [stdout]   12:     0x559f80b8d3ed - <alloc::boxed::Box<F,A> as core::ops::function::Fn<Args>>::call::h6507bddc3eebb4a5
[INFO] [stdout]                                at /rustc/84c898d65adf2f39a5a98507f1fe0ce10a2b8dbc/library/alloc/src/boxed.rs:2001:9
[INFO] [stdout]   13:     0x559f80b8d3ed - std::panicking::rust_panic_with_hook::h50c09d000dc561d2
[INFO] [stdout]                                at /rustc/84c898d65adf2f39a5a98507f1fe0ce10a2b8dbc/library/std/src/panicking.rs:696:13
[INFO] [stdout]   14:     0x559f80b8d122 - std::panicking::begin_panic_handler::{{closure}}::h9e2b2176e00e0d9c
[INFO] [stdout]                                at /rustc/84c898d65adf2f39a5a98507f1fe0ce10a2b8dbc/library/std/src/panicking.rs:581:13
[INFO] [stdout]   15:     0x559f80b8b596 - std::sys_common::backtrace::__rust_end_short_backtrace::h5739b8e512c09d02
[INFO] [stdout]                                at /rustc/84c898d65adf2f39a5a98507f1fe0ce10a2b8dbc/library/std/src/sys_common/backtrace.rs:150:18
[INFO] [stdout]   16:     0x559f80b8ce72 - rust_begin_unwind
[INFO] [stdout]                                at /rustc/84c898d65adf2f39a5a98507f1fe0ce10a2b8dbc/library/std/src/panicking.rs:579:5
[INFO] [stdout]   17:     0x559f80b2eb73 - core::panicking::panic_fmt::hf33a1475b4dc5c3e
[INFO] [stdout]                                at /rustc/84c898d65adf2f39a5a98507f1fe0ce10a2b8dbc/library/core/src/panicking.rs:64:14
[INFO] [stdout]   18:     0x559f80b2ec0d - core::panicking::panic::h9533b2fee90b999e
[INFO] [stdout]                                at /rustc/84c898d65adf2f39a5a98507f1fe0ce10a2b8dbc/library/core/src/panicking.rs:114:5
[INFO] [stdout]   19:     0x559f80b2f42d - mdlc::links::tests::test_link_identification::h9ce8971d9df3df79
[INFO] [stdout]                                at /opt/rustwide/workdir/src/links.rs:112:9
[INFO] [stdout]   20:     0x559f80b2f3f7 - mdlc::links::tests::test_link_identification::{{closure}}::hc8d9d3cac681c8da
[INFO] [stdout]                                at /opt/rustwide/workdir/src/links.rs:111:35
[INFO] [stdout]   21:     0x559f80b2f605 - core::ops::function::FnOnce::call_once::h249133b7b1c28f3c
[INFO] [stdout]                                at /rustc/84c898d65adf2f39a5a98507f1fe0ce10a2b8dbc/library/core/src/ops/function.rs:250:5
[INFO] [stdout]   22:     0x559f80b63e0f - core::ops::function::FnOnce::call_once::h7d969581be7d0075
[INFO] [stdout]                                at /rustc/84c898d65adf2f39a5a98507f1fe0ce10a2b8dbc/library/core/src/ops/function.rs:250:5
[INFO] [stdout]   23:     0x559f80b63e0f - test::__rust_begin_short_backtrace::hca25a52684e56655
[INFO] [stdout]                                at /rustc/84c898d65adf2f39a5a98507f1fe0ce10a2b8dbc/library/test/src/lib.rs:656:18
[INFO] [stdout]   24:     0x559f80b3542c - test::run_test::{{closure}}::ha8ac744c4af1a4bb
[INFO] [stdout]                                at /rustc/84c898d65adf2f39a5a98507f1fe0ce10a2b8dbc/library/test/src/lib.rs:647:30
[INFO] [stdout]   25:     0x559f80b3542c - core::ops::function::FnOnce::call_once{{vtable.shim}}::h7b411a9ed45bdecf
[INFO] [stdout]                                at /rustc/84c898d65adf2f39a5a98507f1fe0ce10a2b8dbc/library/core/src/ops/function.rs:250:5
[INFO] [stdout]   26:     0x559f80b62dd6 - <alloc::boxed::Box<F,A> as core::ops::function::FnOnce<Args>>::call_once::hd05328869a8ed200
[INFO] [stdout]                                at /rustc/84c898d65adf2f39a5a98507f1fe0ce10a2b8dbc/library/alloc/src/boxed.rs:1987:9
[INFO] [stdout]   27:     0x559f80b62dd6 - <core::panic::unwind_safe::AssertUnwindSafe<F> as core::ops::function::FnOnce<()>>::call_once::h0c601ce20bd5b2be
[INFO] [stdout]                                at /rustc/84c898d65adf2f39a5a98507f1fe0ce10a2b8dbc/library/core/src/panic/unwind_safe.rs:271:9
[INFO] [stdout]   28:     0x559f80b62dd6 - std::panicking::try::do_call::ha4be5c164fe30854
[INFO] [stdout]                                at /rustc/84c898d65adf2f39a5a98507f1fe0ce10a2b8dbc/library/std/src/panicking.rs:487:40
[INFO] [stdout]   29:     0x559f80b62dd6 - std::panicking::try::h604546f3609af05f
[INFO] [stdout]                                at /rustc/84c898d65adf2f39a5a98507f1fe0ce10a2b8dbc/library/std/src/panicking.rs:451:19
[INFO] [stdout]   30:     0x559f80b62dd6 - std::panic::catch_unwind::h5bfa8afe44c9c2f9
[INFO] [stdout]                                at /rustc/84c898d65adf2f39a5a98507f1fe0ce10a2b8dbc/library/std/src/panic.rs:140:14
[INFO] [stdout]   31:     0x559f80b62dd6 - test::run_test_in_process::hd50dee55dd63e6aa
[INFO] [stdout]                                at /rustc/84c898d65adf2f39a5a98507f1fe0ce10a2b8dbc/library/test/src/lib.rs:679:27
[INFO] [stdout]   32:     0x559f80b62dd6 - test::run_test::run_test_inner::{{closure}}::h4aa0f433aa85cea8
[INFO] [stdout]                                at /rustc/84c898d65adf2f39a5a98507f1fe0ce10a2b8dbc/library/test/src/lib.rs:573:39
[INFO] [stdout]   33:     0x559f80b2faa1 - test::run_test::run_test_inner::{{closure}}::had56431adf24b4d6
[INFO] [stdout]                                at /rustc/84c898d65adf2f39a5a98507f1fe0ce10a2b8dbc/library/test/src/lib.rs:600:37
[INFO] [stdout]   34:     0x559f80b2faa1 - std::sys_common::backtrace::__rust_begin_short_backtrace::ha8d9890e0c73bf13
[INFO] [stdout]                                at /rustc/84c898d65adf2f39a5a98507f1fe0ce10a2b8dbc/library/std/src/sys_common/backtrace.rs:134:18
[INFO] [stdout]   35:     0x559f80b354bb - std::thread::Builder::spawn_unchecked_::{{closure}}::{{closure}}::h251832bcb4a95327
[INFO] [stdout]                                at /rustc/84c898d65adf2f39a5a98507f1fe0ce10a2b8dbc/library/std/src/thread/mod.rs:560:17
[INFO] [stdout]   36:     0x559f80b354bb - <core::panic::unwind_safe::AssertUnwindSafe<F> as core::ops::function::FnOnce<()>>::call_once::h8fdff598fa414831
[INFO] [stdout]                                at /rustc/84c898d65adf2f39a5a98507f1fe0ce10a2b8dbc/library/core/src/panic/unwind_safe.rs:271:9
[INFO] [stdout]   37:     0x559f80b354bb - std::panicking::try::do_call::h455dd2f7764a950f
[INFO] [stdout]                                at /rustc/84c898d65adf2f39a5a98507f1fe0ce10a2b8dbc/library/std/src/panicking.rs:487:40
[INFO] [stdout]   38:     0x559f80b354bb - std::panicking::try::had6f23b7b73ae72a
[INFO] [stdout]                                at /rustc/84c898d65adf2f39a5a98507f1fe0ce10a2b8dbc/library/std/src/panicking.rs:451:19
[INFO] [stdout]   39:     0x559f80b354bb - std::panic::catch_unwind::ha6a5ca3915b4dad0
[INFO] [stdout]                                at /rustc/84c898d65adf2f39a5a98507f1fe0ce10a2b8dbc/library/std/src/panic.rs:140:14
[INFO] [stdout]   40:     0x559f80b354bb - std::thread::Builder::spawn_unchecked_::{{closure}}::h883b72ef75da6231
[INFO] [stdout]                                at /rustc/84c898d65adf2f39a5a98507f1fe0ce10a2b8dbc/library/std/src/thread/mod.rs:559:30
[INFO] [stdout]   41:     0x559f80b354bb - core::ops::function::FnOnce::call_once{{vtable.shim}}::hb7dff73dc8bd2ccb
[INFO] [stdout]                                at /rustc/84c898d65adf2f39a5a98507f1fe0ce10a2b8dbc/library/core/src/ops/function.rs:250:5
[INFO] [stdout]   42:     0x559f80b91753 - <alloc::boxed::Box<F,A> as core::ops::function::FnOnce<Args>>::call_once::h39990b24eedef2ab
[INFO] [stdout]                                at /rustc/84c898d65adf2f39a5a98507f1fe0ce10a2b8dbc/library/alloc/src/boxed.rs:1987:9
[INFO] [stdout]   43:     0x559f80b91753 - <alloc::boxed::Box<F,A> as core::ops::function::FnOnce<Args>>::call_once::h01a027258444143b
[INFO] [stdout]                                at /rustc/84c898d65adf2f39a5a98507f1fe0ce10a2b8dbc/library/alloc/src/boxed.rs:1987:9
[INFO] [stdout]   44:     0x559f80b91753 - std::sys::unix::thread::Thread::new::thread_start::ha4f1cdd9c25884ba
[INFO] [stdout]                                at /rustc/84c898d65adf2f39a5a98507f1fe0ce10a2b8dbc/library/std/src/sys/unix/thread.rs:108:17
[INFO] [stdout]   45:     0x7f3da86eab43 - <unknown>
[INFO] [stdout]   46:     0x7f3da877bbb4 - __clone
[INFO] [stdout]   47:                0x0 - <unknown>
[INFO] [stdout] 
[INFO] [stdout] 
[INFO] [stdout] failures:
[INFO] [stdout]     links::tests::test_link_identification
[INFO] [stdout] 
[INFO] [stdout] test result: FAILED. 0 passed; 1 failed; 0 ignored; 0 measured; 0 filtered out; finished in 0.01s
[INFO] [stdout] 
[INFO] [stderr] error: test failed, to rerun pass `--lib`
[INFO] running `Command { std: "docker" "inspect" "9f1a10839d43abb9321c587d49c2fb2f4b0dd0f35dfb556dccf3179867e1ecef", kill_on_drop: false }`
[INFO] running `Command { std: "docker" "rm" "-f" "9f1a10839d43abb9321c587d49c2fb2f4b0dd0f35dfb556dccf3179867e1ecef", kill_on_drop: false }`
[INFO] [stdout] 9f1a10839d43abb9321c587d49c2fb2f4b0dd0f35dfb556dccf3179867e1ecef
