[INFO] fetching crate mcrcon 0.1.0...
[INFO] testing mcrcon-0.1.0 against 1.69.0 for beta-1.70-1
[INFO] extracting crate mcrcon 0.1.0 into /workspace/builds/worker-6-tc1/source
[INFO] validating manifest of crates.io crate mcrcon 0.1.0 on toolchain 1.69.0
[INFO] running `Command { std: CARGO_HOME="/workspace/cargo-home" RUSTUP_HOME="/workspace/rustup-home" "/workspace/cargo-home/bin/cargo" "+1.69.0" "metadata" "--manifest-path" "Cargo.toml" "--no-deps", kill_on_drop: false }`
[INFO] started tweaking crates.io crate mcrcon 0.1.0
[INFO] finished tweaking crates.io crate mcrcon 0.1.0
[INFO] tweaked toml for crates.io crate mcrcon 0.1.0 written to /workspace/builds/worker-6-tc1/source/Cargo.toml
[INFO] running `Command { std: CARGO_HOME="/workspace/cargo-home" RUSTUP_HOME="/workspace/rustup-home" __CARGO_TEST_CHANNEL_OVERRIDE_DO_NOT_USE_THIS="nightly" "/workspace/cargo-home/bin/cargo" "+1.69.0" "generate-lockfile" "--manifest-path" "Cargo.toml" "-Zno-index-update", kill_on_drop: false }`
[INFO] running `Command { std: CARGO_HOME="/workspace/cargo-home" RUSTUP_HOME="/workspace/rustup-home" "/workspace/cargo-home/bin/cargo" "+1.69.0" "fetch" "--manifest-path" "Cargo.toml", kill_on_drop: false }`
[INFO] running `Command { std: "docker" "create" "-v" "/var/lib/crater-agent-workspace/builds/worker-6-tc1/target:/opt/rustwide/target:rw,Z" "-v" "/var/lib/crater-agent-workspace/builds/worker-6-tc1/source:/opt/rustwide/workdir:ro,Z" "-v" "/var/lib/crater-agent-workspace/cargo-home:/opt/rustwide/cargo-home:ro,Z" "-v" "/var/lib/crater-agent-workspace/rustup-home:/opt/rustwide/rustup-home:ro,Z" "-e" "SOURCE_DIR=/opt/rustwide/workdir" "-e" "CARGO_TARGET_DIR=/opt/rustwide/target" "-e" "CARGO_HOME=/opt/rustwide/cargo-home" "-e" "RUSTUP_HOME=/opt/rustwide/rustup-home" "-w" "/opt/rustwide/workdir" "-m" "1610612736" "--user" "0:0" "--network" "none" "ghcr.io/rust-lang/crates-build-env/linux@sha256:5ff2268d62e97bff2cde7d5815dd6ed5b47097566f13b8d0ca110b04b60e07ed" "/opt/rustwide/cargo-home/bin/cargo" "+1.69.0" "metadata" "--no-deps" "--format-version=1", kill_on_drop: false }`
[INFO] [stdout] 9dbe2b9d6f36215f60edb24cb4b2e124aeaa5127589ba62d3aba6c490b3b7dba
[INFO] running `Command { std: "docker" "start" "-a" "9dbe2b9d6f36215f60edb24cb4b2e124aeaa5127589ba62d3aba6c490b3b7dba", kill_on_drop: false }`
[INFO] running `Command { std: "docker" "inspect" "9dbe2b9d6f36215f60edb24cb4b2e124aeaa5127589ba62d3aba6c490b3b7dba", kill_on_drop: false }`
[INFO] running `Command { std: "docker" "rm" "-f" "9dbe2b9d6f36215f60edb24cb4b2e124aeaa5127589ba62d3aba6c490b3b7dba", kill_on_drop: false }`
[INFO] [stdout] 9dbe2b9d6f36215f60edb24cb4b2e124aeaa5127589ba62d3aba6c490b3b7dba
[INFO] running `Command { std: "docker" "create" "-v" "/var/lib/crater-agent-workspace/builds/worker-6-tc1/target:/opt/rustwide/target:rw,Z" "-v" "/var/lib/crater-agent-workspace/builds/worker-6-tc1/source:/opt/rustwide/workdir:ro,Z" "-v" "/var/lib/crater-agent-workspace/cargo-home:/opt/rustwide/cargo-home:ro,Z" "-v" "/var/lib/crater-agent-workspace/rustup-home:/opt/rustwide/rustup-home:ro,Z" "-e" "SOURCE_DIR=/opt/rustwide/workdir" "-e" "CARGO_TARGET_DIR=/opt/rustwide/target" "-e" "CARGO_INCREMENTAL=0" "-e" "RUST_BACKTRACE=full" "-e" "RUSTFLAGS=--cap-lints=warn" "-e" "RUSTDOCFLAGS=--cap-lints=warn" "-e" "CARGO_HOME=/opt/rustwide/cargo-home" "-e" "RUSTUP_HOME=/opt/rustwide/rustup-home" "-w" "/opt/rustwide/workdir" "-m" "1610612736" "--user" "0:0" "--network" "none" "ghcr.io/rust-lang/crates-build-env/linux@sha256:5ff2268d62e97bff2cde7d5815dd6ed5b47097566f13b8d0ca110b04b60e07ed" "/opt/rustwide/cargo-home/bin/cargo" "+1.69.0" "build" "--frozen" "--message-format=json", kill_on_drop: false }`
[INFO] [stdout] 55a873456b5503751888bab1357dc774850a67ba1ba40e53ffbf8bf8c55e35e8
[INFO] running `Command { std: "docker" "start" "-a" "55a873456b5503751888bab1357dc774850a67ba1ba40e53ffbf8bf8c55e35e8", kill_on_drop: false }`
[INFO] [stderr]    Compiling libc v0.2.142
[INFO] [stderr]    Compiling ppv-lite86 v0.2.17
[INFO] [stderr]    Compiling getrandom v0.2.9
[INFO] [stderr]    Compiling rand_core v0.6.4
[INFO] [stderr]    Compiling rand_chacha v0.3.1
[INFO] [stderr]    Compiling rand v0.8.5
[INFO] [stderr]    Compiling mcrcon v0.1.0 (/opt/rustwide/workdir)
[INFO] [stdout] warning: variants `AuthFail` and `Response` are never constructed
[INFO] [stdout]    --> src/lib.rs:118:5
[INFO] [stdout]     |
[INFO] [stdout] 116 | enum PacketType {
[INFO] [stdout]     |      ---------- variants in this enum
[INFO] [stdout] 117 |     /// Represents a packet received from the server after a Command packet is sent on a non-authenticated stream.
[INFO] [stdout] 118 |     AuthFail = -1,
[INFO] [stdout]     |     ^^^^^^^^
[INFO] [stdout] 119 |     /// Represents a response packet received in response to a successfully executed Command packet.
[INFO] [stdout] 120 |     Response = 0,
[INFO] [stdout]     |     ^^^^^^^^
[INFO] [stdout]     |
[INFO] [stdout]     = note: `#[warn(dead_code)]` on by default
[INFO] [stdout] 
[INFO] [stdout] 
[INFO] [stdout] warning: 1 warning emitted
[INFO] [stdout] 
[INFO] [stdout] 
[INFO] [stderr]     Finished dev [unoptimized + debuginfo] target(s) in 1.93s
[INFO] running `Command { std: "docker" "inspect" "55a873456b5503751888bab1357dc774850a67ba1ba40e53ffbf8bf8c55e35e8", kill_on_drop: false }`
[INFO] running `Command { std: "docker" "rm" "-f" "55a873456b5503751888bab1357dc774850a67ba1ba40e53ffbf8bf8c55e35e8", kill_on_drop: false }`
[INFO] [stdout] 55a873456b5503751888bab1357dc774850a67ba1ba40e53ffbf8bf8c55e35e8
[INFO] running `Command { std: "docker" "create" "-v" "/var/lib/crater-agent-workspace/builds/worker-6-tc1/target:/opt/rustwide/target:rw,Z" "-v" "/var/lib/crater-agent-workspace/builds/worker-6-tc1/source:/opt/rustwide/workdir:ro,Z" "-v" "/var/lib/crater-agent-workspace/cargo-home:/opt/rustwide/cargo-home:ro,Z" "-v" "/var/lib/crater-agent-workspace/rustup-home:/opt/rustwide/rustup-home:ro,Z" "-e" "SOURCE_DIR=/opt/rustwide/workdir" "-e" "CARGO_TARGET_DIR=/opt/rustwide/target" "-e" "CARGO_INCREMENTAL=0" "-e" "RUST_BACKTRACE=full" "-e" "RUSTFLAGS=--cap-lints=warn" "-e" "RUSTDOCFLAGS=--cap-lints=warn" "-e" "CARGO_HOME=/opt/rustwide/cargo-home" "-e" "RUSTUP_HOME=/opt/rustwide/rustup-home" "-w" "/opt/rustwide/workdir" "-m" "1610612736" "--user" "0:0" "--network" "none" "ghcr.io/rust-lang/crates-build-env/linux@sha256:5ff2268d62e97bff2cde7d5815dd6ed5b47097566f13b8d0ca110b04b60e07ed" "/opt/rustwide/cargo-home/bin/cargo" "+1.69.0" "test" "--frozen" "--no-run" "--message-format=json", kill_on_drop: false }`
[INFO] [stdout] 5b1f38090fbaf1a58d19bee431922ade6bc49f49fbf93160111110322d3919ca
[INFO] running `Command { std: "docker" "start" "-a" "5b1f38090fbaf1a58d19bee431922ade6bc49f49fbf93160111110322d3919ca", kill_on_drop: false }`
[INFO] [stderr]     Blocking waiting for file lock on package cache
[INFO] [stderr]    Compiling mcrcon v0.1.0 (/opt/rustwide/workdir)
[INFO] [stdout] warning: variants `AuthFail` and `Response` are never constructed
[INFO] [stdout]    --> src/lib.rs:118:5
[INFO] [stdout]     |
[INFO] [stdout] 116 | enum PacketType {
[INFO] [stdout]     |      ---------- variants in this enum
[INFO] [stdout] 117 |     /// Represents a packet received from the server after a Command packet is sent on a non-authenticated stream.
[INFO] [stdout] 118 |     AuthFail = -1,
[INFO] [stdout]     |     ^^^^^^^^
[INFO] [stdout] 119 |     /// Represents a response packet received in response to a successfully executed Command packet.
[INFO] [stdout] 120 |     Response = 0,
[INFO] [stdout]     |     ^^^^^^^^
[INFO] [stdout]     |
[INFO] [stdout]     = note: `#[warn(dead_code)]` on by default
[INFO] [stdout] 
[INFO] [stdout] 
[INFO] [stdout] warning: 1 warning emitted
[INFO] [stdout] 
[INFO] [stdout] 
[INFO] [stdout] warning: variants `AuthFail` and `Response` are never constructed
[INFO] [stdout]    --> src/lib.rs:118:5
[INFO] [stdout]     |
[INFO] [stdout] 116 | enum PacketType {
[INFO] [stdout]     |      ---------- variants in this enum
[INFO] [stdout] 117 |     /// Represents a packet received from the server after a Command packet is sent on a non-authenticated stream.
[INFO] [stdout] 118 |     AuthFail = -1,
[INFO] [stdout]     |     ^^^^^^^^
[INFO] [stdout] 119 |     /// Represents a response packet received in response to a successfully executed Command packet.
[INFO] [stdout] 120 |     Response = 0,
[INFO] [stdout]     |     ^^^^^^^^
[INFO] [stdout]     |
[INFO] [stdout]     = note: `#[warn(dead_code)]` on by default
[INFO] [stdout] 
[INFO] [stdout] 
[INFO] [stdout] warning: 1 warning emitted
[INFO] [stdout] 
[INFO] [stdout] 
[INFO] [stderr]     Finished test [unoptimized + debuginfo] target(s) in 0.37s
[INFO] running `Command { std: "docker" "inspect" "5b1f38090fbaf1a58d19bee431922ade6bc49f49fbf93160111110322d3919ca", kill_on_drop: false }`
[INFO] running `Command { std: "docker" "rm" "-f" "5b1f38090fbaf1a58d19bee431922ade6bc49f49fbf93160111110322d3919ca", kill_on_drop: false }`
[INFO] [stdout] 5b1f38090fbaf1a58d19bee431922ade6bc49f49fbf93160111110322d3919ca
[INFO] running `Command { std: "docker" "create" "-v" "/var/lib/crater-agent-workspace/builds/worker-6-tc1/target:/opt/rustwide/target:rw,Z" "-v" "/var/lib/crater-agent-workspace/builds/worker-6-tc1/source:/opt/rustwide/workdir:ro,Z" "-v" "/var/lib/crater-agent-workspace/cargo-home:/opt/rustwide/cargo-home:ro,Z" "-v" "/var/lib/crater-agent-workspace/rustup-home:/opt/rustwide/rustup-home:ro,Z" "-e" "SOURCE_DIR=/opt/rustwide/workdir" "-e" "CARGO_TARGET_DIR=/opt/rustwide/target" "-e" "CARGO_INCREMENTAL=0" "-e" "RUST_BACKTRACE=full" "-e" "RUSTFLAGS=--cap-lints=warn" "-e" "RUSTDOCFLAGS=--cap-lints=warn" "-e" "CARGO_HOME=/opt/rustwide/cargo-home" "-e" "RUSTUP_HOME=/opt/rustwide/rustup-home" "-w" "/opt/rustwide/workdir" "-m" "1610612736" "--user" "0:0" "--network" "none" "ghcr.io/rust-lang/crates-build-env/linux@sha256:5ff2268d62e97bff2cde7d5815dd6ed5b47097566f13b8d0ca110b04b60e07ed" "/opt/rustwide/cargo-home/bin/cargo" "+1.69.0" "test" "--frozen", kill_on_drop: false }`
[INFO] [stdout] 6741729490f9c3ba8792eec795de50e1063f9c46f520af2aabedbc918fe6ccb9
[INFO] running `Command { std: "docker" "start" "-a" "6741729490f9c3ba8792eec795de50e1063f9c46f520af2aabedbc918fe6ccb9", kill_on_drop: false }`
[INFO] [stderr] warning: variants `AuthFail` and `Response` are never constructed
[INFO] [stderr]    --> src/lib.rs:118:5
[INFO] [stderr]     |
[INFO] [stderr] 116 | enum PacketType {
[INFO] [stderr]     |      ---------- variants in this enum
[INFO] [stderr] 117 |     /// Represents a packet received from the server after a Command packet is sent on a non-authenticated stream.
[INFO] [stderr] 118 |     AuthFail = -1,
[INFO] [stderr]     |     ^^^^^^^^
[INFO] [stderr] 119 |     /// Represents a response packet received in response to a successfully executed Command packet.
[INFO] [stderr] 120 |     Response = 0,
[INFO] [stderr]     |     ^^^^^^^^
[INFO] [stderr]     |
[INFO] [stderr]     = note: `#[warn(dead_code)]` on by default
[INFO] [stderr] 
[INFO] [stderr] warning: `mcrcon` (lib) generated 1 warning
[INFO] [stderr] warning: `mcrcon` (lib test) generated 1 warning (1 duplicate)
[INFO] [stderr]     Finished test [unoptimized + debuginfo] target(s) in 0.01s
[INFO] [stderr]      Running unittests src/lib.rs (/opt/rustwide/target/debug/deps/mcrcon-ebacef1f81b81730)
[INFO] [stdout] 
[INFO] [stderr]    Doc-tests mcrcon
[INFO] [stdout] running 0 tests
[INFO] [stdout] 
[INFO] [stdout] test result: ok. 0 passed; 0 failed; 0 ignored; 0 measured; 0 filtered out; finished in 0.00s
[INFO] [stdout] 
[INFO] [stdout] 
[INFO] [stdout] running 1 test
[INFO] [stdout] test src/lib.rs - (line 6) ... FAILED
[INFO] [stdout] 
[INFO] [stdout] failures:
[INFO] [stdout] 
[INFO] [stdout] ---- src/lib.rs - (line 6) stdout ----
[INFO] [stdout] error[E0254]: the name `mcrcon` is defined multiple times
[INFO] [stdout]  --> src/lib.rs:7:5
[INFO] [stdout]   |
[INFO] [stdout] 2 | extern crate r#mcrcon;
[INFO] [stdout]   | ---------------------- previous import of the extern crate `mcrcon` here
[INFO] [stdout] 3 | use mcrcon;
[INFO] [stdout]   |     ^^^^^^ `mcrcon` reimported here
[INFO] [stdout]   |
[INFO] [stdout]   = note: `mcrcon` must be defined only once in the type namespace of this module
[INFO] [stdout] 
[INFO] [stdout] error[E0599]: no function or associated item named `new` found for struct `TcpStream` in the current scope
[INFO] [stdout]  --> src/lib.rs:10:43
[INFO] [stdout]   |
[INFO] [stdout] 6 |     let mut stream = std::net::TcpStream::new("localhost:25575")?;
[INFO] [stdout]   |                                           ^^^ function or associated item not found in `TcpStream`
[INFO] [stdout] 
[INFO] [stdout] error[E0308]: mismatched types
[INFO] [stdout]  --> src/lib.rs:9:14
[INFO] [stdout]   |
[INFO] [stdout] 5 | fn main() -> Result<(), mcrcon::RCONError> {
[INFO] [stdout]   |    ----      ^^^^^^^^^^^^^^^^^^^^^^^^^^^^^ expected `Result<(), RCONError>`, found `()`
[INFO] [stdout]   |    |
[INFO] [stdout]   |    implicitly returns `()` as its body has no tail or `return` expression
[INFO] [stdout]   |
[INFO] [stdout]   = note:   expected enum `Result<(), RCONError>`
[INFO] [stdout]           found unit type `()`
[INFO] [stdout] 
[INFO] [stdout] error: aborting due to 3 previous errors
[INFO] [stdout] 
[INFO] [stdout] Some errors have detailed explanations: E0254, E0308, E0599.
[INFO] [stdout] For more information about an error, try `rustc --explain E0254`.
[INFO] [stdout] Couldn't compile the test.
[INFO] [stdout] 
[INFO] [stdout] failures:
[INFO] [stdout]     src/lib.rs - (line 6)
[INFO] [stdout] 
[INFO] [stdout] test result: FAILED. 0 passed; 1 failed; 0 ignored; 0 measured; 0 filtered out; finished in 0.04s
[INFO] [stdout] 
[INFO] [stderr] error: doctest failed, to rerun pass `--doc`
[INFO] running `Command { std: "docker" "inspect" "6741729490f9c3ba8792eec795de50e1063f9c46f520af2aabedbc918fe6ccb9", kill_on_drop: false }`
[INFO] running `Command { std: "docker" "rm" "-f" "6741729490f9c3ba8792eec795de50e1063f9c46f520af2aabedbc918fe6ccb9", kill_on_drop: false }`
[INFO] [stdout] 6741729490f9c3ba8792eec795de50e1063f9c46f520af2aabedbc918fe6ccb9
