[INFO] fetching crate max17320 0.1.0...
[INFO] testing max17320-0.1.0 against 1.69.0 for beta-1.70-1
[INFO] extracting crate max17320 0.1.0 into /workspace/builds/worker-3-tc1/source
[INFO] validating manifest of crates.io crate max17320 0.1.0 on toolchain 1.69.0
[INFO] running `Command { std: CARGO_HOME="/workspace/cargo-home" RUSTUP_HOME="/workspace/rustup-home" "/workspace/cargo-home/bin/cargo" "+1.69.0" "metadata" "--manifest-path" "Cargo.toml" "--no-deps", kill_on_drop: false }`
[INFO] started tweaking crates.io crate max17320 0.1.0
[INFO] finished tweaking crates.io crate max17320 0.1.0
[INFO] tweaked toml for crates.io crate max17320 0.1.0 written to /workspace/builds/worker-3-tc1/source/Cargo.toml
[INFO] running `Command { std: CARGO_HOME="/workspace/cargo-home" RUSTUP_HOME="/workspace/rustup-home" __CARGO_TEST_CHANNEL_OVERRIDE_DO_NOT_USE_THIS="nightly" "/workspace/cargo-home/bin/cargo" "+1.69.0" "generate-lockfile" "--manifest-path" "Cargo.toml" "-Zno-index-update", kill_on_drop: false }`
[INFO] running `Command { std: CARGO_HOME="/workspace/cargo-home" RUSTUP_HOME="/workspace/rustup-home" "/workspace/cargo-home/bin/cargo" "+1.69.0" "fetch" "--manifest-path" "Cargo.toml", kill_on_drop: false }`
[INFO] running `Command { std: "docker" "create" "-v" "/var/lib/crater-agent-workspace/builds/worker-3-tc1/target:/opt/rustwide/target:rw,Z" "-v" "/var/lib/crater-agent-workspace/builds/worker-3-tc1/source:/opt/rustwide/workdir:ro,Z" "-v" "/var/lib/crater-agent-workspace/cargo-home:/opt/rustwide/cargo-home:ro,Z" "-v" "/var/lib/crater-agent-workspace/rustup-home:/opt/rustwide/rustup-home:ro,Z" "-e" "SOURCE_DIR=/opt/rustwide/workdir" "-e" "CARGO_TARGET_DIR=/opt/rustwide/target" "-e" "CARGO_HOME=/opt/rustwide/cargo-home" "-e" "RUSTUP_HOME=/opt/rustwide/rustup-home" "-w" "/opt/rustwide/workdir" "-m" "1610612736" "--user" "0:0" "--network" "none" "ghcr.io/rust-lang/crates-build-env/linux@sha256:5ff2268d62e97bff2cde7d5815dd6ed5b47097566f13b8d0ca110b04b60e07ed" "/opt/rustwide/cargo-home/bin/cargo" "+1.69.0" "metadata" "--no-deps" "--format-version=1", kill_on_drop: false }`
[INFO] [stdout] e6ec6e6003971367d26aeba36fefefcd29ec9a466215d31324eed0669f538a1e
[INFO] running `Command { std: "docker" "start" "-a" "e6ec6e6003971367d26aeba36fefefcd29ec9a466215d31324eed0669f538a1e", kill_on_drop: false }`
[INFO] running `Command { std: "docker" "inspect" "e6ec6e6003971367d26aeba36fefefcd29ec9a466215d31324eed0669f538a1e", kill_on_drop: false }`
[INFO] running `Command { std: "docker" "rm" "-f" "e6ec6e6003971367d26aeba36fefefcd29ec9a466215d31324eed0669f538a1e", kill_on_drop: false }`
[INFO] [stdout] e6ec6e6003971367d26aeba36fefefcd29ec9a466215d31324eed0669f538a1e
[INFO] running `Command { std: "docker" "create" "-v" "/var/lib/crater-agent-workspace/builds/worker-3-tc1/target:/opt/rustwide/target:rw,Z" "-v" "/var/lib/crater-agent-workspace/builds/worker-3-tc1/source:/opt/rustwide/workdir:ro,Z" "-v" "/var/lib/crater-agent-workspace/cargo-home:/opt/rustwide/cargo-home:ro,Z" "-v" "/var/lib/crater-agent-workspace/rustup-home:/opt/rustwide/rustup-home:ro,Z" "-e" "SOURCE_DIR=/opt/rustwide/workdir" "-e" "CARGO_TARGET_DIR=/opt/rustwide/target" "-e" "CARGO_INCREMENTAL=0" "-e" "RUST_BACKTRACE=full" "-e" "RUSTFLAGS=--cap-lints=warn" "-e" "RUSTDOCFLAGS=--cap-lints=warn" "-e" "CARGO_HOME=/opt/rustwide/cargo-home" "-e" "RUSTUP_HOME=/opt/rustwide/rustup-home" "-w" "/opt/rustwide/workdir" "-m" "1610612736" "--user" "0:0" "--network" "none" "ghcr.io/rust-lang/crates-build-env/linux@sha256:5ff2268d62e97bff2cde7d5815dd6ed5b47097566f13b8d0ca110b04b60e07ed" "/opt/rustwide/cargo-home/bin/cargo" "+1.69.0" "build" "--frozen" "--message-format=json", kill_on_drop: false }`
[INFO] [stdout] 556946b2323ed0f57c984a4d77f833342f328bb5100ab6575e7e0c79e529f4e4
[INFO] running `Command { std: "docker" "start" "-a" "556946b2323ed0f57c984a4d77f833342f328bb5100ab6575e7e0c79e529f4e4", kill_on_drop: false }`
[INFO] [stderr]    Compiling nb v1.1.0
[INFO] [stderr]    Compiling void v1.0.2
[INFO] [stderr]    Compiling nb v0.1.3
[INFO] [stderr]    Compiling embedded-hal v0.2.7
[INFO] [stderr]    Compiling max17320 v0.1.0 (/opt/rustwide/workdir)
[INFO] [stderr]     Finished dev [unoptimized + debuginfo] target(s) in 0.37s
[INFO] running `Command { std: "docker" "inspect" "556946b2323ed0f57c984a4d77f833342f328bb5100ab6575e7e0c79e529f4e4", kill_on_drop: false }`
[INFO] running `Command { std: "docker" "rm" "-f" "556946b2323ed0f57c984a4d77f833342f328bb5100ab6575e7e0c79e529f4e4", kill_on_drop: false }`
[INFO] [stdout] 556946b2323ed0f57c984a4d77f833342f328bb5100ab6575e7e0c79e529f4e4
[INFO] running `Command { std: "docker" "create" "-v" "/var/lib/crater-agent-workspace/builds/worker-3-tc1/target:/opt/rustwide/target:rw,Z" "-v" "/var/lib/crater-agent-workspace/builds/worker-3-tc1/source:/opt/rustwide/workdir:ro,Z" "-v" "/var/lib/crater-agent-workspace/cargo-home:/opt/rustwide/cargo-home:ro,Z" "-v" "/var/lib/crater-agent-workspace/rustup-home:/opt/rustwide/rustup-home:ro,Z" "-e" "SOURCE_DIR=/opt/rustwide/workdir" "-e" "CARGO_TARGET_DIR=/opt/rustwide/target" "-e" "CARGO_INCREMENTAL=0" "-e" "RUST_BACKTRACE=full" "-e" "RUSTFLAGS=--cap-lints=warn" "-e" "RUSTDOCFLAGS=--cap-lints=warn" "-e" "CARGO_HOME=/opt/rustwide/cargo-home" "-e" "RUSTUP_HOME=/opt/rustwide/rustup-home" "-w" "/opt/rustwide/workdir" "-m" "1610612736" "--user" "0:0" "--network" "none" "ghcr.io/rust-lang/crates-build-env/linux@sha256:5ff2268d62e97bff2cde7d5815dd6ed5b47097566f13b8d0ca110b04b60e07ed" "/opt/rustwide/cargo-home/bin/cargo" "+1.69.0" "test" "--frozen" "--no-run" "--message-format=json", kill_on_drop: false }`
[INFO] [stdout] 9f147a86dc54165e8d831be50479c0b1ad76daeee7a59fcce01bce80f1b5f032
[INFO] running `Command { std: "docker" "start" "-a" "9f147a86dc54165e8d831be50479c0b1ad76daeee7a59fcce01bce80f1b5f032", kill_on_drop: false }`
[INFO] [stderr]    Compiling max17320 v0.1.0 (/opt/rustwide/workdir)
[INFO] [stderr]     Finished test [unoptimized + debuginfo] target(s) in 0.35s
[INFO] running `Command { std: "docker" "inspect" "9f147a86dc54165e8d831be50479c0b1ad76daeee7a59fcce01bce80f1b5f032", kill_on_drop: false }`
[INFO] running `Command { std: "docker" "rm" "-f" "9f147a86dc54165e8d831be50479c0b1ad76daeee7a59fcce01bce80f1b5f032", kill_on_drop: false }`
[INFO] [stdout] 9f147a86dc54165e8d831be50479c0b1ad76daeee7a59fcce01bce80f1b5f032
[INFO] running `Command { std: "docker" "create" "-v" "/var/lib/crater-agent-workspace/builds/worker-3-tc1/target:/opt/rustwide/target:rw,Z" "-v" "/var/lib/crater-agent-workspace/builds/worker-3-tc1/source:/opt/rustwide/workdir:ro,Z" "-v" "/var/lib/crater-agent-workspace/cargo-home:/opt/rustwide/cargo-home:ro,Z" "-v" "/var/lib/crater-agent-workspace/rustup-home:/opt/rustwide/rustup-home:ro,Z" "-e" "SOURCE_DIR=/opt/rustwide/workdir" "-e" "CARGO_TARGET_DIR=/opt/rustwide/target" "-e" "CARGO_INCREMENTAL=0" "-e" "RUST_BACKTRACE=full" "-e" "RUSTFLAGS=--cap-lints=warn" "-e" "RUSTDOCFLAGS=--cap-lints=warn" "-e" "CARGO_HOME=/opt/rustwide/cargo-home" "-e" "RUSTUP_HOME=/opt/rustwide/rustup-home" "-w" "/opt/rustwide/workdir" "-m" "1610612736" "--user" "0:0" "--network" "none" "ghcr.io/rust-lang/crates-build-env/linux@sha256:5ff2268d62e97bff2cde7d5815dd6ed5b47097566f13b8d0ca110b04b60e07ed" "/opt/rustwide/cargo-home/bin/cargo" "+1.69.0" "test" "--frozen", kill_on_drop: false }`
[INFO] [stdout] c911b3e357ced2982369f52b2dea76da1813ba52db533e67b804a060988c8847
[INFO] running `Command { std: "docker" "start" "-a" "c911b3e357ced2982369f52b2dea76da1813ba52db533e67b804a060988c8847", kill_on_drop: false }`
[INFO] [stderr]     Finished test [unoptimized + debuginfo] target(s) in 0.00s
[INFO] [stderr]      Running unittests src/lib.rs (/opt/rustwide/target/debug/deps/max17320-a77fdae7c6897f03)
[INFO] [stdout] 
[INFO] [stdout] running 3 tests
[INFO] [stdout] test tests::max_temp_conversion ... ok
[INFO] [stdout] test tests::min_temp_conversion ... ok
[INFO] [stdout] test tests::valid_voltage_threshold ... ok
[INFO] [stdout] 
[INFO] [stdout] test result: ok. 3 passed; 0 failed; 0 ignored; 0 measured; 0 filtered out; finished in 0.00s
[INFO] [stdout] 
[INFO] [stderr]    Doc-tests max17320
[INFO] [stdout] 
[INFO] [stdout] running 1 test
[INFO] [stdout] test src/lib.rs - (line 6) ... FAILED
[INFO] [stdout] 
[INFO] [stdout] failures:
[INFO] [stdout] 
[INFO] [stdout] ---- src/lib.rs - (line 6) stdout ----
[INFO] [stdout] error[E0433]: failed to resolve: use of undeclared crate or module `hal`
[INFO] [stdout]  --> src/lib.rs:13:5
[INFO] [stdout]   |
[INFO] [stdout] 9 | use hal::{pac, prelude::*};
[INFO] [stdout]   |     ^^^ use of undeclared crate or module `hal`
[INFO] [stdout] 
[INFO] [stdout] error[E0432]: unresolved import `cortex_m_rt`
[INFO] [stdout]  --> src/lib.rs:10:5
[INFO] [stdout]   |
[INFO] [stdout] 6 | use cortex_m_rt::ExceptionFrame;
[INFO] [stdout]   |     ^^^^^^^^^^^ use of undeclared crate or module `cortex_m_rt`
[INFO] [stdout] 
[INFO] [stdout] error[E0432]: unresolved import `cortex_m_rt`
[INFO] [stdout]  --> src/lib.rs:11:5
[INFO] [stdout]   |
[INFO] [stdout] 7 | use cortex_m_rt::{entry, exception};
[INFO] [stdout]   |     ^^^^^^^^^^^ use of undeclared crate or module `cortex_m_rt`
[INFO] [stdout] 
[INFO] [stdout] error[E0432]: unresolved import `cortex_m_semihosting`
[INFO] [stdout]  --> src/lib.rs:12:5
[INFO] [stdout]   |
[INFO] [stdout] 8 | use cortex_m_semihosting::hprintln;
[INFO] [stdout]   |     ^^^^^^^^^^^^^^^^^^^^ use of undeclared crate or module `cortex_m_semihosting`
[INFO] [stdout] 
[INFO] [stdout] error[E0432]: unresolved import `hal`
[INFO] [stdout]  --> src/lib.rs:13:5
[INFO] [stdout]   |
[INFO] [stdout] 9 | use hal::{pac, prelude::*};
[INFO] [stdout]   |     ^^^ use of undeclared crate or module `hal`
[INFO] [stdout] 
[INFO] [stdout] error[E0432]: unresolved import `panic_semihosting`
[INFO] [stdout]   --> src/lib.rs:14:5
[INFO] [stdout]    |
[INFO] [stdout] 10 | use panic_semihosting as _;
[INFO] [stdout]    |     ^^^^^^^^^^^^^^^^^^^^^^ no external crate `panic_semihosting`
[INFO] [stdout] 
[INFO] [stdout] error[E0432]: unresolved import `stm32f4xx_hal`
[INFO] [stdout]   --> src/lib.rs:15:5
[INFO] [stdout]    |
[INFO] [stdout] 11 | use stm32f4xx_hal as hal;
[INFO] [stdout]    |     ^^^^^^^^^^^^^^^^^^^^ no external crate `stm32f4xx_hal`
[INFO] [stdout] 
[INFO] [stdout] error[E0432]: unresolved import `vl6180x`
[INFO] [stdout]   --> src/lib.rs:16:5
[INFO] [stdout]    |
[INFO] [stdout] 12 | use vl6180x;
[INFO] [stdout]    |     ^^^^^^^ no external crate `vl6180x`
[INFO] [stdout] 
[INFO] [stdout] error: cannot determine resolution for the attribute macro `exception`
[INFO] [stdout]   --> src/lib.rs:59:3
[INFO] [stdout]    |
[INFO] [stdout] 55 | #[exception]
[INFO] [stdout]    |   ^^^^^^^^^
[INFO] [stdout]    |
[INFO] [stdout]    = note: import resolution is stuck, try simplifying macro imports
[INFO] [stdout] 
[INFO] [stdout] error: cannot determine resolution for the attribute macro `entry`
[INFO] [stdout]   --> src/lib.rs:18:3
[INFO] [stdout]    |
[INFO] [stdout] 14 | #[entry]
[INFO] [stdout]    |   ^^^^^
[INFO] [stdout]    |
[INFO] [stdout]    = note: import resolution is stuck, try simplifying macro imports
[INFO] [stdout] 
[INFO] [stdout] error: cannot determine resolution for the macro `hprintln`
[INFO] [stdout]   --> src/lib.rs:42:9
[INFO] [stdout]    |
[INFO] [stdout] 38 |         hprintln!("status: {}", bat.read_status().unwrap()).unwrap();
[INFO] [stdout]    |         ^^^^^^^^
[INFO] [stdout]    |
[INFO] [stdout]    = note: import resolution is stuck, try simplifying macro imports
[INFO] [stdout] 
[INFO] [stdout] error: cannot determine resolution for the macro `hprintln`
[INFO] [stdout]   --> src/lib.rs:43:9
[INFO] [stdout]    |
[INFO] [stdout] 39 |         hprintln!("capacity: {}mAh", bat.read_capacity().unwrap()).unwrap();
[INFO] [stdout]    |         ^^^^^^^^
[INFO] [stdout]    |
[INFO] [stdout]    = note: import resolution is stuck, try simplifying macro imports
[INFO] [stdout] 
[INFO] [stdout] error: cannot determine resolution for the macro `hprintln`
[INFO] [stdout]   --> src/lib.rs:44:9
[INFO] [stdout]    |
[INFO] [stdout] 40 |         hprintln!("device name: {}", bat.read_device_name().unwrap()).unwrap();
[INFO] [stdout]    |         ^^^^^^^^
[INFO] [stdout]    |
[INFO] [stdout]    = note: import resolution is stuck, try simplifying macro imports
[INFO] [stdout] 
[INFO] [stdout] error: cannot determine resolution for the macro `hprintln`
[INFO] [stdout]   --> src/lib.rs:45:9
[INFO] [stdout]    |
[INFO] [stdout] 41 |         hprintln!("state of charge: {}%", bat.read_state_of_charge().unwrap()).unwrap();
[INFO] [stdout]    |         ^^^^^^^^
[INFO] [stdout]    |
[INFO] [stdout]    = note: import resolution is stuck, try simplifying macro imports
[INFO] [stdout] 
[INFO] [stdout] error: cannot determine resolution for the macro `hprintln`
[INFO] [stdout]   --> src/lib.rs:46:9
[INFO] [stdout]    |
[INFO] [stdout] 42 |         hprintln!("vcell: {}v", bat.read_vcell().unwrap()).unwrap();
[INFO] [stdout]    |         ^^^^^^^^
[INFO] [stdout]    |
[INFO] [stdout]    = note: import resolution is stuck, try simplifying macro imports
[INFO] [stdout] 
[INFO] [stdout] error: cannot determine resolution for the macro `hprintln`
[INFO] [stdout]   --> src/lib.rs:47:9
[INFO] [stdout]    |
[INFO] [stdout] 43 |         hprintln!("cell1: {}v", bat.read_cell1().unwrap()).unwrap();
[INFO] [stdout]    |         ^^^^^^^^
[INFO] [stdout]    |
[INFO] [stdout]    = note: import resolution is stuck, try simplifying macro imports
[INFO] [stdout] 
[INFO] [stdout] error: cannot determine resolution for the macro `hprintln`
[INFO] [stdout]   --> src/lib.rs:48:9
[INFO] [stdout]    |
[INFO] [stdout] 44 |         hprintln!("temp: {}°C", bat.read_temperature().unwrap()).unwrap();
[INFO] [stdout]    |         ^^^^^^^^
[INFO] [stdout]    |
[INFO] [stdout]    = note: import resolution is stuck, try simplifying macro imports
[INFO] [stdout] 
[INFO] [stdout] error: cannot determine resolution for the macro `hprintln`
[INFO] [stdout]   --> src/lib.rs:49:9
[INFO] [stdout]    |
[INFO] [stdout] 45 |         hprintln!("die temp: {}°C", bat.read_die_temperature().unwrap()).unwrap();
[INFO] [stdout]    |         ^^^^^^^^
[INFO] [stdout]    |
[INFO] [stdout]    = note: import resolution is stuck, try simplifying macro imports
[INFO] [stdout] 
[INFO] [stdout] error: cannot determine resolution for the macro `hprintln`
[INFO] [stdout]   --> src/lib.rs:50:9
[INFO] [stdout]    |
[INFO] [stdout] 46 |         hprintln!("current: {}mA", bat.read_current().unwrap()).unwrap();
[INFO] [stdout]    |         ^^^^^^^^
[INFO] [stdout]    |
[INFO] [stdout]    = note: import resolution is stuck, try simplifying macro imports
[INFO] [stdout] 
[INFO] [stdout] error: cannot determine resolution for the macro `hprintln`
[INFO] [stdout]   --> src/lib.rs:51:9
[INFO] [stdout]    |
[INFO] [stdout] 47 |         hprintln!("tte: {}", bat.read_time_to_empty().unwrap()).unwrap();
[INFO] [stdout]    |         ^^^^^^^^
[INFO] [stdout]    |
[INFO] [stdout]    = note: import resolution is stuck, try simplifying macro imports
[INFO] [stdout] 
[INFO] [stdout] error: cannot determine resolution for the macro `hprintln`
[INFO] [stdout]   --> src/lib.rs:52:9
[INFO] [stdout]    |
[INFO] [stdout] 48 |         hprintln!("ttf: {}", bat.read_time_to_full().unwrap()).unwrap();
[INFO] [stdout]    |         ^^^^^^^^
[INFO] [stdout]    |
[INFO] [stdout]    = note: import resolution is stuck, try simplifying macro imports
[INFO] [stdout] 
[INFO] [stdout] error: cannot determine resolution for the macro `hprintln`
[INFO] [stdout]   --> src/lib.rs:53:9
[INFO] [stdout]    |
[INFO] [stdout] 49 |         hprintln!("prot_status: {}", bat.read_protection_status().unwrap()).unwrap();
[INFO] [stdout]    |         ^^^^^^^^
[INFO] [stdout]    |
[INFO] [stdout]    = note: import resolution is stuck, try simplifying macro imports
[INFO] [stdout] 
[INFO] [stdout] error: cannot determine resolution for the macro `hprintln`
[INFO] [stdout]   --> src/lib.rs:54:9
[INFO] [stdout]    |
[INFO] [stdout] 50 |         hprintln!("prot_alert: {}", bat.read_protection_alert().unwrap()).unwrap();
[INFO] [stdout]    |         ^^^^^^^^
[INFO] [stdout]    |
[INFO] [stdout]    = note: import resolution is stuck, try simplifying macro imports
[INFO] [stdout] 
[INFO] [stdout] error[E0433]: failed to resolve: use of undeclared crate or module `cortex_m`
[INFO] [stdout]   --> src/lib.rs:22:9
[INFO] [stdout]    |
[INFO] [stdout] 18 |         cortex_m::peripheral::Peripherals::take(),
[INFO] [stdout]    |         ^^^^^^^^ use of undeclared crate or module `cortex_m`
[INFO] [stdout] 
[INFO] [stdout] error: `#[panic_handler]` function required, but not found
[INFO] [stdout] 
[INFO] [stdout] error: language item required, but not found: `eh_personality`
[INFO] [stdout]   |
[INFO] [stdout]   = note: this can occur when a binary crate with `#![no_std]` is compiled for a target where `eh_personality` is defined in the standard library
[INFO] [stdout]   = help: you may be able to compile for a target that doesn't need `eh_personality`, specify a target with `--target` or in `.cargo/config`
[INFO] [stdout] 
[INFO] [stdout] error: aborting due to 26 previous errors
[INFO] [stdout] 
[INFO] [stdout] Some errors have detailed explanations: E0432, E0433.
[INFO] [stdout] For more information about an error, try `rustc --explain E0432`.
[INFO] [stdout] Couldn't compile the test.
[INFO] [stdout] 
[INFO] [stdout] failures:
[INFO] [stdout]     src/lib.rs - (line 6)
[INFO] [stdout] 
[INFO] [stdout] test result: FAILED. 0 passed; 1 failed; 0 ignored; 0 measured; 0 filtered out; finished in 0.04s
[INFO] [stdout] 
[INFO] [stderr] error: doctest failed, to rerun pass `--doc`
[INFO] running `Command { std: "docker" "inspect" "c911b3e357ced2982369f52b2dea76da1813ba52db533e67b804a060988c8847", kill_on_drop: false }`
[INFO] running `Command { std: "docker" "rm" "-f" "c911b3e357ced2982369f52b2dea76da1813ba52db533e67b804a060988c8847", kill_on_drop: false }`
[INFO] [stdout] c911b3e357ced2982369f52b2dea76da1813ba52db533e67b804a060988c8847
