[INFO] fetching crate matrix_match 1.0.0...
[INFO] testing matrix_match-1.0.0 against 1.69.0 for beta-1.70-1
[INFO] extracting crate matrix_match 1.0.0 into /workspace/builds/worker-0-tc1/source
[INFO] validating manifest of crates.io crate matrix_match 1.0.0 on toolchain 1.69.0
[INFO] running `Command { std: CARGO_HOME="/workspace/cargo-home" RUSTUP_HOME="/workspace/rustup-home" "/workspace/cargo-home/bin/cargo" "+1.69.0" "metadata" "--manifest-path" "Cargo.toml" "--no-deps", kill_on_drop: false }`
[INFO] started tweaking crates.io crate matrix_match 1.0.0
[INFO] finished tweaking crates.io crate matrix_match 1.0.0
[INFO] tweaked toml for crates.io crate matrix_match 1.0.0 written to /workspace/builds/worker-0-tc1/source/Cargo.toml
[INFO] running `Command { std: CARGO_HOME="/workspace/cargo-home" RUSTUP_HOME="/workspace/rustup-home" __CARGO_TEST_CHANNEL_OVERRIDE_DO_NOT_USE_THIS="nightly" "/workspace/cargo-home/bin/cargo" "+1.69.0" "generate-lockfile" "--manifest-path" "Cargo.toml" "-Zno-index-update", kill_on_drop: false }`
[INFO] running `Command { std: CARGO_HOME="/workspace/cargo-home" RUSTUP_HOME="/workspace/rustup-home" "/workspace/cargo-home/bin/cargo" "+1.69.0" "fetch" "--manifest-path" "Cargo.toml", kill_on_drop: false }`
[INFO] running `Command { std: "docker" "create" "-v" "/var/lib/crater-agent-workspace/builds/worker-0-tc1/target:/opt/rustwide/target:rw,Z" "-v" "/var/lib/crater-agent-workspace/builds/worker-0-tc1/source:/opt/rustwide/workdir:ro,Z" "-v" "/var/lib/crater-agent-workspace/cargo-home:/opt/rustwide/cargo-home:ro,Z" "-v" "/var/lib/crater-agent-workspace/rustup-home:/opt/rustwide/rustup-home:ro,Z" "-e" "SOURCE_DIR=/opt/rustwide/workdir" "-e" "CARGO_TARGET_DIR=/opt/rustwide/target" "-e" "CARGO_HOME=/opt/rustwide/cargo-home" "-e" "RUSTUP_HOME=/opt/rustwide/rustup-home" "-w" "/opt/rustwide/workdir" "-m" "1610612736" "--user" "0:0" "--network" "none" "ghcr.io/rust-lang/crates-build-env/linux@sha256:5ff2268d62e97bff2cde7d5815dd6ed5b47097566f13b8d0ca110b04b60e07ed" "/opt/rustwide/cargo-home/bin/cargo" "+1.69.0" "metadata" "--no-deps" "--format-version=1", kill_on_drop: false }`
[INFO] [stdout] f4c73c26555b8821b2d842343d536beed1b12cf26cc26bfd9bfe7b6d03b16be8
[INFO] running `Command { std: "docker" "start" "-a" "f4c73c26555b8821b2d842343d536beed1b12cf26cc26bfd9bfe7b6d03b16be8", kill_on_drop: false }`
[INFO] running `Command { std: "docker" "inspect" "f4c73c26555b8821b2d842343d536beed1b12cf26cc26bfd9bfe7b6d03b16be8", kill_on_drop: false }`
[INFO] running `Command { std: "docker" "rm" "-f" "f4c73c26555b8821b2d842343d536beed1b12cf26cc26bfd9bfe7b6d03b16be8", kill_on_drop: false }`
[INFO] [stdout] f4c73c26555b8821b2d842343d536beed1b12cf26cc26bfd9bfe7b6d03b16be8
[INFO] running `Command { std: "docker" "create" "-v" "/var/lib/crater-agent-workspace/builds/worker-0-tc1/target:/opt/rustwide/target:rw,Z" "-v" "/var/lib/crater-agent-workspace/builds/worker-0-tc1/source:/opt/rustwide/workdir:ro,Z" "-v" "/var/lib/crater-agent-workspace/cargo-home:/opt/rustwide/cargo-home:ro,Z" "-v" "/var/lib/crater-agent-workspace/rustup-home:/opt/rustwide/rustup-home:ro,Z" "-e" "SOURCE_DIR=/opt/rustwide/workdir" "-e" "CARGO_TARGET_DIR=/opt/rustwide/target" "-e" "CARGO_INCREMENTAL=0" "-e" "RUST_BACKTRACE=full" "-e" "RUSTFLAGS=--cap-lints=warn" "-e" "RUSTDOCFLAGS=--cap-lints=warn" "-e" "CARGO_HOME=/opt/rustwide/cargo-home" "-e" "RUSTUP_HOME=/opt/rustwide/rustup-home" "-w" "/opt/rustwide/workdir" "-m" "1610612736" "--user" "0:0" "--network" "none" "ghcr.io/rust-lang/crates-build-env/linux@sha256:5ff2268d62e97bff2cde7d5815dd6ed5b47097566f13b8d0ca110b04b60e07ed" "/opt/rustwide/cargo-home/bin/cargo" "+1.69.0" "build" "--frozen" "--message-format=json", kill_on_drop: false }`
[INFO] [stdout] 2c6704fa8a830ed0387a107e1631502a84272d9d536297a50201f9a834c430f0
[INFO] running `Command { std: "docker" "start" "-a" "2c6704fa8a830ed0387a107e1631502a84272d9d536297a50201f9a834c430f0", kill_on_drop: false }`
[INFO] [stderr]    Compiling matrix_match v1.0.0 (/opt/rustwide/workdir)
[INFO] [stderr]     Finished dev [unoptimized + debuginfo] target(s) in 0.08s
[INFO] running `Command { std: "docker" "inspect" "2c6704fa8a830ed0387a107e1631502a84272d9d536297a50201f9a834c430f0", kill_on_drop: false }`
[INFO] running `Command { std: "docker" "rm" "-f" "2c6704fa8a830ed0387a107e1631502a84272d9d536297a50201f9a834c430f0", kill_on_drop: false }`
[INFO] [stdout] 2c6704fa8a830ed0387a107e1631502a84272d9d536297a50201f9a834c430f0
[INFO] running `Command { std: "docker" "create" "-v" "/var/lib/crater-agent-workspace/builds/worker-0-tc1/target:/opt/rustwide/target:rw,Z" "-v" "/var/lib/crater-agent-workspace/builds/worker-0-tc1/source:/opt/rustwide/workdir:ro,Z" "-v" "/var/lib/crater-agent-workspace/cargo-home:/opt/rustwide/cargo-home:ro,Z" "-v" "/var/lib/crater-agent-workspace/rustup-home:/opt/rustwide/rustup-home:ro,Z" "-e" "SOURCE_DIR=/opt/rustwide/workdir" "-e" "CARGO_TARGET_DIR=/opt/rustwide/target" "-e" "CARGO_INCREMENTAL=0" "-e" "RUST_BACKTRACE=full" "-e" "RUSTFLAGS=--cap-lints=warn" "-e" "RUSTDOCFLAGS=--cap-lints=warn" "-e" "CARGO_HOME=/opt/rustwide/cargo-home" "-e" "RUSTUP_HOME=/opt/rustwide/rustup-home" "-w" "/opt/rustwide/workdir" "-m" "1610612736" "--user" "0:0" "--network" "none" "ghcr.io/rust-lang/crates-build-env/linux@sha256:5ff2268d62e97bff2cde7d5815dd6ed5b47097566f13b8d0ca110b04b60e07ed" "/opt/rustwide/cargo-home/bin/cargo" "+1.69.0" "test" "--frozen" "--no-run" "--message-format=json", kill_on_drop: false }`
[INFO] [stdout] e116b4c12afbcd8bf2839e4105601f7015552e04b29875743cec989e360079df
[INFO] running `Command { std: "docker" "start" "-a" "e116b4c12afbcd8bf2839e4105601f7015552e04b29875743cec989e360079df", kill_on_drop: false }`
[INFO] [stderr]    Compiling matrix_match v1.0.0 (/opt/rustwide/workdir)
[INFO] [stderr]     Finished test [unoptimized + debuginfo] target(s) in 0.30s
[INFO] running `Command { std: "docker" "inspect" "e116b4c12afbcd8bf2839e4105601f7015552e04b29875743cec989e360079df", kill_on_drop: false }`
[INFO] running `Command { std: "docker" "rm" "-f" "e116b4c12afbcd8bf2839e4105601f7015552e04b29875743cec989e360079df", kill_on_drop: false }`
[INFO] [stdout] e116b4c12afbcd8bf2839e4105601f7015552e04b29875743cec989e360079df
[INFO] running `Command { std: "docker" "create" "-v" "/var/lib/crater-agent-workspace/builds/worker-0-tc1/target:/opt/rustwide/target:rw,Z" "-v" "/var/lib/crater-agent-workspace/builds/worker-0-tc1/source:/opt/rustwide/workdir:ro,Z" "-v" "/var/lib/crater-agent-workspace/cargo-home:/opt/rustwide/cargo-home:ro,Z" "-v" "/var/lib/crater-agent-workspace/rustup-home:/opt/rustwide/rustup-home:ro,Z" "-e" "SOURCE_DIR=/opt/rustwide/workdir" "-e" "CARGO_TARGET_DIR=/opt/rustwide/target" "-e" "CARGO_INCREMENTAL=0" "-e" "RUST_BACKTRACE=full" "-e" "RUSTFLAGS=--cap-lints=warn" "-e" "RUSTDOCFLAGS=--cap-lints=warn" "-e" "CARGO_HOME=/opt/rustwide/cargo-home" "-e" "RUSTUP_HOME=/opt/rustwide/rustup-home" "-w" "/opt/rustwide/workdir" "-m" "1610612736" "--user" "0:0" "--network" "none" "ghcr.io/rust-lang/crates-build-env/linux@sha256:5ff2268d62e97bff2cde7d5815dd6ed5b47097566f13b8d0ca110b04b60e07ed" "/opt/rustwide/cargo-home/bin/cargo" "+1.69.0" "test" "--frozen", kill_on_drop: false }`
[INFO] [stdout] 72933240b64dcd11c6fdf07270fd70e2734efe6bac5ce3a561f9fbb0d62ff20e
[INFO] running `Command { std: "docker" "start" "-a" "72933240b64dcd11c6fdf07270fd70e2734efe6bac5ce3a561f9fbb0d62ff20e", kill_on_drop: false }`
[INFO] [stderr]     Finished test [unoptimized + debuginfo] target(s) in 0.00s
[INFO] [stderr]      Running unittests src/lib.rs (/opt/rustwide/target/debug/deps/matrix_match-2715407968bc5308)
[INFO] [stdout] 
[INFO] [stdout] running 5 tests
[INFO] [stdout] test test::basic_use ... ok
[INFO] [stdout] test test::big ... ok
[INFO] [stdout] test test::complex_match ... ok
[INFO] [stdout] test test::complex_expr ... ok
[INFO] [stdout] test test::full ... ok
[INFO] [stdout] 
[INFO] [stdout] test result: ok. 5 passed; 0 failed; 0 ignored; 0 measured; 0 filtered out; finished in 0.00s
[INFO] [stdout] 
[INFO] [stderr]    Doc-tests matrix_match
[INFO] [stdout] 
[INFO] [stdout] running 3 tests
[INFO] [stdout] test src/lib.rs - matrix_match (line 46) ... FAILED
[INFO] [stdout] test src/lib.rs - matrix_match (line 65) ... ok
[INFO] [stdout] test src/lib.rs - matrix_match (line 80) ... ok
[INFO] [stdout] 
[INFO] [stdout] failures:
[INFO] [stdout] 
[INFO] [stdout] ---- src/lib.rs - matrix_match (line 46) stdout ----
[INFO] [stdout] error[E0170]: pattern binding `a` is named the same as one of the variants of the type `main::_doctest_main_src_lib_rs_46_0::A`
[INFO] [stdout]  --> src/lib.rs:52:5
[INFO] [stdout]   |
[INFO] [stdout] 9 | let a = A::a;
[INFO] [stdout]   |     ^
[INFO] [stdout]   |
[INFO] [stdout]   = note: `#[deny(bindings_with_variant_name)]` on by default
[INFO] [stdout] 
[INFO] [stdout] error[E0170]: pattern binding `b` is named the same as one of the variants of the type `main::_doctest_main_src_lib_rs_46_0::B`
[INFO] [stdout]   --> src/lib.rs:53:5
[INFO] [stdout]    |
[INFO] [stdout] 10 | let b = B::b;
[INFO] [stdout]    |     ^
[INFO] [stdout] 
[INFO] [stdout] error: aborting due to 2 previous errors
[INFO] [stdout] 
[INFO] [stdout] For more information about this error, try `rustc --explain E0170`.
[INFO] [stdout] Couldn't compile the test.
[INFO] [stdout] 
[INFO] [stdout] failures:
[INFO] [stdout]     src/lib.rs - matrix_match (line 46)
[INFO] [stdout] 
[INFO] [stdout] test result: FAILED. 2 passed; 1 failed; 0 ignored; 0 measured; 0 filtered out; finished in 0.14s
[INFO] [stdout] 
[INFO] [stderr] error: doctest failed, to rerun pass `--doc`
[INFO] running `Command { std: "docker" "inspect" "72933240b64dcd11c6fdf07270fd70e2734efe6bac5ce3a561f9fbb0d62ff20e", kill_on_drop: false }`
[INFO] running `Command { std: "docker" "rm" "-f" "72933240b64dcd11c6fdf07270fd70e2734efe6bac5ce3a561f9fbb0d62ff20e", kill_on_drop: false }`
[INFO] [stdout] 72933240b64dcd11c6fdf07270fd70e2734efe6bac5ce3a561f9fbb0d62ff20e
