[INFO] fetching crate math_sd 0.0.1...
[INFO] testing math_sd-0.0.1 against 1.69.0 for beta-1.70-1
[INFO] extracting crate math_sd 0.0.1 into /workspace/builds/worker-7-tc1/source
[INFO] validating manifest of crates.io crate math_sd 0.0.1 on toolchain 1.69.0
[INFO] running `Command { std: CARGO_HOME="/workspace/cargo-home" RUSTUP_HOME="/workspace/rustup-home" "/workspace/cargo-home/bin/cargo" "+1.69.0" "metadata" "--manifest-path" "Cargo.toml" "--no-deps", kill_on_drop: false }`
[INFO] started tweaking crates.io crate math_sd 0.0.1
[INFO] finished tweaking crates.io crate math_sd 0.0.1
[INFO] tweaked toml for crates.io crate math_sd 0.0.1 written to /workspace/builds/worker-7-tc1/source/Cargo.toml
[INFO] running `Command { std: CARGO_HOME="/workspace/cargo-home" RUSTUP_HOME="/workspace/rustup-home" __CARGO_TEST_CHANNEL_OVERRIDE_DO_NOT_USE_THIS="nightly" "/workspace/cargo-home/bin/cargo" "+1.69.0" "generate-lockfile" "--manifest-path" "Cargo.toml" "-Zno-index-update", kill_on_drop: false }`
[INFO] running `Command { std: CARGO_HOME="/workspace/cargo-home" RUSTUP_HOME="/workspace/rustup-home" "/workspace/cargo-home/bin/cargo" "+1.69.0" "fetch" "--manifest-path" "Cargo.toml", kill_on_drop: false }`
[INFO] running `Command { std: "docker" "create" "-v" "/var/lib/crater-agent-workspace/builds/worker-7-tc1/target:/opt/rustwide/target:rw,Z" "-v" "/var/lib/crater-agent-workspace/builds/worker-7-tc1/source:/opt/rustwide/workdir:ro,Z" "-v" "/var/lib/crater-agent-workspace/cargo-home:/opt/rustwide/cargo-home:ro,Z" "-v" "/var/lib/crater-agent-workspace/rustup-home:/opt/rustwide/rustup-home:ro,Z" "-e" "SOURCE_DIR=/opt/rustwide/workdir" "-e" "CARGO_TARGET_DIR=/opt/rustwide/target" "-e" "CARGO_HOME=/opt/rustwide/cargo-home" "-e" "RUSTUP_HOME=/opt/rustwide/rustup-home" "-w" "/opt/rustwide/workdir" "-m" "1610612736" "--user" "0:0" "--network" "none" "ghcr.io/rust-lang/crates-build-env/linux@sha256:5ff2268d62e97bff2cde7d5815dd6ed5b47097566f13b8d0ca110b04b60e07ed" "/opt/rustwide/cargo-home/bin/cargo" "+1.69.0" "metadata" "--no-deps" "--format-version=1", kill_on_drop: false }`
[INFO] [stdout] 90f631e0126b9523f5075dcc05740d77bee45e0df6e4510d1857893923c12841
[INFO] running `Command { std: "docker" "start" "-a" "90f631e0126b9523f5075dcc05740d77bee45e0df6e4510d1857893923c12841", kill_on_drop: false }`
[INFO] running `Command { std: "docker" "inspect" "90f631e0126b9523f5075dcc05740d77bee45e0df6e4510d1857893923c12841", kill_on_drop: false }`
[INFO] running `Command { std: "docker" "rm" "-f" "90f631e0126b9523f5075dcc05740d77bee45e0df6e4510d1857893923c12841", kill_on_drop: false }`
[INFO] [stdout] 90f631e0126b9523f5075dcc05740d77bee45e0df6e4510d1857893923c12841
[INFO] running `Command { std: "docker" "create" "-v" "/var/lib/crater-agent-workspace/builds/worker-7-tc1/target:/opt/rustwide/target:rw,Z" "-v" "/var/lib/crater-agent-workspace/builds/worker-7-tc1/source:/opt/rustwide/workdir:ro,Z" "-v" "/var/lib/crater-agent-workspace/cargo-home:/opt/rustwide/cargo-home:ro,Z" "-v" "/var/lib/crater-agent-workspace/rustup-home:/opt/rustwide/rustup-home:ro,Z" "-e" "SOURCE_DIR=/opt/rustwide/workdir" "-e" "CARGO_TARGET_DIR=/opt/rustwide/target" "-e" "CARGO_INCREMENTAL=0" "-e" "RUST_BACKTRACE=full" "-e" "RUSTFLAGS=--cap-lints=warn" "-e" "RUSTDOCFLAGS=--cap-lints=warn" "-e" "CARGO_HOME=/opt/rustwide/cargo-home" "-e" "RUSTUP_HOME=/opt/rustwide/rustup-home" "-w" "/opt/rustwide/workdir" "-m" "1610612736" "--user" "0:0" "--network" "none" "ghcr.io/rust-lang/crates-build-env/linux@sha256:5ff2268d62e97bff2cde7d5815dd6ed5b47097566f13b8d0ca110b04b60e07ed" "/opt/rustwide/cargo-home/bin/cargo" "+1.69.0" "build" "--frozen" "--message-format=json", kill_on_drop: false }`
[INFO] [stdout] 75b212cb839ec2ae033ddf1ce0a3fb9f7f31c3d6735d5948cefa6923c0fe77f5
[INFO] running `Command { std: "docker" "start" "-a" "75b212cb839ec2ae033ddf1ce0a3fb9f7f31c3d6735d5948cefa6923c0fe77f5", kill_on_drop: false }`
[INFO] [stderr]    Compiling math_sd v0.0.1 (/opt/rustwide/workdir)
[INFO] [stderr]     Finished dev [unoptimized + debuginfo] target(s) in 0.14s
[INFO] running `Command { std: "docker" "inspect" "75b212cb839ec2ae033ddf1ce0a3fb9f7f31c3d6735d5948cefa6923c0fe77f5", kill_on_drop: false }`
[INFO] running `Command { std: "docker" "rm" "-f" "75b212cb839ec2ae033ddf1ce0a3fb9f7f31c3d6735d5948cefa6923c0fe77f5", kill_on_drop: false }`
[INFO] [stdout] 75b212cb839ec2ae033ddf1ce0a3fb9f7f31c3d6735d5948cefa6923c0fe77f5
[INFO] running `Command { std: "docker" "create" "-v" "/var/lib/crater-agent-workspace/builds/worker-7-tc1/target:/opt/rustwide/target:rw,Z" "-v" "/var/lib/crater-agent-workspace/builds/worker-7-tc1/source:/opt/rustwide/workdir:ro,Z" "-v" "/var/lib/crater-agent-workspace/cargo-home:/opt/rustwide/cargo-home:ro,Z" "-v" "/var/lib/crater-agent-workspace/rustup-home:/opt/rustwide/rustup-home:ro,Z" "-e" "SOURCE_DIR=/opt/rustwide/workdir" "-e" "CARGO_TARGET_DIR=/opt/rustwide/target" "-e" "CARGO_INCREMENTAL=0" "-e" "RUST_BACKTRACE=full" "-e" "RUSTFLAGS=--cap-lints=warn" "-e" "RUSTDOCFLAGS=--cap-lints=warn" "-e" "CARGO_HOME=/opt/rustwide/cargo-home" "-e" "RUSTUP_HOME=/opt/rustwide/rustup-home" "-w" "/opt/rustwide/workdir" "-m" "1610612736" "--user" "0:0" "--network" "none" "ghcr.io/rust-lang/crates-build-env/linux@sha256:5ff2268d62e97bff2cde7d5815dd6ed5b47097566f13b8d0ca110b04b60e07ed" "/opt/rustwide/cargo-home/bin/cargo" "+1.69.0" "test" "--frozen" "--no-run" "--message-format=json", kill_on_drop: false }`
[INFO] [stdout] a1b122047289253e6b40cca1abdca51ee8264bb61080bae69e4abac7f95fd86a
[INFO] running `Command { std: "docker" "start" "-a" "a1b122047289253e6b40cca1abdca51ee8264bb61080bae69e4abac7f95fd86a", kill_on_drop: false }`
[INFO] [stderr]    Compiling math_sd v0.0.1 (/opt/rustwide/workdir)
[INFO] [stderr]     Finished test [unoptimized + debuginfo] target(s) in 0.24s
[INFO] running `Command { std: "docker" "inspect" "a1b122047289253e6b40cca1abdca51ee8264bb61080bae69e4abac7f95fd86a", kill_on_drop: false }`
[INFO] running `Command { std: "docker" "rm" "-f" "a1b122047289253e6b40cca1abdca51ee8264bb61080bae69e4abac7f95fd86a", kill_on_drop: false }`
[INFO] [stdout] a1b122047289253e6b40cca1abdca51ee8264bb61080bae69e4abac7f95fd86a
[INFO] running `Command { std: "docker" "create" "-v" "/var/lib/crater-agent-workspace/builds/worker-7-tc1/target:/opt/rustwide/target:rw,Z" "-v" "/var/lib/crater-agent-workspace/builds/worker-7-tc1/source:/opt/rustwide/workdir:ro,Z" "-v" "/var/lib/crater-agent-workspace/cargo-home:/opt/rustwide/cargo-home:ro,Z" "-v" "/var/lib/crater-agent-workspace/rustup-home:/opt/rustwide/rustup-home:ro,Z" "-e" "SOURCE_DIR=/opt/rustwide/workdir" "-e" "CARGO_TARGET_DIR=/opt/rustwide/target" "-e" "CARGO_INCREMENTAL=0" "-e" "RUST_BACKTRACE=full" "-e" "RUSTFLAGS=--cap-lints=warn" "-e" "RUSTDOCFLAGS=--cap-lints=warn" "-e" "CARGO_HOME=/opt/rustwide/cargo-home" "-e" "RUSTUP_HOME=/opt/rustwide/rustup-home" "-w" "/opt/rustwide/workdir" "-m" "1610612736" "--user" "0:0" "--network" "none" "ghcr.io/rust-lang/crates-build-env/linux@sha256:5ff2268d62e97bff2cde7d5815dd6ed5b47097566f13b8d0ca110b04b60e07ed" "/opt/rustwide/cargo-home/bin/cargo" "+1.69.0" "test" "--frozen", kill_on_drop: false }`
[INFO] [stdout] 380e2fe4d4cbb094d5464b9b7f3e13362b3e2fa34a238cd8687722392077d0c6
[INFO] running `Command { std: "docker" "start" "-a" "380e2fe4d4cbb094d5464b9b7f3e13362b3e2fa34a238cd8687722392077d0c6", kill_on_drop: false }`
[INFO] [stderr]     Finished test [unoptimized + debuginfo] target(s) in 0.00s
[INFO] [stderr]      Running unittests src/lib.rs (/opt/rustwide/target/debug/deps/math_sd-70d24048e1a788ae)
[INFO] [stdout] 
[INFO] [stdout] running 0 tests
[INFO] [stdout] 
[INFO] [stdout] test result: ok. 0 passed; 0 failed; 0 ignored; 0 measured; 0 filtered out; finished in 0.00s
[INFO] [stdout] 
[INFO] [stderr]    Doc-tests math_sd
[INFO] [stdout] 
[INFO] [stdout] running 10 tests
[INFO] [stdout] test src/lib.rs - nss::GreekAlphabet::letters (line 159) ... FAILED
[INFO] [stdout] test src/lib.rs - nss::GreekAlphabet::letters_array (line 211) ... FAILED
[INFO] [stdout] test src/lib.rs - nss::GreekAlphabet::letters_array_string (line 224) ... FAILED
[INFO] [stdout] test src/lib.rs - nss::GreekAlphabet::letters_string (line 172) ... FAILED
[INFO] [stdout] test src/lib.rs - nss::GreekAlphabet::letters_vec (line 185) ... FAILED
[INFO] [stdout] test src/lib.rs - nss::GreekAlphabet::letters_vec_string (line 198) ... FAILED
[INFO] [stdout] test src/lib.rs - nss::GreekAlphabet::lowercase (line 63) ... FAILED
[INFO] [stdout] test src/lib.rs - nss::GreekAlphabet::transcription_string (line 145) ... FAILED
[INFO] [stdout] test src/lib.rs - nss::GreekAlphabet::transcription (line 104) ... FAILED
[INFO] [stdout] test src/lib.rs - nss::GreekAlphabet::uppercase (line 24) ... FAILED
[INFO] [stdout] 
[INFO] [stdout] failures:
[INFO] [stdout] 
[INFO] [stdout] ---- src/lib.rs - nss::GreekAlphabet::letters (line 159) stdout ----
[INFO] [stdout] error[E0433]: failed to resolve: use of undeclared type `GreekAlphabet`
[INFO] [stdout]  --> src/lib.rs:160:10
[INFO] [stdout]   |
[INFO] [stdout] 3 | let pi = GreekAlphabet::Pi;
[INFO] [stdout]   |          ^^^^^^^^^^^^^ use of undeclared type `GreekAlphabet`
[INFO] [stdout] 
[INFO] [stdout] error: aborting due to previous error
[INFO] [stdout] 
[INFO] [stdout] For more information about this error, try `rustc --explain E0433`.
[INFO] [stdout] Couldn't compile the test.
[INFO] [stdout] ---- src/lib.rs - nss::GreekAlphabet::letters_array (line 211) stdout ----
[INFO] [stdout] error[E0433]: failed to resolve: use of undeclared type `GreekAlphabet`
[INFO] [stdout]  --> src/lib.rs:212:10
[INFO] [stdout]   |
[INFO] [stdout] 3 | let pi = GreekAlphabet::Pi;
[INFO] [stdout]   |          ^^^^^^^^^^^^^ use of undeclared type `GreekAlphabet`
[INFO] [stdout] 
[INFO] [stdout] error: aborting due to previous error
[INFO] [stdout] 
[INFO] [stdout] For more information about this error, try `rustc --explain E0433`.
[INFO] [stdout] Couldn't compile the test.
[INFO] [stdout] ---- src/lib.rs - nss::GreekAlphabet::letters_array_string (line 224) stdout ----
[INFO] [stdout] error[E0433]: failed to resolve: use of undeclared type `GreekAlphabet`
[INFO] [stdout]  --> src/lib.rs:225:10
[INFO] [stdout]   |
[INFO] [stdout] 3 | let pi = GreekAlphabet::Pi;
[INFO] [stdout]   |          ^^^^^^^^^^^^^ use of undeclared type `GreekAlphabet`
[INFO] [stdout] 
[INFO] [stdout] error: aborting due to previous error
[INFO] [stdout] 
[INFO] [stdout] For more information about this error, try `rustc --explain E0433`.
[INFO] [stdout] Couldn't compile the test.
[INFO] [stdout] ---- src/lib.rs - nss::GreekAlphabet::letters_string (line 172) stdout ----
[INFO] [stdout] error[E0433]: failed to resolve: use of undeclared type `GreekAlphabet`
[INFO] [stdout]  --> src/lib.rs:173:10
[INFO] [stdout]   |
[INFO] [stdout] 3 | let pi = GreekAlphabet::Pi;
[INFO] [stdout]   |          ^^^^^^^^^^^^^ use of undeclared type `GreekAlphabet`
[INFO] [stdout] 
[INFO] [stdout] error: aborting due to previous error
[INFO] [stdout] 
[INFO] [stdout] For more information about this error, try `rustc --explain E0433`.
[INFO] [stdout] Couldn't compile the test.
[INFO] [stdout] ---- src/lib.rs - nss::GreekAlphabet::letters_vec (line 185) stdout ----
[INFO] [stdout] error[E0433]: failed to resolve: use of undeclared type `GreekAlphabet`
[INFO] [stdout]  --> src/lib.rs:186:10
[INFO] [stdout]   |
[INFO] [stdout] 3 | let pi = GreekAlphabet::Pi;
[INFO] [stdout]   |          ^^^^^^^^^^^^^ use of undeclared type `GreekAlphabet`
[INFO] [stdout] 
[INFO] [stdout] error: aborting due to previous error
[INFO] [stdout] 
[INFO] [stdout] For more information about this error, try `rustc --explain E0433`.
[INFO] [stdout] Couldn't compile the test.
[INFO] [stdout] ---- src/lib.rs - nss::GreekAlphabet::letters_vec_string (line 198) stdout ----
[INFO] [stdout] error[E0433]: failed to resolve: use of undeclared type `GreekAlphabet`
[INFO] [stdout]  --> src/lib.rs:199:10
[INFO] [stdout]   |
[INFO] [stdout] 3 | let pi = GreekAlphabet::Pi;
[INFO] [stdout]   |          ^^^^^^^^^^^^^ use of undeclared type `GreekAlphabet`
[INFO] [stdout] 
[INFO] [stdout] error: aborting due to previous error
[INFO] [stdout] 
[INFO] [stdout] For more information about this error, try `rustc --explain E0433`.
[INFO] [stdout] Couldn't compile the test.
[INFO] [stdout] ---- src/lib.rs - nss::GreekAlphabet::lowercase (line 63) stdout ----
[INFO] [stdout] error[E0433]: failed to resolve: use of undeclared type `GreekAlphabet`
[INFO] [stdout]  --> src/lib.rs:64:10
[INFO] [stdout]   |
[INFO] [stdout] 3 | let pi = GreekAlphabet::Pi;
[INFO] [stdout]   |          ^^^^^^^^^^^^^ use of undeclared type `GreekAlphabet`
[INFO] [stdout] 
[INFO] [stdout] error: aborting due to previous error
[INFO] [stdout] 
[INFO] [stdout] For more information about this error, try `rustc --explain E0433`.
[INFO] [stdout] Couldn't compile the test.
[INFO] [stdout] ---- src/lib.rs - nss::GreekAlphabet::transcription_string (line 145) stdout ----
[INFO] [stdout] error[E0433]: failed to resolve: use of undeclared type `GreekAlphabet`
[INFO] [stdout]  --> src/lib.rs:146:11
[INFO] [stdout]   |
[INFO] [stdout] 3 | let psi = GreekAlphabet::Psi;
[INFO] [stdout]   |           ^^^^^^^^^^^^^ use of undeclared type `GreekAlphabet`
[INFO] [stdout] 
[INFO] [stdout] error: aborting due to previous error
[INFO] [stdout] 
[INFO] [stdout] For more information about this error, try `rustc --explain E0433`.
[INFO] [stdout] Couldn't compile the test.
[INFO] [stdout] ---- src/lib.rs - nss::GreekAlphabet::transcription (line 104) stdout ----
[INFO] [stdout] error[E0433]: failed to resolve: use of undeclared type `GreekAlphabet`
[INFO] [stdout]  --> src/lib.rs:105:11
[INFO] [stdout]   |
[INFO] [stdout] 3 | let psi = GreekAlphabet::Psi;
[INFO] [stdout]   |           ^^^^^^^^^^^^^ use of undeclared type `GreekAlphabet`
[INFO] [stdout] 
[INFO] [stdout] error: aborting due to previous error
[INFO] [stdout] 
[INFO] [stdout] For more information about this error, try `rustc --explain E0433`.
[INFO] [stdout] Couldn't compile the test.
[INFO] [stdout] ---- src/lib.rs - nss::GreekAlphabet::uppercase (line 24) stdout ----
[INFO] [stdout] error[E0433]: failed to resolve: use of undeclared type `GreekAlphabet`
[INFO] [stdout]  --> src/lib.rs:25:13
[INFO] [stdout]   |
[INFO] [stdout] 3 | let sigma = GreekAlphabet::Pi;
[INFO] [stdout]   |             ^^^^^^^^^^^^^ use of undeclared type `GreekAlphabet`
[INFO] [stdout] 
[INFO] [stdout] error: aborting due to previous error
[INFO] [stdout] 
[INFO] [stdout] For more information about this error, try `rustc --explain E0433`.
[INFO] [stdout] Couldn't compile the test.
[INFO] [stdout] 
[INFO] [stdout] failures:
[INFO] [stdout]     src/lib.rs - nss::GreekAlphabet::letters (line 159)
[INFO] [stdout]     src/lib.rs - nss::GreekAlphabet::letters_array (line 211)
[INFO] [stdout]     src/lib.rs - nss::GreekAlphabet::letters_array_string (line 224)
[INFO] [stdout]     src/lib.rs - nss::GreekAlphabet::letters_string (line 172)
[INFO] [stdout]     src/lib.rs - nss::GreekAlphabet::letters_vec (line 185)
[INFO] [stdout]     src/lib.rs - nss::GreekAlphabet::letters_vec_string (line 198)
[INFO] [stdout]     src/lib.rs - nss::GreekAlphabet::lowercase (line 63)
[INFO] [stdout]     src/lib.rs - nss::GreekAlphabet::transcription (line 104)
[INFO] [stdout]     src/lib.rs - nss::GreekAlphabet::transcription_string (line 145)
[INFO] [stdout]     src/lib.rs - nss::GreekAlphabet::uppercase (line 24)
[INFO] [stdout] 
[INFO] [stdout] test result: FAILED. 0 passed; 10 failed; 0 ignored; 0 measured; 0 filtered out; finished in 0.03s
[INFO] [stdout] 
[INFO] [stderr] error: doctest failed, to rerun pass `--doc`
[INFO] running `Command { std: "docker" "inspect" "380e2fe4d4cbb094d5464b9b7f3e13362b3e2fa34a238cd8687722392077d0c6", kill_on_drop: false }`
[INFO] running `Command { std: "docker" "rm" "-f" "380e2fe4d4cbb094d5464b9b7f3e13362b3e2fa34a238cd8687722392077d0c6", kill_on_drop: false }`
[INFO] [stdout] 380e2fe4d4cbb094d5464b9b7f3e13362b3e2fa34a238cd8687722392077d0c6
