[INFO] fetching crate marc 3.1.0...
[INFO] testing marc-3.1.0 against 1.69.0 for beta-1.70-1
[INFO] extracting crate marc 3.1.0 into /workspace/builds/worker-5-tc1/source
[INFO] validating manifest of crates.io crate marc 3.1.0 on toolchain 1.69.0
[INFO] running `Command { std: CARGO_HOME="/workspace/cargo-home" RUSTUP_HOME="/workspace/rustup-home" "/workspace/cargo-home/bin/cargo" "+1.69.0" "metadata" "--manifest-path" "Cargo.toml" "--no-deps", kill_on_drop: false }`
[INFO] started tweaking crates.io crate marc 3.1.0
[INFO] finished tweaking crates.io crate marc 3.1.0
[INFO] tweaked toml for crates.io crate marc 3.1.0 written to /workspace/builds/worker-5-tc1/source/Cargo.toml
[INFO] running `Command { std: CARGO_HOME="/workspace/cargo-home" RUSTUP_HOME="/workspace/rustup-home" __CARGO_TEST_CHANNEL_OVERRIDE_DO_NOT_USE_THIS="nightly" "/workspace/cargo-home/bin/cargo" "+1.69.0" "generate-lockfile" "--manifest-path" "Cargo.toml" "-Zno-index-update", kill_on_drop: false }`
[INFO] running `Command { std: CARGO_HOME="/workspace/cargo-home" RUSTUP_HOME="/workspace/rustup-home" "/workspace/cargo-home/bin/cargo" "+1.69.0" "fetch" "--manifest-path" "Cargo.toml", kill_on_drop: false }`
[INFO] running `Command { std: "docker" "create" "-v" "/var/lib/crater-agent-workspace/builds/worker-5-tc1/target:/opt/rustwide/target:rw,Z" "-v" "/var/lib/crater-agent-workspace/builds/worker-5-tc1/source:/opt/rustwide/workdir:ro,Z" "-v" "/var/lib/crater-agent-workspace/cargo-home:/opt/rustwide/cargo-home:ro,Z" "-v" "/var/lib/crater-agent-workspace/rustup-home:/opt/rustwide/rustup-home:ro,Z" "-e" "SOURCE_DIR=/opt/rustwide/workdir" "-e" "CARGO_TARGET_DIR=/opt/rustwide/target" "-e" "CARGO_HOME=/opt/rustwide/cargo-home" "-e" "RUSTUP_HOME=/opt/rustwide/rustup-home" "-w" "/opt/rustwide/workdir" "-m" "1610612736" "--user" "0:0" "--network" "none" "ghcr.io/rust-lang/crates-build-env/linux@sha256:5ff2268d62e97bff2cde7d5815dd6ed5b47097566f13b8d0ca110b04b60e07ed" "/opt/rustwide/cargo-home/bin/cargo" "+1.69.0" "metadata" "--no-deps" "--format-version=1", kill_on_drop: false }`
[INFO] [stdout] 87d5a2d0b0b318fefe731f40c33bf6e7452058480da8ab6b0cf8325f213ec63f
[INFO] running `Command { std: "docker" "start" "-a" "87d5a2d0b0b318fefe731f40c33bf6e7452058480da8ab6b0cf8325f213ec63f", kill_on_drop: false }`
[INFO] running `Command { std: "docker" "inspect" "87d5a2d0b0b318fefe731f40c33bf6e7452058480da8ab6b0cf8325f213ec63f", kill_on_drop: false }`
[INFO] running `Command { std: "docker" "rm" "-f" "87d5a2d0b0b318fefe731f40c33bf6e7452058480da8ab6b0cf8325f213ec63f", kill_on_drop: false }`
[INFO] [stdout] 87d5a2d0b0b318fefe731f40c33bf6e7452058480da8ab6b0cf8325f213ec63f
[INFO] running `Command { std: "docker" "create" "-v" "/var/lib/crater-agent-workspace/builds/worker-5-tc1/target:/opt/rustwide/target:rw,Z" "-v" "/var/lib/crater-agent-workspace/builds/worker-5-tc1/source:/opt/rustwide/workdir:ro,Z" "-v" "/var/lib/crater-agent-workspace/cargo-home:/opt/rustwide/cargo-home:ro,Z" "-v" "/var/lib/crater-agent-workspace/rustup-home:/opt/rustwide/rustup-home:ro,Z" "-e" "SOURCE_DIR=/opt/rustwide/workdir" "-e" "CARGO_TARGET_DIR=/opt/rustwide/target" "-e" "CARGO_INCREMENTAL=0" "-e" "RUST_BACKTRACE=full" "-e" "RUSTFLAGS=--cap-lints=warn" "-e" "RUSTDOCFLAGS=--cap-lints=warn" "-e" "CARGO_HOME=/opt/rustwide/cargo-home" "-e" "RUSTUP_HOME=/opt/rustwide/rustup-home" "-w" "/opt/rustwide/workdir" "-m" "1610612736" "--user" "0:0" "--network" "none" "ghcr.io/rust-lang/crates-build-env/linux@sha256:5ff2268d62e97bff2cde7d5815dd6ed5b47097566f13b8d0ca110b04b60e07ed" "/opt/rustwide/cargo-home/bin/cargo" "+1.69.0" "build" "--frozen" "--message-format=json", kill_on_drop: false }`
[INFO] [stdout] 8fb107b9b17bf514caa42e4186878df93ce28cd3fe159ab27db03d8f94bd61f6
[INFO] running `Command { std: "docker" "start" "-a" "8fb107b9b17bf514caa42e4186878df93ce28cd3fe159ab27db03d8f94bd61f6", kill_on_drop: false }`
[INFO] [stderr]    Compiling marc v3.1.0 (/opt/rustwide/workdir)
[INFO] [stderr]     Finished dev [unoptimized + debuginfo] target(s) in 0.99s
[INFO] running `Command { std: "docker" "inspect" "8fb107b9b17bf514caa42e4186878df93ce28cd3fe159ab27db03d8f94bd61f6", kill_on_drop: false }`
[INFO] running `Command { std: "docker" "rm" "-f" "8fb107b9b17bf514caa42e4186878df93ce28cd3fe159ab27db03d8f94bd61f6", kill_on_drop: false }`
[INFO] [stdout] 8fb107b9b17bf514caa42e4186878df93ce28cd3fe159ab27db03d8f94bd61f6
[INFO] running `Command { std: "docker" "create" "-v" "/var/lib/crater-agent-workspace/builds/worker-5-tc1/target:/opt/rustwide/target:rw,Z" "-v" "/var/lib/crater-agent-workspace/builds/worker-5-tc1/source:/opt/rustwide/workdir:ro,Z" "-v" "/var/lib/crater-agent-workspace/cargo-home:/opt/rustwide/cargo-home:ro,Z" "-v" "/var/lib/crater-agent-workspace/rustup-home:/opt/rustwide/rustup-home:ro,Z" "-e" "SOURCE_DIR=/opt/rustwide/workdir" "-e" "CARGO_TARGET_DIR=/opt/rustwide/target" "-e" "CARGO_INCREMENTAL=0" "-e" "RUST_BACKTRACE=full" "-e" "RUSTFLAGS=--cap-lints=warn" "-e" "RUSTDOCFLAGS=--cap-lints=warn" "-e" "CARGO_HOME=/opt/rustwide/cargo-home" "-e" "RUSTUP_HOME=/opt/rustwide/rustup-home" "-w" "/opt/rustwide/workdir" "-m" "1610612736" "--user" "0:0" "--network" "none" "ghcr.io/rust-lang/crates-build-env/linux@sha256:5ff2268d62e97bff2cde7d5815dd6ed5b47097566f13b8d0ca110b04b60e07ed" "/opt/rustwide/cargo-home/bin/cargo" "+1.69.0" "test" "--frozen" "--no-run" "--message-format=json", kill_on_drop: false }`
[INFO] [stdout] ba719ef74f271f1965f01843264a291efa0723e9867ddbacf361622027d3ee2b
[INFO] running `Command { std: "docker" "start" "-a" "ba719ef74f271f1965f01843264a291efa0723e9867ddbacf361622027d3ee2b", kill_on_drop: false }`
[INFO] [stderr]    Compiling marc v3.1.0 (/opt/rustwide/workdir)
[INFO] [stderr]     Finished test [unoptimized + debuginfo] target(s) in 1.42s
[INFO] running `Command { std: "docker" "inspect" "ba719ef74f271f1965f01843264a291efa0723e9867ddbacf361622027d3ee2b", kill_on_drop: false }`
[INFO] running `Command { std: "docker" "rm" "-f" "ba719ef74f271f1965f01843264a291efa0723e9867ddbacf361622027d3ee2b", kill_on_drop: false }`
[INFO] [stdout] ba719ef74f271f1965f01843264a291efa0723e9867ddbacf361622027d3ee2b
[INFO] running `Command { std: "docker" "create" "-v" "/var/lib/crater-agent-workspace/builds/worker-5-tc1/target:/opt/rustwide/target:rw,Z" "-v" "/var/lib/crater-agent-workspace/builds/worker-5-tc1/source:/opt/rustwide/workdir:ro,Z" "-v" "/var/lib/crater-agent-workspace/cargo-home:/opt/rustwide/cargo-home:ro,Z" "-v" "/var/lib/crater-agent-workspace/rustup-home:/opt/rustwide/rustup-home:ro,Z" "-e" "SOURCE_DIR=/opt/rustwide/workdir" "-e" "CARGO_TARGET_DIR=/opt/rustwide/target" "-e" "CARGO_INCREMENTAL=0" "-e" "RUST_BACKTRACE=full" "-e" "RUSTFLAGS=--cap-lints=warn" "-e" "RUSTDOCFLAGS=--cap-lints=warn" "-e" "CARGO_HOME=/opt/rustwide/cargo-home" "-e" "RUSTUP_HOME=/opt/rustwide/rustup-home" "-w" "/opt/rustwide/workdir" "-m" "1610612736" "--user" "0:0" "--network" "none" "ghcr.io/rust-lang/crates-build-env/linux@sha256:5ff2268d62e97bff2cde7d5815dd6ed5b47097566f13b8d0ca110b04b60e07ed" "/opt/rustwide/cargo-home/bin/cargo" "+1.69.0" "test" "--frozen", kill_on_drop: false }`
[INFO] [stdout] 9880b250fe50d6bcbeebe807755aff0e668f6e40277a96143aa3400214dfb23a
[INFO] running `Command { std: "docker" "start" "-a" "9880b250fe50d6bcbeebe807755aff0e668f6e40277a96143aa3400214dfb23a", kill_on_drop: false }`
[INFO] [stderr]     Finished test [unoptimized + debuginfo] target(s) in 0.01s
[INFO] [stderr]      Running unittests src/lib.rs (/opt/rustwide/target/debug/deps/marc-6b518b54cb9b6a26)
[INFO] [stdout] 
[INFO] [stdout] running 16 tests
[INFO] [stdout] test field::subfield::subfields::test::should_iterate_subfields ... ok
[INFO] [stdout] test directory::test::should_parse_directory ... ok
[INFO] [stdout] test field::subfield::test::should_find_subfields ... ok
[INFO] [stdout] test directory::test::should_parse_empty_directory ... ok
[INFO] [stdout] test field::test::should_add_subfield ... ok
[INFO] [stdout] test tests::read::should_create_record_from_vec ... ok
[INFO] [stdout] test tests::read::should_display_record ... ok
[INFO] [stdout] test field::test::should_filter_subfields ... ok
[INFO] [stdout] test tests::read::should_get_field ... ok
[INFO] [stdout] test tests::write::should_write_record ... ok
[INFO] [stdout] test tests::read::should_get_fields ... ok
[INFO] [stdout] test tests::read::should_read_record ... ok
[INFO] [stdout] test tests::read::should_parse_record ... ok
[INFO] [stdout] test tests::read::should_iterate_records ... ok
[INFO] [stdout] test tests::read::should_build_record ... ok
[INFO] [stderr]    Doc-tests marc
[INFO] [stdout] test field::test::should_panic_if_field_is_too_large - should panic ... ok
[INFO] [stdout] 
[INFO] [stdout] test result: ok. 16 passed; 0 failed; 0 ignored; 0 measured; 0 filtered out; finished in 0.03s
[INFO] [stdout] 
[INFO] [stdout] 
[INFO] [stdout] running 5 tests
[INFO] [stdout] test src/lib.rs - fields (line 742) ... ok
[INFO] [stdout] test src/lib.rs - Record<'a>::is_unicode (line 277) ... FAILED
[INFO] [stdout] test src/lib.rs - (line 32) ... ok
[INFO] [stdout] test src/lib.rs - (line 7) ... FAILED
[INFO] [stdout] test src/lib.rs - (line 59) ... FAILED
[INFO] [stdout] 
[INFO] [stdout] failures:
[INFO] [stdout] 
[INFO] [stdout] ---- src/lib.rs - Record<'a>::is_unicode (line 277) stdout ----
[INFO] [stdout] Test executable failed (exit status: 1).
[INFO] [stdout] 
[INFO] [stdout] stderr:
[INFO] [stdout] Error: Io(NotFound)
[INFO] [stdout] 
[INFO] [stdout] 
[INFO] [stdout] ---- src/lib.rs - (line 7) stdout ----
[INFO] [stdout] Test executable failed (exit status: 1).
[INFO] [stdout] 
[INFO] [stdout] stderr:
[INFO] [stdout] Error: Io(NotFound)
[INFO] [stdout] 
[INFO] [stdout] 
[INFO] [stdout] ---- src/lib.rs - (line 59) stdout ----
[INFO] [stdout] Test executable failed (exit status: 1).
[INFO] [stdout] 
[INFO] [stdout] stderr:
[INFO] [stdout] Error: Io(NotFound)
[INFO] [stdout] 
[INFO] [stdout] 
[INFO] [stdout] 
[INFO] [stdout] failures:
[INFO] [stdout]     src/lib.rs - (line 59)
[INFO] [stdout]     src/lib.rs - (line 7)
[INFO] [stdout]     src/lib.rs - Record<'a>::is_unicode (line 277)
[INFO] [stdout] 
[INFO] [stdout] test result: FAILED. 2 passed; 3 failed; 0 ignored; 0 measured; 0 filtered out; finished in 0.99s
[INFO] [stdout] 
[INFO] [stderr] error: doctest failed, to rerun pass `--doc`
[INFO] running `Command { std: "docker" "inspect" "9880b250fe50d6bcbeebe807755aff0e668f6e40277a96143aa3400214dfb23a", kill_on_drop: false }`
[INFO] running `Command { std: "docker" "rm" "-f" "9880b250fe50d6bcbeebe807755aff0e668f6e40277a96143aa3400214dfb23a", kill_on_drop: false }`
[INFO] [stdout] 9880b250fe50d6bcbeebe807755aff0e668f6e40277a96143aa3400214dfb23a
