[INFO] fetching crate mailboxvalidator 1.0.0...
[INFO] testing mailboxvalidator-1.0.0 against 1.69.0 for beta-1.70-1
[INFO] extracting crate mailboxvalidator 1.0.0 into /workspace/builds/worker-3-tc1/source
[INFO] validating manifest of crates.io crate mailboxvalidator 1.0.0 on toolchain 1.69.0
[INFO] running `Command { std: CARGO_HOME="/workspace/cargo-home" RUSTUP_HOME="/workspace/rustup-home" "/workspace/cargo-home/bin/cargo" "+1.69.0" "metadata" "--manifest-path" "Cargo.toml" "--no-deps", kill_on_drop: false }`
[INFO] started tweaking crates.io crate mailboxvalidator 1.0.0
[INFO] finished tweaking crates.io crate mailboxvalidator 1.0.0
[INFO] tweaked toml for crates.io crate mailboxvalidator 1.0.0 written to /workspace/builds/worker-3-tc1/source/Cargo.toml
[INFO] running `Command { std: CARGO_HOME="/workspace/cargo-home" RUSTUP_HOME="/workspace/rustup-home" __CARGO_TEST_CHANNEL_OVERRIDE_DO_NOT_USE_THIS="nightly" "/workspace/cargo-home/bin/cargo" "+1.69.0" "generate-lockfile" "--manifest-path" "Cargo.toml" "-Zno-index-update", kill_on_drop: false }`
[INFO] running `Command { std: CARGO_HOME="/workspace/cargo-home" RUSTUP_HOME="/workspace/rustup-home" "/workspace/cargo-home/bin/cargo" "+1.69.0" "fetch" "--manifest-path" "Cargo.toml", kill_on_drop: false }`
[INFO] running `Command { std: "docker" "create" "-v" "/var/lib/crater-agent-workspace/builds/worker-3-tc1/target:/opt/rustwide/target:rw,Z" "-v" "/var/lib/crater-agent-workspace/builds/worker-3-tc1/source:/opt/rustwide/workdir:ro,Z" "-v" "/var/lib/crater-agent-workspace/cargo-home:/opt/rustwide/cargo-home:ro,Z" "-v" "/var/lib/crater-agent-workspace/rustup-home:/opt/rustwide/rustup-home:ro,Z" "-e" "SOURCE_DIR=/opt/rustwide/workdir" "-e" "CARGO_TARGET_DIR=/opt/rustwide/target" "-e" "CARGO_HOME=/opt/rustwide/cargo-home" "-e" "RUSTUP_HOME=/opt/rustwide/rustup-home" "-w" "/opt/rustwide/workdir" "-m" "1610612736" "--user" "0:0" "--network" "none" "ghcr.io/rust-lang/crates-build-env/linux@sha256:5ff2268d62e97bff2cde7d5815dd6ed5b47097566f13b8d0ca110b04b60e07ed" "/opt/rustwide/cargo-home/bin/cargo" "+1.69.0" "metadata" "--no-deps" "--format-version=1", kill_on_drop: false }`
[INFO] [stdout] f8af76a5e1e7970d9c5c997c64f87cc8fdf66cee81250713078b968dac056b00
[INFO] running `Command { std: "docker" "start" "-a" "f8af76a5e1e7970d9c5c997c64f87cc8fdf66cee81250713078b968dac056b00", kill_on_drop: false }`
[INFO] running `Command { std: "docker" "inspect" "f8af76a5e1e7970d9c5c997c64f87cc8fdf66cee81250713078b968dac056b00", kill_on_drop: false }`
[INFO] running `Command { std: "docker" "rm" "-f" "f8af76a5e1e7970d9c5c997c64f87cc8fdf66cee81250713078b968dac056b00", kill_on_drop: false }`
[INFO] [stdout] f8af76a5e1e7970d9c5c997c64f87cc8fdf66cee81250713078b968dac056b00
[INFO] running `Command { std: "docker" "create" "-v" "/var/lib/crater-agent-workspace/builds/worker-3-tc1/target:/opt/rustwide/target:rw,Z" "-v" "/var/lib/crater-agent-workspace/builds/worker-3-tc1/source:/opt/rustwide/workdir:ro,Z" "-v" "/var/lib/crater-agent-workspace/cargo-home:/opt/rustwide/cargo-home:ro,Z" "-v" "/var/lib/crater-agent-workspace/rustup-home:/opt/rustwide/rustup-home:ro,Z" "-e" "SOURCE_DIR=/opt/rustwide/workdir" "-e" "CARGO_TARGET_DIR=/opt/rustwide/target" "-e" "CARGO_INCREMENTAL=0" "-e" "RUST_BACKTRACE=full" "-e" "RUSTFLAGS=--cap-lints=warn" "-e" "RUSTDOCFLAGS=--cap-lints=warn" "-e" "CARGO_HOME=/opt/rustwide/cargo-home" "-e" "RUSTUP_HOME=/opt/rustwide/rustup-home" "-w" "/opt/rustwide/workdir" "-m" "1610612736" "--user" "0:0" "--network" "none" "ghcr.io/rust-lang/crates-build-env/linux@sha256:5ff2268d62e97bff2cde7d5815dd6ed5b47097566f13b8d0ca110b04b60e07ed" "/opt/rustwide/cargo-home/bin/cargo" "+1.69.0" "build" "--frozen" "--message-format=json", kill_on_drop: false }`
[INFO] [stdout] 7b2c1f292ce83685ae5e71ffdc6369c800a13c6b3737cdc6fbc0888341b7d56d
[INFO] running `Command { std: "docker" "start" "-a" "7b2c1f292ce83685ae5e71ffdc6369c800a13c6b3737cdc6fbc0888341b7d56d", kill_on_drop: false }`
[INFO] [stderr]    Compiling libc v0.2.142
[INFO] [stderr]    Compiling tokio v1.28.0
[INFO] [stderr]    Compiling syn v1.0.109
[INFO] [stderr]    Compiling tracing-core v0.1.30
[INFO] [stderr]    Compiling futures-util v0.3.28
[INFO] [stderr]    Compiling openssl-macros v0.1.1
[INFO] [stderr]    Compiling futures-channel v0.3.28
[INFO] [stderr]    Compiling ident_case v1.0.1
[INFO] [stderr]    Compiling serde v1.0.160
[INFO] [stderr]    Compiling tracing v0.1.37
[INFO] [stderr]    Compiling socket2 v0.4.9
[INFO] [stderr]    Compiling num_cpus v1.15.0
[INFO] [stderr]    Compiling mio v0.8.6
[INFO] [stderr]    Compiling openssl-sys v0.9.87
[INFO] [stderr]    Compiling url v2.3.1
[INFO] [stderr]    Compiling openssl v0.10.52
[INFO] [stderr]    Compiling serde_urlencoded v0.7.1
[INFO] [stderr]    Compiling serde_json v1.0.96
[INFO] [stderr]    Compiling darling_core v0.13.4
[INFO] [stderr]    Compiling native-tls v0.2.11
[INFO] [stderr]    Compiling tokio-util v0.7.8
[INFO] [stderr]    Compiling tokio-native-tls v0.3.1
[INFO] [stderr]    Compiling h2 v0.3.18
[INFO] [stderr]    Compiling darling_macro v0.13.4
[INFO] [stderr]    Compiling darling v0.13.4
[INFO] [stderr]    Compiling serde_with_macros v1.5.2
[INFO] [stderr]    Compiling serde_with v1.14.0
[INFO] [stderr]    Compiling hyper v0.14.26
[INFO] [stderr]    Compiling hyper-tls v0.5.0
[INFO] [stderr]    Compiling reqwest v0.11.17
[INFO] [stderr]    Compiling mailboxvalidator v1.0.0 (/opt/rustwide/workdir)
[INFO] [stderr]     Finished dev [unoptimized + debuginfo] target(s) in 21.58s
[INFO] running `Command { std: "docker" "inspect" "7b2c1f292ce83685ae5e71ffdc6369c800a13c6b3737cdc6fbc0888341b7d56d", kill_on_drop: false }`
[INFO] running `Command { std: "docker" "rm" "-f" "7b2c1f292ce83685ae5e71ffdc6369c800a13c6b3737cdc6fbc0888341b7d56d", kill_on_drop: false }`
[INFO] [stdout] 7b2c1f292ce83685ae5e71ffdc6369c800a13c6b3737cdc6fbc0888341b7d56d
[INFO] running `Command { std: "docker" "create" "-v" "/var/lib/crater-agent-workspace/builds/worker-3-tc1/target:/opt/rustwide/target:rw,Z" "-v" "/var/lib/crater-agent-workspace/builds/worker-3-tc1/source:/opt/rustwide/workdir:ro,Z" "-v" "/var/lib/crater-agent-workspace/cargo-home:/opt/rustwide/cargo-home:ro,Z" "-v" "/var/lib/crater-agent-workspace/rustup-home:/opt/rustwide/rustup-home:ro,Z" "-e" "SOURCE_DIR=/opt/rustwide/workdir" "-e" "CARGO_TARGET_DIR=/opt/rustwide/target" "-e" "CARGO_INCREMENTAL=0" "-e" "RUST_BACKTRACE=full" "-e" "RUSTFLAGS=--cap-lints=warn" "-e" "RUSTDOCFLAGS=--cap-lints=warn" "-e" "CARGO_HOME=/opt/rustwide/cargo-home" "-e" "RUSTUP_HOME=/opt/rustwide/rustup-home" "-w" "/opt/rustwide/workdir" "-m" "1610612736" "--user" "0:0" "--network" "none" "ghcr.io/rust-lang/crates-build-env/linux@sha256:5ff2268d62e97bff2cde7d5815dd6ed5b47097566f13b8d0ca110b04b60e07ed" "/opt/rustwide/cargo-home/bin/cargo" "+1.69.0" "test" "--frozen" "--no-run" "--message-format=json", kill_on_drop: false }`
[INFO] [stdout] d76efd92c9ed91f14f50df903ea4d4fa4996f03197d5bac386828cb152192b29
[INFO] running `Command { std: "docker" "start" "-a" "d76efd92c9ed91f14f50df903ea4d4fa4996f03197d5bac386828cb152192b29", kill_on_drop: false }`
[INFO] [stderr]    Compiling mailboxvalidator v1.0.0 (/opt/rustwide/workdir)
[INFO] [stderr]     Finished test [unoptimized + debuginfo] target(s) in 0.68s
[INFO] running `Command { std: "docker" "inspect" "d76efd92c9ed91f14f50df903ea4d4fa4996f03197d5bac386828cb152192b29", kill_on_drop: false }`
[INFO] running `Command { std: "docker" "rm" "-f" "d76efd92c9ed91f14f50df903ea4d4fa4996f03197d5bac386828cb152192b29", kill_on_drop: false }`
[INFO] [stdout] d76efd92c9ed91f14f50df903ea4d4fa4996f03197d5bac386828cb152192b29
[INFO] running `Command { std: "docker" "create" "-v" "/var/lib/crater-agent-workspace/builds/worker-3-tc1/target:/opt/rustwide/target:rw,Z" "-v" "/var/lib/crater-agent-workspace/builds/worker-3-tc1/source:/opt/rustwide/workdir:ro,Z" "-v" "/var/lib/crater-agent-workspace/cargo-home:/opt/rustwide/cargo-home:ro,Z" "-v" "/var/lib/crater-agent-workspace/rustup-home:/opt/rustwide/rustup-home:ro,Z" "-e" "SOURCE_DIR=/opt/rustwide/workdir" "-e" "CARGO_TARGET_DIR=/opt/rustwide/target" "-e" "CARGO_INCREMENTAL=0" "-e" "RUST_BACKTRACE=full" "-e" "RUSTFLAGS=--cap-lints=warn" "-e" "RUSTDOCFLAGS=--cap-lints=warn" "-e" "CARGO_HOME=/opt/rustwide/cargo-home" "-e" "RUSTUP_HOME=/opt/rustwide/rustup-home" "-w" "/opt/rustwide/workdir" "-m" "1610612736" "--user" "0:0" "--network" "none" "ghcr.io/rust-lang/crates-build-env/linux@sha256:5ff2268d62e97bff2cde7d5815dd6ed5b47097566f13b8d0ca110b04b60e07ed" "/opt/rustwide/cargo-home/bin/cargo" "+1.69.0" "test" "--frozen", kill_on_drop: false }`
[INFO] [stdout] 945af4ceafb6ffce533be4366aaa8d1657ea8e09f25e334e7d0371f5e02e7d00
[INFO] running `Command { std: "docker" "start" "-a" "945af4ceafb6ffce533be4366aaa8d1657ea8e09f25e334e7d0371f5e02e7d00", kill_on_drop: false }`
[INFO] [stderr]     Finished test [unoptimized + debuginfo] target(s) in 0.11s
[INFO] [stderr]      Running unittests src/lib.rs (/opt/rustwide/target/debug/deps/mailboxvalidator-df9ee9bce3b98976)
[INFO] [stdout] 
[INFO] [stdout] running 0 tests
[INFO] [stdout] 
[INFO] [stdout] test result: ok. 0 passed; 0 failed; 0 ignored; 0 measured; 0 filtered out; finished in 0.00s
[INFO] [stdout] 
[INFO] [stderr]    Doc-tests mailboxvalidator
[INFO] [stdout] 
[INFO] [stdout] running 4 tests
[INFO] [stdout] test src/lib.rs - (line 16) ... FAILED
[INFO] [stdout] test src/lib.rs - is_free_email (line 164) ... FAILED
[INFO] [stdout] test src/lib.rs - is_disposable_email (line 128) ... FAILED
[INFO] [stdout] test src/lib.rs - validate_email (line 92) ... FAILED
[INFO] [stdout] 
[INFO] [stdout] failures:
[INFO] [stdout] 
[INFO] [stdout] ---- src/lib.rs - (line 16) stdout ----
[INFO] [stdout] error[E0425]: cannot find value `YOUR_API_KEY` in this scope
[INFO] [stdout]  --> src/lib.rs:19:80
[INFO] [stdout]   |
[INFO] [stdout] 6 | let validation_result = mailboxvalidator::validate_email("example@example.com",YOUR_API_KEY);
[INFO] [stdout]   |                                                                                ^^^^^^^^^^^^ not found in this scope
[INFO] [stdout] 
[INFO] [stdout] error: aborting due to previous error
[INFO] [stdout] 
[INFO] [stdout] For more information about this error, try `rustc --explain E0425`.
[INFO] [stdout] Couldn't compile the test.
[INFO] [stdout] ---- src/lib.rs - is_free_email (line 164) stdout ----
[INFO] [stdout] error[E0425]: cannot find value `YOUR_EMAIL_ADDRESS` in this scope
[INFO] [stdout]  --> src/lib.rs:165:58
[INFO] [stdout]   |
[INFO] [stdout] 4 | let validation_result = mailboxvalidator::validate_email(YOUR_EMAIL_ADDRESS,YOUR_API_KEY);
[INFO] [stdout]   |                                                          ^^^^^^^^^^^^^^^^^^ not found in this scope
[INFO] [stdout] 
[INFO] [stdout] error[E0425]: cannot find value `YOUR_API_KEY` in this scope
[INFO] [stdout]  --> src/lib.rs:165:77
[INFO] [stdout]   |
[INFO] [stdout] 4 | let validation_result = mailboxvalidator::validate_email(YOUR_EMAIL_ADDRESS,YOUR_API_KEY);
[INFO] [stdout]   |                                                                             ^^^^^^^^^^^^ not found in this scope
[INFO] [stdout] 
[INFO] [stdout] error: aborting due to 2 previous errors
[INFO] [stdout] 
[INFO] [stdout] For more information about this error, try `rustc --explain E0425`.
[INFO] [stdout] Couldn't compile the test.
[INFO] [stdout] ---- src/lib.rs - is_disposable_email (line 128) stdout ----
[INFO] [stdout] error[E0425]: cannot find value `YOUR_API_KEY` in this scope
[INFO] [stdout]  --> src/lib.rs:129:80
[INFO] [stdout]   |
[INFO] [stdout] 4 | let validation_result = mailboxvalidator::validate_email("example@example.com",YOUR_API_KEY);
[INFO] [stdout]   |                                                                                ^^^^^^^^^^^^ not found in this scope
[INFO] [stdout] 
[INFO] [stdout] error: aborting due to previous error
[INFO] [stdout] 
[INFO] [stdout] For more information about this error, try `rustc --explain E0425`.
[INFO] [stdout] Couldn't compile the test.
[INFO] [stdout] ---- src/lib.rs - validate_email (line 92) stdout ----
[INFO] [stdout] error[E0425]: cannot find value `YOUR_API_KEY` in this scope
[INFO] [stdout]  --> src/lib.rs:93:80
[INFO] [stdout]   |
[INFO] [stdout] 4 | let validation_result = mailboxvalidator::validate_email("example@example.com",YOUR_API_KEY);
[INFO] [stdout]   |                                                                                ^^^^^^^^^^^^ not found in this scope
[INFO] [stdout] 
[INFO] [stdout] error: aborting due to previous error
[INFO] [stdout] 
[INFO] [stdout] For more information about this error, try `rustc --explain E0425`.
[INFO] [stdout] Couldn't compile the test.
[INFO] [stdout] 
[INFO] [stdout] failures:
[INFO] [stdout]     src/lib.rs - (line 16)
[INFO] [stdout]     src/lib.rs - is_disposable_email (line 128)
[INFO] [stdout]     src/lib.rs - is_free_email (line 164)
[INFO] [stdout]     src/lib.rs - validate_email (line 92)
[INFO] [stdout] 
[INFO] [stdout] test result: FAILED. 0 passed; 4 failed; 0 ignored; 0 measured; 0 filtered out; finished in 0.15s
[INFO] [stdout] 
[INFO] [stderr] error: doctest failed, to rerun pass `--doc`
[INFO] running `Command { std: "docker" "inspect" "945af4ceafb6ffce533be4366aaa8d1657ea8e09f25e334e7d0371f5e02e7d00", kill_on_drop: false }`
[INFO] running `Command { std: "docker" "rm" "-f" "945af4ceafb6ffce533be4366aaa8d1657ea8e09f25e334e7d0371f5e02e7d00", kill_on_drop: false }`
[INFO] [stdout] 945af4ceafb6ffce533be4366aaa8d1657ea8e09f25e334e7d0371f5e02e7d00
