[INFO] fetching crate magnus-macros 0.4.1...
[INFO] testing magnus-macros-0.4.1 against beta-2023-04-20 for beta-1.70-1
[INFO] extracting crate magnus-macros 0.4.1 into /workspace/builds/worker-1-tc2/source
[INFO] validating manifest of crates.io crate magnus-macros 0.4.1 on toolchain beta-2023-04-20
[INFO] running `Command { std: CARGO_HOME="/workspace/cargo-home" RUSTUP_HOME="/workspace/rustup-home" "/workspace/cargo-home/bin/cargo" "+beta-2023-04-20" "metadata" "--manifest-path" "Cargo.toml" "--no-deps", kill_on_drop: false }`
[INFO] started tweaking crates.io crate magnus-macros 0.4.1
[INFO] finished tweaking crates.io crate magnus-macros 0.4.1
[INFO] tweaked toml for crates.io crate magnus-macros 0.4.1 written to /workspace/builds/worker-1-tc2/source/Cargo.toml
[INFO] running `Command { std: CARGO_HOME="/workspace/cargo-home" RUSTUP_HOME="/workspace/rustup-home" __CARGO_TEST_CHANNEL_OVERRIDE_DO_NOT_USE_THIS="nightly" "/workspace/cargo-home/bin/cargo" "+beta-2023-04-20" "generate-lockfile" "--manifest-path" "Cargo.toml" "-Zno-index-update", kill_on_drop: false }`
[INFO] running `Command { std: CARGO_HOME="/workspace/cargo-home" RUSTUP_HOME="/workspace/rustup-home" "/workspace/cargo-home/bin/cargo" "+beta-2023-04-20" "fetch" "--manifest-path" "Cargo.toml", kill_on_drop: false }`
[INFO] running `Command { std: "docker" "create" "-v" "/var/lib/crater-agent-workspace/builds/worker-1-tc2/target:/opt/rustwide/target:rw,Z" "-v" "/var/lib/crater-agent-workspace/builds/worker-1-tc2/source:/opt/rustwide/workdir:ro,Z" "-v" "/var/lib/crater-agent-workspace/cargo-home:/opt/rustwide/cargo-home:ro,Z" "-v" "/var/lib/crater-agent-workspace/rustup-home:/opt/rustwide/rustup-home:ro,Z" "-e" "SOURCE_DIR=/opt/rustwide/workdir" "-e" "CARGO_TARGET_DIR=/opt/rustwide/target" "-e" "CARGO_HOME=/opt/rustwide/cargo-home" "-e" "RUSTUP_HOME=/opt/rustwide/rustup-home" "-w" "/opt/rustwide/workdir" "-m" "1610612736" "--user" "0:0" "--network" "none" "ghcr.io/rust-lang/crates-build-env/linux@sha256:5ff2268d62e97bff2cde7d5815dd6ed5b47097566f13b8d0ca110b04b60e07ed" "/opt/rustwide/cargo-home/bin/cargo" "+beta-2023-04-20" "metadata" "--no-deps" "--format-version=1", kill_on_drop: false }`
[INFO] [stdout] 8ecaa7bd08d3a06b6e56627c5a9460a91506778af1852554037d3d23e877a81c
[INFO] running `Command { std: "docker" "start" "-a" "8ecaa7bd08d3a06b6e56627c5a9460a91506778af1852554037d3d23e877a81c", kill_on_drop: false }`
[INFO] running `Command { std: "docker" "inspect" "8ecaa7bd08d3a06b6e56627c5a9460a91506778af1852554037d3d23e877a81c", kill_on_drop: false }`
[INFO] running `Command { std: "docker" "rm" "-f" "8ecaa7bd08d3a06b6e56627c5a9460a91506778af1852554037d3d23e877a81c", kill_on_drop: false }`
[INFO] [stdout] 8ecaa7bd08d3a06b6e56627c5a9460a91506778af1852554037d3d23e877a81c
[INFO] running `Command { std: "docker" "create" "-v" "/var/lib/crater-agent-workspace/builds/worker-1-tc2/target:/opt/rustwide/target:rw,Z" "-v" "/var/lib/crater-agent-workspace/builds/worker-1-tc2/source:/opt/rustwide/workdir:ro,Z" "-v" "/var/lib/crater-agent-workspace/cargo-home:/opt/rustwide/cargo-home:ro,Z" "-v" "/var/lib/crater-agent-workspace/rustup-home:/opt/rustwide/rustup-home:ro,Z" "-e" "SOURCE_DIR=/opt/rustwide/workdir" "-e" "CARGO_TARGET_DIR=/opt/rustwide/target" "-e" "CARGO_INCREMENTAL=0" "-e" "RUST_BACKTRACE=full" "-e" "RUSTFLAGS=--cap-lints=warn" "-e" "RUSTDOCFLAGS=--cap-lints=warn" "-e" "CARGO_HOME=/opt/rustwide/cargo-home" "-e" "RUSTUP_HOME=/opt/rustwide/rustup-home" "-w" "/opt/rustwide/workdir" "-m" "1610612736" "--user" "0:0" "--network" "none" "ghcr.io/rust-lang/crates-build-env/linux@sha256:5ff2268d62e97bff2cde7d5815dd6ed5b47097566f13b8d0ca110b04b60e07ed" "/opt/rustwide/cargo-home/bin/cargo" "+beta-2023-04-20" "build" "--frozen" "--message-format=json", kill_on_drop: false }`
[INFO] [stdout] 2e9a800bca3e73880e753a30dc777ceb0212cbb11e9ed9450d03676b83aa9c05
[INFO] running `Command { std: "docker" "start" "-a" "2e9a800bca3e73880e753a30dc777ceb0212cbb11e9ed9450d03676b83aa9c05", kill_on_drop: false }`
[INFO] [stderr]    Compiling proc-macro2 v1.0.56
[INFO] [stderr]    Compiling unicode-ident v1.0.8
[INFO] [stderr]    Compiling quote v1.0.26
[INFO] [stderr]    Compiling syn v1.0.109
[INFO] [stderr]    Compiling magnus-macros v0.4.1 (/opt/rustwide/workdir)
[INFO] [stderr]     Finished dev [unoptimized + debuginfo] target(s) in 4.31s
[INFO] running `Command { std: "docker" "inspect" "2e9a800bca3e73880e753a30dc777ceb0212cbb11e9ed9450d03676b83aa9c05", kill_on_drop: false }`
[INFO] running `Command { std: "docker" "rm" "-f" "2e9a800bca3e73880e753a30dc777ceb0212cbb11e9ed9450d03676b83aa9c05", kill_on_drop: false }`
[INFO] [stdout] 2e9a800bca3e73880e753a30dc777ceb0212cbb11e9ed9450d03676b83aa9c05
[INFO] running `Command { std: "docker" "create" "-v" "/var/lib/crater-agent-workspace/builds/worker-1-tc2/target:/opt/rustwide/target:rw,Z" "-v" "/var/lib/crater-agent-workspace/builds/worker-1-tc2/source:/opt/rustwide/workdir:ro,Z" "-v" "/var/lib/crater-agent-workspace/cargo-home:/opt/rustwide/cargo-home:ro,Z" "-v" "/var/lib/crater-agent-workspace/rustup-home:/opt/rustwide/rustup-home:ro,Z" "-e" "SOURCE_DIR=/opt/rustwide/workdir" "-e" "CARGO_TARGET_DIR=/opt/rustwide/target" "-e" "CARGO_INCREMENTAL=0" "-e" "RUST_BACKTRACE=full" "-e" "RUSTFLAGS=--cap-lints=warn" "-e" "RUSTDOCFLAGS=--cap-lints=warn" "-e" "CARGO_HOME=/opt/rustwide/cargo-home" "-e" "RUSTUP_HOME=/opt/rustwide/rustup-home" "-w" "/opt/rustwide/workdir" "-m" "1610612736" "--user" "0:0" "--network" "none" "ghcr.io/rust-lang/crates-build-env/linux@sha256:5ff2268d62e97bff2cde7d5815dd6ed5b47097566f13b8d0ca110b04b60e07ed" "/opt/rustwide/cargo-home/bin/cargo" "+beta-2023-04-20" "test" "--frozen" "--no-run" "--message-format=json", kill_on_drop: false }`
[INFO] [stdout] 91a05e6bd4d07fdc2d4b633b688b6e473fdb8139e3e8e16b5de0b9e1bae96d89
[INFO] running `Command { std: "docker" "start" "-a" "91a05e6bd4d07fdc2d4b633b688b6e473fdb8139e3e8e16b5de0b9e1bae96d89", kill_on_drop: false }`
[INFO] [stderr]    Compiling magnus-macros v0.4.1 (/opt/rustwide/workdir)
[INFO] [stderr]     Finished test [unoptimized + debuginfo] target(s) in 0.58s
[INFO] running `Command { std: "docker" "inspect" "91a05e6bd4d07fdc2d4b633b688b6e473fdb8139e3e8e16b5de0b9e1bae96d89", kill_on_drop: false }`
[INFO] running `Command { std: "docker" "rm" "-f" "91a05e6bd4d07fdc2d4b633b688b6e473fdb8139e3e8e16b5de0b9e1bae96d89", kill_on_drop: false }`
[INFO] [stdout] 91a05e6bd4d07fdc2d4b633b688b6e473fdb8139e3e8e16b5de0b9e1bae96d89
[INFO] running `Command { std: "docker" "create" "-v" "/var/lib/crater-agent-workspace/builds/worker-1-tc2/target:/opt/rustwide/target:rw,Z" "-v" "/var/lib/crater-agent-workspace/builds/worker-1-tc2/source:/opt/rustwide/workdir:ro,Z" "-v" "/var/lib/crater-agent-workspace/cargo-home:/opt/rustwide/cargo-home:ro,Z" "-v" "/var/lib/crater-agent-workspace/rustup-home:/opt/rustwide/rustup-home:ro,Z" "-e" "SOURCE_DIR=/opt/rustwide/workdir" "-e" "CARGO_TARGET_DIR=/opt/rustwide/target" "-e" "CARGO_INCREMENTAL=0" "-e" "RUST_BACKTRACE=full" "-e" "RUSTFLAGS=--cap-lints=warn" "-e" "RUSTDOCFLAGS=--cap-lints=warn" "-e" "CARGO_HOME=/opt/rustwide/cargo-home" "-e" "RUSTUP_HOME=/opt/rustwide/rustup-home" "-w" "/opt/rustwide/workdir" "-m" "1610612736" "--user" "0:0" "--network" "none" "ghcr.io/rust-lang/crates-build-env/linux@sha256:5ff2268d62e97bff2cde7d5815dd6ed5b47097566f13b8d0ca110b04b60e07ed" "/opt/rustwide/cargo-home/bin/cargo" "+beta-2023-04-20" "test" "--frozen", kill_on_drop: false }`
[INFO] [stdout] 8e69e50b36c546f7cdb5524fbe148a8f103e3fce3ef2185db9170893ac0d76dc
[INFO] running `Command { std: "docker" "start" "-a" "8e69e50b36c546f7cdb5524fbe148a8f103e3fce3ef2185db9170893ac0d76dc", kill_on_drop: false }`
[INFO] [stderr]     Finished test [unoptimized + debuginfo] target(s) in 0.01s
[INFO] [stderr]      Running unittests src/lib.rs (/opt/rustwide/target/debug/deps/magnus_macros-3f40c020dd3a3e3d)
[INFO] [stdout] 
[INFO] [stdout] running 0 tests
[INFO] [stdout] 
[INFO] [stdout] test result: ok. 0 passed; 0 failed; 0 ignored; 0 measured; 0 filtered out; finished in 0.00s
[INFO] [stdout] 
[INFO] [stderr]    Doc-tests magnus-macros
[INFO] [stdout] 
[INFO] [stdout] running 9 tests
[INFO] [stdout] test src/lib.rs - init (line 87) ... FAILED
[INFO] [stdout] test src/lib.rs - wrap (line 125) ... FAILED
[INFO] [stdout] test src/lib.rs - init (line 53) ... FAILED
[INFO] [stdout] test src/lib.rs - init (line 42) ... FAILED
[INFO] [stdout] test src/lib.rs - (line 3) ... FAILED
[INFO] [stdout] test src/lib.rs - derive_typed_data (line 268) ... FAILED
[INFO] [stdout] test src/lib.rs - wrap (line 153) ... FAILED
[INFO] [stdout] test src/lib.rs - derive_typed_data (line 290) ... FAILED
[INFO] [stdout] test src/lib.rs - derive_typed_data (line 237) ... FAILED
[INFO] [stdout] 
[INFO] [stdout] failures:
[INFO] [stdout] 
[INFO] [stdout] ---- src/lib.rs - init (line 87) stdout ----
[INFO] [stdout] error[E0433]: failed to resolve: use of undeclared crate or module `magnus`
[INFO] [stdout]  --> src/lib.rs:88:3
[INFO] [stdout]   |
[INFO] [stdout] 3 | #[magnus::init(name = "example")]
[INFO] [stdout]   |   ^^^^^^ use of undeclared crate or module `magnus`
[INFO] [stdout] 
[INFO] [stdout] error: aborting due to previous error
[INFO] [stdout] 
[INFO] [stdout] For more information about this error, try `rustc --explain E0433`.
[INFO] [stdout] Couldn't compile the test.
[INFO] [stdout] ---- src/lib.rs - wrap (line 125) stdout ----
[INFO] [stdout] error[E0433]: failed to resolve: use of undeclared crate or module `magnus`
[INFO] [stdout]   --> src/lib.rs:144:3
[INFO] [stdout]    |
[INFO] [stdout] 21 | #[magnus::init]
[INFO] [stdout]    |   ^^^^^^ use of undeclared crate or module `magnus`
[INFO] [stdout] 
[INFO] [stdout] error[E0433]: failed to resolve: use of undeclared crate or module `magnus`
[INFO] [stdout]   --> src/lib.rs:146:45
[INFO] [stdout]    |
[INFO] [stdout] 23 |     magnus::define_global_function("point", magnus::function!(point, 2));
[INFO] [stdout]    |                                             ^^^^^^ use of undeclared crate or module `magnus`
[INFO] [stdout] 
[INFO] [stdout] error[E0433]: failed to resolve: use of undeclared crate or module `magnus`
[INFO] [stdout]   --> src/lib.rs:147:48
[INFO] [stdout]    |
[INFO] [stdout] 24 |     magnus::define_global_function("distance", magnus::function!(distance, 2));
[INFO] [stdout]    |                                                ^^^^^^ use of undeclared crate or module `magnus`
[INFO] [stdout] 
[INFO] [stdout] error[E0433]: failed to resolve: use of undeclared crate or module `magnus`
[INFO] [stdout]  --> src/lib.rs:126:3
[INFO] [stdout]   |
[INFO] [stdout] 3 | #[magnus::wrap(class = "RbPoint", free_immediately, size)]
[INFO] [stdout]   |   ^^^^^^ use of undeclared crate or module `magnus`
[INFO] [stdout] 
[INFO] [stdout] error[E0433]: failed to resolve: use of undeclared crate or module `magnus`
[INFO] [stdout]   --> src/lib.rs:146:5
[INFO] [stdout]    |
[INFO] [stdout] 23 |     magnus::define_global_function("point", magnus::function!(point, 2));
[INFO] [stdout]    |     ^^^^^^ use of undeclared crate or module `magnus`
[INFO] [stdout] 
[INFO] [stdout] error[E0433]: failed to resolve: use of undeclared crate or module `magnus`
[INFO] [stdout]   --> src/lib.rs:147:5
[INFO] [stdout]    |
[INFO] [stdout] 24 |     magnus::define_global_function("distance", magnus::function!(distance, 2));
[INFO] [stdout]    |     ^^^^^^ use of undeclared crate or module `magnus`
[INFO] [stdout] 
[INFO] [stdout] error: aborting due to 6 previous errors
[INFO] [stdout] 
[INFO] [stdout] For more information about this error, try `rustc --explain E0433`.
[INFO] [stdout] Couldn't compile the test.
[INFO] [stdout] ---- src/lib.rs - init (line 53) stdout ----
[INFO] [stdout] error[E0433]: failed to resolve: use of undeclared crate or module `magnus`
[INFO] [stdout]  --> src/lib.rs:54:5
[INFO] [stdout]   |
[INFO] [stdout] 3 | use magnus::{define_module, function, method, prelude::*, Error};
[INFO] [stdout]   |     ^^^^^^ use of undeclared crate or module `magnus`
[INFO] [stdout] 
[INFO] [stdout] error[E0432]: unresolved import `magnus`
[INFO] [stdout]  --> src/lib.rs:54:5
[INFO] [stdout]   |
[INFO] [stdout] 3 | use magnus::{define_module, function, method, prelude::*, Error};
[INFO] [stdout]   |     ^^^^^^ use of undeclared crate or module `magnus`
[INFO] [stdout] 
[INFO] [stdout] error[E0433]: failed to resolve: use of undeclared crate or module `magnus`
[INFO] [stdout]   --> src/lib.rs:76:3
[INFO] [stdout]    |
[INFO] [stdout] 25 | #[magnus::init]
[INFO] [stdout]    |   ^^^^^^ use of undeclared crate or module `magnus`
[INFO] [stdout] 
[INFO] [stdout] error[E0433]: failed to resolve: use of undeclared crate or module `magnus`
[INFO] [stdout]  --> src/lib.rs:56:3
[INFO] [stdout]   |
[INFO] [stdout] 5 | #[magnus::wrap(class = "Euclid::Point", free_immediately, size)]
[INFO] [stdout]   |   ^^^^^^ use of undeclared crate or module `magnus`
[INFO] [stdout] 
[INFO] [stdout] error: cannot determine resolution for the macro `function`
[INFO] [stdout]   --> src/lib.rs:80:42
[INFO] [stdout]    |
[INFO] [stdout] 29 |     class.define_singleton_method("new", function!(Point::new, 2))?;
[INFO] [stdout]    |                                          ^^^^^^^^
[INFO] [stdout]    |
[INFO] [stdout]    = note: import resolution is stuck, try simplifying macro imports
[INFO] [stdout] 
[INFO] [stdout] error: cannot determine resolution for the macro `method`
[INFO] [stdout]   --> src/lib.rs:81:30
[INFO] [stdout]    |
[INFO] [stdout] 30 |     class.define_method("x", method!(Point::x, 0))?;
[INFO] [stdout]    |                              ^^^^^^
[INFO] [stdout]    |
[INFO] [stdout]    = note: import resolution is stuck, try simplifying macro imports
[INFO] [stdout] 
[INFO] [stdout] error: cannot determine resolution for the macro `method`
[INFO] [stdout]   --> src/lib.rs:82:30
[INFO] [stdout]    |
[INFO] [stdout] 31 |     class.define_method("y", method!(Point::y, 0))?;
[INFO] [stdout]    |                              ^^^^^^
[INFO] [stdout]    |
[INFO] [stdout]    = note: import resolution is stuck, try simplifying macro imports
[INFO] [stdout] 
[INFO] [stdout] error: aborting due to 7 previous errors
[INFO] [stdout] 
[INFO] [stdout] Some errors have detailed explanations: E0432, E0433.
[INFO] [stdout] For more information about an error, try `rustc --explain E0432`.
[INFO] [stdout] Couldn't compile the test.
[INFO] [stdout] ---- src/lib.rs - init (line 42) stdout ----
[INFO] [stdout] error[E0433]: failed to resolve: use of undeclared crate or module `magnus`
[INFO] [stdout]  --> src/lib.rs:47:3
[INFO] [stdout]   |
[INFO] [stdout] 7 | #[magnus::init]
[INFO] [stdout]   |   ^^^^^^ use of undeclared crate or module `magnus`
[INFO] [stdout] 
[INFO] [stdout] error[E0433]: failed to resolve: use of undeclared crate or module `magnus`
[INFO] [stdout]  --> src/lib.rs:49:48
[INFO] [stdout]   |
[INFO] [stdout] 9 |     magnus::define_global_function("distance", magnus::function!(distance, 2));
[INFO] [stdout]   |                                                ^^^^^^ use of undeclared crate or module `magnus`
[INFO] [stdout] 
[INFO] [stdout] error[E0433]: failed to resolve: use of undeclared crate or module `magnus`
[INFO] [stdout]  --> src/lib.rs:49:5
[INFO] [stdout]   |
[INFO] [stdout] 9 |     magnus::define_global_function("distance", magnus::function!(distance, 2));
[INFO] [stdout]   |     ^^^^^^ use of undeclared crate or module `magnus`
[INFO] [stdout] 
[INFO] [stdout] error: aborting due to 3 previous errors
[INFO] [stdout] 
[INFO] [stdout] For more information about this error, try `rustc --explain E0433`.
[INFO] [stdout] Couldn't compile the test.
[INFO] [stdout] ---- src/lib.rs - (line 3) stdout ----
[INFO] [stdout] error[E0433]: failed to resolve: use of undeclared crate or module `magnus`
[INFO] [stdout]  --> src/lib.rs:10:3
[INFO] [stdout]   |
[INFO] [stdout] 9 | #[magnus::init]
[INFO] [stdout]   |   ^^^^^^ use of undeclared crate or module `magnus`
[INFO] [stdout] 
[INFO] [stdout] error[E0433]: failed to resolve: use of undeclared crate or module `magnus`
[INFO] [stdout]  --> src/lib.rs:4:3
[INFO] [stdout]   |
[INFO] [stdout] 3 | #[magnus::wrap(class = "RbPoint", free_immediately, size)]
[INFO] [stdout]   |   ^^^^^^ use of undeclared crate or module `magnus`
[INFO] [stdout] 
[INFO] [stdout] error[E0433]: failed to resolve: use of undeclared crate or module `magnus`
[INFO] [stdout]   --> src/lib.rs:11:25
[INFO] [stdout]    |
[INFO] [stdout] 10 | fn init() -> Result<(), magnus::Error> {
[INFO] [stdout]    |                         ^^^^^^ use of undeclared crate or module `magnus`
[INFO] [stdout] 
[INFO] [stdout] error[E0433]: failed to resolve: use of undeclared crate or module `magnus`
[INFO] [stdout]   --> src/lib.rs:12:5
[INFO] [stdout]    |
[INFO] [stdout] 11 |     magnus::define_class("RbPoint", Default::default())?;
[INFO] [stdout]    |     ^^^^^^ use of undeclared crate or module `magnus`
[INFO] [stdout] 
[INFO] [stdout] error: aborting due to 4 previous errors
[INFO] [stdout] 
[INFO] [stdout] For more information about this error, try `rustc --explain E0433`.
[INFO] [stdout] Couldn't compile the test.
[INFO] [stdout] ---- src/lib.rs - derive_typed_data (line 268) stdout ----
[INFO] [stdout] error[E0432]: unresolved import `magnus`
[INFO] [stdout]  --> src/lib.rs:269:5
[INFO] [stdout]   |
[INFO] [stdout] 3 | use magnus::define_class;
[INFO] [stdout]   |     ^^^^^^ use of undeclared crate or module `magnus`
[INFO] [stdout] 
[INFO] [stdout] error[E0433]: failed to resolve: use of undeclared crate or module `magnus`
[INFO] [stdout]   --> src/lib.rs:279:3
[INFO] [stdout]    |
[INFO] [stdout] 13 | #[magnus::init]
[INFO] [stdout]    |   ^^^^^^ use of undeclared crate or module `magnus`
[INFO] [stdout] 
[INFO] [stdout] error[E0433]: failed to resolve: use of undeclared crate or module `magnus`
[INFO] [stdout]  --> src/lib.rs:271:3
[INFO] [stdout]   |
[INFO] [stdout] 5 | #[magnus::wrap(class = "Shape")]
[INFO] [stdout]   |   ^^^^^^ use of undeclared crate or module `magnus`
[INFO] [stdout] 
[INFO] [stdout] error: cannot find attribute `magnus` in this scope
[INFO] [stdout]  --> src/lib.rs:273:7
[INFO] [stdout]   |
[INFO] [stdout] 7 |     #[magnus(class = "Circle")]
[INFO] [stdout]   |       ^^^^^^
[INFO] [stdout] 
[INFO] [stdout] error: cannot find attribute `magnus` in this scope
[INFO] [stdout]  --> src/lib.rs:275:7
[INFO] [stdout]   |
[INFO] [stdout] 9 |     #[magnus(class = "Rectangle")]
[INFO] [stdout]   |       ^^^^^^
[INFO] [stdout] 
[INFO] [stdout] error[E0433]: failed to resolve: use of undeclared crate or module `magnus`
[INFO] [stdout]   --> src/lib.rs:280:25
[INFO] [stdout]    |
[INFO] [stdout] 14 | fn init() -> Result<(), magnus::Error> {
[INFO] [stdout]    |                         ^^^^^^ use of undeclared crate or module `magnus`
[INFO] [stdout] 
[INFO] [stdout] error: aborting due to 6 previous errors
[INFO] [stdout] 
[INFO] [stdout] Some errors have detailed explanations: E0432, E0433.
[INFO] [stdout] For more information about an error, try `rustc --explain E0432`.
[INFO] [stdout] Couldn't compile the test.
[INFO] [stdout] ---- src/lib.rs - wrap (line 153) stdout ----
[INFO] [stdout] error[E0433]: failed to resolve: use of undeclared crate or module `magnus`
[INFO] [stdout]  --> src/lib.rs:156:5
[INFO] [stdout]   |
[INFO] [stdout] 5 | use magnus::{prelude::*, define_class, function, method};
[INFO] [stdout]   |     ^^^^^^ use of undeclared crate or module `magnus`
[INFO] [stdout] 
[INFO] [stdout] error[E0432]: unresolved import `magnus`
[INFO] [stdout]  --> src/lib.rs:156:5
[INFO] [stdout]   |
[INFO] [stdout] 5 | use magnus::{prelude::*, define_class, function, method};
[INFO] [stdout]   |     ^^^^^^ use of undeclared crate or module `magnus`
[INFO] [stdout] 
[INFO] [stdout] error[E0433]: failed to resolve: use of undeclared crate or module `magnus`
[INFO] [stdout]   --> src/lib.rs:175:3
[INFO] [stdout]    |
[INFO] [stdout] 24 | #[magnus::init]
[INFO] [stdout]    |   ^^^^^^ use of undeclared crate or module `magnus`
[INFO] [stdout] 
[INFO] [stdout] error[E0433]: failed to resolve: use of undeclared crate or module `magnus`
[INFO] [stdout]  --> src/lib.rs:158:3
[INFO] [stdout]   |
[INFO] [stdout] 7 | #[magnus::wrap(class = "Shape")]
[INFO] [stdout]   |   ^^^^^^ use of undeclared crate or module `magnus`
[INFO] [stdout] 
[INFO] [stdout] error: cannot determine resolution for the macro `method`
[INFO] [stdout]   --> src/lib.rs:178:33
[INFO] [stdout]    |
[INFO] [stdout] 27 |     shape.define_method("area", method!(Shape::area, 0))?;
[INFO] [stdout]    |                                 ^^^^^^
[INFO] [stdout]    |
[INFO] [stdout]    = note: import resolution is stuck, try simplifying macro imports
[INFO] [stdout] 
[INFO] [stdout] error: cannot determine resolution for the macro `function`
[INFO] [stdout]   --> src/lib.rs:181:43
[INFO] [stdout]    |
[INFO] [stdout] 30 |     circle.define_singleton_method("new", function!(|r| Shape::Circle { r }, 1))?;
[INFO] [stdout]    |                                           ^^^^^^^^
[INFO] [stdout]    |
[INFO] [stdout]    = note: import resolution is stuck, try simplifying macro imports
[INFO] [stdout] 
[INFO] [stdout] error: cannot determine resolution for the macro `function`
[INFO] [stdout]   --> src/lib.rs:184:46
[INFO] [stdout]    |
[INFO] [stdout] 33 |     rectangle.define_singleton_method("new", function!(|x, y| Shape::Rectangle { x, y }, 2))?;
[INFO] [stdout]    |                                              ^^^^^^^^
[INFO] [stdout]    |
[INFO] [stdout]    = note: import resolution is stuck, try simplifying macro imports
[INFO] [stdout] 
[INFO] [stdout] error: cannot find attribute `magnus` in this scope
[INFO] [stdout]  --> src/lib.rs:160:7
[INFO] [stdout]   |
[INFO] [stdout] 9 |     #[magnus(class = "Circle")]
[INFO] [stdout]   |       ^^^^^^
[INFO] [stdout] 
[INFO] [stdout] error: cannot find attribute `magnus` in this scope
[INFO] [stdout]   --> src/lib.rs:162:7
[INFO] [stdout]    |
[INFO] [stdout] 11 |     #[magnus(class = "Rectangle")]
[INFO] [stdout]    |       ^^^^^^
[INFO] [stdout] 
[INFO] [stdout] error[E0433]: failed to resolve: use of undeclared crate or module `magnus`
[INFO] [stdout]   --> src/lib.rs:176:25
[INFO] [stdout]    |
[INFO] [stdout] 25 | fn init() -> Result<(), magnus::Error> {
[INFO] [stdout]    |                         ^^^^^^ use of undeclared crate or module `magnus`
[INFO] [stdout] 
[INFO] [stdout] error: aborting due to 10 previous errors
[INFO] [stdout] 
[INFO] [stdout] Some errors have detailed explanations: E0432, E0433.
[INFO] [stdout] For more information about an error, try `rustc --explain E0432`.
[INFO] [stdout] Couldn't compile the test.
[INFO] [stdout] ---- src/lib.rs - derive_typed_data (line 290) stdout ----
[INFO] [stdout] error[E0432]: unresolved import `magnus`
[INFO] [stdout]  --> src/lib.rs:292:5
[INFO] [stdout]   |
[INFO] [stdout] 4 | use magnus::{DataTypeFunctions, TypedData};
[INFO] [stdout]   |     ^^^^^^ use of undeclared crate or module `magnus`
[INFO] [stdout] 
[INFO] [stdout] error: cannot determine resolution for the derive macro `TypedData`
[INFO] [stdout]  --> src/lib.rs:294:10
[INFO] [stdout]   |
[INFO] [stdout] 6 | #[derive(TypedData)]
[INFO] [stdout]   |          ^^^^^^^^^
[INFO] [stdout]   |
[INFO] [stdout]   = note: import resolution is stuck, try simplifying macro imports
[INFO] [stdout] 
[INFO] [stdout] error: cannot find attribute `magnus` in this scope
[INFO] [stdout]  --> src/lib.rs:295:3
[INFO] [stdout]   |
[INFO] [stdout] 7 | #[magnus(class = "Name", size, free_immediately)]
[INFO] [stdout]   |   ^^^^^^
[INFO] [stdout] 
[INFO] [stdout] error: aborting due to 3 previous errors
[INFO] [stdout] 
[INFO] [stdout] For more information about this error, try `rustc --explain E0432`.
[INFO] [stdout] Couldn't compile the test.
[INFO] [stdout] ---- src/lib.rs - derive_typed_data (line 237) stdout ----
[INFO] [stdout] error[E0432]: unresolved import `magnus`
[INFO] [stdout]  --> src/lib.rs:238:5
[INFO] [stdout]   |
[INFO] [stdout] 3 | use magnus::{DataTypeFunctions, TypedData};
[INFO] [stdout]   |     ^^^^^^ use of undeclared crate or module `magnus`
[INFO] [stdout] 
[INFO] [stdout] error[E0433]: failed to resolve: use of undeclared crate or module `magnus`
[INFO] [stdout]   --> src/lib.rs:259:3
[INFO] [stdout]    |
[INFO] [stdout] 24 | #[magnus::init]
[INFO] [stdout]    |   ^^^^^^ use of undeclared crate or module `magnus`
[INFO] [stdout] 
[INFO] [stdout] error[E0433]: failed to resolve: use of undeclared crate or module `magnus`
[INFO] [stdout]   --> src/lib.rs:261:45
[INFO] [stdout]    |
[INFO] [stdout] 26 |     magnus::define_global_function("point", magnus::function!(point, 2));
[INFO] [stdout]    |                                             ^^^^^^ use of undeclared crate or module `magnus`
[INFO] [stdout] 
[INFO] [stdout] error[E0433]: failed to resolve: use of undeclared crate or module `magnus`
[INFO] [stdout]   --> src/lib.rs:262:48
[INFO] [stdout]    |
[INFO] [stdout] 27 |     magnus::define_global_function("distance", magnus::function!(distance, 2));
[INFO] [stdout]    |                                                ^^^^^^ use of undeclared crate or module `magnus`
[INFO] [stdout] 
[INFO] [stdout] error: cannot determine resolution for the derive macro `DataTypeFunctions`
[INFO] [stdout]  --> src/lib.rs:240:10
[INFO] [stdout]   |
[INFO] [stdout] 5 | #[derive(DataTypeFunctions, TypedData)]
[INFO] [stdout]   |          ^^^^^^^^^^^^^^^^^
[INFO] [stdout]   |
[INFO] [stdout]   = note: import resolution is stuck, try simplifying macro imports
[INFO] [stdout] 
[INFO] [stdout] error: cannot determine resolution for the derive macro `TypedData`
[INFO] [stdout]  --> src/lib.rs:240:29
[INFO] [stdout]   |
[INFO] [stdout] 5 | #[derive(DataTypeFunctions, TypedData)]
[INFO] [stdout]   |                             ^^^^^^^^^
[INFO] [stdout]   |
[INFO] [stdout]   = note: import resolution is stuck, try simplifying macro imports
[INFO] [stdout] 
[INFO] [stdout] error: cannot find attribute `magnus` in this scope
[INFO] [stdout]  --> src/lib.rs:241:3
[INFO] [stdout]   |
[INFO] [stdout] 6 | #[magnus(class = "RbPoint", size, free_immediately)]
[INFO] [stdout]   |   ^^^^^^
[INFO] [stdout] 
[INFO] [stdout] error[E0433]: failed to resolve: use of undeclared crate or module `magnus`
[INFO] [stdout]   --> src/lib.rs:261:5
[INFO] [stdout]    |
[INFO] [stdout] 26 |     magnus::define_global_function("point", magnus::function!(point, 2));
[INFO] [stdout]    |     ^^^^^^ use of undeclared crate or module `magnus`
[INFO] [stdout] 
[INFO] [stdout] error[E0433]: failed to resolve: use of undeclared crate or module `magnus`
[INFO] [stdout]   --> src/lib.rs:262:5
[INFO] [stdout]    |
[INFO] [stdout] 27 |     magnus::define_global_function("distance", magnus::function!(distance, 2));
[INFO] [stdout]    |     ^^^^^^ use of undeclared crate or module `magnus`
[INFO] [stdout] 
[INFO] [stdout] error: aborting due to 9 previous errors
[INFO] [stdout] 
[INFO] [stdout] Some errors have detailed explanations: E0432, E0433.
[INFO] [stdout] For more information about an error, try `rustc --explain E0432`.
[INFO] [stdout] Couldn't compile the test.
[INFO] [stdout] 
[INFO] [stdout] failures:
[INFO] [stdout]     src/lib.rs - (line 3)
[INFO] [stdout]     src/lib.rs - derive_typed_data (line 237)
[INFO] [stdout]     src/lib.rs - derive_typed_data (line 268)
[INFO] [stdout]     src/lib.rs - derive_typed_data (line 290)
[INFO] [stdout]     src/lib.rs - init (line 42)
[INFO] [stdout]     src/lib.rs - init (line 53)
[INFO] [stdout]     src/lib.rs - init (line 87)
[INFO] [stdout]     src/lib.rs - wrap (line 125)
[INFO] [stdout]     src/lib.rs - wrap (line 153)
[INFO] [stdout] 
[INFO] [stdout] test result: FAILED. 0 passed; 9 failed; 0 ignored; 0 measured; 0 filtered out; finished in 0.05s
[INFO] [stdout] 
[INFO] [stderr] error: doctest failed, to rerun pass `--doc`
[INFO] running `Command { std: "docker" "inspect" "8e69e50b36c546f7cdb5524fbe148a8f103e3fce3ef2185db9170893ac0d76dc", kill_on_drop: false }`
[INFO] running `Command { std: "docker" "rm" "-f" "8e69e50b36c546f7cdb5524fbe148a8f103e3fce3ef2185db9170893ac0d76dc", kill_on_drop: false }`
[INFO] [stdout] 8e69e50b36c546f7cdb5524fbe148a8f103e3fce3ef2185db9170893ac0d76dc
