[INFO] fetching crate macroquad-canvas 0.3.2...
[INFO] testing macroquad-canvas-0.3.2 against 1.69.0 for beta-1.70-1
[INFO] extracting crate macroquad-canvas 0.3.2 into /workspace/builds/worker-2-tc1/source
[INFO] validating manifest of crates.io crate macroquad-canvas 0.3.2 on toolchain 1.69.0
[INFO] running `Command { std: CARGO_HOME="/workspace/cargo-home" RUSTUP_HOME="/workspace/rustup-home" "/workspace/cargo-home/bin/cargo" "+1.69.0" "metadata" "--manifest-path" "Cargo.toml" "--no-deps", kill_on_drop: false }`
[INFO] started tweaking crates.io crate macroquad-canvas 0.3.2
[INFO] removed 2 missing examples
[INFO] finished tweaking crates.io crate macroquad-canvas 0.3.2
[INFO] tweaked toml for crates.io crate macroquad-canvas 0.3.2 written to /workspace/builds/worker-2-tc1/source/Cargo.toml
[INFO] crate crates.io crate macroquad-canvas 0.3.2 already has a lockfile, it will not be regenerated
[INFO] running `Command { std: CARGO_HOME="/workspace/cargo-home" RUSTUP_HOME="/workspace/rustup-home" "/workspace/cargo-home/bin/cargo" "+1.69.0" "fetch" "--manifest-path" "Cargo.toml", kill_on_drop: false }`
[INFO] [stderr]  Downloading crates ...
[INFO] [stderr]   Downloaded audrey v0.3.0
[INFO] [stderr]   Downloaded miniquad v0.3.14
[INFO] [stderr]   Downloaded macroquad_macro v0.1.7
[INFO] [stderr]   Downloaded fontdue v0.7.3
[INFO] [stderr]   Downloaded quad-rand v0.2.1
[INFO] [stderr]   Downloaded dasp_frame v0.11.0
[INFO] [stderr]   Downloaded audir-sles v0.1.0
[INFO] [stderr]   Downloaded hound v3.5.0
[INFO] [stderr]   Downloaded quad-alsa-sys v0.3.2
[INFO] [stderr]   Downloaded macroquad v0.3.25
[INFO] [stderr]   Downloaded quad-snd v0.2.7
[INFO] running `Command { std: "docker" "create" "-v" "/var/lib/crater-agent-workspace/builds/worker-2-tc1/target:/opt/rustwide/target:rw,Z" "-v" "/var/lib/crater-agent-workspace/builds/worker-2-tc1/source:/opt/rustwide/workdir:ro,Z" "-v" "/var/lib/crater-agent-workspace/cargo-home:/opt/rustwide/cargo-home:ro,Z" "-v" "/var/lib/crater-agent-workspace/rustup-home:/opt/rustwide/rustup-home:ro,Z" "-e" "SOURCE_DIR=/opt/rustwide/workdir" "-e" "CARGO_TARGET_DIR=/opt/rustwide/target" "-e" "CARGO_HOME=/opt/rustwide/cargo-home" "-e" "RUSTUP_HOME=/opt/rustwide/rustup-home" "-w" "/opt/rustwide/workdir" "-m" "1610612736" "--user" "0:0" "--network" "none" "ghcr.io/rust-lang/crates-build-env/linux@sha256:5ff2268d62e97bff2cde7d5815dd6ed5b47097566f13b8d0ca110b04b60e07ed" "/opt/rustwide/cargo-home/bin/cargo" "+1.69.0" "metadata" "--no-deps" "--format-version=1", kill_on_drop: false }`
[INFO] [stdout] 3b8d82c8004c8a5b4b3f314254b17f624d3a234900c85ab2f4021230413f063a
[INFO] running `Command { std: "docker" "start" "-a" "3b8d82c8004c8a5b4b3f314254b17f624d3a234900c85ab2f4021230413f063a", kill_on_drop: false }`
[INFO] running `Command { std: "docker" "inspect" "3b8d82c8004c8a5b4b3f314254b17f624d3a234900c85ab2f4021230413f063a", kill_on_drop: false }`
[INFO] running `Command { std: "docker" "rm" "-f" "3b8d82c8004c8a5b4b3f314254b17f624d3a234900c85ab2f4021230413f063a", kill_on_drop: false }`
[INFO] [stdout] 3b8d82c8004c8a5b4b3f314254b17f624d3a234900c85ab2f4021230413f063a
[INFO] running `Command { std: "docker" "create" "-v" "/var/lib/crater-agent-workspace/builds/worker-2-tc1/target:/opt/rustwide/target:rw,Z" "-v" "/var/lib/crater-agent-workspace/builds/worker-2-tc1/source:/opt/rustwide/workdir:ro,Z" "-v" "/var/lib/crater-agent-workspace/cargo-home:/opt/rustwide/cargo-home:ro,Z" "-v" "/var/lib/crater-agent-workspace/rustup-home:/opt/rustwide/rustup-home:ro,Z" "-e" "SOURCE_DIR=/opt/rustwide/workdir" "-e" "CARGO_TARGET_DIR=/opt/rustwide/target" "-e" "CARGO_INCREMENTAL=0" "-e" "RUST_BACKTRACE=full" "-e" "RUSTFLAGS=--cap-lints=warn" "-e" "RUSTDOCFLAGS=--cap-lints=warn" "-e" "CARGO_HOME=/opt/rustwide/cargo-home" "-e" "RUSTUP_HOME=/opt/rustwide/rustup-home" "-w" "/opt/rustwide/workdir" "-m" "1610612736" "--user" "0:0" "--network" "none" "ghcr.io/rust-lang/crates-build-env/linux@sha256:5ff2268d62e97bff2cde7d5815dd6ed5b47097566f13b8d0ca110b04b60e07ed" "/opt/rustwide/cargo-home/bin/cargo" "+1.69.0" "build" "--frozen" "--message-format=json", kill_on_drop: false }`
[INFO] [stdout] a14db0a93487b14e079d6ac0603a4118300d8138da469d2498bc74ef90f9f8e6
[INFO] running `Command { std: "docker" "start" "-a" "a14db0a93487b14e079d6ac0603a4118300d8138da469d2498bc74ef90f9f8e6", kill_on_drop: false }`
[INFO] [stderr]    Compiling adler v1.0.2
[INFO] [stderr]    Compiling version_check v0.9.4
[INFO] [stderr]    Compiling crc32fast v1.3.2
[INFO] [stderr]    Compiling num-integer v0.1.45
[INFO] [stderr]    Compiling quad-alsa-sys v0.3.2
[INFO] [stderr]    Compiling simd-adler32 v0.3.5
[INFO] [stderr]    Compiling smallvec v0.6.14
[INFO] [stderr]    Compiling ogg v0.7.1
[INFO] [stderr]    Compiling miniz_oxide v0.6.2
[INFO] [stderr]    Compiling num-rational v0.4.1
[INFO] [stderr]    Compiling dasp_sample v0.11.0
[INFO] [stderr]    Compiling once_cell v1.17.1
[INFO] [stderr]    Compiling ahash v0.8.3
[INFO] [stderr]    Compiling miniz_oxide v0.7.1
[INFO] [stderr]    Compiling fdeflate v0.3.0
[INFO] [stderr]    Compiling lewton v0.9.4
[INFO] [stderr]    Compiling flate2 v1.0.25
[INFO] [stderr]    Compiling dasp_frame v0.11.0
[INFO] [stderr]    Compiling hound v3.5.0
[INFO] [stderr]    Compiling miniquad v0.3.14
[INFO] [stderr]    Compiling quad-snd v0.2.7
[INFO] [stderr]    Compiling png v0.17.8
[INFO] [stderr]    Compiling hashbrown v0.13.2
[INFO] [stderr]    Compiling bytemuck v1.13.1
[INFO] [stderr]    Compiling color_quant v1.1.0
[INFO] [stderr]    Compiling ttf-parser v0.15.2
[INFO] [stderr]    Compiling glam v0.21.3
[INFO] [stderr]    Compiling bumpalo v3.12.1
[INFO] [stderr]    Compiling quad-rand v0.2.1
[INFO] [stderr]    Compiling image v0.24.6
[INFO] [stderr]    Compiling macroquad_macro v0.1.7
[INFO] [stderr]    Compiling audrey v0.3.0
[INFO] [stderr]    Compiling fontdue v0.7.3
[INFO] [stderr]    Compiling macroquad v0.3.25
[INFO] [stderr]    Compiling macroquad-canvas v0.3.2 (/opt/rustwide/workdir)
[INFO] [stderr]     Finished dev [unoptimized + debuginfo] target(s) in 15.50s
[INFO] running `Command { std: "docker" "inspect" "a14db0a93487b14e079d6ac0603a4118300d8138da469d2498bc74ef90f9f8e6", kill_on_drop: false }`
[INFO] running `Command { std: "docker" "rm" "-f" "a14db0a93487b14e079d6ac0603a4118300d8138da469d2498bc74ef90f9f8e6", kill_on_drop: false }`
[INFO] [stdout] a14db0a93487b14e079d6ac0603a4118300d8138da469d2498bc74ef90f9f8e6
[INFO] running `Command { std: "docker" "create" "-v" "/var/lib/crater-agent-workspace/builds/worker-2-tc1/target:/opt/rustwide/target:rw,Z" "-v" "/var/lib/crater-agent-workspace/builds/worker-2-tc1/source:/opt/rustwide/workdir:ro,Z" "-v" "/var/lib/crater-agent-workspace/cargo-home:/opt/rustwide/cargo-home:ro,Z" "-v" "/var/lib/crater-agent-workspace/rustup-home:/opt/rustwide/rustup-home:ro,Z" "-e" "SOURCE_DIR=/opt/rustwide/workdir" "-e" "CARGO_TARGET_DIR=/opt/rustwide/target" "-e" "CARGO_INCREMENTAL=0" "-e" "RUST_BACKTRACE=full" "-e" "RUSTFLAGS=--cap-lints=warn" "-e" "RUSTDOCFLAGS=--cap-lints=warn" "-e" "CARGO_HOME=/opt/rustwide/cargo-home" "-e" "RUSTUP_HOME=/opt/rustwide/rustup-home" "-w" "/opt/rustwide/workdir" "-m" "1610612736" "--user" "0:0" "--network" "none" "ghcr.io/rust-lang/crates-build-env/linux@sha256:5ff2268d62e97bff2cde7d5815dd6ed5b47097566f13b8d0ca110b04b60e07ed" "/opt/rustwide/cargo-home/bin/cargo" "+1.69.0" "test" "--frozen" "--no-run" "--message-format=json", kill_on_drop: false }`
[INFO] [stdout] 7975bcc928632e5eb79d65f847d166aa98abc4efd29c0531bb1675532835cd84
[INFO] running `Command { std: "docker" "start" "-a" "7975bcc928632e5eb79d65f847d166aa98abc4efd29c0531bb1675532835cd84", kill_on_drop: false }`
[INFO] [stderr]    Compiling macroquad-canvas v0.3.2 (/opt/rustwide/workdir)
[INFO] [stderr]     Finished test [unoptimized + debuginfo] target(s) in 1.15s
[INFO] running `Command { std: "docker" "inspect" "7975bcc928632e5eb79d65f847d166aa98abc4efd29c0531bb1675532835cd84", kill_on_drop: false }`
[INFO] running `Command { std: "docker" "rm" "-f" "7975bcc928632e5eb79d65f847d166aa98abc4efd29c0531bb1675532835cd84", kill_on_drop: false }`
[INFO] [stdout] 7975bcc928632e5eb79d65f847d166aa98abc4efd29c0531bb1675532835cd84
[INFO] running `Command { std: "docker" "create" "-v" "/var/lib/crater-agent-workspace/builds/worker-2-tc1/target:/opt/rustwide/target:rw,Z" "-v" "/var/lib/crater-agent-workspace/builds/worker-2-tc1/source:/opt/rustwide/workdir:ro,Z" "-v" "/var/lib/crater-agent-workspace/cargo-home:/opt/rustwide/cargo-home:ro,Z" "-v" "/var/lib/crater-agent-workspace/rustup-home:/opt/rustwide/rustup-home:ro,Z" "-e" "SOURCE_DIR=/opt/rustwide/workdir" "-e" "CARGO_TARGET_DIR=/opt/rustwide/target" "-e" "CARGO_INCREMENTAL=0" "-e" "RUST_BACKTRACE=full" "-e" "RUSTFLAGS=--cap-lints=warn" "-e" "RUSTDOCFLAGS=--cap-lints=warn" "-e" "CARGO_HOME=/opt/rustwide/cargo-home" "-e" "RUSTUP_HOME=/opt/rustwide/rustup-home" "-w" "/opt/rustwide/workdir" "-m" "1610612736" "--user" "0:0" "--network" "none" "ghcr.io/rust-lang/crates-build-env/linux@sha256:5ff2268d62e97bff2cde7d5815dd6ed5b47097566f13b8d0ca110b04b60e07ed" "/opt/rustwide/cargo-home/bin/cargo" "+1.69.0" "test" "--frozen", kill_on_drop: false }`
[INFO] [stdout] 511638f4da74376f4e2d08088d4ce0d2f20db621fb8f14dd58f4c379457a59bd
[INFO] running `Command { std: "docker" "start" "-a" "511638f4da74376f4e2d08088d4ce0d2f20db621fb8f14dd58f4c379457a59bd", kill_on_drop: false }`
[INFO] [stderr]     Finished test [unoptimized + debuginfo] target(s) in 0.06s
[INFO] [stderr]      Running unittests src/lib.rs (/opt/rustwide/target/debug/deps/macroquad_canvas-f20fbcf4ce533d92)
[INFO] [stdout] 
[INFO] [stdout] running 0 tests
[INFO] [stdout] 
[INFO] [stdout] test result: ok. 0 passed; 0 failed; 0 ignored; 0 measured; 0 filtered out; finished in 0.00s
[INFO] [stdout] 
[INFO] [stderr]    Doc-tests macroquad-canvas
[INFO] [stdout] 
[INFO] [stdout] running 4 tests
[INFO] [stdout] test src/lib.rs - Canvas2D (line 38) - compile ... ok
[INFO] [stdout] test src/lib.rs - (line 50) ... FAILED
[INFO] [stdout] test src/lib.rs - (line 44) ... FAILED
[INFO] [stdout] test src/lib.rs - (line 38) ... ok
[INFO] [stdout] 
[INFO] [stdout] failures:
[INFO] [stdout] 
[INFO] [stdout] ---- src/lib.rs - (line 50) stdout ----
[INFO] [stdout] error[E0425]: cannot find function `set_camera` in this scope
[INFO] [stdout]  --> src/lib.rs:52:5
[INFO] [stdout]   |
[INFO] [stdout] 4 |     set_camera(&canvas.camera);
[INFO] [stdout]   |     ^^^^^^^^^^ not found in this scope
[INFO] [stdout]   |
[INFO] [stdout] help: consider importing one of these items
[INFO] [stdout]   |
[INFO] [stdout] 2 | use macroquad::prelude::scene::set_camera;
[INFO] [stdout]   |
[INFO] [stdout] 2 | use macroquad::prelude::set_camera;
[INFO] [stdout]   |
[INFO] [stdout] 
[INFO] [stdout] error[E0425]: cannot find value `canvas` in this scope
[INFO] [stdout]  --> src/lib.rs:52:17
[INFO] [stdout]   |
[INFO] [stdout] 4 |     set_camera(&canvas.camera);
[INFO] [stdout]   |                 ^^^^^^ not found in this scope
[INFO] [stdout] 
[INFO] [stdout] error[E0425]: cannot find function `set_default_camera` in this scope
[INFO] [stdout]  --> src/lib.rs:56:5
[INFO] [stdout]   |
[INFO] [stdout] 8 |     set_default_camera();
[INFO] [stdout]   |     ^^^^^^^^^^^^^^^^^^ not found in this scope
[INFO] [stdout]   |
[INFO] [stdout] help: consider importing this function
[INFO] [stdout]   |
[INFO] [stdout] 2 | use macroquad::prelude::set_default_camera;
[INFO] [stdout]   |
[INFO] [stdout] 
[INFO] [stdout] error[E0425]: cannot find value `canvas` in this scope
[INFO] [stdout]   --> src/lib.rs:58:5
[INFO] [stdout]    |
[INFO] [stdout] 10 |     canvas.draw();
[INFO] [stdout]    |     ^^^^^^ not found in this scope
[INFO] [stdout] 
[INFO] [stdout] error[E0425]: cannot find function `next_frame` in this scope
[INFO] [stdout]   --> src/lib.rs:60:5
[INFO] [stdout]    |
[INFO] [stdout] 12 |     next_frame().await
[INFO] [stdout]    |     ^^^^^^^^^^ not found in this scope
[INFO] [stdout]    |
[INFO] [stdout] help: consider importing this function
[INFO] [stdout]    |
[INFO] [stdout] 2  | use macroquad::prelude::next_frame;
[INFO] [stdout]    |
[INFO] [stdout] 
[INFO] [stdout] error[E0728]: `await` is only allowed inside `async` functions and blocks
[INFO] [stdout]   --> src/lib.rs:60:17
[INFO] [stdout]    |
[INFO] [stdout] 2  | fn main() { #[allow(non_snake_case)] fn _doctest_main_src_lib_rs_50_0() {
[INFO] [stdout]    |                                         ----------------------------- this is not `async`
[INFO] [stdout] ...
[INFO] [stdout] 12 |     next_frame().await
[INFO] [stdout]    |                 ^^^^^^ only allowed inside `async` functions and blocks
[INFO] [stdout] 
[INFO] [stdout] error: aborting due to 6 previous errors
[INFO] [stdout] 
[INFO] [stdout] Some errors have detailed explanations: E0425, E0728.
[INFO] [stdout] For more information about an error, try `rustc --explain E0425`.
[INFO] [stdout] Couldn't compile the test.
[INFO] [stdout] ---- src/lib.rs - (line 44) stdout ----
[INFO] [stdout] error[E0433]: failed to resolve: use of undeclared type `Canvas2D`
[INFO] [stdout]  --> src/lib.rs:45:14
[INFO] [stdout]   |
[INFO] [stdout] 3 | let canvas = Canvas2D::new(800_f32, 600_f32);
[INFO] [stdout]   |              ^^^^^^^^ use of undeclared type `Canvas2D`
[INFO] [stdout]   |
[INFO] [stdout] help: consider importing this struct
[INFO] [stdout]   |
[INFO] [stdout] 2 | use macroquad_canvas::Canvas2D;
[INFO] [stdout]   |
[INFO] [stdout] 
[INFO] [stdout] error: aborting due to previous error
[INFO] [stdout] 
[INFO] [stdout] For more information about this error, try `rustc --explain E0433`.
[INFO] [stdout] Couldn't compile the test.
[INFO] [stdout] 
[INFO] [stdout] failures:
[INFO] [stdout]     src/lib.rs - (line 44)
[INFO] [stdout]     src/lib.rs - (line 50)
[INFO] [stdout] 
[INFO] [stdout] test result: FAILED. 2 passed; 2 failed; 0 ignored; 0 measured; 0 filtered out; finished in 1.01s
[INFO] [stdout] 
[INFO] [stderr] error: doctest failed, to rerun pass `--doc`
[INFO] running `Command { std: "docker" "inspect" "511638f4da74376f4e2d08088d4ce0d2f20db621fb8f14dd58f4c379457a59bd", kill_on_drop: false }`
[INFO] running `Command { std: "docker" "rm" "-f" "511638f4da74376f4e2d08088d4ce0d2f20db621fb8f14dd58f4c379457a59bd", kill_on_drop: false }`
[INFO] [stdout] 511638f4da74376f4e2d08088d4ce0d2f20db621fb8f14dd58f4c379457a59bd
