[INFO] fetching crate lyric_charter_lib 0.1.0...
[INFO] testing lyric_charter_lib-0.1.0 against beta-2023-04-20 for beta-1.70-1
[INFO] extracting crate lyric_charter_lib 0.1.0 into /workspace/builds/worker-4-tc2/source
[INFO] validating manifest of crates.io crate lyric_charter_lib 0.1.0 on toolchain beta-2023-04-20
[INFO] running `Command { std: CARGO_HOME="/workspace/cargo-home" RUSTUP_HOME="/workspace/rustup-home" "/workspace/cargo-home/bin/cargo" "+beta-2023-04-20" "metadata" "--manifest-path" "Cargo.toml" "--no-deps", kill_on_drop: false }`
[INFO] started tweaking crates.io crate lyric_charter_lib 0.1.0
[INFO] finished tweaking crates.io crate lyric_charter_lib 0.1.0
[INFO] tweaked toml for crates.io crate lyric_charter_lib 0.1.0 written to /workspace/builds/worker-4-tc2/source/Cargo.toml
[INFO] running `Command { std: CARGO_HOME="/workspace/cargo-home" RUSTUP_HOME="/workspace/rustup-home" __CARGO_TEST_CHANNEL_OVERRIDE_DO_NOT_USE_THIS="nightly" "/workspace/cargo-home/bin/cargo" "+beta-2023-04-20" "generate-lockfile" "--manifest-path" "Cargo.toml" "-Zno-index-update", kill_on_drop: false }`
[INFO] running `Command { std: CARGO_HOME="/workspace/cargo-home" RUSTUP_HOME="/workspace/rustup-home" "/workspace/cargo-home/bin/cargo" "+beta-2023-04-20" "fetch" "--manifest-path" "Cargo.toml", kill_on_drop: false }`
[INFO] running `Command { std: "docker" "create" "-v" "/var/lib/crater-agent-workspace/builds/worker-4-tc2/target:/opt/rustwide/target:rw,Z" "-v" "/var/lib/crater-agent-workspace/builds/worker-4-tc2/source:/opt/rustwide/workdir:ro,Z" "-v" "/var/lib/crater-agent-workspace/cargo-home:/opt/rustwide/cargo-home:ro,Z" "-v" "/var/lib/crater-agent-workspace/rustup-home:/opt/rustwide/rustup-home:ro,Z" "-e" "SOURCE_DIR=/opt/rustwide/workdir" "-e" "CARGO_TARGET_DIR=/opt/rustwide/target" "-e" "CARGO_HOME=/opt/rustwide/cargo-home" "-e" "RUSTUP_HOME=/opt/rustwide/rustup-home" "-w" "/opt/rustwide/workdir" "-m" "1610612736" "--user" "0:0" "--network" "none" "ghcr.io/rust-lang/crates-build-env/linux@sha256:5ff2268d62e97bff2cde7d5815dd6ed5b47097566f13b8d0ca110b04b60e07ed" "/opt/rustwide/cargo-home/bin/cargo" "+beta-2023-04-20" "metadata" "--no-deps" "--format-version=1", kill_on_drop: false }`
[INFO] [stdout] 3b3fe11ad786c69fcfc5afab16b93d5db7b4a2042353171e3aef23005a3a53f7
[INFO] running `Command { std: "docker" "start" "-a" "3b3fe11ad786c69fcfc5afab16b93d5db7b4a2042353171e3aef23005a3a53f7", kill_on_drop: false }`
[INFO] running `Command { std: "docker" "inspect" "3b3fe11ad786c69fcfc5afab16b93d5db7b4a2042353171e3aef23005a3a53f7", kill_on_drop: false }`
[INFO] running `Command { std: "docker" "rm" "-f" "3b3fe11ad786c69fcfc5afab16b93d5db7b4a2042353171e3aef23005a3a53f7", kill_on_drop: false }`
[INFO] [stdout] 3b3fe11ad786c69fcfc5afab16b93d5db7b4a2042353171e3aef23005a3a53f7
[INFO] running `Command { std: "docker" "create" "-v" "/var/lib/crater-agent-workspace/builds/worker-4-tc2/target:/opt/rustwide/target:rw,Z" "-v" "/var/lib/crater-agent-workspace/builds/worker-4-tc2/source:/opt/rustwide/workdir:ro,Z" "-v" "/var/lib/crater-agent-workspace/cargo-home:/opt/rustwide/cargo-home:ro,Z" "-v" "/var/lib/crater-agent-workspace/rustup-home:/opt/rustwide/rustup-home:ro,Z" "-e" "SOURCE_DIR=/opt/rustwide/workdir" "-e" "CARGO_TARGET_DIR=/opt/rustwide/target" "-e" "CARGO_INCREMENTAL=0" "-e" "RUST_BACKTRACE=full" "-e" "RUSTFLAGS=--cap-lints=warn" "-e" "RUSTDOCFLAGS=--cap-lints=warn" "-e" "CARGO_HOME=/opt/rustwide/cargo-home" "-e" "RUSTUP_HOME=/opt/rustwide/rustup-home" "-w" "/opt/rustwide/workdir" "-m" "1610612736" "--user" "0:0" "--network" "none" "ghcr.io/rust-lang/crates-build-env/linux@sha256:5ff2268d62e97bff2cde7d5815dd6ed5b47097566f13b8d0ca110b04b60e07ed" "/opt/rustwide/cargo-home/bin/cargo" "+beta-2023-04-20" "build" "--frozen" "--message-format=json", kill_on_drop: false }`
[INFO] [stdout] 04231fce501e28b9edc5e15bf39db82a2845ba52ecbd02ce9b9d2006d997ea64
[INFO] running `Command { std: "docker" "start" "-a" "04231fce501e28b9edc5e15bf39db82a2845ba52ecbd02ce9b9d2006d997ea64", kill_on_drop: false }`
[INFO] [stderr]    Compiling memchr v2.5.0
[INFO] [stderr]    Compiling eyre v0.6.8
[INFO] [stderr]    Compiling indenter v0.3.3
[INFO] [stderr]    Compiling once_cell v1.17.1
[INFO] [stderr]    Compiling regex-syntax v0.7.1
[INFO] [stderr]    Compiling aho-corasick v1.0.1
[INFO] [stderr]    Compiling regex v1.8.1
[INFO] [stderr]    Compiling lyric_charter_lib v0.1.0 (/opt/rustwide/workdir)
[INFO] [stderr]     Finished dev [unoptimized + debuginfo] target(s) in 4.29s
[INFO] running `Command { std: "docker" "inspect" "04231fce501e28b9edc5e15bf39db82a2845ba52ecbd02ce9b9d2006d997ea64", kill_on_drop: false }`
[INFO] running `Command { std: "docker" "rm" "-f" "04231fce501e28b9edc5e15bf39db82a2845ba52ecbd02ce9b9d2006d997ea64", kill_on_drop: false }`
[INFO] [stdout] 04231fce501e28b9edc5e15bf39db82a2845ba52ecbd02ce9b9d2006d997ea64
[INFO] running `Command { std: "docker" "create" "-v" "/var/lib/crater-agent-workspace/builds/worker-4-tc2/target:/opt/rustwide/target:rw,Z" "-v" "/var/lib/crater-agent-workspace/builds/worker-4-tc2/source:/opt/rustwide/workdir:ro,Z" "-v" "/var/lib/crater-agent-workspace/cargo-home:/opt/rustwide/cargo-home:ro,Z" "-v" "/var/lib/crater-agent-workspace/rustup-home:/opt/rustwide/rustup-home:ro,Z" "-e" "SOURCE_DIR=/opt/rustwide/workdir" "-e" "CARGO_TARGET_DIR=/opt/rustwide/target" "-e" "CARGO_INCREMENTAL=0" "-e" "RUST_BACKTRACE=full" "-e" "RUSTFLAGS=--cap-lints=warn" "-e" "RUSTDOCFLAGS=--cap-lints=warn" "-e" "CARGO_HOME=/opt/rustwide/cargo-home" "-e" "RUSTUP_HOME=/opt/rustwide/rustup-home" "-w" "/opt/rustwide/workdir" "-m" "1610612736" "--user" "0:0" "--network" "none" "ghcr.io/rust-lang/crates-build-env/linux@sha256:5ff2268d62e97bff2cde7d5815dd6ed5b47097566f13b8d0ca110b04b60e07ed" "/opt/rustwide/cargo-home/bin/cargo" "+beta-2023-04-20" "test" "--frozen" "--no-run" "--message-format=json", kill_on_drop: false }`
[INFO] [stdout] d97b683787a9d545f451864cecf2fe1d8776555a9c864781f9939a62f148a977
[INFO] running `Command { std: "docker" "start" "-a" "d97b683787a9d545f451864cecf2fe1d8776555a9c864781f9939a62f148a977", kill_on_drop: false }`
[INFO] [stderr]    Compiling lyric_charter_lib v0.1.0 (/opt/rustwide/workdir)
[INFO] [stderr]     Finished test [unoptimized + debuginfo] target(s) in 0.87s
[INFO] running `Command { std: "docker" "inspect" "d97b683787a9d545f451864cecf2fe1d8776555a9c864781f9939a62f148a977", kill_on_drop: false }`
[INFO] running `Command { std: "docker" "rm" "-f" "d97b683787a9d545f451864cecf2fe1d8776555a9c864781f9939a62f148a977", kill_on_drop: false }`
[INFO] [stdout] d97b683787a9d545f451864cecf2fe1d8776555a9c864781f9939a62f148a977
[INFO] running `Command { std: "docker" "create" "-v" "/var/lib/crater-agent-workspace/builds/worker-4-tc2/target:/opt/rustwide/target:rw,Z" "-v" "/var/lib/crater-agent-workspace/builds/worker-4-tc2/source:/opt/rustwide/workdir:ro,Z" "-v" "/var/lib/crater-agent-workspace/cargo-home:/opt/rustwide/cargo-home:ro,Z" "-v" "/var/lib/crater-agent-workspace/rustup-home:/opt/rustwide/rustup-home:ro,Z" "-e" "SOURCE_DIR=/opt/rustwide/workdir" "-e" "CARGO_TARGET_DIR=/opt/rustwide/target" "-e" "CARGO_INCREMENTAL=0" "-e" "RUST_BACKTRACE=full" "-e" "RUSTFLAGS=--cap-lints=warn" "-e" "RUSTDOCFLAGS=--cap-lints=warn" "-e" "CARGO_HOME=/opt/rustwide/cargo-home" "-e" "RUSTUP_HOME=/opt/rustwide/rustup-home" "-w" "/opt/rustwide/workdir" "-m" "1610612736" "--user" "0:0" "--network" "none" "ghcr.io/rust-lang/crates-build-env/linux@sha256:5ff2268d62e97bff2cde7d5815dd6ed5b47097566f13b8d0ca110b04b60e07ed" "/opt/rustwide/cargo-home/bin/cargo" "+beta-2023-04-20" "test" "--frozen", kill_on_drop: false }`
[INFO] [stdout] 4fa931fe7f9ceb4e07b1416b87b985a2ef485fc0825b337f4d96719be3c64dc2
[INFO] running `Command { std: "docker" "start" "-a" "4fa931fe7f9ceb4e07b1416b87b985a2ef485fc0825b337f4d96719be3c64dc2", kill_on_drop: false }`
[INFO] [stderr]     Finished test [unoptimized + debuginfo] target(s) in 0.01s
[INFO] [stderr]      Running unittests src/lib.rs (/opt/rustwide/target/debug/deps/lyric_charter_lib-806a348c12a574d1)
[INFO] [stdout] 
[INFO] [stdout] running 4 tests
[INFO] [stdout] test tests::it_works ... ok
[INFO] [stdout] test phrases::test::phrase_to_string ... FAILED
[INFO] [stdout] test chart::test::load_test ... FAILED
[INFO] [stdout] test phrases::test::phrase_loading ... FAILED
[INFO] [stdout] 
[INFO] [stdout] failures:
[INFO] [stdout] 
[INFO] [stdout] ---- phrases::test::phrase_to_string stdout ----
[INFO] [stdout] Error: No such file or directory (os error 2)
[INFO] [stdout] 
[INFO] [stdout] Location:
[INFO] [stdout]     src/phrases.rs:178:27
[INFO] [stdout] 
[INFO] [stdout] ---- chart::test::load_test stdout ----
[INFO] [stdout] Error: No such file or directory (os error 2)
[INFO] [stdout] 
[INFO] [stdout] Location:
[INFO] [stdout]     src/chart.rs:362:27
[INFO] [stdout] 
[INFO] [stdout] ---- phrases::test::phrase_loading stdout ----
[INFO] [stdout] Error: No such file or directory (os error 2)
[INFO] [stdout] 
[INFO] [stdout] Location:
[INFO] [stdout]     src/phrases.rs:146:27
[INFO] [stdout] 
[INFO] [stdout] 
[INFO] [stdout] failures:
[INFO] [stdout]     chart::test::load_test
[INFO] [stdout]     phrases::test::phrase_loading
[INFO] [stdout]     phrases::test::phrase_to_string
[INFO] [stdout] 
[INFO] [stdout] test result: FAILED. 1 passed; 3 failed; 0 ignored; 0 measured; 0 filtered out; finished in 0.00s
[INFO] [stdout] 
[INFO] [stderr] error: test failed, to rerun pass `--lib`
[INFO] running `Command { std: "docker" "inspect" "4fa931fe7f9ceb4e07b1416b87b985a2ef485fc0825b337f4d96719be3c64dc2", kill_on_drop: false }`
[INFO] running `Command { std: "docker" "rm" "-f" "4fa931fe7f9ceb4e07b1416b87b985a2ef485fc0825b337f4d96719be3c64dc2", kill_on_drop: false }`
[INFO] [stdout] 4fa931fe7f9ceb4e07b1416b87b985a2ef485fc0825b337f4d96719be3c64dc2
