[INFO] fetching crate lunir 0.2.0...
[INFO] testing lunir-0.2.0 against beta-2023-04-20 for beta-1.70-1
[INFO] extracting crate lunir 0.2.0 into /workspace/builds/worker-5-tc2/source
[INFO] validating manifest of crates.io crate lunir 0.2.0 on toolchain beta-2023-04-20
[INFO] running `Command { std: CARGO_HOME="/workspace/cargo-home" RUSTUP_HOME="/workspace/rustup-home" "/workspace/cargo-home/bin/cargo" "+beta-2023-04-20" "metadata" "--manifest-path" "Cargo.toml" "--no-deps", kill_on_drop: false }`
[INFO] started tweaking crates.io crate lunir 0.2.0
[INFO] finished tweaking crates.io crate lunir 0.2.0
[INFO] tweaked toml for crates.io crate lunir 0.2.0 written to /workspace/builds/worker-5-tc2/source/Cargo.toml
[INFO] running `Command { std: CARGO_HOME="/workspace/cargo-home" RUSTUP_HOME="/workspace/rustup-home" __CARGO_TEST_CHANNEL_OVERRIDE_DO_NOT_USE_THIS="nightly" "/workspace/cargo-home/bin/cargo" "+beta-2023-04-20" "generate-lockfile" "--manifest-path" "Cargo.toml" "-Zno-index-update", kill_on_drop: false }`
[INFO] running `Command { std: CARGO_HOME="/workspace/cargo-home" RUSTUP_HOME="/workspace/rustup-home" "/workspace/cargo-home/bin/cargo" "+beta-2023-04-20" "fetch" "--manifest-path" "Cargo.toml", kill_on_drop: false }`
[INFO] running `Command { std: "docker" "create" "-v" "/var/lib/crater-agent-workspace/builds/worker-5-tc2/target:/opt/rustwide/target:rw,Z" "-v" "/var/lib/crater-agent-workspace/builds/worker-5-tc2/source:/opt/rustwide/workdir:ro,Z" "-v" "/var/lib/crater-agent-workspace/cargo-home:/opt/rustwide/cargo-home:ro,Z" "-v" "/var/lib/crater-agent-workspace/rustup-home:/opt/rustwide/rustup-home:ro,Z" "-e" "SOURCE_DIR=/opt/rustwide/workdir" "-e" "CARGO_TARGET_DIR=/opt/rustwide/target" "-e" "CARGO_HOME=/opt/rustwide/cargo-home" "-e" "RUSTUP_HOME=/opt/rustwide/rustup-home" "-w" "/opt/rustwide/workdir" "-m" "1610612736" "--user" "0:0" "--network" "none" "ghcr.io/rust-lang/crates-build-env/linux@sha256:5ff2268d62e97bff2cde7d5815dd6ed5b47097566f13b8d0ca110b04b60e07ed" "/opt/rustwide/cargo-home/bin/cargo" "+beta-2023-04-20" "metadata" "--no-deps" "--format-version=1", kill_on_drop: false }`
[INFO] [stdout] ce5e014cf504942602fab9612097b37831078eaced5d16d44e3aba2494a25337
[INFO] running `Command { std: "docker" "start" "-a" "ce5e014cf504942602fab9612097b37831078eaced5d16d44e3aba2494a25337", kill_on_drop: false }`
[INFO] running `Command { std: "docker" "inspect" "ce5e014cf504942602fab9612097b37831078eaced5d16d44e3aba2494a25337", kill_on_drop: false }`
[INFO] running `Command { std: "docker" "rm" "-f" "ce5e014cf504942602fab9612097b37831078eaced5d16d44e3aba2494a25337", kill_on_drop: false }`
[INFO] [stdout] ce5e014cf504942602fab9612097b37831078eaced5d16d44e3aba2494a25337
[INFO] running `Command { std: "docker" "create" "-v" "/var/lib/crater-agent-workspace/builds/worker-5-tc2/target:/opt/rustwide/target:rw,Z" "-v" "/var/lib/crater-agent-workspace/builds/worker-5-tc2/source:/opt/rustwide/workdir:ro,Z" "-v" "/var/lib/crater-agent-workspace/cargo-home:/opt/rustwide/cargo-home:ro,Z" "-v" "/var/lib/crater-agent-workspace/rustup-home:/opt/rustwide/rustup-home:ro,Z" "-e" "SOURCE_DIR=/opt/rustwide/workdir" "-e" "CARGO_TARGET_DIR=/opt/rustwide/target" "-e" "CARGO_INCREMENTAL=0" "-e" "RUST_BACKTRACE=full" "-e" "RUSTFLAGS=--cap-lints=warn" "-e" "RUSTDOCFLAGS=--cap-lints=warn" "-e" "CARGO_HOME=/opt/rustwide/cargo-home" "-e" "RUSTUP_HOME=/opt/rustwide/rustup-home" "-w" "/opt/rustwide/workdir" "-m" "1610612736" "--user" "0:0" "--network" "none" "ghcr.io/rust-lang/crates-build-env/linux@sha256:5ff2268d62e97bff2cde7d5815dd6ed5b47097566f13b8d0ca110b04b60e07ed" "/opt/rustwide/cargo-home/bin/cargo" "+beta-2023-04-20" "build" "--frozen" "--message-format=json", kill_on_drop: false }`
[INFO] [stdout] fbb2622c1fead34618418a6836579d2c41795e41115215e50935b37b9b78961b
[INFO] running `Command { std: "docker" "start" "-a" "fbb2622c1fead34618418a6836579d2c41795e41115215e50935b37b9b78961b", kill_on_drop: false }`
[INFO] [stderr]     Blocking waiting for file lock on package cache
[INFO] [stderr]    Compiling proc-macro2 v1.0.56
[INFO] [stderr]    Compiling unicode-ident v1.0.8
[INFO] [stderr]    Compiling quote v1.0.26
[INFO] [stderr]    Compiling syn v1.0.109
[INFO] [stderr]    Compiling ident_case v1.0.1
[INFO] [stderr]    Compiling fnv v1.0.7
[INFO] [stderr]    Compiling strsim v0.10.0
[INFO] [stderr]    Compiling anyhow v1.0.71
[INFO] [stderr]    Compiling either v1.8.1
[INFO] [stderr]    Compiling itertools v0.10.5
[INFO] [stderr]    Compiling darling_core v0.14.4
[INFO] [stderr]    Compiling darling_macro v0.14.4
[INFO] [stderr]    Compiling darling v0.14.4
[INFO] [stderr]    Compiling derive_builder_core v0.12.0
[INFO] [stderr]    Compiling derive_builder_macro v0.12.0
[INFO] [stderr]    Compiling derive_builder v0.12.0
[INFO] [stderr]    Compiling lunir v0.2.0 (/opt/rustwide/workdir)
[INFO] [stdout] warning: field `indents` is never read
[INFO] [stdout]   --> src/ast/visitors/source_reconstructor.rs:28:5
[INFO] [stdout]    |
[INFO] [stdout] 27 | pub struct SourceReconstructor {
[INFO] [stdout]    |            ------------------- field in this struct
[INFO] [stdout] 28 |     indents: usize,
[INFO] [stdout]    |     ^^^^^^^
[INFO] [stdout]    |
[INFO] [stdout]    = note: `#[warn(dead_code)]` on by default
[INFO] [stdout] 
[INFO] [stdout] 
[INFO] [stdout] warning: method `indent` is never used
[INFO] [stdout]   --> src/ast/visitors/source_reconstructor.rs:68:8
[INFO] [stdout]    |
[INFO] [stdout] 67 | impl SourceReconstructor {
[INFO] [stdout]    | ------------------------ method in this implementation
[INFO] [stdout] 68 |     fn indent(&mut self) {
[INFO] [stdout]    |        ^^^^^^
[INFO] [stdout] 
[INFO] [stdout] 
[INFO] [stdout] warning: method `optimization_level` is never used
[INFO] [stdout]   --> src/pipelines/compile/mod.rs:52:8
[INFO] [stdout]    |
[INFO] [stdout] 50 | impl<T, F> CompilationJob<T, F> {
[INFO] [stdout]    | ------------------------------- method in this implementation
[INFO] [stdout] 51 |     /// Sets the optimization level of this `CompilationJob`.
[INFO] [stdout] 52 |     fn optimization_level(mut self, level: OptimizationLevel) -> Self {
[INFO] [stdout]    |        ^^^^^^^^^^^^^^^^^^
[INFO] [stdout] 
[INFO] [stdout] 
[INFO] [stdout] warning: 3 warnings emitted
[INFO] [stdout] 
[INFO] [stdout] 
[INFO] [stderr]     Finished dev [optimized + debuginfo] target(s) in 24.09s
[INFO] running `Command { std: "docker" "inspect" "fbb2622c1fead34618418a6836579d2c41795e41115215e50935b37b9b78961b", kill_on_drop: false }`
[INFO] running `Command { std: "docker" "rm" "-f" "fbb2622c1fead34618418a6836579d2c41795e41115215e50935b37b9b78961b", kill_on_drop: false }`
[INFO] [stdout] fbb2622c1fead34618418a6836579d2c41795e41115215e50935b37b9b78961b
[INFO] running `Command { std: "docker" "create" "-v" "/var/lib/crater-agent-workspace/builds/worker-5-tc2/target:/opt/rustwide/target:rw,Z" "-v" "/var/lib/crater-agent-workspace/builds/worker-5-tc2/source:/opt/rustwide/workdir:ro,Z" "-v" "/var/lib/crater-agent-workspace/cargo-home:/opt/rustwide/cargo-home:ro,Z" "-v" "/var/lib/crater-agent-workspace/rustup-home:/opt/rustwide/rustup-home:ro,Z" "-e" "SOURCE_DIR=/opt/rustwide/workdir" "-e" "CARGO_TARGET_DIR=/opt/rustwide/target" "-e" "CARGO_INCREMENTAL=0" "-e" "RUST_BACKTRACE=full" "-e" "RUSTFLAGS=--cap-lints=warn" "-e" "RUSTDOCFLAGS=--cap-lints=warn" "-e" "CARGO_HOME=/opt/rustwide/cargo-home" "-e" "RUSTUP_HOME=/opt/rustwide/rustup-home" "-w" "/opt/rustwide/workdir" "-m" "1610612736" "--user" "0:0" "--network" "none" "ghcr.io/rust-lang/crates-build-env/linux@sha256:5ff2268d62e97bff2cde7d5815dd6ed5b47097566f13b8d0ca110b04b60e07ed" "/opt/rustwide/cargo-home/bin/cargo" "+beta-2023-04-20" "test" "--frozen" "--no-run" "--message-format=json", kill_on_drop: false }`
[INFO] [stdout] 854b522dafb159924395c87785063e6b9a21b8f314b9a3a38e032a699476d04c
[INFO] running `Command { std: "docker" "start" "-a" "854b522dafb159924395c87785063e6b9a21b8f314b9a3a38e032a699476d04c", kill_on_drop: false }`
[INFO] [stderr]    Compiling lunir v0.2.0 (/opt/rustwide/workdir)
[INFO] [stdout] warning: field `indents` is never read
[INFO] [stdout]   --> src/ast/visitors/source_reconstructor.rs:28:5
[INFO] [stdout]    |
[INFO] [stdout] 27 | pub struct SourceReconstructor {
[INFO] [stdout]    |            ------------------- field in this struct
[INFO] [stdout] 28 |     indents: usize,
[INFO] [stdout]    |     ^^^^^^^
[INFO] [stdout]    |
[INFO] [stdout]    = note: `#[warn(dead_code)]` on by default
[INFO] [stdout] 
[INFO] [stdout] 
[INFO] [stdout] warning: method `indent` is never used
[INFO] [stdout]   --> src/ast/visitors/source_reconstructor.rs:68:8
[INFO] [stdout]    |
[INFO] [stdout] 67 | impl SourceReconstructor {
[INFO] [stdout]    | ------------------------ method in this implementation
[INFO] [stdout] 68 |     fn indent(&mut self) {
[INFO] [stdout]    |        ^^^^^^
[INFO] [stdout] 
[INFO] [stdout] 
[INFO] [stdout] warning: method `optimization_level` is never used
[INFO] [stdout]   --> src/pipelines/compile/mod.rs:52:8
[INFO] [stdout]    |
[INFO] [stdout] 50 | impl<T, F> CompilationJob<T, F> {
[INFO] [stdout]    | ------------------------------- method in this implementation
[INFO] [stdout] 51 |     /// Sets the optimization level of this `CompilationJob`.
[INFO] [stdout] 52 |     fn optimization_level(mut self, level: OptimizationLevel) -> Self {
[INFO] [stdout]    |        ^^^^^^^^^^^^^^^^^^
[INFO] [stdout] 
[INFO] [stdout] 
[INFO] [stdout] warning: 3 warnings emitted
[INFO] [stdout] 
[INFO] [stdout] 
[INFO] [stdout] warning: field `indents` is never read
[INFO] [stdout]   --> src/ast/visitors/source_reconstructor.rs:28:5
[INFO] [stdout]    |
[INFO] [stdout] 27 | pub struct SourceReconstructor {
[INFO] [stdout]    |            ------------------- field in this struct
[INFO] [stdout] 28 |     indents: usize,
[INFO] [stdout]    |     ^^^^^^^
[INFO] [stdout]    |
[INFO] [stdout]    = note: `#[warn(dead_code)]` on by default
[INFO] [stdout] 
[INFO] [stdout] 
[INFO] [stdout] warning: method `indent` is never used
[INFO] [stdout]   --> src/ast/visitors/source_reconstructor.rs:68:8
[INFO] [stdout]    |
[INFO] [stdout] 67 | impl SourceReconstructor {
[INFO] [stdout]    | ------------------------ method in this implementation
[INFO] [stdout] 68 |     fn indent(&mut self) {
[INFO] [stdout]    |        ^^^^^^
[INFO] [stdout] 
[INFO] [stdout] 
[INFO] [stdout] warning: method `optimization_level` is never used
[INFO] [stdout]   --> src/pipelines/compile/mod.rs:52:8
[INFO] [stdout]    |
[INFO] [stdout] 50 | impl<T, F> CompilationJob<T, F> {
[INFO] [stdout]    | ------------------------------- method in this implementation
[INFO] [stdout] 51 |     /// Sets the optimization level of this `CompilationJob`.
[INFO] [stdout] 52 |     fn optimization_level(mut self, level: OptimizationLevel) -> Self {
[INFO] [stdout]    |        ^^^^^^^^^^^^^^^^^^
[INFO] [stdout] 
[INFO] [stdout] 
[INFO] [stdout] warning: 3 warnings emitted
[INFO] [stdout] 
[INFO] [stdout] 
[INFO] [stderr]     Finished test [optimized + debuginfo] target(s) in 0.74s
[INFO] running `Command { std: "docker" "inspect" "854b522dafb159924395c87785063e6b9a21b8f314b9a3a38e032a699476d04c", kill_on_drop: false }`
[INFO] running `Command { std: "docker" "rm" "-f" "854b522dafb159924395c87785063e6b9a21b8f314b9a3a38e032a699476d04c", kill_on_drop: false }`
[INFO] [stdout] 854b522dafb159924395c87785063e6b9a21b8f314b9a3a38e032a699476d04c
[INFO] running `Command { std: "docker" "create" "-v" "/var/lib/crater-agent-workspace/builds/worker-5-tc2/target:/opt/rustwide/target:rw,Z" "-v" "/var/lib/crater-agent-workspace/builds/worker-5-tc2/source:/opt/rustwide/workdir:ro,Z" "-v" "/var/lib/crater-agent-workspace/cargo-home:/opt/rustwide/cargo-home:ro,Z" "-v" "/var/lib/crater-agent-workspace/rustup-home:/opt/rustwide/rustup-home:ro,Z" "-e" "SOURCE_DIR=/opt/rustwide/workdir" "-e" "CARGO_TARGET_DIR=/opt/rustwide/target" "-e" "CARGO_INCREMENTAL=0" "-e" "RUST_BACKTRACE=full" "-e" "RUSTFLAGS=--cap-lints=warn" "-e" "RUSTDOCFLAGS=--cap-lints=warn" "-e" "CARGO_HOME=/opt/rustwide/cargo-home" "-e" "RUSTUP_HOME=/opt/rustwide/rustup-home" "-w" "/opt/rustwide/workdir" "-m" "1610612736" "--user" "0:0" "--network" "none" "ghcr.io/rust-lang/crates-build-env/linux@sha256:5ff2268d62e97bff2cde7d5815dd6ed5b47097566f13b8d0ca110b04b60e07ed" "/opt/rustwide/cargo-home/bin/cargo" "+beta-2023-04-20" "test" "--frozen", kill_on_drop: false }`
[INFO] [stdout] 8ba7b78ccc6bb8483ecd673cee0f8bfbb00f4d040e1d1c006e180e9dbf2e9308
[INFO] running `Command { std: "docker" "start" "-a" "8ba7b78ccc6bb8483ecd673cee0f8bfbb00f4d040e1d1c006e180e9dbf2e9308", kill_on_drop: false }`
[INFO] [stderr]     Blocking waiting for file lock on package cache
[INFO] [stderr] warning: field `indents` is never read
[INFO] [stderr]   --> src/ast/visitors/source_reconstructor.rs:28:5
[INFO] [stderr]    |
[INFO] [stderr] 27 | pub struct SourceReconstructor {
[INFO] [stderr]    |            ------------------- field in this struct
[INFO] [stderr] 28 |     indents: usize,
[INFO] [stderr]    |     ^^^^^^^
[INFO] [stderr]    |
[INFO] [stderr]    = note: `#[warn(dead_code)]` on by default
[INFO] [stderr] 
[INFO] [stderr] warning: method `indent` is never used
[INFO] [stderr]   --> src/ast/visitors/source_reconstructor.rs:68:8
[INFO] [stderr]    |
[INFO] [stderr] 67 | impl SourceReconstructor {
[INFO] [stderr]    | ------------------------ method in this implementation
[INFO] [stderr] 68 |     fn indent(&mut self) {
[INFO] [stderr]    |        ^^^^^^
[INFO] [stderr] 
[INFO] [stderr] warning: method `optimization_level` is never used
[INFO] [stderr]   --> src/pipelines/compile/mod.rs:52:8
[INFO] [stderr]    |
[INFO] [stderr] 50 | impl<T, F> CompilationJob<T, F> {
[INFO] [stderr]    | ------------------------------- method in this implementation
[INFO] [stderr] 51 |     /// Sets the optimization level of this `CompilationJob`.
[INFO] [stderr] 52 |     fn optimization_level(mut self, level: OptimizationLevel) -> Self {
[INFO] [stderr]    |        ^^^^^^^^^^^^^^^^^^
[INFO] [stderr] 
[INFO] [stderr] warning: `lunir` (lib) generated 3 warnings
[INFO] [stderr] warning: `lunir` (lib test) generated 3 warnings (3 duplicates)
[INFO] [stderr]     Finished test [optimized + debuginfo] target(s) in 0.15s
[INFO] [stderr]      Running unittests src/lib.rs (/opt/rustwide/target/debug/deps/lunir-b133b39a805ae5fa)
[INFO] [stdout] 
[INFO] [stdout] running 3 tests
[INFO] [stdout] test ast::tests::compound_conversion ... ok
[INFO] [stdout] test ast::tests::sanitization ... ok
[INFO] [stdout] test ast::visitors::tests::ast_to_lua ... FAILED
[INFO] [stdout] 
[INFO] [stdout] failures:
[INFO] [stdout] 
[INFO] [stdout] ---- ast::visitors::tests::ast_to_lua stdout ----
[INFO] [stdout] [src/ast/visitors/tests.rs:51] reconstructor.source() = "print(\"it worked!\")"
[INFO] [stdout] thread 'ast::visitors::tests::ast_to_lua' panicked at 'assertion failed: `(left == right)`
[INFO] [stdout]   left: `"print(\"it worked!\")"`,
[INFO] [stdout]  right: `"print(\"it worked!\");"`', src/ast/visitors/tests.rs:51:5
[INFO] [stdout] stack backtrace:
[INFO] [stdout]    0:     0x55d9869db16a - std::backtrace_rs::backtrace::libunwind::trace::h2f05d0192276a8f6
[INFO] [stdout]                                at /rustc/1b7dd2252b99671ce5d1cb9664c5f8636329436d/library/std/src/../../backtrace/src/backtrace/libunwind.rs:93:5
[INFO] [stdout]    1:     0x55d9869db16a - std::backtrace_rs::backtrace::trace_unsynchronized::hedc23dff7a1af150
[INFO] [stdout]                                at /rustc/1b7dd2252b99671ce5d1cb9664c5f8636329436d/library/std/src/../../backtrace/src/backtrace/mod.rs:66:5
[INFO] [stdout]    2:     0x55d9869db16a - std::sys_common::backtrace::_print_fmt::h17541ef7592f3ce2
[INFO] [stdout]                                at /rustc/1b7dd2252b99671ce5d1cb9664c5f8636329436d/library/std/src/sys_common/backtrace.rs:65:5
[INFO] [stdout]    3:     0x55d9869db16a - <std::sys_common::backtrace::_print::DisplayBacktrace as core::fmt::Display>::fmt::h20f75df5ab0c0792
[INFO] [stdout]                                at /rustc/1b7dd2252b99671ce5d1cb9664c5f8636329436d/library/std/src/sys_common/backtrace.rs:44:22
[INFO] [stdout]    4:     0x55d9869fedbf - core::fmt::write::h78109e6f466b3af6
[INFO] [stdout]                                at /rustc/1b7dd2252b99671ce5d1cb9664c5f8636329436d/library/core/src/fmt/mod.rs:1254:17
[INFO] [stdout]    5:     0x55d9869d84b5 - std::io::Write::write_fmt::hd24bfb68a1b35a25
[INFO] [stdout]                                at /rustc/1b7dd2252b99671ce5d1cb9664c5f8636329436d/library/std/src/io/mod.rs:1698:15
[INFO] [stdout]    6:     0x55d9869daf35 - std::sys_common::backtrace::_print::h8dac57a9f8fbf9a5
[INFO] [stdout]                                at /rustc/1b7dd2252b99671ce5d1cb9664c5f8636329436d/library/std/src/sys_common/backtrace.rs:47:5
[INFO] [stdout]    7:     0x55d9869daf35 - std::sys_common::backtrace::print::hf9ecbf41d1aa712f
[INFO] [stdout]                                at /rustc/1b7dd2252b99671ce5d1cb9664c5f8636329436d/library/std/src/sys_common/backtrace.rs:34:9
[INFO] [stdout]    8:     0x55d9869dcbee - std::panicking::default_hook::{{closure}}::h04c07acfc84ca028
[INFO] [stdout]                                at /rustc/1b7dd2252b99671ce5d1cb9664c5f8636329436d/library/std/src/panicking.rs:269:22
[INFO] [stdout]    9:     0x55d9869dc921 - std::panicking::default_hook::h01f6bb23e1eceb2c
[INFO] [stdout]                                at /rustc/1b7dd2252b99671ce5d1cb9664c5f8636329436d/library/std/src/panicking.rs:285:9
[INFO] [stdout]   10:     0x55d9869b02bb - <alloc::boxed::Box<F,A> as core::ops::function::Fn<Args>>::call::h87fe9f7b2fd49e4c
[INFO] [stdout]                                at /rustc/1b7dd2252b99671ce5d1cb9664c5f8636329436d/library/alloc/src/boxed.rs:1987:9
[INFO] [stdout]   11:     0x55d9869b02bb - test::test_main::{{closure}}::he94d679243a7531b
[INFO] [stdout]                                at /rustc/1b7dd2252b99671ce5d1cb9664c5f8636329436d/library/test/src/lib.rs:134:21
[INFO] [stdout]   12:     0x55d9869dd2d4 - <alloc::boxed::Box<F,A> as core::ops::function::Fn<Args>>::call::h3f2d6d8b14c4769f
[INFO] [stdout]                                at /rustc/1b7dd2252b99671ce5d1cb9664c5f8636329436d/library/alloc/src/boxed.rs:1987:9
[INFO] [stdout]   13:     0x55d9869dd2d4 - std::panicking::rust_panic_with_hook::h2bb3722bbaf2f6df
[INFO] [stdout]                                at /rustc/1b7dd2252b99671ce5d1cb9664c5f8636329436d/library/std/src/panicking.rs:695:13
[INFO] [stdout]   14:     0x55d9869dd049 - std::panicking::begin_panic_handler::{{closure}}::h91bc7f36a4be011b
[INFO] [stdout]                                at /rustc/1b7dd2252b99671ce5d1cb9664c5f8636329436d/library/std/src/panicking.rs:582:13
[INFO] [stdout]   15:     0x55d9869db5d6 - std::sys_common::backtrace::__rust_end_short_backtrace::h8b3d3717114f9e59
[INFO] [stdout]                                at /rustc/1b7dd2252b99671ce5d1cb9664c5f8636329436d/library/std/src/sys_common/backtrace.rs:150:18
[INFO] [stdout]   16:     0x55d9869dcda2 - rust_begin_unwind
[INFO] [stdout]                                at /rustc/1b7dd2252b99671ce5d1cb9664c5f8636329436d/library/std/src/panicking.rs:578:5
[INFO] [stdout]   17:     0x55d986977cc3 - core::panicking::panic_fmt::hfd368e3fbdabea26
[INFO] [stdout]                                at /rustc/1b7dd2252b99671ce5d1cb9664c5f8636329436d/library/core/src/panicking.rs:67:14
[INFO] [stdout]   18:     0x55d986977f9f - core::panicking::assert_failed_inner::haef49168e1798a91
[INFO] [stdout]   19:     0x55d98697417f - core::panicking::assert_failed::hdd7c119fb745139a
[INFO] [stdout]                                at /rustc/1b7dd2252b99671ce5d1cb9664c5f8636329436d/library/core/src/panicking.rs:228:5
[INFO] [stdout]   20:     0x55d98697b038 - lunir::ast::visitors::tests::ast_to_lua::hf987d6ae2eb47cc0
[INFO] [stdout]                                at /opt/rustwide/workdir/src/ast/visitors/tests.rs:51:5
[INFO] [stdout]   21:     0x55d986979269 - lunir::ast::visitors::tests::ast_to_lua::{{closure}}::h2ae972070dedc900
[INFO] [stdout]                                at /opt/rustwide/workdir/src/ast/visitors/tests.rs:34:17
[INFO] [stdout]   22:     0x55d986979269 - core::ops::function::FnOnce::call_once::h285b0955cb5cce18
[INFO] [stdout]                                at /rustc/1b7dd2252b99671ce5d1cb9664c5f8636329436d/library/core/src/ops/function.rs:250:5
[INFO] [stdout]   23:     0x55d9869b518f - core::ops::function::FnOnce::call_once::ha6a70e79f7481a7e
[INFO] [stdout]                                at /rustc/1b7dd2252b99671ce5d1cb9664c5f8636329436d/library/core/src/ops/function.rs:250:5
[INFO] [stdout]   24:     0x55d9869b518f - test::__rust_begin_short_backtrace::hce33033019b61e69
[INFO] [stdout]                                at /rustc/1b7dd2252b99671ce5d1cb9664c5f8636329436d/library/test/src/lib.rs:655:18
[INFO] [stdout]   25:     0x55d98698297c - test::run_test::{{closure}}::h858d3528838ae3e5
[INFO] [stdout]                                at /rustc/1b7dd2252b99671ce5d1cb9664c5f8636329436d/library/test/src/lib.rs:646:30
[INFO] [stdout]   26:     0x55d98698297c - core::ops::function::FnOnce::call_once{{vtable.shim}}::he8ac2b00f01ae79e
[INFO] [stdout]                                at /rustc/1b7dd2252b99671ce5d1cb9664c5f8636329436d/library/core/src/ops/function.rs:250:5
[INFO] [stdout]   27:     0x55d9869b4266 - <alloc::boxed::Box<F,A> as core::ops::function::FnOnce<Args>>::call_once::h8093d25b522725ef
[INFO] [stdout]                                at /rustc/1b7dd2252b99671ce5d1cb9664c5f8636329436d/library/alloc/src/boxed.rs:1973:9
[INFO] [stdout]   28:     0x55d9869b4266 - <core::panic::unwind_safe::AssertUnwindSafe<F> as core::ops::function::FnOnce<()>>::call_once::h5c334c204e4a3913
[INFO] [stdout]                                at /rustc/1b7dd2252b99671ce5d1cb9664c5f8636329436d/library/core/src/panic/unwind_safe.rs:271:9
[INFO] [stdout]   29:     0x55d9869b4266 - std::panicking::try::do_call::ha8b740c7b9478074
[INFO] [stdout]                                at /rustc/1b7dd2252b99671ce5d1cb9664c5f8636329436d/library/std/src/panicking.rs:485:40
[INFO] [stdout]   30:     0x55d9869b4266 - std::panicking::try::h5d34f63d0e41b64e
[INFO] [stdout]                                at /rustc/1b7dd2252b99671ce5d1cb9664c5f8636329436d/library/std/src/panicking.rs:449:19
[INFO] [stdout]   31:     0x55d9869b4266 - std::panic::catch_unwind::hcfbb511e1aa7fc67
[INFO] [stdout]                                at /rustc/1b7dd2252b99671ce5d1cb9664c5f8636329436d/library/std/src/panic.rs:140:14
[INFO] [stdout]   32:     0x55d9869b4266 - test::run_test_in_process::h9abda90f802eaf21
[INFO] [stdout]                                at /rustc/1b7dd2252b99671ce5d1cb9664c5f8636329436d/library/test/src/lib.rs:678:27
[INFO] [stdout]   33:     0x55d9869b4266 - test::run_test::run_test_inner::{{closure}}::h0f058de91f6c6edf
[INFO] [stdout]                                at /rustc/1b7dd2252b99671ce5d1cb9664c5f8636329436d/library/test/src/lib.rs:572:39
[INFO] [stdout]   34:     0x55d98697d185 - test::run_test::run_test_inner::{{closure}}::h5ca48a4c59c6c1fb
[INFO] [stdout]                                at /rustc/1b7dd2252b99671ce5d1cb9664c5f8636329436d/library/test/src/lib.rs:599:37
[INFO] [stdout]   35:     0x55d98697d185 - std::sys_common::backtrace::__rust_begin_short_backtrace::h32bd51e1495d4a33
[INFO] [stdout]                                at /rustc/1b7dd2252b99671ce5d1cb9664c5f8636329436d/library/std/src/sys_common/backtrace.rs:134:18
[INFO] [stdout]   36:     0x55d9869826c1 - std::thread::Builder::spawn_unchecked_::{{closure}}::{{closure}}::hc086fae9b128b2db
[INFO] [stdout]                                at /rustc/1b7dd2252b99671ce5d1cb9664c5f8636329436d/library/std/src/thread/mod.rs:526:17
[INFO] [stdout]   37:     0x55d9869826c1 - <core::panic::unwind_safe::AssertUnwindSafe<F> as core::ops::function::FnOnce<()>>::call_once::hb66571888d270d43
[INFO] [stdout]                                at /rustc/1b7dd2252b99671ce5d1cb9664c5f8636329436d/library/core/src/panic/unwind_safe.rs:271:9
[INFO] [stdout]   38:     0x55d9869826c1 - std::panicking::try::do_call::h4fa2ef4f6e51fecf
[INFO] [stdout]                                at /rustc/1b7dd2252b99671ce5d1cb9664c5f8636329436d/library/std/src/panicking.rs:485:40
[INFO] [stdout]   39:     0x55d9869826c1 - std::panicking::try::h1e9e22b8584489b5
[INFO] [stdout]                                at /rustc/1b7dd2252b99671ce5d1cb9664c5f8636329436d/library/std/src/panicking.rs:449:19
[INFO] [stdout]   40:     0x55d9869826c1 - std::panic::catch_unwind::h44698a3de0e0769e
[INFO] [stdout]                                at /rustc/1b7dd2252b99671ce5d1cb9664c5f8636329436d/library/std/src/panic.rs:140:14
[INFO] [stdout]   41:     0x55d9869826c1 - std::thread::Builder::spawn_unchecked_::{{closure}}::h50153abde3fe239e
[INFO] [stdout]                                at /rustc/1b7dd2252b99671ce5d1cb9664c5f8636329436d/library/std/src/thread/mod.rs:525:30
[INFO] [stdout]   42:     0x55d9869826c1 - core::ops::function::FnOnce::call_once{{vtable.shim}}::hbe5bbf6f38394364
[INFO] [stdout]                                at /rustc/1b7dd2252b99671ce5d1cb9664c5f8636329436d/library/core/src/ops/function.rs:250:5
[INFO] [stdout]   43:     0x55d9869e17a5 - <alloc::boxed::Box<F,A> as core::ops::function::FnOnce<Args>>::call_once::h0d83cb2920a49046
[INFO] [stdout]                                at /rustc/1b7dd2252b99671ce5d1cb9664c5f8636329436d/library/alloc/src/boxed.rs:1973:9
[INFO] [stdout]   44:     0x55d9869e17a5 - <alloc::boxed::Box<F,A> as core::ops::function::FnOnce<Args>>::call_once::hbe0a008aa7d9ef59
[INFO] [stdout]                                at /rustc/1b7dd2252b99671ce5d1cb9664c5f8636329436d/library/alloc/src/boxed.rs:1973:9
[INFO] [stdout]   45:     0x55d9869e17a5 - std::sys::unix::thread::Thread::new::thread_start::h3a466996bdf6b1f9
[INFO] [stdout]                                at /rustc/1b7dd2252b99671ce5d1cb9664c5f8636329436d/library/std/src/sys/unix/thread.rs:108:17
[INFO] [stdout]   46:     0x7f9eea43ab43 - <unknown>
[INFO] [stdout]   47:     0x7f9eea4cbbb4 - __clone
[INFO] [stdout]   48:                0x0 - <unknown>
[INFO] [stdout] 
[INFO] [stdout] 
[INFO] [stdout] failures:
[INFO] [stdout]     ast::visitors::tests::ast_to_lua
[INFO] [stdout] 
[INFO] [stdout] test result: FAILED. 2 passed; 1 failed; 0 ignored; 0 measured; 0 filtered out; finished in 0.01s
[INFO] [stdout] 
[INFO] [stderr] error: test failed, to rerun pass `--lib`
[INFO] running `Command { std: "docker" "inspect" "8ba7b78ccc6bb8483ecd673cee0f8bfbb00f4d040e1d1c006e180e9dbf2e9308", kill_on_drop: false }`
[INFO] running `Command { std: "docker" "rm" "-f" "8ba7b78ccc6bb8483ecd673cee0f8bfbb00f4d040e1d1c006e180e9dbf2e9308", kill_on_drop: false }`
[INFO] [stdout] 8ba7b78ccc6bb8483ecd673cee0f8bfbb00f4d040e1d1c006e180e9dbf2e9308
