[INFO] fetching crate luminvent-raw-window-handle 0.4.3...
[INFO] testing luminvent-raw-window-handle-0.4.3 against beta-2023-04-20 for beta-1.70-1
[INFO] extracting crate luminvent-raw-window-handle 0.4.3 into /workspace/builds/worker-0-tc2/source
[INFO] validating manifest of crates.io crate luminvent-raw-window-handle 0.4.3 on toolchain beta-2023-04-20
[INFO] running `Command { std: CARGO_HOME="/workspace/cargo-home" RUSTUP_HOME="/workspace/rustup-home" "/workspace/cargo-home/bin/cargo" "+beta-2023-04-20" "metadata" "--manifest-path" "Cargo.toml" "--no-deps", kill_on_drop: false }`
[INFO] started tweaking crates.io crate luminvent-raw-window-handle 0.4.3
[INFO] finished tweaking crates.io crate luminvent-raw-window-handle 0.4.3
[INFO] tweaked toml for crates.io crate luminvent-raw-window-handle 0.4.3 written to /workspace/builds/worker-0-tc2/source/Cargo.toml
[INFO] running `Command { std: CARGO_HOME="/workspace/cargo-home" RUSTUP_HOME="/workspace/rustup-home" __CARGO_TEST_CHANNEL_OVERRIDE_DO_NOT_USE_THIS="nightly" "/workspace/cargo-home/bin/cargo" "+beta-2023-04-20" "generate-lockfile" "--manifest-path" "Cargo.toml" "-Zno-index-update", kill_on_drop: false }`
[INFO] running `Command { std: CARGO_HOME="/workspace/cargo-home" RUSTUP_HOME="/workspace/rustup-home" "/workspace/cargo-home/bin/cargo" "+beta-2023-04-20" "fetch" "--manifest-path" "Cargo.toml", kill_on_drop: false }`
[INFO] running `Command { std: "docker" "create" "-v" "/var/lib/crater-agent-workspace/builds/worker-0-tc2/target:/opt/rustwide/target:rw,Z" "-v" "/var/lib/crater-agent-workspace/builds/worker-0-tc2/source:/opt/rustwide/workdir:ro,Z" "-v" "/var/lib/crater-agent-workspace/cargo-home:/opt/rustwide/cargo-home:ro,Z" "-v" "/var/lib/crater-agent-workspace/rustup-home:/opt/rustwide/rustup-home:ro,Z" "-e" "SOURCE_DIR=/opt/rustwide/workdir" "-e" "CARGO_TARGET_DIR=/opt/rustwide/target" "-e" "CARGO_HOME=/opt/rustwide/cargo-home" "-e" "RUSTUP_HOME=/opt/rustwide/rustup-home" "-w" "/opt/rustwide/workdir" "-m" "1610612736" "--user" "0:0" "--network" "none" "ghcr.io/rust-lang/crates-build-env/linux@sha256:5ff2268d62e97bff2cde7d5815dd6ed5b47097566f13b8d0ca110b04b60e07ed" "/opt/rustwide/cargo-home/bin/cargo" "+beta-2023-04-20" "metadata" "--no-deps" "--format-version=1", kill_on_drop: false }`
[INFO] [stdout] 7f9474740716efa5ebe52d9c0b96cd39bf35e6c39326d9491f9a136b1d6f075c
[INFO] running `Command { std: "docker" "start" "-a" "7f9474740716efa5ebe52d9c0b96cd39bf35e6c39326d9491f9a136b1d6f075c", kill_on_drop: false }`
[INFO] running `Command { std: "docker" "inspect" "7f9474740716efa5ebe52d9c0b96cd39bf35e6c39326d9491f9a136b1d6f075c", kill_on_drop: false }`
[INFO] running `Command { std: "docker" "rm" "-f" "7f9474740716efa5ebe52d9c0b96cd39bf35e6c39326d9491f9a136b1d6f075c", kill_on_drop: false }`
[INFO] [stdout] 7f9474740716efa5ebe52d9c0b96cd39bf35e6c39326d9491f9a136b1d6f075c
[INFO] running `Command { std: "docker" "create" "-v" "/var/lib/crater-agent-workspace/builds/worker-0-tc2/target:/opt/rustwide/target:rw,Z" "-v" "/var/lib/crater-agent-workspace/builds/worker-0-tc2/source:/opt/rustwide/workdir:ro,Z" "-v" "/var/lib/crater-agent-workspace/cargo-home:/opt/rustwide/cargo-home:ro,Z" "-v" "/var/lib/crater-agent-workspace/rustup-home:/opt/rustwide/rustup-home:ro,Z" "-e" "SOURCE_DIR=/opt/rustwide/workdir" "-e" "CARGO_TARGET_DIR=/opt/rustwide/target" "-e" "CARGO_INCREMENTAL=0" "-e" "RUST_BACKTRACE=full" "-e" "RUSTFLAGS=--cap-lints=warn" "-e" "RUSTDOCFLAGS=--cap-lints=warn" "-e" "CARGO_HOME=/opt/rustwide/cargo-home" "-e" "RUSTUP_HOME=/opt/rustwide/rustup-home" "-w" "/opt/rustwide/workdir" "-m" "1610612736" "--user" "0:0" "--network" "none" "ghcr.io/rust-lang/crates-build-env/linux@sha256:5ff2268d62e97bff2cde7d5815dd6ed5b47097566f13b8d0ca110b04b60e07ed" "/opt/rustwide/cargo-home/bin/cargo" "+beta-2023-04-20" "build" "--frozen" "--message-format=json", kill_on_drop: false }`
[INFO] [stdout] 112db49ed3cd8e3a55f9faa7d5ffb5dcbd1be33259cd87221d9df171fc471a8c
[INFO] running `Command { std: "docker" "start" "-a" "112db49ed3cd8e3a55f9faa7d5ffb5dcbd1be33259cd87221d9df171fc471a8c", kill_on_drop: false }`
[INFO] [stderr]    Compiling libc v0.2.142
[INFO] [stderr]    Compiling cfg-if v1.0.0
[INFO] [stderr]    Compiling cty v0.2.2
[INFO] [stderr]    Compiling getrandom v0.2.9
[INFO] [stderr]    Compiling uuid v1.3.2
[INFO] [stderr]    Compiling luminvent-raw-window-handle v0.4.3 (/opt/rustwide/workdir)
[INFO] [stderr]     Finished dev [unoptimized + debuginfo] target(s) in 2.39s
[INFO] running `Command { std: "docker" "inspect" "112db49ed3cd8e3a55f9faa7d5ffb5dcbd1be33259cd87221d9df171fc471a8c", kill_on_drop: false }`
[INFO] running `Command { std: "docker" "rm" "-f" "112db49ed3cd8e3a55f9faa7d5ffb5dcbd1be33259cd87221d9df171fc471a8c", kill_on_drop: false }`
[INFO] [stdout] 112db49ed3cd8e3a55f9faa7d5ffb5dcbd1be33259cd87221d9df171fc471a8c
[INFO] running `Command { std: "docker" "create" "-v" "/var/lib/crater-agent-workspace/builds/worker-0-tc2/target:/opt/rustwide/target:rw,Z" "-v" "/var/lib/crater-agent-workspace/builds/worker-0-tc2/source:/opt/rustwide/workdir:ro,Z" "-v" "/var/lib/crater-agent-workspace/cargo-home:/opt/rustwide/cargo-home:ro,Z" "-v" "/var/lib/crater-agent-workspace/rustup-home:/opt/rustwide/rustup-home:ro,Z" "-e" "SOURCE_DIR=/opt/rustwide/workdir" "-e" "CARGO_TARGET_DIR=/opt/rustwide/target" "-e" "CARGO_INCREMENTAL=0" "-e" "RUST_BACKTRACE=full" "-e" "RUSTFLAGS=--cap-lints=warn" "-e" "RUSTDOCFLAGS=--cap-lints=warn" "-e" "CARGO_HOME=/opt/rustwide/cargo-home" "-e" "RUSTUP_HOME=/opt/rustwide/rustup-home" "-w" "/opt/rustwide/workdir" "-m" "1610612736" "--user" "0:0" "--network" "none" "ghcr.io/rust-lang/crates-build-env/linux@sha256:5ff2268d62e97bff2cde7d5815dd6ed5b47097566f13b8d0ca110b04b60e07ed" "/opt/rustwide/cargo-home/bin/cargo" "+beta-2023-04-20" "test" "--frozen" "--no-run" "--message-format=json", kill_on_drop: false }`
[INFO] [stdout] 8c375a3307d44158eb277db65e4f8c4cd98fc8cfca66131d0c16344d85694a21
[INFO] running `Command { std: "docker" "start" "-a" "8c375a3307d44158eb277db65e4f8c4cd98fc8cfca66131d0c16344d85694a21", kill_on_drop: false }`
[INFO] [stderr]     Blocking waiting for file lock on package cache
[INFO] [stderr]    Compiling luminvent-raw-window-handle v0.4.3 (/opt/rustwide/workdir)
[INFO] [stderr]     Finished test [unoptimized + debuginfo] target(s) in 0.89s
[INFO] running `Command { std: "docker" "inspect" "8c375a3307d44158eb277db65e4f8c4cd98fc8cfca66131d0c16344d85694a21", kill_on_drop: false }`
[INFO] running `Command { std: "docker" "rm" "-f" "8c375a3307d44158eb277db65e4f8c4cd98fc8cfca66131d0c16344d85694a21", kill_on_drop: false }`
[INFO] [stdout] 8c375a3307d44158eb277db65e4f8c4cd98fc8cfca66131d0c16344d85694a21
[INFO] running `Command { std: "docker" "create" "-v" "/var/lib/crater-agent-workspace/builds/worker-0-tc2/target:/opt/rustwide/target:rw,Z" "-v" "/var/lib/crater-agent-workspace/builds/worker-0-tc2/source:/opt/rustwide/workdir:ro,Z" "-v" "/var/lib/crater-agent-workspace/cargo-home:/opt/rustwide/cargo-home:ro,Z" "-v" "/var/lib/crater-agent-workspace/rustup-home:/opt/rustwide/rustup-home:ro,Z" "-e" "SOURCE_DIR=/opt/rustwide/workdir" "-e" "CARGO_TARGET_DIR=/opt/rustwide/target" "-e" "CARGO_INCREMENTAL=0" "-e" "RUST_BACKTRACE=full" "-e" "RUSTFLAGS=--cap-lints=warn" "-e" "RUSTDOCFLAGS=--cap-lints=warn" "-e" "CARGO_HOME=/opt/rustwide/cargo-home" "-e" "RUSTUP_HOME=/opt/rustwide/rustup-home" "-w" "/opt/rustwide/workdir" "-m" "1610612736" "--user" "0:0" "--network" "none" "ghcr.io/rust-lang/crates-build-env/linux@sha256:5ff2268d62e97bff2cde7d5815dd6ed5b47097566f13b8d0ca110b04b60e07ed" "/opt/rustwide/cargo-home/bin/cargo" "+beta-2023-04-20" "test" "--frozen", kill_on_drop: false }`
[INFO] [stdout] 4cb798961508bae2a0399ce6055d4259e3271cd1945b0d2cab4baf3bf5258927
[INFO] running `Command { std: "docker" "start" "-a" "4cb798961508bae2a0399ce6055d4259e3271cd1945b0d2cab4baf3bf5258927", kill_on_drop: false }`
[INFO] [stderr]     Finished test [unoptimized + debuginfo] target(s) in 0.02s
[INFO] [stderr]      Running unittests src/lib.rs (/opt/rustwide/target/debug/deps/luminvent_raw_window_handle-054d7a81a3c83012)
[INFO] [stderr]    Doc-tests luminvent-raw-window-handle
[INFO] [stdout] 
[INFO] [stdout] running 0 tests
[INFO] [stdout] 
[INFO] [stdout] test result: ok. 0 passed; 0 failed; 0 ignored; 0 measured; 0 filtered out; finished in 0.00s
[INFO] [stdout] 
[INFO] [stdout] 
[INFO] [stdout] running 11 tests
[INFO] [stdout] test src/unix.rs - unix::WaylandHandle (line 47) ... FAILED
[INFO] [stdout] test src/haiku.rs - haiku::HaikuHandle (line 7) ... FAILED
[INFO] [stdout] test src/uikit.rs - uikit::UiKitHandle (line 7) ... FAILED
[INFO] [stdout] test src/unix.rs - unix::XcbHandle (line 28) ... FAILED
[INFO] [stdout] test src/android.rs - android::AndroidNdkHandle (line 7) ... FAILED
[INFO] [stdout] test src/redox.rs - redox::OrbitalHandle (line 7) ... FAILED
[INFO] [stdout] test src/unix.rs - unix::XlibHandle (line 9) ... FAILED
[INFO] [stdout] test src/appkit.rs - appkit::AppKitHandle (line 7) ... FAILED
[INFO] [stdout] test src/web.rs - web::WebHandle (line 4) ... FAILED
[INFO] [stdout] test src/windows.rs - windows::WinRtHandle (line 33) ... FAILED
[INFO] [stdout] test src/windows.rs - windows::Win32Handle (line 7) ... FAILED
[INFO] [stdout] 
[INFO] [stdout] failures:
[INFO] [stdout] 
[INFO] [stdout] ---- src/unix.rs - unix::WaylandHandle (line 47) stdout ----
[INFO] [stdout] error[E0432]: unresolved import `raw_window_handle`
[INFO] [stdout]  --> src/unix.rs:48:5
[INFO] [stdout]   |
[INFO] [stdout] 3 | use raw_window_handle::WaylandHandle;
[INFO] [stdout]   |     ^^^^^^^^^^^^^^^^^ use of undeclared crate or module `raw_window_handle`
[INFO] [stdout] 
[INFO] [stdout] error: aborting due to previous error
[INFO] [stdout] 
[INFO] [stdout] For more information about this error, try `rustc --explain E0432`.
[INFO] [stdout] Couldn't compile the test.
[INFO] [stdout] ---- src/haiku.rs - haiku::HaikuHandle (line 7) stdout ----
[INFO] [stdout] error[E0432]: unresolved import `raw_window_handle`
[INFO] [stdout]  --> src/haiku.rs:8:5
[INFO] [stdout]   |
[INFO] [stdout] 3 | use raw_window_handle::HaikuHandle;
[INFO] [stdout]   |     ^^^^^^^^^^^^^^^^^ use of undeclared crate or module `raw_window_handle`
[INFO] [stdout] 
[INFO] [stdout] error: aborting due to previous error
[INFO] [stdout] 
[INFO] [stdout] For more information about this error, try `rustc --explain E0432`.
[INFO] [stdout] Couldn't compile the test.
[INFO] [stdout] ---- src/uikit.rs - uikit::UiKitHandle (line 7) stdout ----
[INFO] [stdout] error[E0432]: unresolved import `raw_window_handle`
[INFO] [stdout]  --> src/uikit.rs:8:5
[INFO] [stdout]   |
[INFO] [stdout] 3 | use raw_window_handle::UiKitHandle;
[INFO] [stdout]   |     ^^^^^^^^^^^^^^^^^ use of undeclared crate or module `raw_window_handle`
[INFO] [stdout] 
[INFO] [stdout] error: aborting due to previous error
[INFO] [stdout] 
[INFO] [stdout] For more information about this error, try `rustc --explain E0432`.
[INFO] [stdout] Couldn't compile the test.
[INFO] [stdout] ---- src/unix.rs - unix::XcbHandle (line 28) stdout ----
[INFO] [stdout] error[E0432]: unresolved import `raw_window_handle`
[INFO] [stdout]  --> src/unix.rs:29:5
[INFO] [stdout]   |
[INFO] [stdout] 3 | use raw_window_handle::XcbHandle;
[INFO] [stdout]   |     ^^^^^^^^^^^^^^^^^ use of undeclared crate or module `raw_window_handle`
[INFO] [stdout] 
[INFO] [stdout] error: aborting due to previous error
[INFO] [stdout] 
[INFO] [stdout] For more information about this error, try `rustc --explain E0432`.
[INFO] [stdout] Couldn't compile the test.
[INFO] [stdout] ---- src/android.rs - android::AndroidNdkHandle (line 7) stdout ----
[INFO] [stdout] error[E0432]: unresolved import `raw_window_handle`
[INFO] [stdout]  --> src/android.rs:8:5
[INFO] [stdout]   |
[INFO] [stdout] 3 | use raw_window_handle::AndroidNdkHandle;
[INFO] [stdout]   |     ^^^^^^^^^^^^^^^^^ use of undeclared crate or module `raw_window_handle`
[INFO] [stdout] 
[INFO] [stdout] error: aborting due to previous error
[INFO] [stdout] 
[INFO] [stdout] For more information about this error, try `rustc --explain E0432`.
[INFO] [stdout] Couldn't compile the test.
[INFO] [stdout] ---- src/redox.rs - redox::OrbitalHandle (line 7) stdout ----
[INFO] [stdout] error[E0432]: unresolved import `raw_window_handle`
[INFO] [stdout]  --> src/redox.rs:8:5
[INFO] [stdout]   |
[INFO] [stdout] 3 | use raw_window_handle::OrbitalHandle;
[INFO] [stdout]   |     ^^^^^^^^^^^^^^^^^ use of undeclared crate or module `raw_window_handle`
[INFO] [stdout] 
[INFO] [stdout] error: aborting due to previous error
[INFO] [stdout] 
[INFO] [stdout] For more information about this error, try `rustc --explain E0432`.
[INFO] [stdout] Couldn't compile the test.
[INFO] [stdout] ---- src/unix.rs - unix::XlibHandle (line 9) stdout ----
[INFO] [stdout] error[E0432]: unresolved import `raw_window_handle`
[INFO] [stdout]  --> src/unix.rs:10:5
[INFO] [stdout]   |
[INFO] [stdout] 3 | use raw_window_handle::XlibHandle;
[INFO] [stdout]   |     ^^^^^^^^^^^^^^^^^ use of undeclared crate or module `raw_window_handle`
[INFO] [stdout] 
[INFO] [stdout] error: aborting due to previous error
[INFO] [stdout] 
[INFO] [stdout] For more information about this error, try `rustc --explain E0432`.
[INFO] [stdout] Couldn't compile the test.
[INFO] [stdout] ---- src/appkit.rs - appkit::AppKitHandle (line 7) stdout ----
[INFO] [stdout] error[E0432]: unresolved import `raw_window_handle`
[INFO] [stdout]  --> src/appkit.rs:8:5
[INFO] [stdout]   |
[INFO] [stdout] 3 | use raw_window_handle::AppKitHandle;
[INFO] [stdout]   |     ^^^^^^^^^^^^^^^^^ use of undeclared crate or module `raw_window_handle`
[INFO] [stdout] 
[INFO] [stdout] error: aborting due to previous error
[INFO] [stdout] 
[INFO] [stdout] For more information about this error, try `rustc --explain E0432`.
[INFO] [stdout] Couldn't compile the test.
[INFO] [stdout] ---- src/web.rs - web::WebHandle (line 4) stdout ----
[INFO] [stdout] error[E0432]: unresolved import `raw_window_handle`
[INFO] [stdout]  --> src/web.rs:5:5
[INFO] [stdout]   |
[INFO] [stdout] 3 | use raw_window_handle::WebHandle;
[INFO] [stdout]   |     ^^^^^^^^^^^^^^^^^ use of undeclared crate or module `raw_window_handle`
[INFO] [stdout] 
[INFO] [stdout] error: aborting due to previous error
[INFO] [stdout] 
[INFO] [stdout] For more information about this error, try `rustc --explain E0432`.
[INFO] [stdout] Couldn't compile the test.
[INFO] [stdout] ---- src/windows.rs - windows::WinRtHandle (line 33) stdout ----
[INFO] [stdout] error[E0432]: unresolved import `raw_window_handle`
[INFO] [stdout]  --> src/windows.rs:34:5
[INFO] [stdout]   |
[INFO] [stdout] 3 | use raw_window_handle::WinRtHandle;
[INFO] [stdout]   |     ^^^^^^^^^^^^^^^^^ use of undeclared crate or module `raw_window_handle`
[INFO] [stdout] 
[INFO] [stdout] error: aborting due to previous error
[INFO] [stdout] 
[INFO] [stdout] For more information about this error, try `rustc --explain E0432`.
[INFO] [stdout] Couldn't compile the test.
[INFO] [stdout] ---- src/windows.rs - windows::Win32Handle (line 7) stdout ----
[INFO] [stdout] error[E0432]: unresolved import `raw_window_handle`
[INFO] [stdout]  --> src/windows.rs:8:5
[INFO] [stdout]   |
[INFO] [stdout] 3 | use raw_window_handle::Win32Handle;
[INFO] [stdout]   |     ^^^^^^^^^^^^^^^^^ use of undeclared crate or module `raw_window_handle`
[INFO] [stdout] 
[INFO] [stdout] error: aborting due to previous error
[INFO] [stdout] 
[INFO] [stdout] For more information about this error, try `rustc --explain E0432`.
[INFO] [stdout] Couldn't compile the test.
[INFO] [stdout] 
[INFO] [stdout] failures:
[INFO] [stdout]     src/android.rs - android::AndroidNdkHandle (line 7)
[INFO] [stdout]     src/appkit.rs - appkit::AppKitHandle (line 7)
[INFO] [stdout]     src/haiku.rs - haiku::HaikuHandle (line 7)
[INFO] [stdout]     src/redox.rs - redox::OrbitalHandle (line 7)
[INFO] [stdout]     src/uikit.rs - uikit::UiKitHandle (line 7)
[INFO] [stdout]     src/unix.rs - unix::WaylandHandle (line 47)
[INFO] [stdout]     src/unix.rs - unix::XcbHandle (line 28)
[INFO] [stdout]     src/unix.rs - unix::XlibHandle (line 9)
[INFO] [stdout]     src/web.rs - web::WebHandle (line 4)
[INFO] [stdout]     src/windows.rs - windows::Win32Handle (line 7)
[INFO] [stdout]     src/windows.rs - windows::WinRtHandle (line 33)
[INFO] [stdout] 
[INFO] [stdout] test result: FAILED. 0 passed; 11 failed; 0 ignored; 0 measured; 0 filtered out; finished in 0.20s
[INFO] [stdout] 
[INFO] [stderr] error: doctest failed, to rerun pass `--doc`
[INFO] running `Command { std: "docker" "inspect" "4cb798961508bae2a0399ce6055d4259e3271cd1945b0d2cab4baf3bf5258927", kill_on_drop: false }`
[INFO] running `Command { std: "docker" "rm" "-f" "4cb798961508bae2a0399ce6055d4259e3271cd1945b0d2cab4baf3bf5258927", kill_on_drop: false }`
[INFO] [stdout] 4cb798961508bae2a0399ce6055d4259e3271cd1945b0d2cab4baf3bf5258927
