[INFO] fetching crate ltsv 0.1.5...
[INFO] testing ltsv-0.1.5 against 1.69.0 for beta-1.70-1
[INFO] extracting crate ltsv 0.1.5 into /workspace/builds/worker-6-tc1/source
[INFO] validating manifest of crates.io crate ltsv 0.1.5 on toolchain 1.69.0
[INFO] running `Command { std: CARGO_HOME="/workspace/cargo-home" RUSTUP_HOME="/workspace/rustup-home" "/workspace/cargo-home/bin/cargo" "+1.69.0" "metadata" "--manifest-path" "Cargo.toml" "--no-deps", kill_on_drop: false }`
[INFO] started tweaking crates.io crate ltsv 0.1.5
[INFO] removed 0 missing examples
[INFO] finished tweaking crates.io crate ltsv 0.1.5
[INFO] tweaked toml for crates.io crate ltsv 0.1.5 written to /workspace/builds/worker-6-tc1/source/Cargo.toml
[INFO] running `Command { std: CARGO_HOME="/workspace/cargo-home" RUSTUP_HOME="/workspace/rustup-home" __CARGO_TEST_CHANNEL_OVERRIDE_DO_NOT_USE_THIS="nightly" "/workspace/cargo-home/bin/cargo" "+1.69.0" "generate-lockfile" "--manifest-path" "Cargo.toml" "-Zno-index-update", kill_on_drop: false }`
[INFO] running `Command { std: CARGO_HOME="/workspace/cargo-home" RUSTUP_HOME="/workspace/rustup-home" "/workspace/cargo-home/bin/cargo" "+1.69.0" "fetch" "--manifest-path" "Cargo.toml", kill_on_drop: false }`
[INFO] running `Command { std: "docker" "create" "-v" "/var/lib/crater-agent-workspace/builds/worker-6-tc1/target:/opt/rustwide/target:rw,Z" "-v" "/var/lib/crater-agent-workspace/builds/worker-6-tc1/source:/opt/rustwide/workdir:ro,Z" "-v" "/var/lib/crater-agent-workspace/cargo-home:/opt/rustwide/cargo-home:ro,Z" "-v" "/var/lib/crater-agent-workspace/rustup-home:/opt/rustwide/rustup-home:ro,Z" "-e" "SOURCE_DIR=/opt/rustwide/workdir" "-e" "CARGO_TARGET_DIR=/opt/rustwide/target" "-e" "CARGO_HOME=/opt/rustwide/cargo-home" "-e" "RUSTUP_HOME=/opt/rustwide/rustup-home" "-w" "/opt/rustwide/workdir" "-m" "1610612736" "--user" "0:0" "--network" "none" "ghcr.io/rust-lang/crates-build-env/linux@sha256:5ff2268d62e97bff2cde7d5815dd6ed5b47097566f13b8d0ca110b04b60e07ed" "/opt/rustwide/cargo-home/bin/cargo" "+1.69.0" "metadata" "--no-deps" "--format-version=1", kill_on_drop: false }`
[INFO] [stdout] 13eead89f09a88a14077d5b82fad12a5f949bcc5c2059987f519af714b45aeac
[INFO] running `Command { std: "docker" "start" "-a" "13eead89f09a88a14077d5b82fad12a5f949bcc5c2059987f519af714b45aeac", kill_on_drop: false }`
[INFO] running `Command { std: "docker" "inspect" "13eead89f09a88a14077d5b82fad12a5f949bcc5c2059987f519af714b45aeac", kill_on_drop: false }`
[INFO] running `Command { std: "docker" "rm" "-f" "13eead89f09a88a14077d5b82fad12a5f949bcc5c2059987f519af714b45aeac", kill_on_drop: false }`
[INFO] [stdout] 13eead89f09a88a14077d5b82fad12a5f949bcc5c2059987f519af714b45aeac
[INFO] running `Command { std: "docker" "create" "-v" "/var/lib/crater-agent-workspace/builds/worker-6-tc1/target:/opt/rustwide/target:rw,Z" "-v" "/var/lib/crater-agent-workspace/builds/worker-6-tc1/source:/opt/rustwide/workdir:ro,Z" "-v" "/var/lib/crater-agent-workspace/cargo-home:/opt/rustwide/cargo-home:ro,Z" "-v" "/var/lib/crater-agent-workspace/rustup-home:/opt/rustwide/rustup-home:ro,Z" "-e" "SOURCE_DIR=/opt/rustwide/workdir" "-e" "CARGO_TARGET_DIR=/opt/rustwide/target" "-e" "CARGO_INCREMENTAL=0" "-e" "RUST_BACKTRACE=full" "-e" "RUSTFLAGS=--cap-lints=warn" "-e" "RUSTDOCFLAGS=--cap-lints=warn" "-e" "CARGO_HOME=/opt/rustwide/cargo-home" "-e" "RUSTUP_HOME=/opt/rustwide/rustup-home" "-w" "/opt/rustwide/workdir" "-m" "1610612736" "--user" "0:0" "--network" "none" "ghcr.io/rust-lang/crates-build-env/linux@sha256:5ff2268d62e97bff2cde7d5815dd6ed5b47097566f13b8d0ca110b04b60e07ed" "/opt/rustwide/cargo-home/bin/cargo" "+1.69.0" "build" "--frozen" "--message-format=json", kill_on_drop: false }`
[INFO] [stdout] 9a24454d0ef2e072e387520244189ce519a4ba6fc0825d885ef9cc57df77dd49
[INFO] running `Command { std: "docker" "start" "-a" "9a24454d0ef2e072e387520244189ce519a4ba6fc0825d885ef9cc57df77dd49", kill_on_drop: false }`
[INFO] [stderr]    Compiling ltsv v0.1.5 (/opt/rustwide/workdir)
[INFO] [stderr]     Finished dev [unoptimized + debuginfo] target(s) in 0.30s
[INFO] running `Command { std: "docker" "inspect" "9a24454d0ef2e072e387520244189ce519a4ba6fc0825d885ef9cc57df77dd49", kill_on_drop: false }`
[INFO] running `Command { std: "docker" "rm" "-f" "9a24454d0ef2e072e387520244189ce519a4ba6fc0825d885ef9cc57df77dd49", kill_on_drop: false }`
[INFO] [stdout] 9a24454d0ef2e072e387520244189ce519a4ba6fc0825d885ef9cc57df77dd49
[INFO] running `Command { std: "docker" "create" "-v" "/var/lib/crater-agent-workspace/builds/worker-6-tc1/target:/opt/rustwide/target:rw,Z" "-v" "/var/lib/crater-agent-workspace/builds/worker-6-tc1/source:/opt/rustwide/workdir:ro,Z" "-v" "/var/lib/crater-agent-workspace/cargo-home:/opt/rustwide/cargo-home:ro,Z" "-v" "/var/lib/crater-agent-workspace/rustup-home:/opt/rustwide/rustup-home:ro,Z" "-e" "SOURCE_DIR=/opt/rustwide/workdir" "-e" "CARGO_TARGET_DIR=/opt/rustwide/target" "-e" "CARGO_INCREMENTAL=0" "-e" "RUST_BACKTRACE=full" "-e" "RUSTFLAGS=--cap-lints=warn" "-e" "RUSTDOCFLAGS=--cap-lints=warn" "-e" "CARGO_HOME=/opt/rustwide/cargo-home" "-e" "RUSTUP_HOME=/opt/rustwide/rustup-home" "-w" "/opt/rustwide/workdir" "-m" "1610612736" "--user" "0:0" "--network" "none" "ghcr.io/rust-lang/crates-build-env/linux@sha256:5ff2268d62e97bff2cde7d5815dd6ed5b47097566f13b8d0ca110b04b60e07ed" "/opt/rustwide/cargo-home/bin/cargo" "+1.69.0" "test" "--frozen" "--no-run" "--message-format=json", kill_on_drop: false }`
[INFO] [stdout] 62da5ad16d6565f2398b2bfb66762d766b6d7274d4575c61bc79dd80fe02eae7
[INFO] running `Command { std: "docker" "start" "-a" "62da5ad16d6565f2398b2bfb66762d766b6d7274d4575c61bc79dd80fe02eae7", kill_on_drop: false }`
[INFO] [stderr]    Compiling ltsv v0.1.5 (/opt/rustwide/workdir)
[INFO] [stderr]     Finished test [unoptimized + debuginfo] target(s) in 0.27s
[INFO] running `Command { std: "docker" "inspect" "62da5ad16d6565f2398b2bfb66762d766b6d7274d4575c61bc79dd80fe02eae7", kill_on_drop: false }`
[INFO] running `Command { std: "docker" "rm" "-f" "62da5ad16d6565f2398b2bfb66762d766b6d7274d4575c61bc79dd80fe02eae7", kill_on_drop: false }`
[INFO] [stdout] 62da5ad16d6565f2398b2bfb66762d766b6d7274d4575c61bc79dd80fe02eae7
[INFO] running `Command { std: "docker" "create" "-v" "/var/lib/crater-agent-workspace/builds/worker-6-tc1/target:/opt/rustwide/target:rw,Z" "-v" "/var/lib/crater-agent-workspace/builds/worker-6-tc1/source:/opt/rustwide/workdir:ro,Z" "-v" "/var/lib/crater-agent-workspace/cargo-home:/opt/rustwide/cargo-home:ro,Z" "-v" "/var/lib/crater-agent-workspace/rustup-home:/opt/rustwide/rustup-home:ro,Z" "-e" "SOURCE_DIR=/opt/rustwide/workdir" "-e" "CARGO_TARGET_DIR=/opt/rustwide/target" "-e" "CARGO_INCREMENTAL=0" "-e" "RUST_BACKTRACE=full" "-e" "RUSTFLAGS=--cap-lints=warn" "-e" "RUSTDOCFLAGS=--cap-lints=warn" "-e" "CARGO_HOME=/opt/rustwide/cargo-home" "-e" "RUSTUP_HOME=/opt/rustwide/rustup-home" "-w" "/opt/rustwide/workdir" "-m" "1610612736" "--user" "0:0" "--network" "none" "ghcr.io/rust-lang/crates-build-env/linux@sha256:5ff2268d62e97bff2cde7d5815dd6ed5b47097566f13b8d0ca110b04b60e07ed" "/opt/rustwide/cargo-home/bin/cargo" "+1.69.0" "test" "--frozen", kill_on_drop: false }`
[INFO] [stdout] 3ae93dd8722f1e67633445c009a8288a1f1e001a2c4d9318ef527bda120b7a48
[INFO] running `Command { std: "docker" "start" "-a" "3ae93dd8722f1e67633445c009a8288a1f1e001a2c4d9318ef527bda120b7a48", kill_on_drop: false }`
[INFO] [stderr]     Finished test [unoptimized + debuginfo] target(s) in 0.00s
[INFO] [stderr]      Running unittests src/lib.rs (/opt/rustwide/target/debug/deps/ltsv-6c00067acc1ca8a5)
[INFO] [stdout] 
[INFO] [stdout] running 0 tests
[INFO] [stdout] 
[INFO] [stdout] test result: ok. 0 passed; 0 failed; 0 ignored; 0 measured; 0 filtered out; finished in 0.00s
[INFO] [stdout] 
[INFO] [stderr]    Doc-tests ltsv
[INFO] [stdout] 
[INFO] [stdout] running 1 test
[INFO] [stdout] test src/lib.rs - save (line 107) ... FAILED
[INFO] [stdout] 
[INFO] [stdout] failures:
[INFO] [stdout] 
[INFO] [stdout] ---- src/lib.rs - save (line 107) stdout ----
[INFO] [stdout] error[E0433]: failed to resolve: use of undeclared type `Ltsv`
[INFO] [stdout]  --> src/lib.rs:108:12
[INFO] [stdout]   |
[INFO] [stdout] 4 | let data = Ltsv::new();
[INFO] [stdout]   |            ^^^^ use of undeclared type `Ltsv`
[INFO] [stdout]   |
[INFO] [stdout] help: consider importing this type alias
[INFO] [stdout]   |
[INFO] [stdout] 2 | use ltsv::Ltsv;
[INFO] [stdout]   |
[INFO] [stdout] 
[INFO] [stdout] error[E0433]: failed to resolve: use of undeclared type `Record`
[INFO] [stdout]  --> src/lib.rs:109:14
[INFO] [stdout]   |
[INFO] [stdout] 5 | let record = Record::new();
[INFO] [stdout]   |              ^^^^^^ use of undeclared type `Record`
[INFO] [stdout]   |
[INFO] [stdout] help: consider importing this struct
[INFO] [stdout]   |
[INFO] [stdout] 2 | use ltsv::Record;
[INFO] [stdout]   |
[INFO] [stdout] 
[INFO] [stdout] error[E0425]: cannot find function `save` in this scope
[INFO] [stdout]  --> src/lib.rs:112:1
[INFO] [stdout]   |
[INFO] [stdout] 8 | save(data, "sample.ltsv").unwrap();
[INFO] [stdout]   | ^^^^ not found in this scope
[INFO] [stdout]   |
[INFO] [stdout] help: consider importing this function
[INFO] [stdout]   |
[INFO] [stdout] 2 | use ltsv::save;
[INFO] [stdout]   |
[INFO] [stdout] 
[INFO] [stdout] error: aborting due to 3 previous errors
[INFO] [stdout] 
[INFO] [stdout] Some errors have detailed explanations: E0425, E0433.
[INFO] [stdout] For more information about an error, try `rustc --explain E0425`.
[INFO] [stdout] Couldn't compile the test.
[INFO] [stdout] 
[INFO] [stdout] failures:
[INFO] [stdout]     src/lib.rs - save (line 107)
[INFO] [stdout] 
[INFO] [stdout] test result: FAILED. 0 passed; 1 failed; 0 ignored; 0 measured; 0 filtered out; finished in 0.03s
[INFO] [stdout] 
[INFO] [stderr] error: doctest failed, to rerun pass `--doc`
[INFO] running `Command { std: "docker" "inspect" "3ae93dd8722f1e67633445c009a8288a1f1e001a2c4d9318ef527bda120b7a48", kill_on_drop: false }`
[INFO] running `Command { std: "docker" "rm" "-f" "3ae93dd8722f1e67633445c009a8288a1f1e001a2c4d9318ef527bda120b7a48", kill_on_drop: false }`
[INFO] [stdout] 3ae93dd8722f1e67633445c009a8288a1f1e001a2c4d9318ef527bda120b7a48
