[INFO] fetching crate lsd 0.23.1...
[INFO] testing lsd-0.23.1 against beta-2023-04-20 for beta-1.70-1
[INFO] extracting crate lsd 0.23.1 into /workspace/builds/worker-7-tc2/source
[INFO] validating manifest of crates.io crate lsd 0.23.1 on toolchain beta-2023-04-20
[INFO] running `Command { std: CARGO_HOME="/workspace/cargo-home" RUSTUP_HOME="/workspace/rustup-home" "/workspace/cargo-home/bin/cargo" "+beta-2023-04-20" "metadata" "--manifest-path" "Cargo.toml" "--no-deps", kill_on_drop: false }`
[INFO] started tweaking crates.io crate lsd 0.23.1
[INFO] finished tweaking crates.io crate lsd 0.23.1
[INFO] tweaked toml for crates.io crate lsd 0.23.1 written to /workspace/builds/worker-7-tc2/source/Cargo.toml
[INFO] crate crates.io crate lsd 0.23.1 already has a lockfile, it will not be regenerated
[INFO] running `Command { std: CARGO_HOME="/workspace/cargo-home" RUSTUP_HOME="/workspace/rustup-home" "/workspace/cargo-home/bin/cargo" "+beta-2023-04-20" "fetch" "--manifest-path" "Cargo.toml", kill_on_drop: false }`
[INFO] [stderr]     Updating crates.io index
[INFO] [stderr]  Downloading crates ...
[INFO] [stderr]   Downloaded wild v2.0.4
[INFO] [stderr]   Downloaded xdg v2.1.0
[INFO] [stderr]   Downloaded term_grid v0.1.7
[INFO] [stderr]   Downloaded chrono-humanize v0.1.2
[INFO] [stderr]   Downloaded redox_users v0.4.2
[INFO] [stderr]   Downloaded dirs v3.0.2
[INFO] [stderr]   Downloaded human-sort v0.2.2
[INFO] [stderr]   Downloaded lscolors v0.9.0
[INFO] [stderr]   Downloaded crossterm v0.24.0
[INFO] [stderr]   Downloaded clap_complete v3.2.4
[INFO] [stderr]   Downloaded serde_yaml v0.8.23
[INFO] [stderr]   Downloaded users v0.11.0
[INFO] running `Command { std: "docker" "create" "-v" "/var/lib/crater-agent-workspace/builds/worker-7-tc2/target:/opt/rustwide/target:rw,Z" "-v" "/var/lib/crater-agent-workspace/builds/worker-7-tc2/source:/opt/rustwide/workdir:ro,Z" "-v" "/var/lib/crater-agent-workspace/cargo-home:/opt/rustwide/cargo-home:ro,Z" "-v" "/var/lib/crater-agent-workspace/rustup-home:/opt/rustwide/rustup-home:ro,Z" "-e" "SOURCE_DIR=/opt/rustwide/workdir" "-e" "CARGO_TARGET_DIR=/opt/rustwide/target" "-e" "CARGO_HOME=/opt/rustwide/cargo-home" "-e" "RUSTUP_HOME=/opt/rustwide/rustup-home" "-w" "/opt/rustwide/workdir" "-m" "1610612736" "--user" "0:0" "--network" "none" "ghcr.io/rust-lang/crates-build-env/linux@sha256:5ff2268d62e97bff2cde7d5815dd6ed5b47097566f13b8d0ca110b04b60e07ed" "/opt/rustwide/cargo-home/bin/cargo" "+beta-2023-04-20" "metadata" "--no-deps" "--format-version=1", kill_on_drop: false }`
[INFO] [stdout] 457fe341ccdee2a85fe0b0780dcf8bfcdbf2ccbc029d26f29ce367f906dee405
[INFO] running `Command { std: "docker" "start" "-a" "457fe341ccdee2a85fe0b0780dcf8bfcdbf2ccbc029d26f29ce367f906dee405", kill_on_drop: false }`
[INFO] running `Command { std: "docker" "inspect" "457fe341ccdee2a85fe0b0780dcf8bfcdbf2ccbc029d26f29ce367f906dee405", kill_on_drop: false }`
[INFO] running `Command { std: "docker" "rm" "-f" "457fe341ccdee2a85fe0b0780dcf8bfcdbf2ccbc029d26f29ce367f906dee405", kill_on_drop: false }`
[INFO] [stdout] 457fe341ccdee2a85fe0b0780dcf8bfcdbf2ccbc029d26f29ce367f906dee405
[INFO] running `Command { std: "docker" "create" "-v" "/var/lib/crater-agent-workspace/builds/worker-7-tc2/target:/opt/rustwide/target:rw,Z" "-v" "/var/lib/crater-agent-workspace/builds/worker-7-tc2/source:/opt/rustwide/workdir:ro,Z" "-v" "/var/lib/crater-agent-workspace/cargo-home:/opt/rustwide/cargo-home:ro,Z" "-v" "/var/lib/crater-agent-workspace/rustup-home:/opt/rustwide/rustup-home:ro,Z" "-e" "SOURCE_DIR=/opt/rustwide/workdir" "-e" "CARGO_TARGET_DIR=/opt/rustwide/target" "-e" "CARGO_INCREMENTAL=0" "-e" "RUST_BACKTRACE=full" "-e" "RUSTFLAGS=--cap-lints=warn" "-e" "RUSTDOCFLAGS=--cap-lints=warn" "-e" "CARGO_HOME=/opt/rustwide/cargo-home" "-e" "RUSTUP_HOME=/opt/rustwide/rustup-home" "-w" "/opt/rustwide/workdir" "-m" "1610612736" "--user" "0:0" "--network" "none" "ghcr.io/rust-lang/crates-build-env/linux@sha256:5ff2268d62e97bff2cde7d5815dd6ed5b47097566f13b8d0ca110b04b60e07ed" "/opt/rustwide/cargo-home/bin/cargo" "+beta-2023-04-20" "build" "--frozen" "--message-format=json", kill_on_drop: false }`
[INFO] [stdout] 77cbb53119d78f23540c168ae3afac8f710060a43c394ca69e87ebe51e69efaf
[INFO] running `Command { std: "docker" "start" "-a" "77cbb53119d78f23540c168ae3afac8f710060a43c394ca69e87ebe51e69efaf", kill_on_drop: false }`
[INFO] [stderr]    Compiling libc v0.2.121
[INFO] [stderr]    Compiling indexmap v1.8.0
[INFO] [stderr]    Compiling proc-macro2 v1.0.36
[INFO] [stderr]    Compiling hashbrown v0.11.2
[INFO] [stderr]    Compiling log v0.4.16
[INFO] [stderr]    Compiling unicode-xid v0.2.2
[INFO] [stderr]    Compiling syn v1.0.89
[INFO] [stderr]    Compiling memchr v2.4.1
[INFO] [stderr]    Compiling os_str_bytes v6.3.0
[INFO] [stderr]    Compiling num-traits v0.2.14
[INFO] [stderr]    Compiling strsim v0.10.0
[INFO] [stderr]    Compiling serde_derive v1.0.136
[INFO] [stderr]    Compiling termcolor v1.1.3
[INFO] [stderr]    Compiling num-integer v0.1.44
[INFO] [stderr]    Compiling tinyvec_macros v0.1.0
[INFO] [stderr]    Compiling signal-hook v0.3.14
[INFO] [stderr]    Compiling serde v1.0.136
[INFO] [stderr]    Compiling clap_lex v0.2.4
[INFO] [stderr]    Compiling textwrap v0.15.0
[INFO] [stderr]    Compiling parking_lot_core v0.9.3
[INFO] [stderr]    Compiling tinyvec v1.6.0
[INFO] [stderr]    Compiling smallvec v1.8.0
[INFO] [stderr]    Compiling lock_api v0.4.6
[INFO] [stderr]    Compiling linked-hash-map v0.5.4
[INFO] [stderr]    Compiling unicode-bidi v0.3.8
[INFO] [stderr]    Compiling version_check v0.9.4
[INFO] [stderr]    Compiling matches v0.1.9
[INFO] [stderr]    Compiling regex-syntax v0.6.25
[INFO] [stderr]    Compiling percent-encoding v2.1.0
[INFO] [stderr]    Compiling ansi_term v0.12.1
[INFO] [stderr]    Compiling unicode-width v0.1.9
[INFO] [stderr]    Compiling ryu v1.0.9
[INFO] [stderr]    Compiling aho-corasick v0.7.18
[INFO] [stderr]    Compiling bstr v0.2.17
[INFO] [stderr]    Compiling yaml-rust v0.4.5
[INFO] [stderr]    Compiling signal-hook-registry v1.4.0
[INFO] [stderr]    Compiling quote v1.0.17
[INFO] [stderr]    Compiling atty v0.2.14
[INFO] [stderr]    Compiling mio v0.8.4
[INFO] [stderr]    Compiling clap v3.2.17
[INFO] [stderr]    Compiling time v0.1.43
[INFO] [stderr]    Compiling unicode-normalization v0.1.19
[INFO] [stderr]    Compiling terminal_size v0.1.17
[INFO] [stderr]    Compiling parking_lot v0.12.1
[INFO] [stderr]    Compiling signal-hook-mio v0.2.3
[INFO] [stderr]    Compiling dirs-sys v0.3.7
[INFO] [stderr]    Compiling lscolors v0.9.0
[INFO] [stderr]    Compiling dirs v3.0.2
[INFO] [stderr]    Compiling regex v1.5.5
[INFO] [stderr]    Compiling chrono v0.4.19
[INFO] [stderr]    Compiling xattr v0.2.2
[INFO] [stderr]    Compiling users v0.11.0
[INFO] [stderr]    Compiling term_grid v0.1.7
[INFO] [stderr]    Compiling human-sort v0.2.2
[INFO] [stderr]    Compiling idna v0.2.3
[INFO] [stderr]    Compiling wild v2.0.4
[INFO] [stderr]    Compiling xdg v2.1.0
[INFO] [stderr]    Compiling url v2.1.1
[INFO] [stderr]    Compiling globset v0.4.8
[INFO] [stderr]    Compiling chrono-humanize v0.1.2
[INFO] [stderr]    Compiling clap_complete v3.2.4
[INFO] [stderr]    Compiling lsd v0.23.1 (/opt/rustwide/workdir)
[INFO] [stderr]    Compiling crossterm v0.24.0
[INFO] [stderr]    Compiling serde_yaml v0.8.23
[INFO] [stderr]     Finished dev [unoptimized + debuginfo] target(s) in 19.36s
[INFO] running `Command { std: "docker" "inspect" "77cbb53119d78f23540c168ae3afac8f710060a43c394ca69e87ebe51e69efaf", kill_on_drop: false }`
[INFO] running `Command { std: "docker" "rm" "-f" "77cbb53119d78f23540c168ae3afac8f710060a43c394ca69e87ebe51e69efaf", kill_on_drop: false }`
[INFO] [stdout] 77cbb53119d78f23540c168ae3afac8f710060a43c394ca69e87ebe51e69efaf
[INFO] running `Command { std: "docker" "create" "-v" "/var/lib/crater-agent-workspace/builds/worker-7-tc2/target:/opt/rustwide/target:rw,Z" "-v" "/var/lib/crater-agent-workspace/builds/worker-7-tc2/source:/opt/rustwide/workdir:ro,Z" "-v" "/var/lib/crater-agent-workspace/cargo-home:/opt/rustwide/cargo-home:ro,Z" "-v" "/var/lib/crater-agent-workspace/rustup-home:/opt/rustwide/rustup-home:ro,Z" "-e" "SOURCE_DIR=/opt/rustwide/workdir" "-e" "CARGO_TARGET_DIR=/opt/rustwide/target" "-e" "CARGO_INCREMENTAL=0" "-e" "RUST_BACKTRACE=full" "-e" "RUSTFLAGS=--cap-lints=warn" "-e" "RUSTDOCFLAGS=--cap-lints=warn" "-e" "CARGO_HOME=/opt/rustwide/cargo-home" "-e" "RUSTUP_HOME=/opt/rustwide/rustup-home" "-w" "/opt/rustwide/workdir" "-m" "1610612736" "--user" "0:0" "--network" "none" "ghcr.io/rust-lang/crates-build-env/linux@sha256:5ff2268d62e97bff2cde7d5815dd6ed5b47097566f13b8d0ca110b04b60e07ed" "/opt/rustwide/cargo-home/bin/cargo" "+beta-2023-04-20" "test" "--frozen" "--no-run" "--message-format=json", kill_on_drop: false }`
[INFO] [stdout] 5ecc0f0a57f3acc03e6fea399d8333e043eb5182918dfcbe58aa5fc2d283ce1d
[INFO] running `Command { std: "docker" "start" "-a" "5ecc0f0a57f3acc03e6fea399d8333e043eb5182918dfcbe58aa5fc2d283ce1d", kill_on_drop: false }`
[INFO] [stderr]    Compiling syn v1.0.89
[INFO] [stderr]    Compiling regex-syntax v0.6.25
[INFO] [stderr]    Compiling regex-automata v0.1.10
[INFO] [stderr]    Compiling crossbeam-utils v0.8.8
[INFO] [stderr]    Compiling predicates-core v1.0.3
[INFO] [stderr]    Compiling doc-comment v0.3.3
[INFO] [stderr]    Compiling either v1.6.1
[INFO] [stderr]    Compiling parking_lot_core v0.8.5
[INFO] [stderr]    Compiling once_cell v1.10.0
[INFO] [stderr]    Compiling walkdir v2.3.2
[INFO] [stderr]    Compiling instant v0.1.12
[INFO] [stderr]    Compiling termtree v0.2.4
[INFO] [stderr]    Compiling difflib v0.4.0
[INFO] [stderr]    Compiling remove_dir_all v0.5.3
[INFO] [stderr]    Compiling fastrand v1.7.0
[INFO] [stderr]    Compiling float-cmp v0.8.0
[INFO] [stderr]    Compiling wait-timeout v0.2.0
[INFO] [stderr]    Compiling difference v2.0.0
[INFO] [stderr]    Compiling predicates-tree v1.0.5
[INFO] [stderr]    Compiling itertools v0.10.3
[INFO] [stderr]    Compiling normalize-line-endings v0.3.0
[INFO] [stderr]    Compiling bstr v0.2.17
[INFO] [stderr]    Compiling thread_local v1.1.4
[INFO] [stderr]    Compiling tempfile v3.3.0
[INFO] [stderr]    Compiling parking_lot v0.11.2
[INFO] [stderr]    Compiling predicates v2.1.1
[INFO] [stderr]    Compiling regex v1.5.5
[INFO] [stderr]    Compiling assert_cmd v1.0.8
[INFO] [stderr]    Compiling globset v0.4.8
[INFO] [stderr]    Compiling predicates v1.0.8
[INFO] [stderr]    Compiling ignore v0.4.18
[INFO] [stderr]    Compiling serde_derive v1.0.136
[INFO] [stderr]    Compiling serial_test_derive v0.5.1
[INFO] [stderr]    Compiling globwalk v0.8.1
[INFO] [stderr]    Compiling serial_test v0.5.1
[INFO] [stderr]    Compiling assert_fs v1.0.7
[INFO] [stderr]    Compiling serde v1.0.136
[INFO] [stderr]    Compiling crossterm v0.24.0
[INFO] [stderr]    Compiling serde_yaml v0.8.23
[INFO] [stderr]    Compiling lsd v0.23.1 (/opt/rustwide/workdir)
[INFO] [stderr]     Finished test [unoptimized + debuginfo] target(s) in 16.83s
[INFO] running `Command { std: "docker" "inspect" "5ecc0f0a57f3acc03e6fea399d8333e043eb5182918dfcbe58aa5fc2d283ce1d", kill_on_drop: false }`
[INFO] running `Command { std: "docker" "rm" "-f" "5ecc0f0a57f3acc03e6fea399d8333e043eb5182918dfcbe58aa5fc2d283ce1d", kill_on_drop: false }`
[INFO] [stdout] 5ecc0f0a57f3acc03e6fea399d8333e043eb5182918dfcbe58aa5fc2d283ce1d
[INFO] running `Command { std: "docker" "create" "-v" "/var/lib/crater-agent-workspace/builds/worker-7-tc2/target:/opt/rustwide/target:rw,Z" "-v" "/var/lib/crater-agent-workspace/builds/worker-7-tc2/source:/opt/rustwide/workdir:ro,Z" "-v" "/var/lib/crater-agent-workspace/cargo-home:/opt/rustwide/cargo-home:ro,Z" "-v" "/var/lib/crater-agent-workspace/rustup-home:/opt/rustwide/rustup-home:ro,Z" "-e" "SOURCE_DIR=/opt/rustwide/workdir" "-e" "CARGO_TARGET_DIR=/opt/rustwide/target" "-e" "CARGO_INCREMENTAL=0" "-e" "RUST_BACKTRACE=full" "-e" "RUSTFLAGS=--cap-lints=warn" "-e" "RUSTDOCFLAGS=--cap-lints=warn" "-e" "CARGO_HOME=/opt/rustwide/cargo-home" "-e" "RUSTUP_HOME=/opt/rustwide/rustup-home" "-w" "/opt/rustwide/workdir" "-m" "1610612736" "--user" "0:0" "--network" "none" "ghcr.io/rust-lang/crates-build-env/linux@sha256:5ff2268d62e97bff2cde7d5815dd6ed5b47097566f13b8d0ca110b04b60e07ed" "/opt/rustwide/cargo-home/bin/cargo" "+beta-2023-04-20" "test" "--frozen", kill_on_drop: false }`
[INFO] [stdout] be0b1d590365b69b16fe05a7cfda400eeff739039b671ee7af26ead0b429646c
[INFO] running `Command { std: "docker" "start" "-a" "be0b1d590365b69b16fe05a7cfda400eeff739039b671ee7af26ead0b429646c", kill_on_drop: false }`
[INFO] [stderr]     Finished test [unoptimized + debuginfo] target(s) in 0.09s
[INFO] [stderr]      Running unittests src/main.rs (/opt/rustwide/target/debug/deps/lsd-0e1170dd728d4bb8)
[INFO] [stdout] 
[INFO] [stdout] running 341 tests
[INFO] [stderr] lsd: Not a valid theme: /root/.config/lsd/themes/not-existed, No such file or directory (os error 2).
[INFO] [stderr] 
[INFO] [stdout] test color::tests::test_color_new_default_theme ... ok
[INFO] [stdout] test color::elem::test_default_theme_color ... ok
[INFO] [stdout] test color::tests::test_color_new_no_color_theme ... ok
[INFO] [stdout] test color::tests::test_color_new_bad_custom_theme ... ok
[INFO] [stdout] test color::theme::tests::test_empty_theme_return_default ... ok
[INFO] [stdout] test color::theme::tests::test_default_theme ... ok
[INFO] [stdout] test color::theme::tests::test_second_level_theme_return_default_but_changed ... ok
[INFO] [stdout] test color::theme::tests::test_first_level_theme_return_default_but_changed ... ok
[INFO] [stdout] test color::theme::tests::test_default_theme_file ... ok
[INFO] [stdout] test config_file::tests::test_read_bad_display ... ok
[INFO] [stdout] test config_file::tests::test_read_config_file_not_found ... ok
[INFO] [stdout] test config_file::tests::test_read_config_bad_bool ... ok
[INFO] [stdout] test config_file::tests::test_read_config_ok ... ok
[INFO] [stdout] test display::tests::test_display_get_visible_width_hypelink_simple ... ok
[INFO] [stdout] test display::tests::test_display_get_visible_width_without_icons ... ok
[INFO] [stdout] test display::tests::test_display_get_visible_width_without_colors ... ok
[INFO] [stdout] test config_file::tests::test_read_default ... ok
[INFO] [stdout] test flags::blocks::test_block::test_name ... ok
[INFO] [stdout] test flags::blocks::test_block::test_permission ... ok
[INFO] [stdout] test flags::blocks::test_block::test_size ... ok
[INFO] [stdout] test flags::blocks::test_block::test_size_value ... ok
[INFO] [stdout] test flags::blocks::test_block::test_user ... ok
[INFO] [stdout] test display::tests::test_display_get_visible_width_with_colors ... ok
[INFO] [stdout] test flags::blocks::test_block::test_context ... ok
[INFO] [stdout] test flags::blocks::test_block::test_block_headers ... ok
[INFO] [stdout] test display::tests::test_grid_no_header_with_empty_meta ... ok
[INFO] [stdout] test flags::blocks::test_block::test_group ... ok
[INFO] [stdout] test flags::blocks::test_block::test_inode ... ok
[INFO] [stdout] test display::tests::test_grid_all_block_headers ... ok
[INFO] [stdout] test flags::blocks::test_block::test_links ... ok
[INFO] [stdout] test flags::blocks::test_block::test_date ... ok
[INFO] [stdout] test flags::blocks::test_block::test_err ... ok
[INFO] [stdout] test flags::blocks::test_blocks::test_configure_from_ignore_prepend_inode_without_long ... ok
[INFO] [stdout] test flags::blocks::test_blocks::test_configure_from_with_blocks_and_without_long ... ok
[INFO] [stdout] test flags::blocks::test_blocks::test_configure_from_with_long ... ok
[INFO] [stdout] test flags::blocks::test_blocks::test_configure_from_prepend_inode_without_long ... ok
[INFO] [stdout] test display::tests::test_tree_size_first_without_name ... ok
[INFO] [stdout] test display::tests::test_display_tree_with_all ... ok
[INFO] [stdout] test display::tests::test_tree_align_subfolder ... ok
[INFO] [stdout] test flags::blocks::test_blocks::test_configure_from_with_inode ... ok
[INFO] [stderr] lsd: Not a valid block name: foo.
[INFO] [stderr] 
[INFO] [stdout] test flags::blocks::test_blocks::test_context_not_present_on_cli ... ok
[INFO] [stdout] test display::tests::test_display_get_visible_width_with_icons ... ok
[INFO] [stdout] test flags::blocks::test_blocks::test_context_present_if_context_on ... ok
[INFO] [stdout] test flags::blocks::test_blocks::test_from_arg_matches_multi_occurences ... ok
[INFO] [stdout] test flags::blocks::test_blocks::test_from_arg_matches_multi_values ... ok
[INFO] [stdout] test display::tests::test_tree_edge_before_name ... ok
[INFO] [stdout] test flags::blocks::test_blocks::test_configure_from_without_long ... ok
[INFO] [stdout] test flags::blocks::test_blocks::test_from_arg_matches_one ... ok
[INFO] [stdout] test flags::blocks::test_blocks::test_from_config_every_second_one ... ok
[INFO] [stdout] test flags::blocks::test_blocks::test_from_config_invalid_is_ignored ... ok
[INFO] [stdout] test flags::blocks::test_blocks::test_from_config_none ... ok
[INFO] [stdout] test flags::blocks::test_blocks::test_from_config_one ... ok
[INFO] [stdout] test flags::blocks::test_blocks::test_from_config_reversed_default ... ok
[INFO] [stdout] test flags::blocks::test_blocks::test_only_one_context_no_other_blocks_affected ... ok
[INFO] [stdout] test flags::color::test_color_option::test_from_arg_matches_auto ... ok
[INFO] [stdout] test flags::color::test_color_option::test_from_arg_matches_classic_mode ... ok
[INFO] [stdout] test flags::color::test_color_option::test_from_config_auto ... ok
[INFO] [stdout] test flags::color::test_color_option::test_from_config_always ... ok
[INFO] [stdout] test flags::color::test_color_option::test_from_config_never ... ok
[INFO] [stdout] test flags::color::test_color_option::test_from_config_classic_mode ... ok
[INFO] [stdout] test flags::color::test_theme_option::test_from_config_bad_file_flag ... ok
[INFO] [stdout] test flags::color::test_theme_option::test_from_config_classic_mode ... ok
[INFO] [stdout] test flags::color::test_theme_option::test_from_config_no_lscolor ... ok
[INFO] [stdout] test flags::color::test_theme_option::test_from_config_default ... ok
[INFO] [stdout] test flags::color::test_theme_option::test_from_config_no_color ... ok
[INFO] [stdout] test flags::color::test_color_option::test_from_config_none ... ok
[INFO] [stdout] test flags::blocks::test_blocks::test_configure_from_ignore_prepend_inode_with_long ... ok
[INFO] [stdout] test flags::color::test_color_option::test_from_env_no_color ... ok
[INFO] [stdout] test flags::color::test_color_option::test_from_arg_matches_color_multiple ... ok
[INFO] [stdout] test flags::blocks::test_blocks::test_from_arg_matches_reversed_default ... ok
[INFO] [stdout] test flags::blocks::test_blocks::test_configure_from_with_blocks_and_long ... ok
[INFO] [stdout] test flags::color::test_theme_option::test_from_config_none_default ... ok
[INFO] [stdout] test flags::date::test::test_from_config_date ... ok
[INFO] [stderr] lsd: Not a valid date format: +%J.
[INFO] [stderr] 
[INFO] [stdout] test flags::date::test::test_from_config_format ... ok
[INFO] [stdout] test flags::blocks::test_blocks::test_configure_from_prepend_inode_with_long ... ok
[INFO] [stdout] test flags::date::test::test_from_arg_matches_none ... ok
[INFO] [stdout] test flags::date::test::test_from_config_classic_mode ... ok
[INFO] [stdout] test flags::date::test::test_from_config_format_invalid ... ok
[INFO] [stdout] test flags::color::test_color_option::test_from_arg_matches_none ... ok
[INFO] [stdout] test flags::color::test_color_option::test_from_arg_matches_always ... ok
[INFO] [stdout] test flags::color::test_color_option::test_from_arg_matches_never ... ok
[INFO] [stdout] test flags::date::test::test_from_arg_matches_classic_mode ... ok
[INFO] [stdout] test flags::date::test::test_from_arg_matches_relative ... ok
[INFO] [stdout] test flags::date::test::test_from_arg_matches_format ... ok
[INFO] [stdout] test flags::blocks::test_blocks::test_from_arg_matches_none ... ok
[INFO] [stdout] test flags::blocks::test_blocks::test_from_arg_matches_every_second_one ... ok
[INFO] [stdout] test flags::date::test::test_from_config_relative ... ok
[INFO] [stdout] test flags::date::test::test_from_config_none ... ok
[INFO] [stdout] test flags::date::test::test_from_environment_format ... ok
[INFO] [stdout] test flags::date::test::test_from_environment_long_iso ... ok
[INFO] [stdout] test flags::date::test::test_from_environment_iso ... ok
[INFO] [stdout] test flags::date::test::test_parsing_order_env ... ok
[INFO] [stdout] test flags::dereference::test::test_from_arg_matches_none ... ok
[INFO] [stdout] test flags::dereference::test::test_from_arg_matches_true ... ok
[INFO] [stdout] test flags::display::test::test_from_arg_matches_all ... ok
[INFO] [stdout] test flags::dereference::test::test_from_config_none ... ok
[INFO] [stdout] test flags::dereference::test::test_from_config_true ... ok
[INFO] [stdout] test flags::dereference::test::test_from_config_false ... ok
[INFO] [stdout] test flags::date::test::test_from_arg_matches_date ... ok
[INFO] [stdout] test flags::date::test::test_from_arg_matches_date_multi ... ok
[INFO] [stderr] lsd: Not a valid date value: .
[INFO] [stdout] test flags::display::test::test_from_config_all ... ok
[INFO] [stderr] 
[INFO] [stdout] test flags::display::test::test_from_config_almost_all ... ok
[INFO] [stdout] test flags::display::test::test_from_config_directory_only ... ok
[INFO] [stdout] test flags::display::test::test_from_config_none ... ok
[INFO] [stderr] lsd: Not a valid date value: .
[INFO] [stderr] 
[INFO] [stdout] test flags::display::test::test_from_config_visible_only ... ok
[INFO] [stdout] test flags::header::test::test_from_arg_matches_none ... ok
[INFO] [stdout] test flags::date::test::test_from_environment_full_iso ... ok
[INFO] [stdout] test flags::display::test::test_from_arg_matches_almost_all ... ok
[INFO] [stdout] test flags::date::test::test_from_environment_none ... ok
[INFO] [stdout] test flags::header::test::test_from_config_none ... ok
[INFO] [stdout] test flags::display::test::test_from_arg_matches_directory_only ... ok
[INFO] [stdout] test flags::header::test::test_from_arg_matches_true ... ok
[INFO] [stdout] test flags::date::test::test_parsing_order_config ... ok
[INFO] [stdout] test flags::date::test::test_parsing_order_arg ... ok
[INFO] [stdout] test flags::hyperlink::test_hyperlink_option::test_from_config_always ... ok
[INFO] [stdout] test flags::hyperlink::test_hyperlink_option::test_from_arg_matches_autp ... ok
[INFO] [stdout] test flags::hyperlink::test_hyperlink_option::test_from_config_classic_mode ... ok
[INFO] [stdout] test flags::display::test::test_from_arg_matches_none ... ok
[INFO] [stdout] test flags::hyperlink::test_hyperlink_option::test_from_arg_matches_never ... ok
[INFO] [stdout] test flags::hyperlink::test_hyperlink_option::test_from_config_auto ... ok
[INFO] [stdout] test flags::header::test::test_from_config_true ... ok
[INFO] [stdout] test flags::hyperlink::test_hyperlink_option::test_from_config_never ... ok
[INFO] [stdout] test flags::hyperlink::test_hyperlink_option::test_from_config_none ... ok
[INFO] [stdout] test flags::header::test::test_from_config_false ... ok
[INFO] [stdout] test flags::hyperlink::test_hyperlink_option::test_from_arg_matches_hyperlink_when_multi ... ok
[INFO] [stdout] test flags::hyperlink::test_hyperlink_option::test_from_arg_matches_none ... ok
[INFO] [stdout] test flags::hyperlink::test_hyperlink_option::test_from_arg_matches_classic_mode ... ok
[INFO] [stdout] test flags::hyperlink::test_hyperlink_option::test_from_arg_matches_always ... ok
[INFO] [stdout] test flags::icons::test_icon_option::test_from_config_none ... ok
[INFO] [stdout] test flags::icons::test_icon_separator::test_from_config_custom ... ok
[INFO] [stdout] test flags::icons::test_icon_separator::test_from_config_default ... ok
[INFO] [stdout] test flags::icons::test_icon_option::test_from_arg_matches_always ... ok
[INFO] [stdout] test flags::icons::test_icon_option::test_from_config_always ... ok
[INFO] [stdout] test flags::icons::test_icon_option::test_from_config_never ... ok
[INFO] [stdout] test flags::icons::test_icon_option::test_from_config_classic_mode ... ok
[INFO] [stdout] test flags::icons::test_icon_option::test_from_config_auto ... ok
[INFO] [stdout] test flags::icons::test_icon_option::test_from_arg_matches_never ... ok
[INFO] [stdout] test flags::icons::test_icon_theme::test_from_config_fancy ... ok
[INFO] [stdout] test flags::icons::test_icon_theme::test_from_arg_matches_fancy ... ok
[INFO] [stdout] test flags::icons::test_icon_option::test_from_arg_matches_icon_when_multi ... ok
[INFO] [stdout] test flags::icons::test_icon_option::test_from_arg_matches_classic_mode ... ok
[INFO] [stdout] test flags::icons::test_icon_option::test_from_arg_matches_none ... ok
[INFO] [stdout] test flags::icons::test_icon_theme::test_from_config_unicode ... ok
[INFO] [stdout] test flags::icons::test_icon_option::test_from_arg_matches_autp ... ok
[INFO] [stdout] test flags::ignore_globs::test::test_from_config_none ... ok
[INFO] [stdout] test flags::icons::test_icon_theme::test_from_arg_matches_icon_multi ... ok
[INFO] [stdout] test flags::icons::test_icon_theme::test_from_config_none ... ok
[INFO] [stdout] test flags::indicators::test::test_from_config_false ... ok
[INFO] [stdout] test flags::indicators::test::test_from_config_true ... ok
[INFO] [stdout] test flags::icons::test_icon_theme::test_from_arg_matches_unicode ... ok
[INFO] [stdout] test flags::ignore_globs::test::test_from_arg_matches_none ... ok
[INFO] [stdout] test flags::indicators::test::test_from_config_none ... ok
[INFO] [stdout] test flags::layout::test::test_from_config_grid ... ok
[INFO] [stdout] test flags::indicators::test::test_from_arg_matches_none ... ok
[INFO] [stdout] test flags::ignore_globs::test::test_configuration_from_none ... ok
[INFO] [stdout] test flags::indicators::test::test_from_arg_matches_true ... ok
[INFO] [stdout] test flags::layout::test::test_from_arg_matches_tree ... ok
[INFO] [stdout] test flags::layout::test::test_from_arg_matches_oneline ... ok
[INFO] [stdout] test flags::layout::test::test_from_arg_matches_oneline_through_blocks ... ok
[INFO] [stdout] test flags::layout::test::test_from_config_none ... ok
[INFO] [stdout] test flags::layout::test::test_from_config_tree ... ok
[INFO] [stdout] test flags::permission::test::test_default ... ok
[INFO] [stdout] test flags::permission::test::test_from_config_none ... ok
[INFO] [stdout] test flags::layout::test::test_from_config_oneline ... ok
[INFO] [stdout] test flags::permission::test::test_from_config_octal ... ok
[INFO] [stdout] test flags::ignore_globs::test::test_configuration_from_args ... ok
[INFO] [stdout] test flags::permission::test::test_from_config_rwx ... ok
[INFO] [stdout] test flags::layout::test::test_from_arg_matches_none ... ok
[INFO] [stdout] test flags::icons::test_icon_theme::test_from_arg_matches_none ... ok
[INFO] [stdout] test flags::permission::test::test_from_config_classic_mode ... ok
[INFO] [stdout] test flags::recursion::test::test_depth_from_arg_matches_depth_multi ... ok
[INFO] [stdout] test flags::permission::test::test_from_arg_matches_permissions_classic ... ok
[INFO] [stdout] test flags::layout::test::test_from_arg_matches_oneline_through_long ... ok
[INFO] [stdout] test flags::ignore_globs::test::test_configuration_from_config ... ok
[INFO] [stdout] test flags::permission::test::test_from_arg_matches_permissions_multi ... ok
[INFO] [stdout] test flags::permission::test::test_from_arg_matches_short ... ok
[INFO] [stdout] test flags::recursion::test::test_depth_from_arg_matches_integer ... ok
[INFO] [stdout] test flags::recursion::test::test_depth_from_config_pos_integer ... ok
[INFO] [stdout] test flags::permission::test::test_from_arg_matches_default ... ok
[INFO] [stdout] test flags::recursion::test::test_depth_from_arg_matches_non_int ... ok
[INFO] [stdout] test flags::recursion::test::test_depth_from_arg_matches_empty ... ok
[INFO] [stdout] test flags::size::test::test_default ... ok
[INFO] [stdout] test flags::recursion::test::test_depth_from_config_none_max ... ok
[INFO] [stdout] test flags::recursion::test::test_depth_from_arg_matches_neg_int ... ok
[INFO] [stdout] test flags::permission::test::test_from_arg_matches_none ... ok
[INFO] [stdout] test flags::recursion::test::test_enabled_from_arg_matches_empty ... ok
[INFO] [stdout] test flags::recursion::test::test_enabled_from_empty_matches_and_config ... ok
[INFO] [stdout] test flags::size::test::test_from_config_bytes ... ok
[INFO] [stdout] test flags::recursion::test::test_enabled_from_matches_empty_and_config_false ... ok
[INFO] [stdout] test flags::size::test::test_from_config_none ... ok
[INFO] [stdout] test flags::recursion::test::test_enabled_from_arg_matches_true ... ok
[INFO] [stdout] test flags::size::test::test_from_config_classic_mode ... ok
[INFO] [stdout] test flags::size::test::test_from_config_short ... ok
[INFO] [stdout] test flags::size::test::test_from_config_default ... ok
[INFO] [stdout] test flags::recursion::test::test_enabled_from_matches_empty_and_config_true ... ok
[INFO] [stdout] test flags::size::test::test_from_arg_matches_none ... ok
[INFO] [stdout] test flags::size::test::test_from_arg_matches_default ... ok
[INFO] [stdout] test flags::sorting::test_dir_grouping::test_from_arg_matches_group_dirs_multi ... ok
[INFO] [stdout] test flags::size::test::test_from_arg_matches_size_classic ... ok
[INFO] [stdout] test flags::size::test::test_from_arg_matches_short ... ok
[INFO] [stdout] test flags::size::test::test_from_arg_matches_bytes ... ok
[INFO] [stdout] test flags::size::test::test_from_arg_matches_size_multi ... ok
[INFO] [stdout] test flags::sorting::test_dir_grouping::test_from_arg_matches_first ... ok
[INFO] [stdout] test flags::sorting::test_dir_grouping::test_from_arg_matches_classic_mode ... ok
[INFO] [stdout] test flags::sorting::test_dir_grouping::test_from_config_explicit_empty ... ok
[INFO] [stdout] test flags::sorting::test_dir_grouping::test_from_config_classic_mode ... ok
[INFO] [stdout] test flags::sorting::test_dir_grouping::test_from_config_empty ... ok
[INFO] [stdout] test flags::sorting::test_dir_grouping::test_from_arg_matches_group_directories_first ... ok
[INFO] [stdout] test flags::sorting::test_dir_grouping::test_from_config_last ... ok
[INFO] [stdout] test flags::sorting::test_dir_grouping::test_from_config_first ... ok
[INFO] [stdout] test flags::sorting::test_sort_column::test_from_config_empty ... ok
[INFO] [stdout] test flags::sorting::test_sort_column::test_from_config_empty_column ... ok
[INFO] [stdout] test flags::sorting::test_sort_column::test_from_config_extension ... ok
[INFO] [stdout] test flags::sorting::test_sort_column::test_from_config_name ... ok
[INFO] [stdout] test flags::sorting::test_sort_column::test_from_config_size ... ok
[INFO] [stdout] test flags::sorting::test_dir_grouping::test_from_arg_matches_last ... ok
[INFO] [stdout] test flags::sorting::test_sort_column::test_from_arg_matches_no_sort ... ok
[INFO] [stdout] test flags::sorting::test_sort_column::test_from_arg_matches_none ... ok
[INFO] [stdout] test flags::sorting::test_sort_column::test_from_arg_matches_extension ... ok
[INFO] [stdout] test flags::sorting::test_sort_column::test_from_arg_matches_size ... ok
[INFO] [stdout] test flags::sorting::test_dir_grouping::test_from_arg_matches_explicit_none ... ok
[INFO] [stdout] test flags::sorting::test_sort_column::test_from_config_version ... ok
[INFO] [stdout] test flags::sorting::test_sort_column::test_from_config_time ... ok
[INFO] [stdout] test flags::sorting::test_sort_column::test_from_arg_matches_sort ... ok
[INFO] [stdout] test flags::sorting::test_sort_order::test_from_config_empty_reverse ... ok
[INFO] [stdout] test flags::sorting::test_sort_order::test_from_config_reverse_true ... ok
[INFO] [stdout] test flags::symlink_arrow::test::test_symlink_arrow_default ... ok
[INFO] [stdout] test flags::sorting::test_sort_column::test_from_arg_matches_version ... ok
[INFO] [stdout] test flags::sorting::test_dir_grouping::test_from_arg_matches_none ... ok
[INFO] [stdout] test flags::sorting::test_sort_order::test_from_config_empty ... ok
[INFO] [stdout] test flags::sorting::test_sort_order::test_from_config_default_config ... ok
[INFO] [stdout] test flags::sorting::test_sort_order::test_from_config_reverse_false ... ok
[INFO] [stdout] test flags::symlink_arrow::test::test_symlink_arrow_from_config_utf8 ... ok
[INFO] [stdout] test flags::sorting::test_sort_column::test_from_arg_matches_time ... ok
[INFO] [stdout] test flags::symlink_arrow::test::test_symlink_display ... ok
[INFO] [stdout] test flags::symlink_arrow::test::test_symlink_arrow_from_args_none ... ok
[INFO] [stdout] test flags::symlinks::test::test_from_config_false ... ok
[INFO] [stdout] test flags::symlinks::test::test_from_config_true ... ok
[INFO] [stdout] test flags::symlinks::test::test_from_config_none ... ok
[INFO] [stdout] test flags::total_size::test::test_from_config_false ... ok
[INFO] [stdout] test flags::total_size::test::test_from_config_none ... ok
[INFO] [stdout] test flags::total_size::test::test_from_config_true ... ok
[INFO] [stdout] test flags::sorting::test_sort_order::test_from_arg_matches_none ... ok
[INFO] [stdout] test icon::test::get_default_file_icon_unicode ... ok
[INFO] [stdout] test icon::test::get_directory_icon ... ok
[INFO] [stdout] test icon::test::get_default_file_icon ... ok
[INFO] [stdout] test flags::sorting::test_sort_order::test_from_arg_matches_reverse ... ok
[INFO] [stdout] test flags::total_size::test::test_from_arg_matches_none ... ok
[INFO] [stdout] test flags::sorting::test_sort_column::test_multi_sort ... ok
[INFO] [stdout] test flags::symlinks::test::test_from_arg_matches_none ... ok
[INFO] [stdout] test flags::symlinks::test::test_from_arg_matches_true ... ok
[INFO] [stdout] test flags::total_size::test::test_from_arg_matches_true ... ok
[INFO] [stdout] test flags::sorting::test_sort_column::test_multi_sort_use_last ... ok
[INFO] [stdout] test icon::test::get_no_icon ... ok
[INFO] [stdout] test meta::access_control::test::test_no_context ... ok
[INFO] [stdout] test meta::access_control::test::test_acl_only_indicator ... ok
[INFO] [stdout] test meta::access_control::test::test_selinux_and_smack_context ... ok
[INFO] [stdout] test icon::test::get_directory_icon_unicode ... ok
[INFO] [stdout] test meta::access_control::test::test_acl_and_selinux_indicator ... ok
[INFO] [stdout] test meta::access_control::test::test_selinux_context ... ok
[INFO] [stdout] test meta::access_control::test::test_smack_only_indicator ... ok
[INFO] [stdout] test icon::test::get_directory_icon_with_ext ... ok
[INFO] [stdout] test meta::filetype::test::test_dir_type ... ok
[INFO] [stdout] test meta::filetype::test::test_file_type ... ok
[INFO] [stdout] test meta::filetype::test::test_socket_type ... ok
[INFO] [stdout] test meta::date::test::test_a_several_days_old_file_color ... ok
[INFO] [stdout] test meta::date::test::test_with_relative_date ... ok
[INFO] [stdout] test meta::filetype::test::test_symlink_type_dir ... ok
[INFO] [stdout] test meta::date::test::test_iso_format_now ... ok
[INFO] [stdout] test meta::date::test::test_an_hour_old_file_color ... ok
[INFO] [stdout] test meta::indicator::test::test_directory_indicator ... ok
[INFO] [stdout] test meta::date::test::test_a_day_old_file_color ... ok
[INFO] [stdout] test meta::indicator::test::test_executable_file_indicator ... ok
[INFO] [stdout] test meta::filetype::test::test_symlink_type_file ... ok
[INFO] [stdout] test meta::indicator::test::test_not_represented_indicator ... ok
[INFO] [stdout] test meta::indicator::test::test_socket_indicator ... ok
[INFO] [stdout] test meta::indicator::test::test_symlink_indicator ... ok
[INFO] [stdout] test meta::name::test::test_current_relative_path ... ok
[INFO] [stdout] test meta::name::test::test_extensions_with_file_without_extension ... ok
[INFO] [stdout] test meta::name::test::test_extensions_with_valid_file ... ok
[INFO] [stdout] test meta::name::test::test_grand_parent_relative_path ... ok
[INFO] [stdout] test meta::name::test::test_order_impl_is_case_insensitive ... ok
[INFO] [stdout] test meta::name::test::test_parent_relative_path ... ok
[INFO] [stdout] test meta::name::test::test_partial_eq_impl ... ok
[INFO] [stdout] test meta::name::test::test_partial_order_impl ... ok
[INFO] [stdout] test meta::name::test::test_partial_order_impl_is_case_insensitive ... ok
[INFO] [stdout] test meta::inode::tests::test_inode_no_zero ... ok
[INFO] [stdout] test meta::filetype::test::test_pipe_type ... ok
[INFO] [stdout] test meta::name::test::test_print_hyperlink ... ok
[INFO] [stdout] test meta::name::test::test_print_file_name ... ok
[INFO] [stdout] test meta::name::test::test_print_dir_name ... ok
[INFO] [stdout] test meta::name::test::test_print_without_icon_or_color ... ok
[INFO] [stdout] test meta::name::test::test_print_symlink_name_dir ... ok
[INFO] [stdout] test meta::name::test::test_print_symlink_name_file ... ok
[INFO] [stdout] test meta::permissions::test::permission_octal ... ok
[INFO] [stdout] test meta::permissions::test::permission_rwx ... ok
[INFO] [stdout] test meta::name::test::test_print_other_type_name ... ok
[INFO] [stdout] test meta::permissions::test::permission_octal2 ... ok
[INFO] [stdout] test meta::permissions::test::permission_octal_sticky ... ok
[INFO] [stdout] test meta::name::test::test_special_chars_in_filename ... ok
[INFO] [stdout] test meta::size::test::render_100_plus_gigabyte ... ok
[INFO] [stdout] test meta::size::test::render_100_plus_megabyte ... ok
[INFO] [stdout] test meta::size::test::render_100_plus_kilobyte ... ok
[INFO] [stdout] test meta::permissions::test::permission_rwx2 ... ok
[INFO] [stdout] test meta::size::test::render_100_plus_terabyte ... ok
[INFO] [stdout] test meta::permissions::test::permission_rwx_sticky ... ok
[INFO] [stdout] test meta::size::test::render_10_minus_gigabyte ... ok
[INFO] [stdout] test meta::size::test::render_byte ... ok
[INFO] [stdout] test meta::size::test::render_10_minus_kilobyte ... ok
[INFO] [stdout] test meta::size::test::render_10_minus_megabyte ... ok
[INFO] [stdout] test meta::size::test::render_10_minus_terabyte ... ok
[INFO] [stdout] test meta::size::test::render_kilobyte ... ok
[INFO] [stdout] test meta::size::test::render_gigabyte ... ok
[INFO] [stdout] test meta::size::test::render_short_nospaces ... ok
[INFO] [stdout] test meta::size::test::render_megabyte ... ok
[INFO] [stdout] test meta::size::test::render_terabyte ... ok
[INFO] [stdout] test meta::size::test::render_with_a_fraction ... ok
[INFO] [stdout] test meta::size::test::render_with_a_truncated_fraction ... ok
[INFO] [stdout] test meta::tests::test_from_path_path ... ok
[INFO] [stdout] test sort::tests::test_sort_assemble_sorters_by_extension ... ok
[INFO] [stdout] test sort::tests::test_sort_assemble_sorters_by_name_unordered ... ok
[INFO] [stderr] lsd: Not a valid date value: .
[INFO] [stderr] 
[INFO] [stderr] lsd: Not a valid date value: .
[INFO] [stderr] 
[INFO] [stdout] test meta::symlink::tests::test_symlink_render_default_invalid_target_withcolor ... ok
[INFO] [stdout] test sort::tests::test_sort_assemble_sorters_by_name_unordered_2 ... ok
[INFO] [stderr] lsd: Not a valid date value: .
[INFO] [stderr] 
[INFO] [stdout] test meta::symlink::tests::test_symlink_render_default_invalid_target_nocolor ... ok
[INFO] [stdout] test sort::tests::test_sort_assemble_sorters_by_name_with_dirs_first ... ok
[INFO] [stdout] test meta::symlink::tests::test_symlink_render_default_valid_target_nocolor ... ok
[INFO] [stdout] test sort::tests::test_sort_assemble_sorters_by_name_with_files_first ... ok
[INFO] [stdout] test sort::tests::test_sort_assemble_sorters_by_version ... ok
[INFO] [stdout] test sort::tests::test_sort_assemble_sorters_by_time ... ok
[INFO] [stdout] test sort::tests::test_sort_assemble_sorters_no_sort ... ok
[INFO] [stdout] test meta::date::test::test_with_relative_date_now ... ok
[INFO] [stdout] test meta::date::test::test_iso_format_year_old ... ok
[INFO] [stdout] test meta::name::test::test_partial_eq_impl_is_case_insensitive ... ok
[INFO] [stdout] test meta::links::tests::test_hardlinks_no_zero ... ok
[INFO] [stdout] test flags::date::test::test_from_arg_matches_format_invalid - should panic ... ok
[INFO] [stdout] test flags::permission::test::test_from_arg_matches_unknown - should panic ... ok
[INFO] [stdout] test flags::size::test::test_from_arg_matches_unknonwn - should panic ... ok
[INFO] [stdout] test flags::sorting::test_dir_grouping::test_from_str_bad_value - should panic ... ok
[INFO] [stdout] test meta::date::test::test_bad_date ... ok
[INFO] [stdout] test icon::test::get_icon_by_name ... ok
[INFO] [stdout] test icon::test::get_icon_by_extension ... ok
[INFO] [stdout] 
[INFO] [stdout] test result: ok. 341 passed; 0 failed; 0 ignored; 0 measured; 0 filtered out; finished in 0.15s
[INFO] [stdout] 
[INFO] [stderr]      Running tests/integration.rs (/opt/rustwide/target/debug/deps/integration-7cbf93cc5e38afca)
[INFO] [stdout] 
[INFO] [stdout] running 40 tests
[INFO] [stderr] lsd: /tmp/.tmpFI21hq/does_not_exist: No such file or directory (os error 2).
[INFO] [stderr] 
[INFO] [stdout] d
[INFO] [stdout] └── subdir
[INFO] [stdout]     └── onemore
[INFO] [stdout] test test_cannot_access_file_exit_status ... ok
[INFO] [stdout] test test_all_directory ... ok
[INFO] [stdout] test test_almost_sort_with_folder ... ok
[INFO] [stdout] test test_custom_config_file_parsing ... ok
[INFO] [stdout] test test_bad_utf_8_extension ... ok
[INFO] [stdout] test test_date_custom_format_supports_nanos_with_length ... ok
[INFO] [stdout] test test_dereference_link_broken_link ... ok
[INFO] [stdout] test test_bad_utf_8_name ... ok
[INFO] [stdout] test test_dereference_link_right_type_and_no_link ... ok
[INFO] [stdout] test test_list_almost_all_populated_directory ... ok
[INFO] [stdout] test test_list_all_populated_directory ... ok
[INFO] [stdout] test test_list_empty_directory ... ok
[INFO] [stdout] test test_list_inode_with_long_ok ... ok
[INFO] [stdout] test test_list_almost_all_empty_directory ... ok
[INFO] [stdout] test test_lower_case_ext_icon_match ... ok
[INFO] [stdout] test test_list_block_inode_populated_directory_without_long ... ok
[INFO] [stdout] test test_list_block_inode_populated_directory_with_long ... ok
[INFO] [stdout] test test_date_custom_format_supports_padding ... ok
[INFO] [stdout] test test_list_populated_directory ... ok
[INFO] [stdout] test test_lower_case_name_icon_match ... ok
[INFO] [stdout] test test_no_show_folder_content_of_symlink_for_long ... ok
[INFO] [stdout] test test_tree ... ok
[INFO] [stdout] test test_list_all_empty_directory ... ok
[INFO] [stdout] test test_tree_dereference ... ok
[INFO] [stdout] test test_show_folder_content_of_symlink ... ok
[INFO] [stdout] test test_list_broken_link_ok ... ok
[INFO] [stdout] test test_runs_okay ... ok
[INFO] [stdout] test test_tree_show_edge_before_name ... ok
[INFO] [stdout] test test_nosymlink_on_non_long ... ok
[INFO] [stdout] test test_tree_all_not_show_self ... ok
[INFO] [stdout] test test_list_inode_populated_directory ... ok
[INFO] [stdout] test test_show_folder_of_symlink_for_long_multi ... ok
[INFO] [stdout] test test_version_sort ... ok
[INFO] [stdout] test test_tree_d ... ok
[INFO] [stdout] test test_upper_case_ext_icon_match ... ok
[INFO] [stdout] test test_upper_case_name_icon_match ... ok
[INFO] [stdout] test test_version_sort_overwrite_by_sizesort ... ok
[INFO] [stdout] test test_tree_no_dereference ... ok
[INFO] [stdout] test test_version_sort_overwrite_by_timesort ... ok
[INFO] [stdout] test test_cannot_access_subdir_exit_status ... FAILED
[INFO] [stdout] 
[INFO] [stdout] failures:
[INFO] [stdout] 
[INFO] [stdout] ---- test_cannot_access_subdir_exit_status stdout ----
[INFO] [stdout] thread 'test_cannot_access_subdir_exit_status' panicked at 'assertion failed: `(left == right)`
[INFO] [stdout]   left: `0`,
[INFO] [stdout]  right: `1`', tests/integration.rs:682:5
[INFO] [stdout] stack backtrace:
[INFO] [stdout]    0:     0x55e49b54b7ba - std::backtrace_rs::backtrace::libunwind::trace::h2f05d0192276a8f6
[INFO] [stdout]                                at /rustc/1b7dd2252b99671ce5d1cb9664c5f8636329436d/library/std/src/../../backtrace/src/backtrace/libunwind.rs:93:5
[INFO] [stdout]    1:     0x55e49b54b7ba - std::backtrace_rs::backtrace::trace_unsynchronized::hedc23dff7a1af150
[INFO] [stdout]                                at /rustc/1b7dd2252b99671ce5d1cb9664c5f8636329436d/library/std/src/../../backtrace/src/backtrace/mod.rs:66:5
[INFO] [stdout]    2:     0x55e49b54b7ba - std::sys_common::backtrace::_print_fmt::h17541ef7592f3ce2
[INFO] [stdout]                                at /rustc/1b7dd2252b99671ce5d1cb9664c5f8636329436d/library/std/src/sys_common/backtrace.rs:65:5
[INFO] [stdout]    3:     0x55e49b54b7ba - <std::sys_common::backtrace::_print::DisplayBacktrace as core::fmt::Display>::fmt::h20f75df5ab0c0792
[INFO] [stdout]                                at /rustc/1b7dd2252b99671ce5d1cb9664c5f8636329436d/library/std/src/sys_common/backtrace.rs:44:22
[INFO] [stdout]    4:     0x55e49b570dff - core::fmt::write::h78109e6f466b3af6
[INFO] [stdout]                                at /rustc/1b7dd2252b99671ce5d1cb9664c5f8636329436d/library/core/src/fmt/mod.rs:1254:17
[INFO] [stdout]    5:     0x55e49b548605 - std::io::Write::write_fmt::hd24bfb68a1b35a25
[INFO] [stdout]                                at /rustc/1b7dd2252b99671ce5d1cb9664c5f8636329436d/library/std/src/io/mod.rs:1698:15
[INFO] [stdout]    6:     0x55e49b54b585 - std::sys_common::backtrace::_print::h8dac57a9f8fbf9a5
[INFO] [stdout]                                at /rustc/1b7dd2252b99671ce5d1cb9664c5f8636329436d/library/std/src/sys_common/backtrace.rs:47:5
[INFO] [stdout]    7:     0x55e49b54b585 - std::sys_common::backtrace::print::hf9ecbf41d1aa712f
[INFO] [stdout]                                at /rustc/1b7dd2252b99671ce5d1cb9664c5f8636329436d/library/std/src/sys_common/backtrace.rs:34:9
[INFO] [stdout]    8:     0x55e49b54d2be - std::panicking::default_hook::{{closure}}::h04c07acfc84ca028
[INFO] [stdout]                                at /rustc/1b7dd2252b99671ce5d1cb9664c5f8636329436d/library/std/src/panicking.rs:269:22
[INFO] [stdout]    9:     0x55e49b54cff1 - std::panicking::default_hook::h01f6bb23e1eceb2c
[INFO] [stdout]                                at /rustc/1b7dd2252b99671ce5d1cb9664c5f8636329436d/library/std/src/panicking.rs:285:9
[INFO] [stdout]   10:     0x55e49b38c31b - <alloc::boxed::Box<F,A> as core::ops::function::Fn<Args>>::call::h87fe9f7b2fd49e4c
[INFO] [stdout]                                at /rustc/1b7dd2252b99671ce5d1cb9664c5f8636329436d/library/alloc/src/boxed.rs:1987:9
[INFO] [stdout]   11:     0x55e49b38c31b - test::test_main::{{closure}}::he94d679243a7531b
[INFO] [stdout]                                at /rustc/1b7dd2252b99671ce5d1cb9664c5f8636329436d/library/test/src/lib.rs:134:21
[INFO] [stdout]   12:     0x55e49b54d9a4 - <alloc::boxed::Box<F,A> as core::ops::function::Fn<Args>>::call::h3f2d6d8b14c4769f
[INFO] [stdout]                                at /rustc/1b7dd2252b99671ce5d1cb9664c5f8636329436d/library/alloc/src/boxed.rs:1987:9
[INFO] [stdout]   13:     0x55e49b54d9a4 - std::panicking::rust_panic_with_hook::h2bb3722bbaf2f6df
[INFO] [stdout]                                at /rustc/1b7dd2252b99671ce5d1cb9664c5f8636329436d/library/std/src/panicking.rs:695:13
[INFO] [stdout]   14:     0x55e49b54d719 - std::panicking::begin_panic_handler::{{closure}}::h91bc7f36a4be011b
[INFO] [stdout]                                at /rustc/1b7dd2252b99671ce5d1cb9664c5f8636329436d/library/std/src/panicking.rs:582:13
[INFO] [stdout]   15:     0x55e49b54bc26 - std::sys_common::backtrace::__rust_end_short_backtrace::h8b3d3717114f9e59
[INFO] [stdout]                                at /rustc/1b7dd2252b99671ce5d1cb9664c5f8636329436d/library/std/src/sys_common/backtrace.rs:150:18
[INFO] [stdout]   16:     0x55e49b54d472 - rust_begin_unwind
[INFO] [stdout]                                at /rustc/1b7dd2252b99671ce5d1cb9664c5f8636329436d/library/std/src/panicking.rs:578:5
[INFO] [stdout]   17:     0x55e49b3456f3 - core::panicking::panic_fmt::hfd368e3fbdabea26
[INFO] [stdout]                                at /rustc/1b7dd2252b99671ce5d1cb9664c5f8636329436d/library/core/src/panicking.rs:67:14
[INFO] [stdout]   18:     0x55e49b345b1f - core::panicking::assert_failed_inner::haef49168e1798a91
[INFO] [stdout]   19:     0x55e49b39836a - core::panicking::assert_failed::h5a65c6bcef802bef
[INFO] [stdout]                                at /rustc/1b7dd2252b99671ce5d1cb9664c5f8636329436d/library/core/src/panicking.rs:228:5
[INFO] [stdout]   20:     0x55e49b34f45d - integration::test_cannot_access_subdir_exit_status::hf2fcff5ceeeb044f
[INFO] [stdout]                                at /opt/rustwide/workdir/tests/integration.rs:682:5
[INFO] [stdout]   21:     0x55e49b34f057 - integration::test_cannot_access_subdir_exit_status::{{closure}}::haa2e0c0ae6d72191
[INFO] [stdout]                                at /opt/rustwide/workdir/tests/integration.rs:665:44
[INFO] [stdout]   22:     0x55e49b353ea5 - core::ops::function::FnOnce::call_once::h11b0d6e5ea01d790
[INFO] [stdout]                                at /rustc/1b7dd2252b99671ce5d1cb9664c5f8636329436d/library/core/src/ops/function.rs:250:5
[INFO] [stdout]   23:     0x55e49b3911ef - core::ops::function::FnOnce::call_once::ha6a70e79f7481a7e
[INFO] [stdout]                                at /rustc/1b7dd2252b99671ce5d1cb9664c5f8636329436d/library/core/src/ops/function.rs:250:5
[INFO] [stdout]   24:     0x55e49b3911ef - test::__rust_begin_short_backtrace::hce33033019b61e69
[INFO] [stdout]                                at /rustc/1b7dd2252b99671ce5d1cb9664c5f8636329436d/library/test/src/lib.rs:655:18
[INFO] [stdout]   25:     0x55e49b35e9dc - test::run_test::{{closure}}::h858d3528838ae3e5
[INFO] [stdout]                                at /rustc/1b7dd2252b99671ce5d1cb9664c5f8636329436d/library/test/src/lib.rs:646:30
[INFO] [stdout]   26:     0x55e49b35e9dc - core::ops::function::FnOnce::call_once{{vtable.shim}}::he8ac2b00f01ae79e
[INFO] [stdout]                                at /rustc/1b7dd2252b99671ce5d1cb9664c5f8636329436d/library/core/src/ops/function.rs:250:5
[INFO] [stdout]   27:     0x55e49b3902c6 - <alloc::boxed::Box<F,A> as core::ops::function::FnOnce<Args>>::call_once::h8093d25b522725ef
[INFO] [stdout]                                at /rustc/1b7dd2252b99671ce5d1cb9664c5f8636329436d/library/alloc/src/boxed.rs:1973:9
[INFO] [stdout]   28:     0x55e49b3902c6 - <core::panic::unwind_safe::AssertUnwindSafe<F> as core::ops::function::FnOnce<()>>::call_once::h5c334c204e4a3913
[INFO] [stdout]                                at /rustc/1b7dd2252b99671ce5d1cb9664c5f8636329436d/library/core/src/panic/unwind_safe.rs:271:9
[INFO] [stdout]   29:     0x55e49b3902c6 - std::panicking::try::do_call::ha8b740c7b9478074
[INFO] [stdout]                                at /rustc/1b7dd2252b99671ce5d1cb9664c5f8636329436d/library/std/src/panicking.rs:485:40
[INFO] [stdout]   30:     0x55e49b3902c6 - std::panicking::try::h5d34f63d0e41b64e
[INFO] [stdout]                                at /rustc/1b7dd2252b99671ce5d1cb9664c5f8636329436d/library/std/src/panicking.rs:449:19
[INFO] [stdout]   31:     0x55e49b3902c6 - std::panic::catch_unwind::hcfbb511e1aa7fc67
[INFO] [stdout]                                at /rustc/1b7dd2252b99671ce5d1cb9664c5f8636329436d/library/std/src/panic.rs:140:14
[INFO] [stdout]   32:     0x55e49b3902c6 - test::run_test_in_process::h9abda90f802eaf21
[INFO] [stdout]                                at /rustc/1b7dd2252b99671ce5d1cb9664c5f8636329436d/library/test/src/lib.rs:678:27
[INFO] [stdout]   33:     0x55e49b3902c6 - test::run_test::run_test_inner::{{closure}}::h0f058de91f6c6edf
[INFO] [stdout]                                at /rustc/1b7dd2252b99671ce5d1cb9664c5f8636329436d/library/test/src/lib.rs:572:39
[INFO] [stdout]   34:     0x55e49b3591e5 - test::run_test::run_test_inner::{{closure}}::h5ca48a4c59c6c1fb
[INFO] [stdout]                                at /rustc/1b7dd2252b99671ce5d1cb9664c5f8636329436d/library/test/src/lib.rs:599:37
[INFO] [stdout]   35:     0x55e49b3591e5 - std::sys_common::backtrace::__rust_begin_short_backtrace::h32bd51e1495d4a33
[INFO] [stdout]                                at /rustc/1b7dd2252b99671ce5d1cb9664c5f8636329436d/library/std/src/sys_common/backtrace.rs:134:18
[INFO] [stdout]   36:     0x55e49b35e721 - std::thread::Builder::spawn_unchecked_::{{closure}}::{{closure}}::hc086fae9b128b2db
[INFO] [stdout]                                at /rustc/1b7dd2252b99671ce5d1cb9664c5f8636329436d/library/std/src/thread/mod.rs:526:17
[INFO] [stdout]   37:     0x55e49b35e721 - <core::panic::unwind_safe::AssertUnwindSafe<F> as core::ops::function::FnOnce<()>>::call_once::hb66571888d270d43
[INFO] [stdout]                                at /rustc/1b7dd2252b99671ce5d1cb9664c5f8636329436d/library/core/src/panic/unwind_safe.rs:271:9
[INFO] [stdout]   38:     0x55e49b35e721 - std::panicking::try::do_call::h4fa2ef4f6e51fecf
[INFO] [stdout]                                at /rustc/1b7dd2252b99671ce5d1cb9664c5f8636329436d/library/std/src/panicking.rs:485:40
[INFO] [stdout]   39:     0x55e49b35e721 - std::panicking::try::h1e9e22b8584489b5
[INFO] [stdout]                                at /rustc/1b7dd2252b99671ce5d1cb9664c5f8636329436d/library/std/src/panicking.rs:449:19
[INFO] [stdout]   40:     0x55e49b35e721 - std::panic::catch_unwind::h44698a3de0e0769e
[INFO] [stdout]                                at /rustc/1b7dd2252b99671ce5d1cb9664c5f8636329436d/library/std/src/panic.rs:140:14
[INFO] [stdout]   41:     0x55e49b35e721 - std::thread::Builder::spawn_unchecked_::{{closure}}::h50153abde3fe239e
[INFO] [stdout]                                at /rustc/1b7dd2252b99671ce5d1cb9664c5f8636329436d/library/std/src/thread/mod.rs:525:30
[INFO] [stdout]   42:     0x55e49b35e721 - core::ops::function::FnOnce::call_once{{vtable.shim}}::hbe5bbf6f38394364
[INFO] [stdout]                                at /rustc/1b7dd2252b99671ce5d1cb9664c5f8636329436d/library/core/src/ops/function.rs:250:5
[INFO] [stdout]   43:     0x55e49b5530d5 - <alloc::boxed::Box<F,A> as core::ops::function::FnOnce<Args>>::call_once::h0d83cb2920a49046
[INFO] [stdout]                                at /rustc/1b7dd2252b99671ce5d1cb9664c5f8636329436d/library/alloc/src/boxed.rs:1973:9
[INFO] [stdout]   44:     0x55e49b5530d5 - <alloc::boxed::Box<F,A> as core::ops::function::FnOnce<Args>>::call_once::hbe0a008aa7d9ef59
[INFO] [stdout]                                at /rustc/1b7dd2252b99671ce5d1cb9664c5f8636329436d/library/alloc/src/boxed.rs:1973:9
[INFO] [stdout]   45:     0x55e49b5530d5 - std::sys::unix::thread::Thread::new::thread_start::h3a466996bdf6b1f9
[INFO] [stdout]                                at /rustc/1b7dd2252b99671ce5d1cb9664c5f8636329436d/library/std/src/sys/unix/thread.rs:108:17
[INFO] [stdout]   46:     0x7f967e534b43 - <unknown>
[INFO] [stdout]   47:     0x7f967e5c5bb4 - __clone
[INFO] [stdout]   48:                0x0 - <unknown>
[INFO] [stdout] 
[INFO] [stdout] 
[INFO] [stdout] failures:
[INFO] [stdout]     test_cannot_access_subdir_exit_status
[INFO] [stdout] 
[INFO] [stdout] test result: FAILED. 39 passed; 1 failed; 0 ignored; 0 measured; 0 filtered out; finished in 0.04s
[INFO] [stdout] 
[INFO] [stderr] error: test failed, to rerun pass `--test integration`
[INFO] running `Command { std: "docker" "inspect" "be0b1d590365b69b16fe05a7cfda400eeff739039b671ee7af26ead0b429646c", kill_on_drop: false }`
[INFO] running `Command { std: "docker" "rm" "-f" "be0b1d590365b69b16fe05a7cfda400eeff739039b671ee7af26ead0b429646c", kill_on_drop: false }`
[INFO] [stdout] be0b1d590365b69b16fe05a7cfda400eeff739039b671ee7af26ead0b429646c
