[INFO] fetching crate lox-macros 0.0.1...
[INFO] testing lox-macros-0.0.1 against beta-2023-04-20 for beta-1.70-1
[INFO] extracting crate lox-macros 0.0.1 into /workspace/builds/worker-0-tc2/source
[INFO] validating manifest of crates.io crate lox-macros 0.0.1 on toolchain beta-2023-04-20
[INFO] running `Command { std: CARGO_HOME="/workspace/cargo-home" RUSTUP_HOME="/workspace/rustup-home" "/workspace/cargo-home/bin/cargo" "+beta-2023-04-20" "metadata" "--manifest-path" "Cargo.toml" "--no-deps", kill_on_drop: false }`
[INFO] started tweaking crates.io crate lox-macros 0.0.1
[INFO] finished tweaking crates.io crate lox-macros 0.0.1
[INFO] tweaked toml for crates.io crate lox-macros 0.0.1 written to /workspace/builds/worker-0-tc2/source/Cargo.toml
[INFO] running `Command { std: CARGO_HOME="/workspace/cargo-home" RUSTUP_HOME="/workspace/rustup-home" __CARGO_TEST_CHANNEL_OVERRIDE_DO_NOT_USE_THIS="nightly" "/workspace/cargo-home/bin/cargo" "+beta-2023-04-20" "generate-lockfile" "--manifest-path" "Cargo.toml" "-Zno-index-update", kill_on_drop: false }`
[INFO] running `Command { std: CARGO_HOME="/workspace/cargo-home" RUSTUP_HOME="/workspace/rustup-home" "/workspace/cargo-home/bin/cargo" "+beta-2023-04-20" "fetch" "--manifest-path" "Cargo.toml", kill_on_drop: false }`
[INFO] running `Command { std: "docker" "create" "-v" "/var/lib/crater-agent-workspace/builds/worker-0-tc2/target:/opt/rustwide/target:rw,Z" "-v" "/var/lib/crater-agent-workspace/builds/worker-0-tc2/source:/opt/rustwide/workdir:ro,Z" "-v" "/var/lib/crater-agent-workspace/cargo-home:/opt/rustwide/cargo-home:ro,Z" "-v" "/var/lib/crater-agent-workspace/rustup-home:/opt/rustwide/rustup-home:ro,Z" "-e" "SOURCE_DIR=/opt/rustwide/workdir" "-e" "CARGO_TARGET_DIR=/opt/rustwide/target" "-e" "CARGO_HOME=/opt/rustwide/cargo-home" "-e" "RUSTUP_HOME=/opt/rustwide/rustup-home" "-w" "/opt/rustwide/workdir" "-m" "1610612736" "--user" "0:0" "--network" "none" "ghcr.io/rust-lang/crates-build-env/linux@sha256:5ff2268d62e97bff2cde7d5815dd6ed5b47097566f13b8d0ca110b04b60e07ed" "/opt/rustwide/cargo-home/bin/cargo" "+beta-2023-04-20" "metadata" "--no-deps" "--format-version=1", kill_on_drop: false }`
[INFO] [stdout] 226894ad56d15a5ec35726cbd2dfd35ffd83cd96e62b4ff0302959c5327285f1
[INFO] running `Command { std: "docker" "start" "-a" "226894ad56d15a5ec35726cbd2dfd35ffd83cd96e62b4ff0302959c5327285f1", kill_on_drop: false }`
[INFO] running `Command { std: "docker" "inspect" "226894ad56d15a5ec35726cbd2dfd35ffd83cd96e62b4ff0302959c5327285f1", kill_on_drop: false }`
[INFO] running `Command { std: "docker" "rm" "-f" "226894ad56d15a5ec35726cbd2dfd35ffd83cd96e62b4ff0302959c5327285f1", kill_on_drop: false }`
[INFO] [stdout] 226894ad56d15a5ec35726cbd2dfd35ffd83cd96e62b4ff0302959c5327285f1
[INFO] running `Command { std: "docker" "create" "-v" "/var/lib/crater-agent-workspace/builds/worker-0-tc2/target:/opt/rustwide/target:rw,Z" "-v" "/var/lib/crater-agent-workspace/builds/worker-0-tc2/source:/opt/rustwide/workdir:ro,Z" "-v" "/var/lib/crater-agent-workspace/cargo-home:/opt/rustwide/cargo-home:ro,Z" "-v" "/var/lib/crater-agent-workspace/rustup-home:/opt/rustwide/rustup-home:ro,Z" "-e" "SOURCE_DIR=/opt/rustwide/workdir" "-e" "CARGO_TARGET_DIR=/opt/rustwide/target" "-e" "CARGO_INCREMENTAL=0" "-e" "RUST_BACKTRACE=full" "-e" "RUSTFLAGS=--cap-lints=warn" "-e" "RUSTDOCFLAGS=--cap-lints=warn" "-e" "CARGO_HOME=/opt/rustwide/cargo-home" "-e" "RUSTUP_HOME=/opt/rustwide/rustup-home" "-w" "/opt/rustwide/workdir" "-m" "1610612736" "--user" "0:0" "--network" "none" "ghcr.io/rust-lang/crates-build-env/linux@sha256:5ff2268d62e97bff2cde7d5815dd6ed5b47097566f13b8d0ca110b04b60e07ed" "/opt/rustwide/cargo-home/bin/cargo" "+beta-2023-04-20" "build" "--frozen" "--message-format=json", kill_on_drop: false }`
[INFO] [stdout] f48dca8596d1161f1be793ac1d5f77c1ad9499b54837644d5f32148e55812c17
[INFO] running `Command { std: "docker" "start" "-a" "f48dca8596d1161f1be793ac1d5f77c1ad9499b54837644d5f32148e55812c17", kill_on_drop: false }`
[INFO] [stderr]    Compiling lox-macros v0.0.1 (/opt/rustwide/workdir)
[INFO] [stderr]     Finished dev [unoptimized + debuginfo] target(s) in 0.66s
[INFO] running `Command { std: "docker" "inspect" "f48dca8596d1161f1be793ac1d5f77c1ad9499b54837644d5f32148e55812c17", kill_on_drop: false }`
[INFO] running `Command { std: "docker" "rm" "-f" "f48dca8596d1161f1be793ac1d5f77c1ad9499b54837644d5f32148e55812c17", kill_on_drop: false }`
[INFO] [stdout] f48dca8596d1161f1be793ac1d5f77c1ad9499b54837644d5f32148e55812c17
[INFO] running `Command { std: "docker" "create" "-v" "/var/lib/crater-agent-workspace/builds/worker-0-tc2/target:/opt/rustwide/target:rw,Z" "-v" "/var/lib/crater-agent-workspace/builds/worker-0-tc2/source:/opt/rustwide/workdir:ro,Z" "-v" "/var/lib/crater-agent-workspace/cargo-home:/opt/rustwide/cargo-home:ro,Z" "-v" "/var/lib/crater-agent-workspace/rustup-home:/opt/rustwide/rustup-home:ro,Z" "-e" "SOURCE_DIR=/opt/rustwide/workdir" "-e" "CARGO_TARGET_DIR=/opt/rustwide/target" "-e" "CARGO_INCREMENTAL=0" "-e" "RUST_BACKTRACE=full" "-e" "RUSTFLAGS=--cap-lints=warn" "-e" "RUSTDOCFLAGS=--cap-lints=warn" "-e" "CARGO_HOME=/opt/rustwide/cargo-home" "-e" "RUSTUP_HOME=/opt/rustwide/rustup-home" "-w" "/opt/rustwide/workdir" "-m" "1610612736" "--user" "0:0" "--network" "none" "ghcr.io/rust-lang/crates-build-env/linux@sha256:5ff2268d62e97bff2cde7d5815dd6ed5b47097566f13b8d0ca110b04b60e07ed" "/opt/rustwide/cargo-home/bin/cargo" "+beta-2023-04-20" "test" "--frozen" "--no-run" "--message-format=json", kill_on_drop: false }`
[INFO] [stdout] bf4e6d03544835be4fa7dc179f98055658c00e0979cf9f7a5d52e0ffb5b3ded6
[INFO] running `Command { std: "docker" "start" "-a" "bf4e6d03544835be4fa7dc179f98055658c00e0979cf9f7a5d52e0ffb5b3ded6", kill_on_drop: false }`
[INFO] [stderr]    Compiling lox-macros v0.0.1 (/opt/rustwide/workdir)
[INFO] [stderr]     Finished test [unoptimized + debuginfo] target(s) in 0.47s
[INFO] running `Command { std: "docker" "inspect" "bf4e6d03544835be4fa7dc179f98055658c00e0979cf9f7a5d52e0ffb5b3ded6", kill_on_drop: false }`
[INFO] running `Command { std: "docker" "rm" "-f" "bf4e6d03544835be4fa7dc179f98055658c00e0979cf9f7a5d52e0ffb5b3ded6", kill_on_drop: false }`
[INFO] [stdout] bf4e6d03544835be4fa7dc179f98055658c00e0979cf9f7a5d52e0ffb5b3ded6
[INFO] running `Command { std: "docker" "create" "-v" "/var/lib/crater-agent-workspace/builds/worker-0-tc2/target:/opt/rustwide/target:rw,Z" "-v" "/var/lib/crater-agent-workspace/builds/worker-0-tc2/source:/opt/rustwide/workdir:ro,Z" "-v" "/var/lib/crater-agent-workspace/cargo-home:/opt/rustwide/cargo-home:ro,Z" "-v" "/var/lib/crater-agent-workspace/rustup-home:/opt/rustwide/rustup-home:ro,Z" "-e" "SOURCE_DIR=/opt/rustwide/workdir" "-e" "CARGO_TARGET_DIR=/opt/rustwide/target" "-e" "CARGO_INCREMENTAL=0" "-e" "RUST_BACKTRACE=full" "-e" "RUSTFLAGS=--cap-lints=warn" "-e" "RUSTDOCFLAGS=--cap-lints=warn" "-e" "CARGO_HOME=/opt/rustwide/cargo-home" "-e" "RUSTUP_HOME=/opt/rustwide/rustup-home" "-w" "/opt/rustwide/workdir" "-m" "1610612736" "--user" "0:0" "--network" "none" "ghcr.io/rust-lang/crates-build-env/linux@sha256:5ff2268d62e97bff2cde7d5815dd6ed5b47097566f13b8d0ca110b04b60e07ed" "/opt/rustwide/cargo-home/bin/cargo" "+beta-2023-04-20" "test" "--frozen", kill_on_drop: false }`
[INFO] [stdout] 61614cb0edf5d255f9d21c5490e991ad61d6f20934f130dd1212b16ff9ca4a41
[INFO] running `Command { std: "docker" "start" "-a" "61614cb0edf5d255f9d21c5490e991ad61d6f20934f130dd1212b16ff9ca4a41", kill_on_drop: false }`
[INFO] [stderr]     Finished test [unoptimized + debuginfo] target(s) in 0.00s
[INFO] [stderr]      Running unittests src/lib.rs (/opt/rustwide/target/debug/deps/lox_macros-8be2c9a48985fd5f)
[INFO] [stdout] 
[INFO] [stdout] running 0 tests
[INFO] [stdout] 
[INFO] [stdout] test result: ok. 0 passed; 0 failed; 0 ignored; 0 measured; 0 filtered out; finished in 0.00s
[INFO] [stdout] 
[INFO] [stderr]    Doc-tests lox-macros
[INFO] [stdout] 
[INFO] [stdout] running 3 tests
[INFO] [stdout] test src/lib.rs - mesh (line 63) ... FAILED
[INFO] [stdout] test src/lib.rs - mesh (line 95) ... FAILED
[INFO] [stdout] test src/lib.rs - mesh (line 20) ... FAILED
[INFO] [stdout] 
[INFO] [stdout] failures:
[INFO] [stdout] 
[INFO] [stdout] ---- src/lib.rs - mesh (line 63) stdout ----
[INFO] [stdout] error[E0433]: failed to resolve: use of undeclared crate or module `lox`
[INFO] [stdout]  --> src/lib.rs:64:5
[INFO] [stdout]   |
[INFO] [stdout] 3 | use lox::{
[INFO] [stdout]   |     ^^^ use of undeclared crate or module `lox`
[INFO] [stdout] 
[INFO] [stdout] error[E0432]: unresolved import `lox`
[INFO] [stdout]  --> src/lib.rs:64:5
[INFO] [stdout]   |
[INFO] [stdout] 3 | use lox::{
[INFO] [stdout]   |     ^^^ use of undeclared crate or module `lox`
[INFO] [stdout] 
[INFO] [stdout] error: cannot determine resolution for the macro `mesh`
[INFO] [stdout]  --> src/lib.rs:70:12
[INFO] [stdout]   |
[INFO] [stdout] 9 | let mesh = mesh! {
[INFO] [stdout]   |            ^^^^
[INFO] [stdout]   |
[INFO] [stdout]   = note: import resolution is stuck, try simplifying macro imports
[INFO] [stdout] 
[INFO] [stdout] error: aborting due to 3 previous errors
[INFO] [stdout] 
[INFO] [stdout] Some errors have detailed explanations: E0432, E0433.
[INFO] [stdout] For more information about an error, try `rustc --explain E0432`.
[INFO] [stdout] Couldn't compile the test.
[INFO] [stdout] ---- src/lib.rs - mesh (line 95) stdout ----
[INFO] [stdout] error[E0433]: failed to resolve: use of undeclared crate or module `lox`
[INFO] [stdout]  --> src/lib.rs:96:5
[INFO] [stdout]   |
[INFO] [stdout] 3 | use lox::{
[INFO] [stdout]   |     ^^^ use of undeclared crate or module `lox`
[INFO] [stdout] 
[INFO] [stdout] error[E0432]: unresolved import `lox`
[INFO] [stdout]  --> src/lib.rs:96:5
[INFO] [stdout]   |
[INFO] [stdout] 3 | use lox::{
[INFO] [stdout]   |     ^^^ use of undeclared crate or module `lox`
[INFO] [stdout] 
[INFO] [stdout] error: cannot determine resolution for the macro `mesh`
[INFO] [stdout]  --> src/lib.rs:102:18
[INFO] [stdout]   |
[INFO] [stdout] 9 | let empty_mesh = mesh! {
[INFO] [stdout]   |                  ^^^^
[INFO] [stdout]   |
[INFO] [stdout]   = note: import resolution is stuck, try simplifying macro imports
[INFO] [stdout] 
[INFO] [stdout] error: aborting due to 3 previous errors
[INFO] [stdout] 
[INFO] [stdout] Some errors have detailed explanations: E0432, E0433.
[INFO] [stdout] For more information about an error, try `rustc --explain E0432`.
[INFO] [stdout] Couldn't compile the test.
[INFO] [stdout] ---- src/lib.rs - mesh (line 20) stdout ----
[INFO] [stdout] error[E0433]: failed to resolve: use of undeclared crate or module `lox`
[INFO] [stdout]  --> src/lib.rs:21:5
[INFO] [stdout]   |
[INFO] [stdout] 3 | use lox::{
[INFO] [stdout]   |     ^^^ use of undeclared crate or module `lox`
[INFO] [stdout] 
[INFO] [stdout] error[E0432]: unresolved imports `lox`, `lox::core::SharedVertexMesh`
[INFO] [stdout]  --> src/lib.rs:21:5
[INFO] [stdout]   |
[INFO] [stdout] 3 | use lox::{
[INFO] [stdout]   |     ^^^ use of undeclared crate or module `lox`
[INFO] [stdout] ...
[INFO] [stdout] 6 |     core::SharedVertexMesh,
[INFO] [stdout]   |     ^^^^^^^^^^^^^^^^^^^^^^
[INFO] [stdout] 
[INFO] [stdout] error: cannot determine resolution for the macro `mesh`
[INFO] [stdout]   --> src/lib.rs:28:49
[INFO] [stdout]    |
[INFO] [stdout] 10 | let (mesh, positions, distances, face_colors) = mesh! {
[INFO] [stdout]    |                                                 ^^^^
[INFO] [stdout]    |
[INFO] [stdout]    = note: import resolution is stuck, try simplifying macro imports
[INFO] [stdout] 
[INFO] [stdout] error: aborting due to 3 previous errors
[INFO] [stdout] 
[INFO] [stdout] Some errors have detailed explanations: E0432, E0433.
[INFO] [stdout] For more information about an error, try `rustc --explain E0432`.
[INFO] [stdout] Couldn't compile the test.
[INFO] [stdout] 
[INFO] [stdout] failures:
[INFO] [stdout]     src/lib.rs - mesh (line 20)
[INFO] [stdout]     src/lib.rs - mesh (line 63)
[INFO] [stdout]     src/lib.rs - mesh (line 95)
[INFO] [stdout] 
[INFO] [stdout] test result: FAILED. 0 passed; 3 failed; 0 ignored; 0 measured; 0 filtered out; finished in 0.04s
[INFO] [stdout] 
[INFO] [stderr] error: doctest failed, to rerun pass `--doc`
[INFO] running `Command { std: "docker" "inspect" "61614cb0edf5d255f9d21c5490e991ad61d6f20934f130dd1212b16ff9ca4a41", kill_on_drop: false }`
[INFO] running `Command { std: "docker" "rm" "-f" "61614cb0edf5d255f9d21c5490e991ad61d6f20934f130dd1212b16ff9ca4a41", kill_on_drop: false }`
[INFO] [stdout] 61614cb0edf5d255f9d21c5490e991ad61d6f20934f130dd1212b16ff9ca4a41
