[INFO] fetching crate loggerithm 1.1.1...
[INFO] testing loggerithm-1.1.1 against 1.69.0 for beta-1.70-1
[INFO] extracting crate loggerithm 1.1.1 into /workspace/builds/worker-2-tc1/source
[INFO] validating manifest of crates.io crate loggerithm 1.1.1 on toolchain 1.69.0
[INFO] running `Command { std: CARGO_HOME="/workspace/cargo-home" RUSTUP_HOME="/workspace/rustup-home" "/workspace/cargo-home/bin/cargo" "+1.69.0" "metadata" "--manifest-path" "Cargo.toml" "--no-deps", kill_on_drop: false }`
[INFO] removed /workspace/builds/worker-2-tc1/source/rust-toolchain.toml
[INFO] started tweaking crates.io crate loggerithm 1.1.1
[INFO] finished tweaking crates.io crate loggerithm 1.1.1
[INFO] tweaked toml for crates.io crate loggerithm 1.1.1 written to /workspace/builds/worker-2-tc1/source/Cargo.toml
[INFO] crate crates.io crate loggerithm 1.1.1 already has a lockfile, it will not be regenerated
[INFO] running `Command { std: CARGO_HOME="/workspace/cargo-home" RUSTUP_HOME="/workspace/rustup-home" "/workspace/cargo-home/bin/cargo" "+1.69.0" "fetch" "--manifest-path" "Cargo.toml", kill_on_drop: false }`
[INFO] [stderr]  Downloading crates ...
[INFO] [stderr]   Downloaded static_init_macro v1.0.2
[INFO] [stderr]   Downloaded proc-macro2 v1.0.45
[INFO] [stderr]   Downloaded static_init v1.0.3
[INFO] running `Command { std: "docker" "create" "-v" "/var/lib/crater-agent-workspace/builds/worker-2-tc1/target:/opt/rustwide/target:rw,Z" "-v" "/var/lib/crater-agent-workspace/builds/worker-2-tc1/source:/opt/rustwide/workdir:ro,Z" "-v" "/var/lib/crater-agent-workspace/cargo-home:/opt/rustwide/cargo-home:ro,Z" "-v" "/var/lib/crater-agent-workspace/rustup-home:/opt/rustwide/rustup-home:ro,Z" "-e" "SOURCE_DIR=/opt/rustwide/workdir" "-e" "CARGO_TARGET_DIR=/opt/rustwide/target" "-e" "CARGO_HOME=/opt/rustwide/cargo-home" "-e" "RUSTUP_HOME=/opt/rustwide/rustup-home" "-w" "/opt/rustwide/workdir" "-m" "1610612736" "--user" "0:0" "--network" "none" "ghcr.io/rust-lang/crates-build-env/linux@sha256:5ff2268d62e97bff2cde7d5815dd6ed5b47097566f13b8d0ca110b04b60e07ed" "/opt/rustwide/cargo-home/bin/cargo" "+1.69.0" "metadata" "--no-deps" "--format-version=1", kill_on_drop: false }`
[INFO] [stdout] e1faa67c2318d1b1173f9f2e2a5e6aa7a4e192c73852c8173e2e4f7fe5066c4a
[INFO] running `Command { std: "docker" "start" "-a" "e1faa67c2318d1b1173f9f2e2a5e6aa7a4e192c73852c8173e2e4f7fe5066c4a", kill_on_drop: false }`
[INFO] running `Command { std: "docker" "inspect" "e1faa67c2318d1b1173f9f2e2a5e6aa7a4e192c73852c8173e2e4f7fe5066c4a", kill_on_drop: false }`
[INFO] running `Command { std: "docker" "rm" "-f" "e1faa67c2318d1b1173f9f2e2a5e6aa7a4e192c73852c8173e2e4f7fe5066c4a", kill_on_drop: false }`
[INFO] [stdout] e1faa67c2318d1b1173f9f2e2a5e6aa7a4e192c73852c8173e2e4f7fe5066c4a
[INFO] running `Command { std: "docker" "create" "-v" "/var/lib/crater-agent-workspace/builds/worker-2-tc1/target:/opt/rustwide/target:rw,Z" "-v" "/var/lib/crater-agent-workspace/builds/worker-2-tc1/source:/opt/rustwide/workdir:ro,Z" "-v" "/var/lib/crater-agent-workspace/cargo-home:/opt/rustwide/cargo-home:ro,Z" "-v" "/var/lib/crater-agent-workspace/rustup-home:/opt/rustwide/rustup-home:ro,Z" "-e" "SOURCE_DIR=/opt/rustwide/workdir" "-e" "CARGO_TARGET_DIR=/opt/rustwide/target" "-e" "CARGO_INCREMENTAL=0" "-e" "RUST_BACKTRACE=full" "-e" "RUSTFLAGS=--cap-lints=warn" "-e" "RUSTDOCFLAGS=--cap-lints=warn" "-e" "CARGO_HOME=/opt/rustwide/cargo-home" "-e" "RUSTUP_HOME=/opt/rustwide/rustup-home" "-w" "/opt/rustwide/workdir" "-m" "1610612736" "--user" "0:0" "--network" "none" "ghcr.io/rust-lang/crates-build-env/linux@sha256:5ff2268d62e97bff2cde7d5815dd6ed5b47097566f13b8d0ca110b04b60e07ed" "/opt/rustwide/cargo-home/bin/cargo" "+1.69.0" "build" "--frozen" "--message-format=json", kill_on_drop: false }`
[INFO] [stdout] 37c5b13b989442f0af067cd7181e89cae780c4196074c6febe2e7376c659e533
[INFO] running `Command { std: "docker" "start" "-a" "37c5b13b989442f0af067cd7181e89cae780c4196074c6febe2e7376c659e533", kill_on_drop: false }`
[INFO] [stderr]    Compiling libc v0.2.133
[INFO] [stderr]    Compiling proc-macro2 v1.0.45
[INFO] [stderr]    Compiling unicode-ident v1.0.4
[INFO] [stderr]    Compiling syn v1.0.101
[INFO] [stderr]    Compiling iana-time-zone v0.1.50
[INFO] [stderr]    Compiling static_init_macro v1.0.2
[INFO] [stderr]    Compiling memchr v2.5.0
[INFO] [stderr]    Compiling static_init v1.0.3
[INFO] [stderr]    Compiling quote v1.0.21
[INFO] [stderr]    Compiling atty v0.2.14
[INFO] [stderr]    Compiling time v0.1.44
[INFO] [stderr]    Compiling colored v2.0.0
[INFO] [stderr]    Compiling chrono v0.4.22
[INFO] [stderr]    Compiling loggerithm v1.1.1 (/opt/rustwide/workdir)
[INFO] [stderr]     Finished dev [unoptimized + debuginfo] target(s) in 5.34s
[INFO] running `Command { std: "docker" "inspect" "37c5b13b989442f0af067cd7181e89cae780c4196074c6febe2e7376c659e533", kill_on_drop: false }`
[INFO] running `Command { std: "docker" "rm" "-f" "37c5b13b989442f0af067cd7181e89cae780c4196074c6febe2e7376c659e533", kill_on_drop: false }`
[INFO] [stdout] 37c5b13b989442f0af067cd7181e89cae780c4196074c6febe2e7376c659e533
[INFO] running `Command { std: "docker" "create" "-v" "/var/lib/crater-agent-workspace/builds/worker-2-tc1/target:/opt/rustwide/target:rw,Z" "-v" "/var/lib/crater-agent-workspace/builds/worker-2-tc1/source:/opt/rustwide/workdir:ro,Z" "-v" "/var/lib/crater-agent-workspace/cargo-home:/opt/rustwide/cargo-home:ro,Z" "-v" "/var/lib/crater-agent-workspace/rustup-home:/opt/rustwide/rustup-home:ro,Z" "-e" "SOURCE_DIR=/opt/rustwide/workdir" "-e" "CARGO_TARGET_DIR=/opt/rustwide/target" "-e" "CARGO_INCREMENTAL=0" "-e" "RUST_BACKTRACE=full" "-e" "RUSTFLAGS=--cap-lints=warn" "-e" "RUSTDOCFLAGS=--cap-lints=warn" "-e" "CARGO_HOME=/opt/rustwide/cargo-home" "-e" "RUSTUP_HOME=/opt/rustwide/rustup-home" "-w" "/opt/rustwide/workdir" "-m" "1610612736" "--user" "0:0" "--network" "none" "ghcr.io/rust-lang/crates-build-env/linux@sha256:5ff2268d62e97bff2cde7d5815dd6ed5b47097566f13b8d0ca110b04b60e07ed" "/opt/rustwide/cargo-home/bin/cargo" "+1.69.0" "test" "--frozen" "--no-run" "--message-format=json", kill_on_drop: false }`
[INFO] [stdout] 90732e37a6f9dd477efc0f292b418f507964ee7ceb3ab1351404f1b1c3e313ad
[INFO] running `Command { std: "docker" "start" "-a" "90732e37a6f9dd477efc0f292b418f507964ee7ceb3ab1351404f1b1c3e313ad", kill_on_drop: false }`
[INFO] [stderr]    Compiling loggerithm v1.1.1 (/opt/rustwide/workdir)
[INFO] [stderr]     Finished test [unoptimized + debuginfo] target(s) in 0.61s
[INFO] running `Command { std: "docker" "inspect" "90732e37a6f9dd477efc0f292b418f507964ee7ceb3ab1351404f1b1c3e313ad", kill_on_drop: false }`
[INFO] running `Command { std: "docker" "rm" "-f" "90732e37a6f9dd477efc0f292b418f507964ee7ceb3ab1351404f1b1c3e313ad", kill_on_drop: false }`
[INFO] [stdout] 90732e37a6f9dd477efc0f292b418f507964ee7ceb3ab1351404f1b1c3e313ad
[INFO] running `Command { std: "docker" "create" "-v" "/var/lib/crater-agent-workspace/builds/worker-2-tc1/target:/opt/rustwide/target:rw,Z" "-v" "/var/lib/crater-agent-workspace/builds/worker-2-tc1/source:/opt/rustwide/workdir:ro,Z" "-v" "/var/lib/crater-agent-workspace/cargo-home:/opt/rustwide/cargo-home:ro,Z" "-v" "/var/lib/crater-agent-workspace/rustup-home:/opt/rustwide/rustup-home:ro,Z" "-e" "SOURCE_DIR=/opt/rustwide/workdir" "-e" "CARGO_TARGET_DIR=/opt/rustwide/target" "-e" "CARGO_INCREMENTAL=0" "-e" "RUST_BACKTRACE=full" "-e" "RUSTFLAGS=--cap-lints=warn" "-e" "RUSTDOCFLAGS=--cap-lints=warn" "-e" "CARGO_HOME=/opt/rustwide/cargo-home" "-e" "RUSTUP_HOME=/opt/rustwide/rustup-home" "-w" "/opt/rustwide/workdir" "-m" "1610612736" "--user" "0:0" "--network" "none" "ghcr.io/rust-lang/crates-build-env/linux@sha256:5ff2268d62e97bff2cde7d5815dd6ed5b47097566f13b8d0ca110b04b60e07ed" "/opt/rustwide/cargo-home/bin/cargo" "+1.69.0" "test" "--frozen", kill_on_drop: false }`
[INFO] [stdout] a261478b321e860fe2567775d10d06bf9c81a128399a888f96a861bd8b48caf0
[INFO] running `Command { std: "docker" "start" "-a" "a261478b321e860fe2567775d10d06bf9c81a128399a888f96a861bd8b48caf0", kill_on_drop: false }`
[INFO] [stderr]     Blocking waiting for file lock on package cache
[INFO] [stderr]     Finished test [unoptimized + debuginfo] target(s) in 0.59s
[INFO] [stderr]      Running unittests src/lib.rs (/opt/rustwide/target/debug/deps/loggerithm-0893c47e9d274e90)
[INFO] [stdout] 
[INFO] [stdout] running 0 tests
[INFO] [stdout] 
[INFO] [stdout] test result: ok. 0 passed; 0 failed; 0 ignored; 0 measured; 0 filtered out; finished in 0.00s
[INFO] [stdout] 
[INFO] [stderr]    Doc-tests loggerithm
[INFO] [stdout] 
[INFO] [stdout] running 16 tests
[INFO] [stdout] test src/level.rs - level::INFO::SEVERITY (line 225) ... FAILED
[INFO] [stdout] test src/level.rs - level::NOTICE::SEVERITY (line 228) ... FAILED
[INFO] [stdout] test src/level.rs - level::ERROR::SEVERITY (line 240) ... FAILED
[INFO] [stdout] test src/level.rs - level::FATAL::SEVERITY (line 243) ... FAILED
[INFO] [stdout] test src/level.rs - level::FAILURE::SEVERITY (line 237) ... FAILED
[INFO] [stdout] test src/level.rs - level::WARN::SEVERITY (line 234) ... FAILED
[INFO] [stdout] test src/level.rs - level::TRACE::SEVERITY (line 219) ... FAILED
[INFO] [stdout] test src/level.rs - level::log_level (line 169) ... FAILED
[INFO] [stdout] test src/level.rs - level::SUCCESS::SEVERITY (line 231) ... FAILED
[INFO] [stdout] test src/level.rs - level (line 4) ... FAILED
[INFO] [stdout] test src/level.rs - level::LogLevel::new (line 53) ... FAILED
[INFO] [stdout] test src/lib.rs - log (line 164) ... FAILED
[INFO] [stdout] test src/lib.rs - logger (line 130) ... FAILED
[INFO] [stdout] test src/level.rs - level::DEBUG::SEVERITY (line 222) ... FAILED
[INFO] [stdout] test src/lib.rs - log (line 172) ... FAILED
[INFO] [stdout] test src/lib.rs - logger (line 133) ... FAILED
[INFO] [stdout] 
[INFO] [stdout] failures:
[INFO] [stdout] 
[INFO] [stdout] ---- src/level.rs - level::INFO::SEVERITY (line 225) stdout ----
[INFO] [stdout] error: cannot find macro `logger` in this scope
[INFO] [stdout]  --> src/level.rs:226:1
[INFO] [stdout]   |
[INFO] [stdout] 3 | logger!(Logger::new()
[INFO] [stdout]   | ^^^^^^
[INFO] [stdout]   |
[INFO] [stdout]   = help: consider importing this macro:
[INFO] [stdout]           loggerithm::logger
[INFO] [stdout] 
[INFO] [stdout] error: aborting due to previous error
[INFO] [stdout] 
[INFO] [stdout] Couldn't compile the test.
[INFO] [stdout] ---- src/level.rs - level::NOTICE::SEVERITY (line 228) stdout ----
[INFO] [stdout] error: cannot find macro `logger` in this scope
[INFO] [stdout]  --> src/level.rs:229:1
[INFO] [stdout]   |
[INFO] [stdout] 3 | logger!(Logger::new()
[INFO] [stdout]   | ^^^^^^
[INFO] [stdout]   |
[INFO] [stdout]   = help: consider importing this macro:
[INFO] [stdout]           loggerithm::logger
[INFO] [stdout] 
[INFO] [stdout] error: aborting due to previous error
[INFO] [stdout] 
[INFO] [stdout] Couldn't compile the test.
[INFO] [stdout] ---- src/level.rs - level::ERROR::SEVERITY (line 240) stdout ----
[INFO] [stdout] error: cannot find macro `logger` in this scope
[INFO] [stdout]  --> src/level.rs:241:1
[INFO] [stdout]   |
[INFO] [stdout] 3 | logger!(Logger::new()
[INFO] [stdout]   | ^^^^^^
[INFO] [stdout]   |
[INFO] [stdout]   = help: consider importing this macro:
[INFO] [stdout]           loggerithm::logger
[INFO] [stdout] 
[INFO] [stdout] error: aborting due to previous error
[INFO] [stdout] 
[INFO] [stdout] Couldn't compile the test.
[INFO] [stdout] ---- src/level.rs - level::FATAL::SEVERITY (line 243) stdout ----
[INFO] [stdout] error: cannot find macro `logger` in this scope
[INFO] [stdout]  --> src/level.rs:244:1
[INFO] [stdout]   |
[INFO] [stdout] 3 | logger!(Logger::new()
[INFO] [stdout]   | ^^^^^^
[INFO] [stdout]   |
[INFO] [stdout]   = help: consider importing this macro:
[INFO] [stdout]           loggerithm::logger
[INFO] [stdout] 
[INFO] [stdout] error: aborting due to previous error
[INFO] [stdout] 
[INFO] [stdout] Couldn't compile the test.
[INFO] [stdout] ---- src/level.rs - level::FAILURE::SEVERITY (line 237) stdout ----
[INFO] [stdout] error: cannot find macro `logger` in this scope
[INFO] [stdout]  --> src/level.rs:238:1
[INFO] [stdout]   |
[INFO] [stdout] 3 | logger!(Logger::new()
[INFO] [stdout]   | ^^^^^^
[INFO] [stdout]   |
[INFO] [stdout]   = help: consider importing this macro:
[INFO] [stdout]           loggerithm::logger
[INFO] [stdout] 
[INFO] [stdout] error: aborting due to previous error
[INFO] [stdout] 
[INFO] [stdout] Couldn't compile the test.
[INFO] [stdout] ---- src/level.rs - level::WARN::SEVERITY (line 234) stdout ----
[INFO] [stdout] error: cannot find macro `logger` in this scope
[INFO] [stdout]  --> src/level.rs:235:1
[INFO] [stdout]   |
[INFO] [stdout] 3 | logger!(Logger::new()
[INFO] [stdout]   | ^^^^^^
[INFO] [stdout]   |
[INFO] [stdout]   = help: consider importing this macro:
[INFO] [stdout]           loggerithm::logger
[INFO] [stdout] 
[INFO] [stdout] error: aborting due to previous error
[INFO] [stdout] 
[INFO] [stdout] Couldn't compile the test.
[INFO] [stdout] ---- src/level.rs - level::TRACE::SEVERITY (line 219) stdout ----
[INFO] [stdout] error: cannot find macro `logger` in this scope
[INFO] [stdout]  --> src/level.rs:220:1
[INFO] [stdout]   |
[INFO] [stdout] 3 | logger!(Logger::new()
[INFO] [stdout]   | ^^^^^^
[INFO] [stdout]   |
[INFO] [stdout]   = help: consider importing this macro:
[INFO] [stdout]           loggerithm::logger
[INFO] [stdout] 
[INFO] [stdout] error: aborting due to previous error
[INFO] [stdout] 
[INFO] [stdout] Couldn't compile the test.
[INFO] [stdout] ---- src/level.rs - level::log_level (line 169) stdout ----
[INFO] [stdout] error: cannot find macro `log` in this scope
[INFO] [stdout]  --> src/level.rs:172:5
[INFO] [stdout]   |
[INFO] [stdout] 4 |     log!(ALERT, "This is an alert!");
[INFO] [stdout]   |     ^^^
[INFO] [stdout]   |
[INFO] [stdout]   = help: consider importing this macro:
[INFO] [stdout]           loggerithm::log
[INFO] [stdout] 
[INFO] [stdout] error: cannot find macro `log_level` in this scope
[INFO] [stdout]  --> src/level.rs:170:1
[INFO] [stdout]   |
[INFO] [stdout] 2 | log_level!(ALERT, LogLevel::new(30));
[INFO] [stdout]   | ^^^^^^^^^
[INFO] [stdout]   |
[INFO] [stdout]   = help: consider importing this macro:
[INFO] [stdout]           loggerithm::log_level
[INFO] [stdout] 
[INFO] [stdout] error: aborting due to 2 previous errors
[INFO] [stdout] 
[INFO] [stdout] Couldn't compile the test.
[INFO] [stdout] ---- src/level.rs - level::SUCCESS::SEVERITY (line 231) stdout ----
[INFO] [stdout] error: cannot find macro `logger` in this scope
[INFO] [stdout]  --> src/level.rs:232:1
[INFO] [stdout]   |
[INFO] [stdout] 3 | logger!(Logger::new()
[INFO] [stdout]   | ^^^^^^
[INFO] [stdout]   |
[INFO] [stdout]   = help: consider importing this macro:
[INFO] [stdout]           loggerithm::logger
[INFO] [stdout] 
[INFO] [stdout] error: aborting due to previous error
[INFO] [stdout] 
[INFO] [stdout] Couldn't compile the test.
[INFO] [stdout] ---- src/level.rs - level (line 4) stdout ----
[INFO] [stdout] error: cannot find macro `log` in this scope
[INFO] [stdout]   --> src/level.rs:14:1
[INFO] [stdout]    |
[INFO] [stdout] 13 | log!(FATAL, "Test message");
[INFO] [stdout]    | ^^^
[INFO] [stdout]    |
[INFO] [stdout]    = help: consider importing this macro:
[INFO] [stdout]            loggerithm::log
[INFO] [stdout] 
[INFO] [stdout] error: cannot find macro `log` in this scope
[INFO] [stdout]   --> src/level.rs:13:1
[INFO] [stdout]    |
[INFO] [stdout] 12 | log!(ERROR, "Test message");
[INFO] [stdout]    | ^^^
[INFO] [stdout]    |
[INFO] [stdout]    = help: consider importing this macro:
[INFO] [stdout]            loggerithm::log
[INFO] [stdout] 
[INFO] [stdout] error: cannot find macro `log` in this scope
[INFO] [stdout]   --> src/level.rs:12:1
[INFO] [stdout]    |
[INFO] [stdout] 11 | log!(WARN, "Test message");
[INFO] [stdout]    | ^^^
[INFO] [stdout]    |
[INFO] [stdout]    = help: consider importing this macro:
[INFO] [stdout]            loggerithm::log
[INFO] [stdout] 
[INFO] [stdout] error: cannot find macro `log` in this scope
[INFO] [stdout]   --> src/level.rs:11:1
[INFO] [stdout]    |
[INFO] [stdout] 10 | log!(FAILURE, "Test message");
[INFO] [stdout]    | ^^^
[INFO] [stdout]    |
[INFO] [stdout]    = help: consider importing this macro:
[INFO] [stdout]            loggerithm::log
[INFO] [stdout] 
[INFO] [stdout] error: cannot find macro `log` in this scope
[INFO] [stdout]  --> src/level.rs:10:1
[INFO] [stdout]   |
[INFO] [stdout] 9 | log!(SUCCESS, "Test message");
[INFO] [stdout]   | ^^^
[INFO] [stdout]   |
[INFO] [stdout]   = help: consider importing this macro:
[INFO] [stdout]           loggerithm::log
[INFO] [stdout] 
[INFO] [stdout] error: cannot find macro `log` in this scope
[INFO] [stdout]  --> src/level.rs:9:1
[INFO] [stdout]   |
[INFO] [stdout] 8 | log!(NOTICE, "Test message");
[INFO] [stdout]   | ^^^
[INFO] [stdout]   |
[INFO] [stdout]   = help: consider importing this macro:
[INFO] [stdout]           loggerithm::log
[INFO] [stdout] 
[INFO] [stdout] error: cannot find macro `log` in this scope
[INFO] [stdout]  --> src/level.rs:8:1
[INFO] [stdout]   |
[INFO] [stdout] 7 | log!(INFO, "Test message");
[INFO] [stdout]   | ^^^
[INFO] [stdout]   |
[INFO] [stdout]   = help: consider importing this macro:
[INFO] [stdout]           loggerithm::log
[INFO] [stdout] 
[INFO] [stdout] error: cannot find macro `log` in this scope
[INFO] [stdout]  --> src/level.rs:7:1
[INFO] [stdout]   |
[INFO] [stdout] 6 | log!(DEBUG, "Test message");
[INFO] [stdout]   | ^^^
[INFO] [stdout]   |
[INFO] [stdout]   = help: consider importing this macro:
[INFO] [stdout]           loggerithm::log
[INFO] [stdout] 
[INFO] [stdout] error: cannot find macro `log` in this scope
[INFO] [stdout]  --> src/level.rs:6:1
[INFO] [stdout]   |
[INFO] [stdout] 5 | log!(TRACE, "Test message");
[INFO] [stdout]   | ^^^
[INFO] [stdout]   |
[INFO] [stdout]   = help: consider importing this macro:
[INFO] [stdout]           loggerithm::log
[INFO] [stdout] 
[INFO] [stdout] error: aborting due to 9 previous errors
[INFO] [stdout] 
[INFO] [stdout] Couldn't compile the test.
[INFO] [stdout] ---- src/level.rs - level::LogLevel::new (line 53) stdout ----
[INFO] [stdout] error: cannot find macro `log_level` in this scope
[INFO] [stdout]  --> src/level.rs:54:1
[INFO] [stdout]   |
[INFO] [stdout] 3 | log_level!(ALERT, LogLevel::new(30));
[INFO] [stdout]   | ^^^^^^^^^
[INFO] [stdout]   |
[INFO] [stdout]   = help: consider importing this macro:
[INFO] [stdout]           loggerithm::log_level
[INFO] [stdout] 
[INFO] [stdout] error: aborting due to previous error
[INFO] [stdout] 
[INFO] [stdout] Couldn't compile the test.
[INFO] [stdout] ---- src/lib.rs - log (line 164) stdout ----
[INFO] [stdout] error: cannot find macro `log` in this scope
[INFO] [stdout]  --> src/lib.rs:169:5
[INFO] [stdout]   |
[INFO] [stdout] 7 |     log!(FAILURE, "The value of x was {}, not {}", x, 5)
[INFO] [stdout]   |     ^^^
[INFO] [stdout]   |
[INFO] [stdout]   = help: consider importing this macro:
[INFO] [stdout]           loggerithm::log
[INFO] [stdout] 
[INFO] [stdout] error: cannot find macro `log` in this scope
[INFO] [stdout]  --> src/lib.rs:167:5
[INFO] [stdout]   |
[INFO] [stdout] 5 |     log!(SUCCESS, "The value of x was {}", x);
[INFO] [stdout]   |     ^^^
[INFO] [stdout]   |
[INFO] [stdout]   = help: consider importing this macro:
[INFO] [stdout]           loggerithm::log
[INFO] [stdout] 
[INFO] [stdout] error: aborting due to 2 previous errors
[INFO] [stdout] 
[INFO] [stdout] Couldn't compile the test.
[INFO] [stdout] ---- src/lib.rs - logger (line 130) stdout ----
[INFO] [stdout] error: cannot find macro `logger` in this scope
[INFO] [stdout]  --> src/lib.rs:131:1
[INFO] [stdout]   |
[INFO] [stdout] 3 | logger!(super);
[INFO] [stdout]   | ^^^^^^
[INFO] [stdout]   |
[INFO] [stdout]   = help: consider importing this macro:
[INFO] [stdout]           loggerithm::logger
[INFO] [stdout] 
[INFO] [stdout] error: aborting due to previous error
[INFO] [stdout] 
[INFO] [stdout] Couldn't compile the test.
[INFO] [stdout] ---- src/level.rs - level::DEBUG::SEVERITY (line 222) stdout ----
[INFO] [stdout] error: cannot find macro `logger` in this scope
[INFO] [stdout]  --> src/level.rs:223:1
[INFO] [stdout]   |
[INFO] [stdout] 3 | logger!(Logger::new()
[INFO] [stdout]   | ^^^^^^
[INFO] [stdout]   |
[INFO] [stdout]   = help: consider importing this macro:
[INFO] [stdout]           loggerithm::logger
[INFO] [stdout] 
[INFO] [stdout] error: aborting due to previous error
[INFO] [stdout] 
[INFO] [stdout] Couldn't compile the test.
[INFO] [stdout] ---- src/lib.rs - log (line 172) stdout ----
[INFO] [stdout] error: cannot find macro `log` in this scope
[INFO] [stdout]  --> src/lib.rs:174:1
[INFO] [stdout]   |
[INFO] [stdout] 4 | log!(FATAL, "The value of hello is {my_var}", my_var=hello);
[INFO] [stdout]   | ^^^
[INFO] [stdout]   |
[INFO] [stdout]   = help: consider importing this macro:
[INFO] [stdout]           loggerithm::log
[INFO] [stdout] 
[INFO] [stdout] error: aborting due to previous error
[INFO] [stdout] 
[INFO] [stdout] Couldn't compile the test.
[INFO] [stdout] ---- src/lib.rs - logger (line 133) stdout ----
[INFO] [stdout] error: cannot find macro `logger` in this scope
[INFO] [stdout]  --> src/lib.rs:134:1
[INFO] [stdout]   |
[INFO] [stdout] 3 | logger!(Logger::new()
[INFO] [stdout]   | ^^^^^^
[INFO] [stdout]   |
[INFO] [stdout]   = help: consider importing this macro:
[INFO] [stdout]           loggerithm::logger
[INFO] [stdout] 
[INFO] [stdout] error: aborting due to previous error
[INFO] [stdout] 
[INFO] [stdout] Couldn't compile the test.
[INFO] [stdout] 
[INFO] [stdout] failures:
[INFO] [stdout]     src/level.rs - level (line 4)
[INFO] [stdout]     src/level.rs - level::DEBUG::SEVERITY (line 222)
[INFO] [stdout]     src/level.rs - level::ERROR::SEVERITY (line 240)
[INFO] [stdout]     src/level.rs - level::FAILURE::SEVERITY (line 237)
[INFO] [stdout]     src/level.rs - level::FATAL::SEVERITY (line 243)
[INFO] [stdout]     src/level.rs - level::INFO::SEVERITY (line 225)
[INFO] [stdout]     src/level.rs - level::LogLevel::new (line 53)
[INFO] [stdout]     src/level.rs - level::NOTICE::SEVERITY (line 228)
[INFO] [stdout]     src/level.rs - level::SUCCESS::SEVERITY (line 231)
[INFO] [stdout]     src/level.rs - level::TRACE::SEVERITY (line 219)
[INFO] [stdout]     src/level.rs - level::WARN::SEVERITY (line 234)
[INFO] [stdout]     src/level.rs - level::log_level (line 169)
[INFO] [stdout]     src/lib.rs - log (line 164)
[INFO] [stdout]     src/lib.rs - log (line 172)
[INFO] [stdout]     src/lib.rs - logger (line 130)
[INFO] [stdout]     src/lib.rs - logger (line 133)
[INFO] [stdout] 
[INFO] [stdout] test result: FAILED. 0 passed; 16 failed; 0 ignored; 0 measured; 0 filtered out; finished in 0.06s
[INFO] [stdout] 
[INFO] [stderr] error: doctest failed, to rerun pass `--doc`
[INFO] running `Command { std: "docker" "inspect" "a261478b321e860fe2567775d10d06bf9c81a128399a888f96a861bd8b48caf0", kill_on_drop: false }`
[INFO] running `Command { std: "docker" "rm" "-f" "a261478b321e860fe2567775d10d06bf9c81a128399a888f96a861bd8b48caf0", kill_on_drop: false }`
[INFO] [stdout] a261478b321e860fe2567775d10d06bf9c81a128399a888f96a861bd8b48caf0
