[INFO] fetching crate logger-rs 0.1.0...
[INFO] testing logger-rs-0.1.0 against 1.69.0 for beta-1.70-1
[INFO] extracting crate logger-rs 0.1.0 into /workspace/builds/worker-7-tc1/source
[INFO] validating manifest of crates.io crate logger-rs 0.1.0 on toolchain 1.69.0
[INFO] running `Command { std: CARGO_HOME="/workspace/cargo-home" RUSTUP_HOME="/workspace/rustup-home" "/workspace/cargo-home/bin/cargo" "+1.69.0" "metadata" "--manifest-path" "Cargo.toml" "--no-deps", kill_on_drop: false }`
[INFO] started tweaking crates.io crate logger-rs 0.1.0
[INFO] finished tweaking crates.io crate logger-rs 0.1.0
[INFO] tweaked toml for crates.io crate logger-rs 0.1.0 written to /workspace/builds/worker-7-tc1/source/Cargo.toml
[INFO] crate crates.io crate logger-rs 0.1.0 already has a lockfile, it will not be regenerated
[INFO] running `Command { std: CARGO_HOME="/workspace/cargo-home" RUSTUP_HOME="/workspace/rustup-home" "/workspace/cargo-home/bin/cargo" "+1.69.0" "fetch" "--manifest-path" "Cargo.toml", kill_on_drop: false }`
[INFO] [stderr]  Downloading crates ...
[INFO] [stderr]   Downloaded rgb v0.8.14
[INFO] [stderr]   Downloaded cgmath v0.16.1
[INFO] [stderr]   Downloaded colored v1.8.0
[INFO] [stderr]   Downloaded winconsole v0.10.0
[INFO] running `Command { std: "docker" "create" "-v" "/var/lib/crater-agent-workspace/builds/worker-7-tc1/target:/opt/rustwide/target:rw,Z" "-v" "/var/lib/crater-agent-workspace/builds/worker-7-tc1/source:/opt/rustwide/workdir:ro,Z" "-v" "/var/lib/crater-agent-workspace/cargo-home:/opt/rustwide/cargo-home:ro,Z" "-v" "/var/lib/crater-agent-workspace/rustup-home:/opt/rustwide/rustup-home:ro,Z" "-e" "SOURCE_DIR=/opt/rustwide/workdir" "-e" "CARGO_TARGET_DIR=/opt/rustwide/target" "-e" "CARGO_HOME=/opt/rustwide/cargo-home" "-e" "RUSTUP_HOME=/opt/rustwide/rustup-home" "-w" "/opt/rustwide/workdir" "-m" "1610612736" "--user" "0:0" "--network" "none" "ghcr.io/rust-lang/crates-build-env/linux@sha256:5ff2268d62e97bff2cde7d5815dd6ed5b47097566f13b8d0ca110b04b60e07ed" "/opt/rustwide/cargo-home/bin/cargo" "+1.69.0" "metadata" "--no-deps" "--format-version=1", kill_on_drop: false }`
[INFO] [stdout] d23145d411392d7eed353b61fcf75069345d8ce8a781a73a84c6c0808ec39a92
[INFO] running `Command { std: "docker" "start" "-a" "d23145d411392d7eed353b61fcf75069345d8ce8a781a73a84c6c0808ec39a92", kill_on_drop: false }`
[INFO] running `Command { std: "docker" "inspect" "d23145d411392d7eed353b61fcf75069345d8ce8a781a73a84c6c0808ec39a92", kill_on_drop: false }`
[INFO] running `Command { std: "docker" "rm" "-f" "d23145d411392d7eed353b61fcf75069345d8ce8a781a73a84c6c0808ec39a92", kill_on_drop: false }`
[INFO] [stdout] d23145d411392d7eed353b61fcf75069345d8ce8a781a73a84c6c0808ec39a92
[INFO] running `Command { std: "docker" "create" "-v" "/var/lib/crater-agent-workspace/builds/worker-7-tc1/target:/opt/rustwide/target:rw,Z" "-v" "/var/lib/crater-agent-workspace/builds/worker-7-tc1/source:/opt/rustwide/workdir:ro,Z" "-v" "/var/lib/crater-agent-workspace/cargo-home:/opt/rustwide/cargo-home:ro,Z" "-v" "/var/lib/crater-agent-workspace/rustup-home:/opt/rustwide/rustup-home:ro,Z" "-e" "SOURCE_DIR=/opt/rustwide/workdir" "-e" "CARGO_TARGET_DIR=/opt/rustwide/target" "-e" "CARGO_INCREMENTAL=0" "-e" "RUST_BACKTRACE=full" "-e" "RUSTFLAGS=--cap-lints=warn" "-e" "RUSTDOCFLAGS=--cap-lints=warn" "-e" "CARGO_HOME=/opt/rustwide/cargo-home" "-e" "RUSTUP_HOME=/opt/rustwide/rustup-home" "-w" "/opt/rustwide/workdir" "-m" "1610612736" "--user" "0:0" "--network" "none" "ghcr.io/rust-lang/crates-build-env/linux@sha256:5ff2268d62e97bff2cde7d5815dd6ed5b47097566f13b8d0ca110b04b60e07ed" "/opt/rustwide/cargo-home/bin/cargo" "+1.69.0" "build" "--frozen" "--message-format=json", kill_on_drop: false }`
[INFO] [stdout] c6953251d11023ef227b5da62159b418677ab77d98455acb55ee9f3015cb8a47
[INFO] running `Command { std: "docker" "start" "-a" "c6953251d11023ef227b5da62159b418677ab77d98455acb55ee9f3015cb8a47", kill_on_drop: false }`
[INFO] [stderr]     Blocking waiting for file lock on package cache
[INFO] [stderr]    Compiling autocfg v0.1.6
[INFO] [stderr]    Compiling libc v0.2.62
[INFO] [stderr]    Compiling winapi v0.3.8
[INFO] [stderr]    Compiling cgmath v0.16.1
[INFO] [stderr]    Compiling approx v0.1.1
[INFO] [stderr]    Compiling lazy_static v1.4.0
[INFO] [stderr]    Compiling rgb v0.8.14
[INFO] [stderr]    Compiling num-traits v0.2.8
[INFO] [stderr]    Compiling num-integer v0.1.41
[INFO] [stderr]    Compiling rand v0.4.6
[INFO] [stderr]    Compiling time v0.1.42
[INFO] [stderr]    Compiling num-traits v0.1.43
[INFO] [stderr]    Compiling chrono v0.4.9
[INFO] [stderr]    Compiling winconsole v0.10.0
[INFO] [stderr]    Compiling colored v1.8.0
[INFO] [stderr]    Compiling logger-rs v0.1.0 (/opt/rustwide/workdir)
[INFO] [stderr]     Finished dev [unoptimized + debuginfo] target(s) in 6.13s
[INFO] running `Command { std: "docker" "inspect" "c6953251d11023ef227b5da62159b418677ab77d98455acb55ee9f3015cb8a47", kill_on_drop: false }`
[INFO] running `Command { std: "docker" "rm" "-f" "c6953251d11023ef227b5da62159b418677ab77d98455acb55ee9f3015cb8a47", kill_on_drop: false }`
[INFO] [stdout] c6953251d11023ef227b5da62159b418677ab77d98455acb55ee9f3015cb8a47
[INFO] running `Command { std: "docker" "create" "-v" "/var/lib/crater-agent-workspace/builds/worker-7-tc1/target:/opt/rustwide/target:rw,Z" "-v" "/var/lib/crater-agent-workspace/builds/worker-7-tc1/source:/opt/rustwide/workdir:ro,Z" "-v" "/var/lib/crater-agent-workspace/cargo-home:/opt/rustwide/cargo-home:ro,Z" "-v" "/var/lib/crater-agent-workspace/rustup-home:/opt/rustwide/rustup-home:ro,Z" "-e" "SOURCE_DIR=/opt/rustwide/workdir" "-e" "CARGO_TARGET_DIR=/opt/rustwide/target" "-e" "CARGO_INCREMENTAL=0" "-e" "RUST_BACKTRACE=full" "-e" "RUSTFLAGS=--cap-lints=warn" "-e" "RUSTDOCFLAGS=--cap-lints=warn" "-e" "CARGO_HOME=/opt/rustwide/cargo-home" "-e" "RUSTUP_HOME=/opt/rustwide/rustup-home" "-w" "/opt/rustwide/workdir" "-m" "1610612736" "--user" "0:0" "--network" "none" "ghcr.io/rust-lang/crates-build-env/linux@sha256:5ff2268d62e97bff2cde7d5815dd6ed5b47097566f13b8d0ca110b04b60e07ed" "/opt/rustwide/cargo-home/bin/cargo" "+1.69.0" "test" "--frozen" "--no-run" "--message-format=json", kill_on_drop: false }`
[INFO] [stdout] cbae97783226ff9d9bc97e2ec72cb7bf8c7e85643aa774841a6c17913c19b23f
[INFO] running `Command { std: "docker" "start" "-a" "cbae97783226ff9d9bc97e2ec72cb7bf8c7e85643aa774841a6c17913c19b23f", kill_on_drop: false }`
[INFO] [stderr]    Compiling logger-rs v0.1.0 (/opt/rustwide/workdir)
[INFO] [stderr]     Finished test [unoptimized + debuginfo] target(s) in 0.31s
[INFO] running `Command { std: "docker" "inspect" "cbae97783226ff9d9bc97e2ec72cb7bf8c7e85643aa774841a6c17913c19b23f", kill_on_drop: false }`
[INFO] running `Command { std: "docker" "rm" "-f" "cbae97783226ff9d9bc97e2ec72cb7bf8c7e85643aa774841a6c17913c19b23f", kill_on_drop: false }`
[INFO] [stdout] cbae97783226ff9d9bc97e2ec72cb7bf8c7e85643aa774841a6c17913c19b23f
[INFO] running `Command { std: "docker" "create" "-v" "/var/lib/crater-agent-workspace/builds/worker-7-tc1/target:/opt/rustwide/target:rw,Z" "-v" "/var/lib/crater-agent-workspace/builds/worker-7-tc1/source:/opt/rustwide/workdir:ro,Z" "-v" "/var/lib/crater-agent-workspace/cargo-home:/opt/rustwide/cargo-home:ro,Z" "-v" "/var/lib/crater-agent-workspace/rustup-home:/opt/rustwide/rustup-home:ro,Z" "-e" "SOURCE_DIR=/opt/rustwide/workdir" "-e" "CARGO_TARGET_DIR=/opt/rustwide/target" "-e" "CARGO_INCREMENTAL=0" "-e" "RUST_BACKTRACE=full" "-e" "RUSTFLAGS=--cap-lints=warn" "-e" "RUSTDOCFLAGS=--cap-lints=warn" "-e" "CARGO_HOME=/opt/rustwide/cargo-home" "-e" "RUSTUP_HOME=/opt/rustwide/rustup-home" "-w" "/opt/rustwide/workdir" "-m" "1610612736" "--user" "0:0" "--network" "none" "ghcr.io/rust-lang/crates-build-env/linux@sha256:5ff2268d62e97bff2cde7d5815dd6ed5b47097566f13b8d0ca110b04b60e07ed" "/opt/rustwide/cargo-home/bin/cargo" "+1.69.0" "test" "--frozen", kill_on_drop: false }`
[INFO] [stdout] b9c0d0ebacdb2f6182d945be6d5b4cfb6e5bc71f8490122304cbd409dfbeedf9
[INFO] running `Command { std: "docker" "start" "-a" "b9c0d0ebacdb2f6182d945be6d5b4cfb6e5bc71f8490122304cbd409dfbeedf9", kill_on_drop: false }`
[INFO] [stderr]     Finished test [unoptimized + debuginfo] target(s) in 0.01s
[INFO] [stderr]      Running unittests src/lib.rs (/opt/rustwide/target/debug/deps/logger_rs-8872ede48dd52873)
[INFO] [stdout] 
[INFO] [stderr]    Doc-tests logger-rs
[INFO] [stdout] running 0 tests
[INFO] [stdout] 
[INFO] [stdout] test result: ok. 0 passed; 0 failed; 0 ignored; 0 measured; 0 filtered out; finished in 0.00s
[INFO] [stdout] 
[INFO] [stdout] 
[INFO] [stdout] running 1 test
[INFO] [stdout] test src/lib.rs - logger (line 3) ... FAILED
[INFO] [stdout] 
[INFO] [stdout] failures:
[INFO] [stdout] 
[INFO] [stdout] ---- src/lib.rs - logger (line 3) stdout ----
[INFO] [stdout] error: expected `;`, found `}`
[INFO] [stdout]  --> src/lib.rs:9:55
[INFO] [stdout]   |
[INFO] [stdout] 8 |                  .bridge(Box::new(Console::default()))
[INFO] [stdout]   |                                                       ^ help: add `;` here
[INFO] [stdout] 9 | } _doctest_main_src_lib_rs_3_0() }
[INFO] [stdout]   | - unexpected token
[INFO] [stdout] 
[INFO] [stdout] error[E0433]: failed to resolve: use of undeclared type `Logger`
[INFO] [stdout]  --> src/lib.rs:4:14
[INFO] [stdout]   |
[INFO] [stdout] 3 | let logger = Logger::default();
[INFO] [stdout]   |              ^^^^^^ use of undeclared type `Logger`
[INFO] [stdout]   |
[INFO] [stdout] help: consider importing this struct
[INFO] [stdout]   |
[INFO] [stdout] 2 | use logger_rs::Logger;
[INFO] [stdout]   |
[INFO] [stdout] 
[INFO] [stdout] error[E0433]: failed to resolve: use of undeclared type `Logger`
[INFO] [stdout]  --> src/lib.rs:7:14
[INFO] [stdout]   |
[INFO] [stdout] 6 | let logger = Logger::new()
[INFO] [stdout]   |              ^^^^^^ use of undeclared type `Logger`
[INFO] [stdout]   |
[INFO] [stdout] help: consider importing this struct
[INFO] [stdout]   |
[INFO] [stdout] 2 | use logger_rs::Logger;
[INFO] [stdout]   |
[INFO] [stdout] 
[INFO] [stdout] error[E0433]: failed to resolve: use of undeclared type `Arrow`
[INFO] [stdout]  --> src/lib.rs:8:34
[INFO] [stdout]   |
[INFO] [stdout] 7 |                  .style(Box::new(Arrow::default()))
[INFO] [stdout]   |                                  ^^^^^ use of undeclared type `Arrow`
[INFO] [stdout]   |
[INFO] [stdout] help: consider importing this struct
[INFO] [stdout]   |
[INFO] [stdout] 2 | use logger_rs::style::Arrow;
[INFO] [stdout]   |
[INFO] [stdout] 
[INFO] [stdout] error[E0433]: failed to resolve: use of undeclared type `Console`
[INFO] [stdout]  --> src/lib.rs:9:35
[INFO] [stdout]   |
[INFO] [stdout] 8 |                  .bridge(Box::new(Console::default()))
[INFO] [stdout]   |                                   ^^^^^^^ use of undeclared type `Console`
[INFO] [stdout]   |
[INFO] [stdout] help: consider importing this struct
[INFO] [stdout]   |
[INFO] [stdout] 2 | use logger_rs::Console;
[INFO] [stdout]   |
[INFO] [stdout] 
[INFO] [stdout] error: aborting due to 5 previous errors
[INFO] [stdout] 
[INFO] [stdout] For more information about this error, try `rustc --explain E0433`.
[INFO] [stdout] Couldn't compile the test.
[INFO] [stdout] 
[INFO] [stdout] failures:
[INFO] [stdout]     src/lib.rs - logger (line 3)
[INFO] [stdout] 
[INFO] [stdout] test result: FAILED. 0 passed; 1 failed; 0 ignored; 0 measured; 0 filtered out; finished in 0.03s
[INFO] [stdout] 
[INFO] [stderr] error: doctest failed, to rerun pass `--doc`
[INFO] running `Command { std: "docker" "inspect" "b9c0d0ebacdb2f6182d945be6d5b4cfb6e5bc71f8490122304cbd409dfbeedf9", kill_on_drop: false }`
[INFO] running `Command { std: "docker" "rm" "-f" "b9c0d0ebacdb2f6182d945be6d5b4cfb6e5bc71f8490122304cbd409dfbeedf9", kill_on_drop: false }`
[INFO] [stdout] b9c0d0ebacdb2f6182d945be6d5b4cfb6e5bc71f8490122304cbd409dfbeedf9
