[INFO] fetching crate log_file 0.1.1...
[INFO] testing log_file-0.1.1 against 1.69.0 for beta-1.70-1
[INFO] extracting crate log_file 0.1.1 into /workspace/builds/worker-3-tc1/source
[INFO] validating manifest of crates.io crate log_file 0.1.1 on toolchain 1.69.0
[INFO] running `Command { std: CARGO_HOME="/workspace/cargo-home" RUSTUP_HOME="/workspace/rustup-home" "/workspace/cargo-home/bin/cargo" "+1.69.0" "metadata" "--manifest-path" "Cargo.toml" "--no-deps", kill_on_drop: false }`
[INFO] started tweaking crates.io crate log_file 0.1.1
[INFO] finished tweaking crates.io crate log_file 0.1.1
[INFO] tweaked toml for crates.io crate log_file 0.1.1 written to /workspace/builds/worker-3-tc1/source/Cargo.toml
[INFO] running `Command { std: CARGO_HOME="/workspace/cargo-home" RUSTUP_HOME="/workspace/rustup-home" __CARGO_TEST_CHANNEL_OVERRIDE_DO_NOT_USE_THIS="nightly" "/workspace/cargo-home/bin/cargo" "+1.69.0" "generate-lockfile" "--manifest-path" "Cargo.toml" "-Zno-index-update", kill_on_drop: false }`
[INFO] running `Command { std: CARGO_HOME="/workspace/cargo-home" RUSTUP_HOME="/workspace/rustup-home" "/workspace/cargo-home/bin/cargo" "+1.69.0" "fetch" "--manifest-path" "Cargo.toml", kill_on_drop: false }`
[INFO] running `Command { std: "docker" "create" "-v" "/var/lib/crater-agent-workspace/builds/worker-3-tc1/target:/opt/rustwide/target:rw,Z" "-v" "/var/lib/crater-agent-workspace/builds/worker-3-tc1/source:/opt/rustwide/workdir:ro,Z" "-v" "/var/lib/crater-agent-workspace/cargo-home:/opt/rustwide/cargo-home:ro,Z" "-v" "/var/lib/crater-agent-workspace/rustup-home:/opt/rustwide/rustup-home:ro,Z" "-e" "SOURCE_DIR=/opt/rustwide/workdir" "-e" "CARGO_TARGET_DIR=/opt/rustwide/target" "-e" "CARGO_HOME=/opt/rustwide/cargo-home" "-e" "RUSTUP_HOME=/opt/rustwide/rustup-home" "-w" "/opt/rustwide/workdir" "-m" "1610612736" "--user" "0:0" "--network" "none" "ghcr.io/rust-lang/crates-build-env/linux@sha256:5ff2268d62e97bff2cde7d5815dd6ed5b47097566f13b8d0ca110b04b60e07ed" "/opt/rustwide/cargo-home/bin/cargo" "+1.69.0" "metadata" "--no-deps" "--format-version=1", kill_on_drop: false }`
[INFO] [stdout] 536a72ec453ee4a8df4c16c033237c2ee87bd48357f83db336f12c936ddfad90
[INFO] running `Command { std: "docker" "start" "-a" "536a72ec453ee4a8df4c16c033237c2ee87bd48357f83db336f12c936ddfad90", kill_on_drop: false }`
[INFO] running `Command { std: "docker" "inspect" "536a72ec453ee4a8df4c16c033237c2ee87bd48357f83db336f12c936ddfad90", kill_on_drop: false }`
[INFO] running `Command { std: "docker" "rm" "-f" "536a72ec453ee4a8df4c16c033237c2ee87bd48357f83db336f12c936ddfad90", kill_on_drop: false }`
[INFO] [stdout] 536a72ec453ee4a8df4c16c033237c2ee87bd48357f83db336f12c936ddfad90
[INFO] running `Command { std: "docker" "create" "-v" "/var/lib/crater-agent-workspace/builds/worker-3-tc1/target:/opt/rustwide/target:rw,Z" "-v" "/var/lib/crater-agent-workspace/builds/worker-3-tc1/source:/opt/rustwide/workdir:ro,Z" "-v" "/var/lib/crater-agent-workspace/cargo-home:/opt/rustwide/cargo-home:ro,Z" "-v" "/var/lib/crater-agent-workspace/rustup-home:/opt/rustwide/rustup-home:ro,Z" "-e" "SOURCE_DIR=/opt/rustwide/workdir" "-e" "CARGO_TARGET_DIR=/opt/rustwide/target" "-e" "CARGO_INCREMENTAL=0" "-e" "RUST_BACKTRACE=full" "-e" "RUSTFLAGS=--cap-lints=warn" "-e" "RUSTDOCFLAGS=--cap-lints=warn" "-e" "CARGO_HOME=/opt/rustwide/cargo-home" "-e" "RUSTUP_HOME=/opt/rustwide/rustup-home" "-w" "/opt/rustwide/workdir" "-m" "1610612736" "--user" "0:0" "--network" "none" "ghcr.io/rust-lang/crates-build-env/linux@sha256:5ff2268d62e97bff2cde7d5815dd6ed5b47097566f13b8d0ca110b04b60e07ed" "/opt/rustwide/cargo-home/bin/cargo" "+1.69.0" "build" "--frozen" "--message-format=json", kill_on_drop: false }`
[INFO] [stdout] 27825c5f0e391e05f0a2cabe3ac0460a2a61c52f7c2884f2795ede456820ec9e
[INFO] running `Command { std: "docker" "start" "-a" "27825c5f0e391e05f0a2cabe3ac0460a2a61c52f7c2884f2795ede456820ec9e", kill_on_drop: false }`
[INFO] [stderr]    Compiling log_file v0.1.1 (/opt/rustwide/workdir)
[INFO] [stderr]     Finished dev [unoptimized + debuginfo] target(s) in 0.30s
[INFO] running `Command { std: "docker" "inspect" "27825c5f0e391e05f0a2cabe3ac0460a2a61c52f7c2884f2795ede456820ec9e", kill_on_drop: false }`
[INFO] running `Command { std: "docker" "rm" "-f" "27825c5f0e391e05f0a2cabe3ac0460a2a61c52f7c2884f2795ede456820ec9e", kill_on_drop: false }`
[INFO] [stdout] 27825c5f0e391e05f0a2cabe3ac0460a2a61c52f7c2884f2795ede456820ec9e
[INFO] running `Command { std: "docker" "create" "-v" "/var/lib/crater-agent-workspace/builds/worker-3-tc1/target:/opt/rustwide/target:rw,Z" "-v" "/var/lib/crater-agent-workspace/builds/worker-3-tc1/source:/opt/rustwide/workdir:ro,Z" "-v" "/var/lib/crater-agent-workspace/cargo-home:/opt/rustwide/cargo-home:ro,Z" "-v" "/var/lib/crater-agent-workspace/rustup-home:/opt/rustwide/rustup-home:ro,Z" "-e" "SOURCE_DIR=/opt/rustwide/workdir" "-e" "CARGO_TARGET_DIR=/opt/rustwide/target" "-e" "CARGO_INCREMENTAL=0" "-e" "RUST_BACKTRACE=full" "-e" "RUSTFLAGS=--cap-lints=warn" "-e" "RUSTDOCFLAGS=--cap-lints=warn" "-e" "CARGO_HOME=/opt/rustwide/cargo-home" "-e" "RUSTUP_HOME=/opt/rustwide/rustup-home" "-w" "/opt/rustwide/workdir" "-m" "1610612736" "--user" "0:0" "--network" "none" "ghcr.io/rust-lang/crates-build-env/linux@sha256:5ff2268d62e97bff2cde7d5815dd6ed5b47097566f13b8d0ca110b04b60e07ed" "/opt/rustwide/cargo-home/bin/cargo" "+1.69.0" "test" "--frozen" "--no-run" "--message-format=json", kill_on_drop: false }`
[INFO] [stdout] 75e80316d9e27ee8fd32d1b5fd041670ce802cce15fda4a260e52bc725ee965d
[INFO] running `Command { std: "docker" "start" "-a" "75e80316d9e27ee8fd32d1b5fd041670ce802cce15fda4a260e52bc725ee965d", kill_on_drop: false }`
[INFO] [stderr]    Compiling log_file v0.1.1 (/opt/rustwide/workdir)
[INFO] [stderr]     Finished test [unoptimized + debuginfo] target(s) in 0.27s
[INFO] running `Command { std: "docker" "inspect" "75e80316d9e27ee8fd32d1b5fd041670ce802cce15fda4a260e52bc725ee965d", kill_on_drop: false }`
[INFO] running `Command { std: "docker" "rm" "-f" "75e80316d9e27ee8fd32d1b5fd041670ce802cce15fda4a260e52bc725ee965d", kill_on_drop: false }`
[INFO] [stdout] 75e80316d9e27ee8fd32d1b5fd041670ce802cce15fda4a260e52bc725ee965d
[INFO] running `Command { std: "docker" "create" "-v" "/var/lib/crater-agent-workspace/builds/worker-3-tc1/target:/opt/rustwide/target:rw,Z" "-v" "/var/lib/crater-agent-workspace/builds/worker-3-tc1/source:/opt/rustwide/workdir:ro,Z" "-v" "/var/lib/crater-agent-workspace/cargo-home:/opt/rustwide/cargo-home:ro,Z" "-v" "/var/lib/crater-agent-workspace/rustup-home:/opt/rustwide/rustup-home:ro,Z" "-e" "SOURCE_DIR=/opt/rustwide/workdir" "-e" "CARGO_TARGET_DIR=/opt/rustwide/target" "-e" "CARGO_INCREMENTAL=0" "-e" "RUST_BACKTRACE=full" "-e" "RUSTFLAGS=--cap-lints=warn" "-e" "RUSTDOCFLAGS=--cap-lints=warn" "-e" "CARGO_HOME=/opt/rustwide/cargo-home" "-e" "RUSTUP_HOME=/opt/rustwide/rustup-home" "-w" "/opt/rustwide/workdir" "-m" "1610612736" "--user" "0:0" "--network" "none" "ghcr.io/rust-lang/crates-build-env/linux@sha256:5ff2268d62e97bff2cde7d5815dd6ed5b47097566f13b8d0ca110b04b60e07ed" "/opt/rustwide/cargo-home/bin/cargo" "+1.69.0" "test" "--frozen", kill_on_drop: false }`
[INFO] [stdout] 0c89d2f922841b3120127d42508af0510ee65e6bbdcc653a00670d5bff27fc2a
[INFO] running `Command { std: "docker" "start" "-a" "0c89d2f922841b3120127d42508af0510ee65e6bbdcc653a00670d5bff27fc2a", kill_on_drop: false }`
[INFO] [stderr]     Finished test [unoptimized + debuginfo] target(s) in 0.00s
[INFO] [stdout] 
[INFO] [stderr]      Running unittests src/lib.rs (/opt/rustwide/target/debug/deps/log_file-c93674b7c768c2fa)
[INFO] [stdout] running 0 tests
[INFO] [stdout] 
[INFO] [stdout] test result: ok. 0 passed; 0 failed; 0 ignored; 0 measured; 0 filtered out; finished in 0.00s
[INFO] [stdout] 
[INFO] [stderr]    Doc-tests log_file
[INFO] [stdout] 
[INFO] [stdout] running 18 tests
[INFO] [stdout] test src/lib.rs - custom::Log::add_str (line 194) ... FAILED
[INFO] [stdout] test src/lib.rs - custom (line 13) ... FAILED
[INFO] [stdout] test src/lib.rs - custom::Log::to_string (line 224) ... FAILED
[INFO] [stdout] test src/lib.rs - custom::Log::add (line 184) ... FAILED
[INFO] [stdout] test src/lib.rs - custom::Log (line 147) ... FAILED
[INFO] [stdout] test src/lib.rs - custom (line 18) ... FAILED
[INFO] [stdout] test src/lib.rs - custom::Log::new (line 170) ... FAILED
[INFO] [stdout] test src/lib.rs - custom::LogElement::new_str (line 59) ... FAILED
[INFO] [stdout] test src/lib.rs - custom::LogElement::to_string (line 76) ... FAILED
[INFO] [stdout] test src/lib.rs - custom (line 26) ... FAILED
[INFO] [stdout] test src/lib.rs - custom::Log (line 142) ... FAILED
[INFO] [stdout] test src/lib.rs - custom::Log::save (line 209) ... FAILED
[INFO] [stdout] test src/lib.rs - custom::LogElement::new (line 42) ... FAILED
[INFO] [stdout] test src/lib.rs - custom::LogElement::to_string (line 82) ... FAILED
[INFO] [stdout] test src/lib.rs - custom::Log (line 155) ... FAILED
[INFO] [stdout] test src/lib.rs - custom::trim_to_1000 (line 270) ... FAILED
[INFO] [stdout] test src/lib.rs - custom::Log (line 138) ... ok
[INFO] [stdout] test src/lib.rs - custom (line 9) ... ok
[INFO] [stdout] 
[INFO] [stdout] failures:
[INFO] [stdout] 
[INFO] [stdout] ---- src/lib.rs - custom::Log::add_str (line 194) stdout ----
[INFO] [stdout] error: mismatched closing delimiter: `)`
[INFO] [stdout]  --> src/lib.rs:194:74
[INFO] [stdout]   |
[INFO] [stdout] 2 | fn main() { #[allow(non_snake_case)] fn _doctest_main_src_lib_rs_194_0() {
[INFO] [stdout]   |                                                                          ^ unclosed delimiter
[INFO] [stdout] 3 | let mut example = Log::new(true, ':'));
[INFO] [stdout]   |                                      ^ mismatched closing delimiter
[INFO] [stdout] 
[INFO] [stdout] error: unexpected closing delimiter: `}`
[INFO] [stdout]  --> src/lib.rs:197:36
[INFO] [stdout]   |
[INFO] [stdout] 3 | let mut example = Log::new(true, ':'));
[INFO] [stdout]   |                                      - missing open `(` for this delimiter
[INFO] [stdout] 4 | example.add_str("Test","Hello, world!");
[INFO] [stdout] 5 | } _doctest_main_src_lib_rs_194_0() }
[INFO] [stdout]   |                                    ^ unexpected closing delimiter
[INFO] [stdout] 
[INFO] [stdout] error: aborting due to 2 previous errors
[INFO] [stdout] 
[INFO] [stdout] Couldn't compile the test.
[INFO] [stdout] ---- src/lib.rs - custom (line 13) stdout ----
[INFO] [stdout] error[E0433]: failed to resolve: use of undeclared type `Log`
[INFO] [stdout]  --> src/lib.rs:15:15
[INFO] [stdout]   |
[INFO] [stdout] 4 | let mut log = Log::new(true, ':');
[INFO] [stdout]   |               ^^^ use of undeclared type `Log`
[INFO] [stdout]   |
[INFO] [stdout] help: consider importing this struct
[INFO] [stdout]   |
[INFO] [stdout] 3 | use log_file::custom::Log;
[INFO] [stdout]   |
[INFO] [stdout] 
[INFO] [stdout] error: aborting due to previous error
[INFO] [stdout] 
[INFO] [stdout] For more information about this error, try `rustc --explain E0433`.
[INFO] [stdout] Couldn't compile the test.
[INFO] [stdout] ---- src/lib.rs - custom::Log::to_string (line 224) stdout ----
[INFO] [stdout] error[E0432]: unresolved import `log_file::default_code`
[INFO] [stdout]  --> src/lib.rs:225:15
[INFO] [stdout]   |
[INFO] [stdout] 3 | use log_file::default_code::Log;
[INFO] [stdout]   |               ^^^^^^^^^^^^ could not find `default_code` in `log_file`
[INFO] [stdout] 
[INFO] [stdout] error: aborting due to previous error
[INFO] [stdout] 
[INFO] [stdout] For more information about this error, try `rustc --explain E0432`.
[INFO] [stdout] Couldn't compile the test.
[INFO] [stdout] ---- src/lib.rs - custom::Log::add (line 184) stdout ----
[INFO] [stdout] error: mismatched closing delimiter: `)`
[INFO] [stdout]  --> src/lib.rs:184:74
[INFO] [stdout]   |
[INFO] [stdout] 2 | fn main() { #[allow(non_snake_case)] fn _doctest_main_src_lib_rs_184_0() {
[INFO] [stdout]   |                                                                          ^ unclosed delimiter
[INFO] [stdout] 3 | let mut example = Log::new(true, ':'));
[INFO] [stdout]   |                                      ^ mismatched closing delimiter
[INFO] [stdout] 
[INFO] [stdout] error: unexpected closing delimiter: `}`
[INFO] [stdout]  --> src/lib.rs:187:36
[INFO] [stdout]   |
[INFO] [stdout] 3 | let mut example = Log::new(true, ':'));
[INFO] [stdout]   |                                      - missing open `(` for this delimiter
[INFO] [stdout] 4 | example.add("Test",String::from("Hello, world!"));
[INFO] [stdout] 5 | } _doctest_main_src_lib_rs_184_0() }
[INFO] [stdout]   |                                    ^ unexpected closing delimiter
[INFO] [stdout] 
[INFO] [stdout] error: aborting due to 2 previous errors
[INFO] [stdout] 
[INFO] [stdout] Couldn't compile the test.
[INFO] [stdout] ---- src/lib.rs - custom::Log (line 147) stdout ----
[INFO] [stdout] error[E0425]: cannot find value `log` in this scope
[INFO] [stdout]  --> src/lib.rs:149:1
[INFO] [stdout]   |
[INFO] [stdout] 4 | log.add("Titel 1",String::from("Context 1"));
[INFO] [stdout]   | ^^^ not found in this scope
[INFO] [stdout] 
[INFO] [stdout] error[E0425]: cannot find value `log` in this scope
[INFO] [stdout]  --> src/lib.rs:152:1
[INFO] [stdout]   |
[INFO] [stdout] 7 | log.add_str("Titel 2","Context 2");
[INFO] [stdout]   | ^^^ not found in this scope
[INFO] [stdout] 
[INFO] [stdout] error: aborting due to 2 previous errors
[INFO] [stdout] 
[INFO] [stdout] For more information about this error, try `rustc --explain E0425`.
[INFO] [stdout] Couldn't compile the test.
[INFO] [stdout] ---- src/lib.rs - custom (line 18) stdout ----
[INFO] [stdout] error[E0425]: cannot find value `log` in this scope
[INFO] [stdout]  --> src/lib.rs:20:1
[INFO] [stdout]   |
[INFO] [stdout] 4 | log.add("Titel 1",String::from("Context 1"));
[INFO] [stdout]   | ^^^ not found in this scope
[INFO] [stdout] 
[INFO] [stdout] error[E0425]: cannot find value `log` in this scope
[INFO] [stdout]  --> src/lib.rs:23:1
[INFO] [stdout]   |
[INFO] [stdout] 7 | log.add_str("Titel 2","Context 2");
[INFO] [stdout]   | ^^^ not found in this scope
[INFO] [stdout] 
[INFO] [stdout] error: aborting due to 2 previous errors
[INFO] [stdout] 
[INFO] [stdout] For more information about this error, try `rustc --explain E0425`.
[INFO] [stdout] Couldn't compile the test.
[INFO] [stdout] ---- src/lib.rs - custom::Log::new (line 170) stdout ----
[INFO] [stdout] error: mismatched closing delimiter: `)`
[INFO] [stdout]  --> src/lib.rs:170:74
[INFO] [stdout]   |
[INFO] [stdout] 2 | fn main() { #[allow(non_snake_case)] fn _doctest_main_src_lib_rs_170_0() {
[INFO] [stdout]   |                                                                          ^ unclosed delimiter
[INFO] [stdout] 3 | let example = Log::new(true, ':'));
[INFO] [stdout]   |                                  ^ mismatched closing delimiter
[INFO] [stdout] 
[INFO] [stdout] error: unexpected closing delimiter: `}`
[INFO] [stdout]  --> src/lib.rs:172:36
[INFO] [stdout]   |
[INFO] [stdout] 3 | let example = Log::new(true, ':'));
[INFO] [stdout]   |                                  - missing open `(` for this delimiter
[INFO] [stdout] 4 | } _doctest_main_src_lib_rs_170_0() }
[INFO] [stdout]   |                                    ^ unexpected closing delimiter
[INFO] [stdout] 
[INFO] [stdout] error: aborting due to 2 previous errors
[INFO] [stdout] 
[INFO] [stdout] Couldn't compile the test.
[INFO] [stdout] ---- src/lib.rs - custom::LogElement::new_str (line 59) stdout ----
[INFO] [stdout] error[E0433]: failed to resolve: use of undeclared type `LogElement`
[INFO] [stdout]  --> src/lib.rs:60:15
[INFO] [stdout]   |
[INFO] [stdout] 3 | let example = LogElement::new_str("Test","Hello, world!", true);
[INFO] [stdout]   |               ^^^^^^^^^^ use of undeclared type `LogElement`
[INFO] [stdout]   |
[INFO] [stdout] help: consider importing this struct
[INFO] [stdout]   |
[INFO] [stdout] 2 | use log_file::custom::LogElement;
[INFO] [stdout]   |
[INFO] [stdout] 
[INFO] [stdout] error: aborting due to previous error
[INFO] [stdout] 
[INFO] [stdout] For more information about this error, try `rustc --explain E0433`.
[INFO] [stdout] Couldn't compile the test.
[INFO] [stdout] ---- src/lib.rs - custom::LogElement::to_string (line 76) stdout ----
[INFO] [stdout] error[E0433]: failed to resolve: use of undeclared type `LogElement`
[INFO] [stdout]  --> src/lib.rs:77:15
[INFO] [stdout]   |
[INFO] [stdout] 3 | let example = LogElement::new_str("Test","Hello, world!", true);
[INFO] [stdout]   |               ^^^^^^^^^^ use of undeclared type `LogElement`
[INFO] [stdout]   |
[INFO] [stdout] help: consider importing this struct
[INFO] [stdout]   |
[INFO] [stdout] 2 | use log_file::custom::LogElement;
[INFO] [stdout]   |
[INFO] [stdout] 
[INFO] [stdout] error: aborting due to previous error
[INFO] [stdout] 
[INFO] [stdout] For more information about this error, try `rustc --explain E0433`.
[INFO] [stdout] Couldn't compile the test.
[INFO] [stdout] ---- src/lib.rs - custom (line 26) stdout ----
[INFO] [stdout] error[E0425]: cannot find value `log` in this scope
[INFO] [stdout]  --> src/lib.rs:28:1
[INFO] [stdout]   |
[INFO] [stdout] 4 | log.save("log.txt");
[INFO] [stdout]   | ^^^ not found in this scope
[INFO] [stdout] 
[INFO] [stdout] error: aborting due to previous error
[INFO] [stdout] 
[INFO] [stdout] For more information about this error, try `rustc --explain E0425`.
[INFO] [stdout] Couldn't compile the test.
[INFO] [stdout] ---- src/lib.rs - custom::Log (line 142) stdout ----
[INFO] [stdout] error[E0433]: failed to resolve: use of undeclared type `Log`
[INFO] [stdout]  --> src/lib.rs:144:15
[INFO] [stdout]   |
[INFO] [stdout] 4 | let mut log = Log::new(true, ':');
[INFO] [stdout]   |               ^^^ use of undeclared type `Log`
[INFO] [stdout]   |
[INFO] [stdout] help: consider importing this struct
[INFO] [stdout]   |
[INFO] [stdout] 3 | use log_file::custom::Log;
[INFO] [stdout]   |
[INFO] [stdout] 
[INFO] [stdout] error: aborting due to previous error
[INFO] [stdout] 
[INFO] [stdout] For more information about this error, try `rustc --explain E0433`.
[INFO] [stdout] Couldn't compile the test.
[INFO] [stdout] ---- src/lib.rs - custom::Log::save (line 209) stdout ----
[INFO] [stdout] error[E0432]: unresolved import `log_file::default_code`
[INFO] [stdout]  --> src/lib.rs:210:15
[INFO] [stdout]   |
[INFO] [stdout] 3 | use log_file::default_code::Log;
[INFO] [stdout]   |               ^^^^^^^^^^^^ could not find `default_code` in `log_file`
[INFO] [stdout] 
[INFO] [stdout] error: aborting due to previous error
[INFO] [stdout] 
[INFO] [stdout] For more information about this error, try `rustc --explain E0432`.
[INFO] [stdout] Couldn't compile the test.
[INFO] [stdout] ---- src/lib.rs - custom::LogElement::new (line 42) stdout ----
[INFO] [stdout] error[E0433]: failed to resolve: use of undeclared type `LogElement`
[INFO] [stdout]  --> src/lib.rs:43:15
[INFO] [stdout]   |
[INFO] [stdout] 3 | let example = LogElement::new("Test",String::from("Hello, world!", true));
[INFO] [stdout]   |               ^^^^^^^^^^ use of undeclared type `LogElement`
[INFO] [stdout]   |
[INFO] [stdout] help: consider importing this struct
[INFO] [stdout]   |
[INFO] [stdout] 2 | use log_file::custom::LogElement;
[INFO] [stdout]   |
[INFO] [stdout] 
[INFO] [stdout] error[E0061]: this function takes 1 argument but 2 arguments were supplied
[INFO] [stdout]  --> src/lib.rs:43:38
[INFO] [stdout]   |
[INFO] [stdout] 3 | let example = LogElement::new("Test",String::from("Hello, world!", true));
[INFO] [stdout]   |                                      ^^^^^^^^^^^^                ------
[INFO] [stdout]   |                                                                  | |
[INFO] [stdout]   |                                                                  | unexpected argument of type `bool`
[INFO] [stdout]   |                                                                  help: remove the extra argument
[INFO] [stdout]   |
[INFO] [stdout] note: associated function defined here
[INFO] [stdout]  --> /rustc/84c898d65adf2f39a5a98507f1fe0ce10a2b8dbc/library/core/src/convert/mod.rs:548:8
[INFO] [stdout] 
[INFO] [stdout] error: aborting due to 2 previous errors
[INFO] [stdout] 
[INFO] [stdout] Some errors have detailed explanations: E0061, E0433.
[INFO] [stdout] For more information about an error, try `rustc --explain E0061`.
[INFO] [stdout] Couldn't compile the test.
[INFO] [stdout] ---- src/lib.rs - custom::LogElement::to_string (line 82) stdout ----
[INFO] [stdout] error: expected type, found `0`
[INFO] [stdout]  --> src/lib.rs:83:4
[INFO] [stdout]   |
[INFO] [stdout] 3 | [0:0:25:0]  Test    :   Hello, world!
[INFO] [stdout]   |   -^ expected type
[INFO] [stdout]   |   |
[INFO] [stdout]   |   tried to parse a type due to this
[INFO] [stdout] 
[INFO] [stdout] error: aborting due to previous error
[INFO] [stdout] 
[INFO] [stdout] Couldn't compile the test.
[INFO] [stdout] ---- src/lib.rs - custom::Log (line 155) stdout ----
[INFO] [stdout] error[E0425]: cannot find value `log` in this scope
[INFO] [stdout]  --> src/lib.rs:157:1
[INFO] [stdout]   |
[INFO] [stdout] 4 | log.save("log.txt");
[INFO] [stdout]   | ^^^ not found in this scope
[INFO] [stdout] 
[INFO] [stdout] error: aborting due to previous error
[INFO] [stdout] 
[INFO] [stdout] For more information about this error, try `rustc --explain E0425`.
[INFO] [stdout] Couldn't compile the test.
[INFO] [stdout] ---- src/lib.rs - custom::trim_to_1000 (line 270) stdout ----
[INFO] [stdout] error[E0425]: cannot find function `trim_to_1000` in this scope
[INFO] [stdout]  --> src/lib.rs:272:15
[INFO] [stdout]   |
[INFO] [stdout] 4 | println!("{}",trim_to_1000(to_big));
[INFO] [stdout]   |               ^^^^^^^^^^^^ not found in this scope
[INFO] [stdout] 
[INFO] [stdout] error: aborting due to previous error
[INFO] [stdout] 
[INFO] [stdout] For more information about this error, try `rustc --explain E0425`.
[INFO] [stdout] Couldn't compile the test.
[INFO] [stdout] 
[INFO] [stdout] failures:
[INFO] [stdout]     src/lib.rs - custom (line 13)
[INFO] [stdout]     src/lib.rs - custom (line 18)
[INFO] [stdout]     src/lib.rs - custom (line 26)
[INFO] [stdout]     src/lib.rs - custom::Log (line 142)
[INFO] [stdout]     src/lib.rs - custom::Log (line 147)
[INFO] [stdout]     src/lib.rs - custom::Log (line 155)
[INFO] [stdout]     src/lib.rs - custom::Log::add (line 184)
[INFO] [stdout]     src/lib.rs - custom::Log::add_str (line 194)
[INFO] [stdout]     src/lib.rs - custom::Log::new (line 170)
[INFO] [stdout]     src/lib.rs - custom::Log::save (line 209)
[INFO] [stdout]     src/lib.rs - custom::Log::to_string (line 224)
[INFO] [stdout]     src/lib.rs - custom::LogElement::new (line 42)
[INFO] [stdout]     src/lib.rs - custom::LogElement::new_str (line 59)
[INFO] [stdout]     src/lib.rs - custom::LogElement::to_string (line 76)
[INFO] [stdout]     src/lib.rs - custom::LogElement::to_string (line 82)
[INFO] [stdout]     src/lib.rs - custom::trim_to_1000 (line 270)
[INFO] [stdout] 
[INFO] [stdout] test result: FAILED. 2 passed; 16 failed; 0 ignored; 0 measured; 0 filtered out; finished in 0.32s
[INFO] [stdout] 
[INFO] [stderr] error: doctest failed, to rerun pass `--doc`
[INFO] running `Command { std: "docker" "inspect" "0c89d2f922841b3120127d42508af0510ee65e6bbdcc653a00670d5bff27fc2a", kill_on_drop: false }`
[INFO] running `Command { std: "docker" "rm" "-f" "0c89d2f922841b3120127d42508af0510ee65e6bbdcc653a00670d5bff27fc2a", kill_on_drop: false }`
[INFO] [stdout] 0c89d2f922841b3120127d42508af0510ee65e6bbdcc653a00670d5bff27fc2a
