[INFO] fetching crate location2gpx 0.1.0...
[INFO] testing location2gpx-0.1.0 against beta-2023-04-20 for beta-1.70-1
[INFO] extracting crate location2gpx 0.1.0 into /workspace/builds/worker-7-tc2/source
[INFO] validating manifest of crates.io crate location2gpx 0.1.0 on toolchain beta-2023-04-20
[INFO] running `Command { std: CARGO_HOME="/workspace/cargo-home" RUSTUP_HOME="/workspace/rustup-home" "/workspace/cargo-home/bin/cargo" "+beta-2023-04-20" "metadata" "--manifest-path" "Cargo.toml" "--no-deps", kill_on_drop: false }`
[INFO] started tweaking crates.io crate location2gpx 0.1.0
[INFO] finished tweaking crates.io crate location2gpx 0.1.0
[INFO] tweaked toml for crates.io crate location2gpx 0.1.0 written to /workspace/builds/worker-7-tc2/source/Cargo.toml
[INFO] crate crates.io crate location2gpx 0.1.0 already has a lockfile, it will not be regenerated
[INFO] running `Command { std: CARGO_HOME="/workspace/cargo-home" RUSTUP_HOME="/workspace/rustup-home" "/workspace/cargo-home/bin/cargo" "+beta-2023-04-20" "fetch" "--manifest-path" "Cargo.toml", kill_on_drop: false }`
[INFO] [stderr]     Updating crates.io index
[INFO] [stderr]  Downloading crates ...
[INFO] [stderr]   Downloaded time v0.3.19
[INFO] [stderr]   Downloaded rstar v0.10.0
[INFO] [stderr]   Downloaded time-macros v0.2.7
[INFO] [stderr]   Downloaded dirs-sys v0.4.0
[INFO] [stderr]   Downloaded geo-types v0.7.9
[INFO] [stderr]   Downloaded geo v0.24.0
[INFO] [stderr]   Downloaded argopt-impl v0.3.0
[INFO] [stderr]   Downloaded float_next_after v1.0.0
[INFO] [stderr]   Downloaded dirs v5.0.0
[INFO] [stderr]   Downloaded trust-dns-resolver v0.21.2
[INFO] [stderr]   Downloaded argopt v0.3.0
[INFO] [stderr]   Downloaded mongodb v2.3.1
[INFO] [stderr]   Downloaded robust v0.2.3
[INFO] [stderr]   Downloaded trust-dns-proto v0.21.2
[INFO] [stderr]   Downloaded geographiclib-rs v0.2.3
[INFO] [stderr]   Downloaded pbkdf2 v0.10.1
[INFO] [stderr]   Downloaded rustc_version_runtime v0.2.1
[INFO] [stderr]   Downloaded take_mut v0.2.2
[INFO] [stderr]   Downloaded resolv-conf v0.7.0
[INFO] [stderr]   Downloaded enum-as-inner v0.4.0
[INFO] [stderr]   Downloaded serde_with v1.14.0
[INFO] [stderr]   Downloaded bson v2.5.0
[INFO] [stderr]   Downloaded os_info v3.6.0
[INFO] [stderr]   Downloaded serde_with_macros v1.5.2
[INFO] [stderr]   Downloaded ipconfig v0.3.1
[INFO] [stderr]   Downloaded async-trait v0.1.64
[INFO] [stderr]   Downloaded spin v0.9.5
[INFO] [stderr]   Downloaded gpx v0.8.6
[INFO] running `Command { std: "docker" "create" "-v" "/var/lib/crater-agent-workspace/builds/worker-7-tc2/target:/opt/rustwide/target:rw,Z" "-v" "/var/lib/crater-agent-workspace/builds/worker-7-tc2/source:/opt/rustwide/workdir:ro,Z" "-v" "/var/lib/crater-agent-workspace/cargo-home:/opt/rustwide/cargo-home:ro,Z" "-v" "/var/lib/crater-agent-workspace/rustup-home:/opt/rustwide/rustup-home:ro,Z" "-e" "SOURCE_DIR=/opt/rustwide/workdir" "-e" "CARGO_TARGET_DIR=/opt/rustwide/target" "-e" "CARGO_HOME=/opt/rustwide/cargo-home" "-e" "RUSTUP_HOME=/opt/rustwide/rustup-home" "-w" "/opt/rustwide/workdir" "-m" "1610612736" "--user" "0:0" "--network" "none" "ghcr.io/rust-lang/crates-build-env/linux@sha256:5ff2268d62e97bff2cde7d5815dd6ed5b47097566f13b8d0ca110b04b60e07ed" "/opt/rustwide/cargo-home/bin/cargo" "+beta-2023-04-20" "metadata" "--no-deps" "--format-version=1", kill_on_drop: false }`
[INFO] [stdout] 4c84d92f8c9f4388e5de604b46ebfebb92689ebf2c8b35cd2e950b8b0746d229
[INFO] running `Command { std: "docker" "start" "-a" "4c84d92f8c9f4388e5de604b46ebfebb92689ebf2c8b35cd2e950b8b0746d229", kill_on_drop: false }`
[INFO] running `Command { std: "docker" "inspect" "4c84d92f8c9f4388e5de604b46ebfebb92689ebf2c8b35cd2e950b8b0746d229", kill_on_drop: false }`
[INFO] running `Command { std: "docker" "rm" "-f" "4c84d92f8c9f4388e5de604b46ebfebb92689ebf2c8b35cd2e950b8b0746d229", kill_on_drop: false }`
[INFO] [stdout] 4c84d92f8c9f4388e5de604b46ebfebb92689ebf2c8b35cd2e950b8b0746d229
[INFO] running `Command { std: "docker" "create" "-v" "/var/lib/crater-agent-workspace/builds/worker-7-tc2/target:/opt/rustwide/target:rw,Z" "-v" "/var/lib/crater-agent-workspace/builds/worker-7-tc2/source:/opt/rustwide/workdir:ro,Z" "-v" "/var/lib/crater-agent-workspace/cargo-home:/opt/rustwide/cargo-home:ro,Z" "-v" "/var/lib/crater-agent-workspace/rustup-home:/opt/rustwide/rustup-home:ro,Z" "-e" "SOURCE_DIR=/opt/rustwide/workdir" "-e" "CARGO_TARGET_DIR=/opt/rustwide/target" "-e" "CARGO_INCREMENTAL=0" "-e" "RUST_BACKTRACE=full" "-e" "RUSTFLAGS=--cap-lints=warn" "-e" "RUSTDOCFLAGS=--cap-lints=warn" "-e" "CARGO_HOME=/opt/rustwide/cargo-home" "-e" "RUSTUP_HOME=/opt/rustwide/rustup-home" "-w" "/opt/rustwide/workdir" "-m" "1610612736" "--user" "0:0" "--network" "none" "ghcr.io/rust-lang/crates-build-env/linux@sha256:5ff2268d62e97bff2cde7d5815dd6ed5b47097566f13b8d0ca110b04b60e07ed" "/opt/rustwide/cargo-home/bin/cargo" "+beta-2023-04-20" "build" "--frozen" "--message-format=json", kill_on_drop: false }`
[INFO] [stdout] 151459367f2a03f076a484ae5355a66ce0330b7c7684cbe4526b964c5d9fd286
[INFO] running `Command { std: "docker" "start" "-a" "151459367f2a03f076a484ae5355a66ce0330b7c7684cbe4526b964c5d9fd286", kill_on_drop: false }`
[INFO] [stderr]    Compiling proc-macro2 v1.0.51
[INFO] [stderr]    Compiling quote v1.0.23
[INFO] [stderr]    Compiling unicode-ident v1.0.6
[INFO] [stderr]    Compiling syn v1.0.107
[INFO] [stderr]    Compiling libc v0.2.139
[INFO] [stderr]    Compiling version_check v0.9.4
[INFO] [stderr]    Compiling cfg-if v1.0.0
[INFO] [stderr]    Compiling memchr v2.5.0
[INFO] [stderr]    Compiling cc v1.0.79
[INFO] [stderr]    Compiling serde_derive v1.0.152
[INFO] [stderr]    Compiling serde v1.0.152
[INFO] [stderr]    Compiling typenum v1.16.0
[INFO] [stderr]    Compiling log v0.4.17
[INFO] [stderr]    Compiling generic-array v0.14.6
[INFO] [stderr]    Compiling lock_api v0.4.9
[INFO] [stderr]    Compiling once_cell v1.17.1
[INFO] [stderr]    Compiling libm v0.2.6
[INFO] [stderr]    Compiling getrandom v0.2.8
[INFO] [stderr]    Compiling num-traits v0.2.15
[INFO] [stderr]    Compiling scopeguard v1.1.0
[INFO] [stderr]    Compiling semver v1.0.16
[INFO] [stderr]    Compiling ring v0.16.20
[INFO] [stderr]    Compiling strsim v0.10.0
[INFO] [stderr]    Compiling futures-core v0.3.26
[INFO] [stderr]    Compiling tinyvec_macros v0.1.1
[INFO] [stderr]    Compiling smallvec v1.10.0
[INFO] [stderr]    Compiling tinyvec v1.6.0
[INFO] [stderr]    Compiling indexmap v1.9.2
[INFO] [stderr]    Compiling ident_case v1.0.1
[INFO] [stderr]    Compiling pin-project-lite v0.2.9
[INFO] [stderr]    Compiling fnv v1.0.7
[INFO] [stderr]    Compiling rustc_version v0.4.0
[INFO] [stderr]    Compiling block-buffer v0.10.3
[INFO] [stderr]    Compiling crypto-common v0.1.6
[INFO] [stderr]    Compiling slab v0.4.8
[INFO] [stderr]    Compiling tokio v1.25.0
[INFO] [stderr]    Compiling unicode-normalization v0.1.22
[INFO] [stderr]    Compiling subtle v2.4.1
[INFO] [stderr]    Compiling spin v0.5.2
[INFO] [stderr]    Compiling heck v0.4.1
[INFO] [stderr]    Compiling hashbrown v0.12.3
[INFO] [stderr]    Compiling futures-task v0.3.26
[INFO] [stderr]    Compiling untrusted v0.7.1
[INFO] [stderr]    Compiling itoa v1.0.5
[INFO] [stderr]    Compiling unicode-bidi v0.3.10
[INFO] [stderr]    Compiling digest v0.10.6
[INFO] [stderr]    Compiling heapless v0.7.16
[INFO] [stderr]    Compiling mio v0.8.6
[INFO] [stderr]    Compiling rand_core v0.6.4
[INFO] [stderr]    Compiling socket2 v0.4.7
[INFO] [stderr]    Compiling num_cpus v1.15.0
[INFO] [stderr]    Compiling proc-macro-error-attr v1.0.4
[INFO] [stderr]    Compiling bytes v1.4.0
[INFO] [stderr]    Compiling lazy_static v1.4.0
[INFO] [stderr]    Compiling thiserror v1.0.38
[INFO] [stderr]    Compiling semver-parser v0.7.0
[INFO] [stderr]    Compiling ppv-lite86 v0.2.17
[INFO] [stderr]    Compiling futures-util v0.3.26
[INFO] [stderr]    Compiling byteorder v1.4.3
[INFO] [stderr]    Compiling hash32 v0.2.1
[INFO] [stderr]    Compiling semver v0.9.0
[INFO] [stderr]    Compiling rand_chacha v0.3.1
[INFO] [stderr]    Compiling spin v0.9.5
[INFO] [stderr]    Compiling proc-macro-error v1.0.4
[INFO] [stderr]    Compiling futures-channel v0.3.26
[INFO] [stderr]    Compiling futures-io v0.3.26
[INFO] [stderr]    Compiling stable_deref_trait v1.2.0
[INFO] [stderr]    Compiling async-trait v0.1.64
[INFO] [stderr]    Compiling time-core v0.1.0
[INFO] [stderr]    Compiling percent-encoding v2.2.0
[INFO] [stderr]    Compiling ryu v1.0.12
[INFO] [stderr]    Compiling pin-utils v0.1.0
[INFO] [stderr]    Compiling darling_core v0.13.4
[INFO] [stderr]    Compiling parking_lot_core v0.9.7
[INFO] [stderr]    Compiling form_urlencoded v1.1.0
[INFO] [stderr]    Compiling webpki v0.22.0
[INFO] [stderr]    Compiling time-macros v0.2.7
[INFO] [stderr]    Compiling rand v0.8.5
[INFO] [stderr]    Compiling rustc_version v0.2.3
[INFO] [stderr]    Compiling idna v0.3.0
[INFO] [stderr]    Compiling backtrace v0.3.67
[INFO] [stderr]    Compiling ahash v0.7.6
[INFO] [stderr]    Compiling num-integer v0.1.45
[INFO] [stderr]    Compiling match_cfg v0.1.0
[INFO] [stderr]    Compiling matches v0.1.10
[INFO] [stderr]    Compiling adler v1.0.2
[INFO] [stderr]    Compiling gimli v0.27.2
[INFO] [stderr]    Compiling rustls v0.20.8
[INFO] [stderr]    Compiling serde_json v1.0.93
[INFO] [stderr]    Compiling miniz_oxide v0.6.2
[INFO] [stderr]    Compiling idna v0.2.3
[INFO] [stderr]    Compiling hostname v0.3.1
[INFO] [stderr]    Compiling url v2.3.1
[INFO] [stderr]    Compiling rstar v0.10.0
[INFO] [stderr]    Compiling time v0.3.19
[INFO] [stderr]    Compiling rustc_version_runtime v0.2.1
[INFO] [stderr]    Compiling sct v0.7.0
[INFO] [stderr]    Compiling approx v0.5.1
[INFO] [stderr]    Compiling object v0.30.3
[INFO] [stderr]    Compiling error-chain v0.12.4
[INFO] [stderr]    Compiling rustc-demangle v0.1.21
[INFO] [stderr]    Compiling base64 v0.13.1
[INFO] [stderr]    Compiling cpufeatures v0.2.5
[INFO] [stderr]    Compiling darling_macro v0.13.4
[INFO] [stderr]    Compiling tokio-macros v1.8.2
[INFO] [stderr]    Compiling futures-macro v0.3.26
[INFO] [stderr]    Compiling thiserror-impl v1.0.38
[INFO] [stderr]    Compiling darling v0.13.4
[INFO] [stderr]    Compiling addr2line v0.19.0
[INFO] [stderr]    Compiling enum-as-inner v0.4.0
[INFO] [stderr]    Compiling os_str_bytes v6.4.1
[INFO] [stderr]    Compiling linked-hash-map v0.5.6
[INFO] [stderr]    Compiling quick-error v1.2.3
[INFO] [stderr]    Compiling data-encoding v2.3.3
[INFO] [stderr]    Compiling ipnet v2.7.1
[INFO] [stderr]    Compiling resolv-conf v0.7.0
[INFO] [stderr]    Compiling lru-cache v0.1.2
[INFO] [stderr]    Compiling clap_lex v0.2.4
[INFO] [stderr]    Compiling serde_with_macros v1.5.2
[INFO] [stderr]    Compiling clap_derive v3.2.18
[INFO] [stderr]    Compiling parking_lot v0.12.1
[INFO] [stderr]    Compiling time v0.1.45
[INFO] [stderr]    Compiling atty v0.2.14
[INFO] [stderr]    Compiling termcolor v1.2.0
[INFO] [stderr]    Compiling trust-dns-proto v0.21.2
[INFO] [stderr]    Compiling futures-sink v0.3.26
[INFO] [stderr]    Compiling convert_case v0.5.0
[INFO] [stderr]    Compiling hex v0.4.3
[INFO] [stderr]    Compiling iana-time-zone v0.1.53
[INFO] [stderr]    Compiling textwrap v0.16.0
[INFO] [stderr]    Compiling tokio-rustls v0.23.4
[INFO] [stderr]    Compiling argopt-impl v0.3.0
[INFO] [stderr]    Compiling chrono v0.4.23
[INFO] [stderr]    Compiling clap v3.2.23
[INFO] [stderr]    Compiling tokio-util v0.7.7
[INFO] [stderr]    Compiling futures-executor v0.3.26
[INFO] [stderr]    Compiling trust-dns-resolver v0.21.2
[INFO] [stderr]    Compiling typed-builder v0.10.0
[INFO] [stderr]    Compiling derivative v2.2.0
[INFO] [stderr]    Compiling uuid v1.3.0
[INFO] [stderr]    Compiling geo-types v0.7.9
[INFO] [stderr]    Compiling serde_bytes v0.11.9
[INFO] [stderr]    Compiling serde_with v1.14.0
[INFO] [stderr]    Compiling bson v2.5.0
[INFO] [stderr]    Compiling sha-1 v0.10.1
[INFO] [stderr]    Compiling sha2 v0.10.6
[INFO] [stderr]    Compiling rustls-pemfile v0.3.0
[INFO] [stderr]    Compiling webpki-roots v0.22.6
[INFO] [stderr]    Compiling geographiclib-rs v0.2.3
[INFO] [stderr]    Compiling hmac v0.12.1
[INFO] [stderr]    Compiling md-5 v0.10.5
[INFO] [stderr]    Compiling pbkdf2 v0.10.1
[INFO] [stderr]    Compiling stringprep v0.1.2
[INFO] [stderr]    Compiling os_info v3.6.0
[INFO] [stderr]    Compiling uuid v0.8.2
[INFO] [stderr]    Compiling dirs-sys v0.4.0
[INFO] [stderr]    Compiling csv-core v0.1.10
[INFO] [stderr]    Compiling robust v0.2.3
[INFO] [stderr]    Compiling assert_approx_eq v1.1.0
[INFO] [stderr]    Compiling unsafe-libyaml v0.2.7
[INFO] [stderr]    Compiling take_mut v0.2.2
[INFO] [stderr]    Compiling xml-rs v0.8.4
[INFO] [stderr]    Compiling float_next_after v1.0.0
[INFO] [stderr]    Compiling csv v1.2.1
[INFO] [stderr]    Compiling geo v0.24.0
[INFO] [stderr]    Compiling dirs v5.0.0
[INFO] [stderr]    Compiling argopt v0.3.0
[INFO] [stderr]    Compiling serde_yaml v0.9.19
[INFO] [stderr]    Compiling mongodb v2.3.1
[INFO] [stderr]    Compiling gpx v0.8.6
[INFO] [stderr]    Compiling location2gpx v0.1.0 (/opt/rustwide/workdir)
[INFO] [stderr]     Finished dev [unoptimized + debuginfo] target(s) in 1m 24s
[INFO] running `Command { std: "docker" "inspect" "151459367f2a03f076a484ae5355a66ce0330b7c7684cbe4526b964c5d9fd286", kill_on_drop: false }`
[INFO] running `Command { std: "docker" "rm" "-f" "151459367f2a03f076a484ae5355a66ce0330b7c7684cbe4526b964c5d9fd286", kill_on_drop: false }`
[INFO] [stdout] 151459367f2a03f076a484ae5355a66ce0330b7c7684cbe4526b964c5d9fd286
[INFO] running `Command { std: "docker" "create" "-v" "/var/lib/crater-agent-workspace/builds/worker-7-tc2/target:/opt/rustwide/target:rw,Z" "-v" "/var/lib/crater-agent-workspace/builds/worker-7-tc2/source:/opt/rustwide/workdir:ro,Z" "-v" "/var/lib/crater-agent-workspace/cargo-home:/opt/rustwide/cargo-home:ro,Z" "-v" "/var/lib/crater-agent-workspace/rustup-home:/opt/rustwide/rustup-home:ro,Z" "-e" "SOURCE_DIR=/opt/rustwide/workdir" "-e" "CARGO_TARGET_DIR=/opt/rustwide/target" "-e" "CARGO_INCREMENTAL=0" "-e" "RUST_BACKTRACE=full" "-e" "RUSTFLAGS=--cap-lints=warn" "-e" "RUSTDOCFLAGS=--cap-lints=warn" "-e" "CARGO_HOME=/opt/rustwide/cargo-home" "-e" "RUSTUP_HOME=/opt/rustwide/rustup-home" "-w" "/opt/rustwide/workdir" "-m" "1610612736" "--user" "0:0" "--network" "none" "ghcr.io/rust-lang/crates-build-env/linux@sha256:5ff2268d62e97bff2cde7d5815dd6ed5b47097566f13b8d0ca110b04b60e07ed" "/opt/rustwide/cargo-home/bin/cargo" "+beta-2023-04-20" "test" "--frozen" "--no-run" "--message-format=json", kill_on_drop: false }`
[INFO] [stdout] bafcabec12bc506afaf489bb7dc8525fb9c06ae539cd33edb184ccf56e298c34
[INFO] running `Command { std: "docker" "start" "-a" "bafcabec12bc506afaf489bb7dc8525fb9c06ae539cd33edb184ccf56e298c34", kill_on_drop: false }`
[INFO] [stderr]    Compiling location2gpx v0.1.0 (/opt/rustwide/workdir)
[INFO] [stderr]     Finished test [unoptimized + debuginfo] target(s) in 7.31s
[INFO] running `Command { std: "docker" "inspect" "bafcabec12bc506afaf489bb7dc8525fb9c06ae539cd33edb184ccf56e298c34", kill_on_drop: false }`
[INFO] running `Command { std: "docker" "rm" "-f" "bafcabec12bc506afaf489bb7dc8525fb9c06ae539cd33edb184ccf56e298c34", kill_on_drop: false }`
[INFO] [stdout] bafcabec12bc506afaf489bb7dc8525fb9c06ae539cd33edb184ccf56e298c34
[INFO] running `Command { std: "docker" "create" "-v" "/var/lib/crater-agent-workspace/builds/worker-7-tc2/target:/opt/rustwide/target:rw,Z" "-v" "/var/lib/crater-agent-workspace/builds/worker-7-tc2/source:/opt/rustwide/workdir:ro,Z" "-v" "/var/lib/crater-agent-workspace/cargo-home:/opt/rustwide/cargo-home:ro,Z" "-v" "/var/lib/crater-agent-workspace/rustup-home:/opt/rustwide/rustup-home:ro,Z" "-e" "SOURCE_DIR=/opt/rustwide/workdir" "-e" "CARGO_TARGET_DIR=/opt/rustwide/target" "-e" "CARGO_INCREMENTAL=0" "-e" "RUST_BACKTRACE=full" "-e" "RUSTFLAGS=--cap-lints=warn" "-e" "RUSTDOCFLAGS=--cap-lints=warn" "-e" "CARGO_HOME=/opt/rustwide/cargo-home" "-e" "RUSTUP_HOME=/opt/rustwide/rustup-home" "-w" "/opt/rustwide/workdir" "-m" "1610612736" "--user" "0:0" "--network" "none" "ghcr.io/rust-lang/crates-build-env/linux@sha256:5ff2268d62e97bff2cde7d5815dd6ed5b47097566f13b8d0ca110b04b60e07ed" "/opt/rustwide/cargo-home/bin/cargo" "+beta-2023-04-20" "test" "--frozen", kill_on_drop: false }`
[INFO] [stdout] 2655188bca2977ee6c32404293a10a47f098dd72f4e7d573f579ef3774b7bcc7
[INFO] running `Command { std: "docker" "start" "-a" "2655188bca2977ee6c32404293a10a47f098dd72f4e7d573f579ef3774b7bcc7", kill_on_drop: false }`
[INFO] [stderr]     Finished test [unoptimized + debuginfo] target(s) in 0.28s
[INFO] [stderr]      Running unittests src/lib.rs (/opt/rustwide/target/debug/deps/location2gpx-a4fb364d532a465a)
[INFO] [stdout] 
[INFO] [stdout] running 21 tests
[INFO] [stdout] test generator::tests::simple_track_reversed ... ok
[INFO] [stdout] test generator::tracker::parse_track_seg_options ... ok
[INFO] [stdout] test sources::csv_file::tests::extra_fields ... ok
[INFO] [stdout] test generator::tests::source2tracks_with_rotes ... ok
[INFO] [stdout] test generator::tests::simple_gpx ... ok
[INFO] [stdout] test generator::tests::source2tracks ... ok
[INFO] [stdout] test generator::tests::speed_and_elevation_info ... ok
[INFO] [stdout] test generator::tests::simple_track ... ok
[INFO] [stdout] test sources::csv_file::tests::track ... ok
[INFO] [stdout] test sources::csv_file::tests::track_filter_out_failed_positions ... ok
[INFO] [stdout] test sources::csv_file::tests::track_filter ... ok
[INFO] [stdout] test generator::tests::time_segmented_track ... ok
[INFO] [stdout] test generator::tests::simplify_track ... ok
[INFO] [stdout] test sources::parse_fields ... ok
[INFO] [stdout] test sources::mongo::tests::track_filter_out_failed_positions ... FAILED
[INFO] [stdout] test sources::mongo::tests::track_others_fields_types ... FAILED
[INFO] [stdout] test sources::mongo::tests::track_flip_coordinates ... FAILED
[INFO] [stdout] test sources::mongo::tests::track_filter ... FAILED
[INFO] [stderr] error: test failed, to rerun pass `--lib`
[INFO] [stdout] test sources::mongo::tests::track_custom_fields ... FAILED
[INFO] [stdout] test sources::mongo::tests::track ... FAILED
[INFO] [stdout] test sources::mongo::tests::track_route_field ... FAILED
[INFO] [stdout] 
[INFO] [stdout] failures:
[INFO] [stdout] 
[INFO] [stdout] ---- sources::mongo::tests::track_filter_out_failed_positions stdout ----
[INFO] [stdout] Error: "Server selection timeout: No available servers. Topology: { Type: Unknown, Servers: [ { Address: localhost:27017, Type: Unknown, Error: Cannot assign requested address (os error 99) }, ] }"
[INFO] [stdout] 
[INFO] [stdout] ---- sources::mongo::tests::track_others_fields_types stdout ----
[INFO] [stdout] Error: "Server selection timeout: No available servers. Topology: { Type: Unknown, Servers: [ { Address: localhost:27017, Type: Unknown, Error: Cannot assign requested address (os error 99) }, ] }"
[INFO] [stdout] 
[INFO] [stdout] ---- sources::mongo::tests::track_flip_coordinates stdout ----
[INFO] [stdout] Error: "Server selection timeout: No available servers. Topology: { Type: Unknown, Servers: [ { Address: localhost:27017, Type: Unknown, Error: Cannot assign requested address (os error 99) }, ] }"
[INFO] [stdout] 
[INFO] [stdout] ---- sources::mongo::tests::track_filter stdout ----
[INFO] [stdout] Error: "Server selection timeout: No available servers. Topology: { Type: Unknown, Servers: [ { Address: localhost:27017, Type: Unknown, Error: Cannot assign requested address (os error 99) }, ] }"
[INFO] [stdout] 
[INFO] [stdout] ---- sources::mongo::tests::track_custom_fields stdout ----
[INFO] [stdout] Error: "Server selection timeout: No available servers. Topology: { Type: Unknown, Servers: [ { Address: localhost:27017, Type: Unknown, Error: Cannot assign requested address (os error 99) }, ] }"
[INFO] [stdout] 
[INFO] [stdout] ---- sources::mongo::tests::track stdout ----
[INFO] [stdout] Error: "Server selection timeout: No available servers. Topology: { Type: Unknown, Servers: [ { Address: localhost:27017, Type: Unknown, Error: Cannot assign requested address (os error 99) }, ] }"
[INFO] [stdout] 
[INFO] [stdout] ---- sources::mongo::tests::track_route_field stdout ----
[INFO] [stdout] Error: "Server selection timeout: No available servers. Topology: { Type: Unknown, Servers: [ { Address: localhost:27017, Type: Unknown, Error: Cannot assign requested address (os error 99) }, ] }"
[INFO] [stdout] 
[INFO] [stdout] 
[INFO] [stdout] failures:
[INFO] [stdout]     sources::mongo::tests::track
[INFO] [stdout]     sources::mongo::tests::track_custom_fields
[INFO] [stdout]     sources::mongo::tests::track_filter
[INFO] [stdout]     sources::mongo::tests::track_filter_out_failed_positions
[INFO] [stdout]     sources::mongo::tests::track_flip_coordinates
[INFO] [stdout]     sources::mongo::tests::track_others_fields_types
[INFO] [stdout]     sources::mongo::tests::track_route_field
[INFO] [stdout] 
[INFO] [stdout] test result: FAILED. 14 passed; 7 failed; 0 ignored; 0 measured; 0 filtered out; finished in 30.06s
[INFO] [stdout] 
[INFO] running `Command { std: "docker" "inspect" "2655188bca2977ee6c32404293a10a47f098dd72f4e7d573f579ef3774b7bcc7", kill_on_drop: false }`
[INFO] running `Command { std: "docker" "rm" "-f" "2655188bca2977ee6c32404293a10a47f098dd72f4e7d573f579ef3774b7bcc7", kill_on_drop: false }`
[INFO] [stdout] 2655188bca2977ee6c32404293a10a47f098dd72f4e7d573f579ef3774b7bcc7
