[INFO] fetching crate localloc 0.0.1...
[INFO] testing localloc-0.0.1 against beta-2023-04-20 for beta-1.70-1
[INFO] extracting crate localloc 0.0.1 into /workspace/builds/worker-1-tc2/source
[INFO] validating manifest of crates.io crate localloc 0.0.1 on toolchain beta-2023-04-20
[INFO] running `Command { std: CARGO_HOME="/workspace/cargo-home" RUSTUP_HOME="/workspace/rustup-home" "/workspace/cargo-home/bin/cargo" "+beta-2023-04-20" "metadata" "--manifest-path" "Cargo.toml" "--no-deps", kill_on_drop: false }`
[INFO] started tweaking crates.io crate localloc 0.0.1
[INFO] finished tweaking crates.io crate localloc 0.0.1
[INFO] tweaked toml for crates.io crate localloc 0.0.1 written to /workspace/builds/worker-1-tc2/source/Cargo.toml
[INFO] running `Command { std: CARGO_HOME="/workspace/cargo-home" RUSTUP_HOME="/workspace/rustup-home" __CARGO_TEST_CHANNEL_OVERRIDE_DO_NOT_USE_THIS="nightly" "/workspace/cargo-home/bin/cargo" "+beta-2023-04-20" "generate-lockfile" "--manifest-path" "Cargo.toml" "-Zno-index-update", kill_on_drop: false }`
[INFO] running `Command { std: CARGO_HOME="/workspace/cargo-home" RUSTUP_HOME="/workspace/rustup-home" "/workspace/cargo-home/bin/cargo" "+beta-2023-04-20" "fetch" "--manifest-path" "Cargo.toml", kill_on_drop: false }`
[INFO] running `Command { std: "docker" "create" "-v" "/var/lib/crater-agent-workspace/builds/worker-1-tc2/target:/opt/rustwide/target:rw,Z" "-v" "/var/lib/crater-agent-workspace/builds/worker-1-tc2/source:/opt/rustwide/workdir:ro,Z" "-v" "/var/lib/crater-agent-workspace/cargo-home:/opt/rustwide/cargo-home:ro,Z" "-v" "/var/lib/crater-agent-workspace/rustup-home:/opt/rustwide/rustup-home:ro,Z" "-e" "SOURCE_DIR=/opt/rustwide/workdir" "-e" "CARGO_TARGET_DIR=/opt/rustwide/target" "-e" "CARGO_HOME=/opt/rustwide/cargo-home" "-e" "RUSTUP_HOME=/opt/rustwide/rustup-home" "-w" "/opt/rustwide/workdir" "-m" "1610612736" "--user" "0:0" "--network" "none" "ghcr.io/rust-lang/crates-build-env/linux@sha256:5ff2268d62e97bff2cde7d5815dd6ed5b47097566f13b8d0ca110b04b60e07ed" "/opt/rustwide/cargo-home/bin/cargo" "+beta-2023-04-20" "metadata" "--no-deps" "--format-version=1", kill_on_drop: false }`
[INFO] [stdout] e00b3cbadadcc2963fbe9588b5f0c193e7bb6eb902de7d5b9981869f06c1a144
[INFO] running `Command { std: "docker" "start" "-a" "e00b3cbadadcc2963fbe9588b5f0c193e7bb6eb902de7d5b9981869f06c1a144", kill_on_drop: false }`
[INFO] running `Command { std: "docker" "inspect" "e00b3cbadadcc2963fbe9588b5f0c193e7bb6eb902de7d5b9981869f06c1a144", kill_on_drop: false }`
[INFO] running `Command { std: "docker" "rm" "-f" "e00b3cbadadcc2963fbe9588b5f0c193e7bb6eb902de7d5b9981869f06c1a144", kill_on_drop: false }`
[INFO] [stdout] e00b3cbadadcc2963fbe9588b5f0c193e7bb6eb902de7d5b9981869f06c1a144
[INFO] running `Command { std: "docker" "create" "-v" "/var/lib/crater-agent-workspace/builds/worker-1-tc2/target:/opt/rustwide/target:rw,Z" "-v" "/var/lib/crater-agent-workspace/builds/worker-1-tc2/source:/opt/rustwide/workdir:ro,Z" "-v" "/var/lib/crater-agent-workspace/cargo-home:/opt/rustwide/cargo-home:ro,Z" "-v" "/var/lib/crater-agent-workspace/rustup-home:/opt/rustwide/rustup-home:ro,Z" "-e" "SOURCE_DIR=/opt/rustwide/workdir" "-e" "CARGO_TARGET_DIR=/opt/rustwide/target" "-e" "CARGO_INCREMENTAL=0" "-e" "RUST_BACKTRACE=full" "-e" "RUSTFLAGS=--cap-lints=warn" "-e" "RUSTDOCFLAGS=--cap-lints=warn" "-e" "CARGO_HOME=/opt/rustwide/cargo-home" "-e" "RUSTUP_HOME=/opt/rustwide/rustup-home" "-w" "/opt/rustwide/workdir" "-m" "1610612736" "--user" "0:0" "--network" "none" "ghcr.io/rust-lang/crates-build-env/linux@sha256:5ff2268d62e97bff2cde7d5815dd6ed5b47097566f13b8d0ca110b04b60e07ed" "/opt/rustwide/cargo-home/bin/cargo" "+beta-2023-04-20" "build" "--frozen" "--message-format=json", kill_on_drop: false }`
[INFO] [stdout] eab9c17efb1bb4e85047c74460e3f61756380a7df9e5a701af6710685a50762c
[INFO] running `Command { std: "docker" "start" "-a" "eab9c17efb1bb4e85047c74460e3f61756380a7df9e5a701af6710685a50762c", kill_on_drop: false }`
[INFO] [stderr]    Compiling localloc v0.0.1 (/opt/rustwide/workdir)
[INFO] [stderr]     Finished dev [unoptimized + debuginfo] target(s) in 0.09s
[INFO] running `Command { std: "docker" "inspect" "eab9c17efb1bb4e85047c74460e3f61756380a7df9e5a701af6710685a50762c", kill_on_drop: false }`
[INFO] running `Command { std: "docker" "rm" "-f" "eab9c17efb1bb4e85047c74460e3f61756380a7df9e5a701af6710685a50762c", kill_on_drop: false }`
[INFO] [stdout] eab9c17efb1bb4e85047c74460e3f61756380a7df9e5a701af6710685a50762c
[INFO] running `Command { std: "docker" "create" "-v" "/var/lib/crater-agent-workspace/builds/worker-1-tc2/target:/opt/rustwide/target:rw,Z" "-v" "/var/lib/crater-agent-workspace/builds/worker-1-tc2/source:/opt/rustwide/workdir:ro,Z" "-v" "/var/lib/crater-agent-workspace/cargo-home:/opt/rustwide/cargo-home:ro,Z" "-v" "/var/lib/crater-agent-workspace/rustup-home:/opt/rustwide/rustup-home:ro,Z" "-e" "SOURCE_DIR=/opt/rustwide/workdir" "-e" "CARGO_TARGET_DIR=/opt/rustwide/target" "-e" "CARGO_INCREMENTAL=0" "-e" "RUST_BACKTRACE=full" "-e" "RUSTFLAGS=--cap-lints=warn" "-e" "RUSTDOCFLAGS=--cap-lints=warn" "-e" "CARGO_HOME=/opt/rustwide/cargo-home" "-e" "RUSTUP_HOME=/opt/rustwide/rustup-home" "-w" "/opt/rustwide/workdir" "-m" "1610612736" "--user" "0:0" "--network" "none" "ghcr.io/rust-lang/crates-build-env/linux@sha256:5ff2268d62e97bff2cde7d5815dd6ed5b47097566f13b8d0ca110b04b60e07ed" "/opt/rustwide/cargo-home/bin/cargo" "+beta-2023-04-20" "test" "--frozen" "--no-run" "--message-format=json", kill_on_drop: false }`
[INFO] [stdout] 987e9591168bd64a34c9c4a12e99fb2e83b0d1d9d2199c362042af6f68cd964a
[INFO] running `Command { std: "docker" "start" "-a" "987e9591168bd64a34c9c4a12e99fb2e83b0d1d9d2199c362042af6f68cd964a", kill_on_drop: false }`
[INFO] [stderr]    Compiling localloc v0.0.1 (/opt/rustwide/workdir)
[INFO] [stderr]     Finished test [unoptimized + debuginfo] target(s) in 0.25s
[INFO] running `Command { std: "docker" "inspect" "987e9591168bd64a34c9c4a12e99fb2e83b0d1d9d2199c362042af6f68cd964a", kill_on_drop: false }`
[INFO] running `Command { std: "docker" "rm" "-f" "987e9591168bd64a34c9c4a12e99fb2e83b0d1d9d2199c362042af6f68cd964a", kill_on_drop: false }`
[INFO] [stdout] 987e9591168bd64a34c9c4a12e99fb2e83b0d1d9d2199c362042af6f68cd964a
[INFO] running `Command { std: "docker" "create" "-v" "/var/lib/crater-agent-workspace/builds/worker-1-tc2/target:/opt/rustwide/target:rw,Z" "-v" "/var/lib/crater-agent-workspace/builds/worker-1-tc2/source:/opt/rustwide/workdir:ro,Z" "-v" "/var/lib/crater-agent-workspace/cargo-home:/opt/rustwide/cargo-home:ro,Z" "-v" "/var/lib/crater-agent-workspace/rustup-home:/opt/rustwide/rustup-home:ro,Z" "-e" "SOURCE_DIR=/opt/rustwide/workdir" "-e" "CARGO_TARGET_DIR=/opt/rustwide/target" "-e" "CARGO_INCREMENTAL=0" "-e" "RUST_BACKTRACE=full" "-e" "RUSTFLAGS=--cap-lints=warn" "-e" "RUSTDOCFLAGS=--cap-lints=warn" "-e" "CARGO_HOME=/opt/rustwide/cargo-home" "-e" "RUSTUP_HOME=/opt/rustwide/rustup-home" "-w" "/opt/rustwide/workdir" "-m" "1610612736" "--user" "0:0" "--network" "none" "ghcr.io/rust-lang/crates-build-env/linux@sha256:5ff2268d62e97bff2cde7d5815dd6ed5b47097566f13b8d0ca110b04b60e07ed" "/opt/rustwide/cargo-home/bin/cargo" "+beta-2023-04-20" "test" "--frozen", kill_on_drop: false }`
[INFO] [stdout] 36d23625c8b7ce791fc09f7a9cc3a51b5fc99d86e66a0792d18e956c74df2e77
[INFO] running `Command { std: "docker" "start" "-a" "36d23625c8b7ce791fc09f7a9cc3a51b5fc99d86e66a0792d18e956c74df2e77", kill_on_drop: false }`
[INFO] [stderr]     Finished test [unoptimized + debuginfo] target(s) in 0.00s
[INFO] [stderr]      Running unittests src/lib.rs (/opt/rustwide/target/debug/deps/localloc-37fbd118d345a320)
[INFO] [stdout] 
[INFO] [stdout] running 1 test
[INFO] [stdout] test tests::it_works ... ok
[INFO] [stdout] 
[INFO] [stdout] test result: ok. 1 passed; 0 failed; 0 ignored; 0 measured; 0 filtered out; finished in 0.00s
[INFO] [stdout] 
[INFO] [stderr]    Doc-tests localloc
[INFO] [stdout] 
[INFO] [stdout] running 4 tests
[INFO] [stdout] test src/alloc.rs - alloc::LocalAlloc (line 23) - compile ... ok
[INFO] [stdout] test src/boxed.rs - boxed::LocalBox<dynAny+Send,A>::downcast (line 360) ... FAILED
[INFO] [stdout] test src/boxed.rs - boxed::LocalBox<dynAny,A>::downcast (line 329) ... FAILED
[INFO] [stdout] test src/boxed.rs - boxed::LocalBox<T,A>::new (line 44) ... ok
[INFO] [stdout] 
[INFO] [stdout] failures:
[INFO] [stdout] 
[INFO] [stdout] ---- src/boxed.rs - boxed::LocalBox<dynAny+Send,A>::downcast (line 360) stdout ----
[INFO] [stdout] error[E0412]: cannot find type `LocalBox` in this scope
[INFO] [stdout]  --> src/boxed.rs:363:27
[INFO] [stdout]   |
[INFO] [stdout] 5 | fn print_if_string(value: LocalBox<dyn Any + Send>) {
[INFO] [stdout]   |                           ^^^^^^^^ not found in this scope
[INFO] [stdout]   |
[INFO] [stdout] help: consider importing this struct
[INFO] [stdout]   |
[INFO] [stdout] 2 + use localloc::boxed::LocalBox;
[INFO] [stdout]   |
[INFO] [stdout] 
[INFO] [stdout] error: aborting due to previous error
[INFO] [stdout] 
[INFO] [stdout] For more information about this error, try `rustc --explain E0412`.
[INFO] [stdout] Couldn't compile the test.
[INFO] [stdout] ---- src/boxed.rs - boxed::LocalBox<dynAny,A>::downcast (line 329) stdout ----
[INFO] [stdout] error[E0412]: cannot find type `LocalBox` in this scope
[INFO] [stdout]  --> src/boxed.rs:332:27
[INFO] [stdout]   |
[INFO] [stdout] 5 | fn print_if_string(value: LocalBox<dyn Any>) {
[INFO] [stdout]   |                           ^^^^^^^^ not found in this scope
[INFO] [stdout]   |
[INFO] [stdout] help: consider importing this struct
[INFO] [stdout]   |
[INFO] [stdout] 2 + use localloc::boxed::LocalBox;
[INFO] [stdout]   |
[INFO] [stdout] 
[INFO] [stdout] error: aborting due to previous error
[INFO] [stdout] 
[INFO] [stdout] For more information about this error, try `rustc --explain E0412`.
[INFO] [stdout] Couldn't compile the test.
[INFO] [stdout] 
[INFO] [stdout] failures:
[INFO] [stdout]     src/boxed.rs - boxed::LocalBox<dynAny+Send,A>::downcast (line 360)
[INFO] [stdout]     src/boxed.rs - boxed::LocalBox<dynAny,A>::downcast (line 329)
[INFO] [stdout] 
[INFO] [stdout] test result: FAILED. 2 passed; 2 failed; 0 ignored; 0 measured; 0 filtered out; finished in 0.12s
[INFO] [stdout] 
[INFO] [stderr] error: doctest failed, to rerun pass `--doc`
[INFO] running `Command { std: "docker" "inspect" "36d23625c8b7ce791fc09f7a9cc3a51b5fc99d86e66a0792d18e956c74df2e77", kill_on_drop: false }`
[INFO] running `Command { std: "docker" "rm" "-f" "36d23625c8b7ce791fc09f7a9cc3a51b5fc99d86e66a0792d18e956c74df2e77", kill_on_drop: false }`
[INFO] [stdout] 36d23625c8b7ce791fc09f7a9cc3a51b5fc99d86e66a0792d18e956c74df2e77
