[INFO] fetching crate loading 0.3.0...
[INFO] testing loading-0.3.0 against beta-2023-04-20 for beta-1.70-1
[INFO] extracting crate loading 0.3.0 into /workspace/builds/worker-4-tc2/source
[INFO] validating manifest of crates.io crate loading 0.3.0 on toolchain beta-2023-04-20
[INFO] running `Command { std: CARGO_HOME="/workspace/cargo-home" RUSTUP_HOME="/workspace/rustup-home" "/workspace/cargo-home/bin/cargo" "+beta-2023-04-20" "metadata" "--manifest-path" "Cargo.toml" "--no-deps", kill_on_drop: false }`
[INFO] started tweaking crates.io crate loading 0.3.0
[INFO] finished tweaking crates.io crate loading 0.3.0
[INFO] tweaked toml for crates.io crate loading 0.3.0 written to /workspace/builds/worker-4-tc2/source/Cargo.toml
[INFO] crate crates.io crate loading 0.3.0 already has a lockfile, it will not be regenerated
[INFO] running `Command { std: CARGO_HOME="/workspace/cargo-home" RUSTUP_HOME="/workspace/rustup-home" "/workspace/cargo-home/bin/cargo" "+beta-2023-04-20" "fetch" "--manifest-path" "Cargo.toml", kill_on_drop: false }`
[INFO] [stderr]     Blocking waiting for file lock on package cache
[INFO] running `Command { std: "docker" "create" "-v" "/var/lib/crater-agent-workspace/builds/worker-4-tc2/target:/opt/rustwide/target:rw,Z" "-v" "/var/lib/crater-agent-workspace/builds/worker-4-tc2/source:/opt/rustwide/workdir:ro,Z" "-v" "/var/lib/crater-agent-workspace/cargo-home:/opt/rustwide/cargo-home:ro,Z" "-v" "/var/lib/crater-agent-workspace/rustup-home:/opt/rustwide/rustup-home:ro,Z" "-e" "SOURCE_DIR=/opt/rustwide/workdir" "-e" "CARGO_TARGET_DIR=/opt/rustwide/target" "-e" "CARGO_HOME=/opt/rustwide/cargo-home" "-e" "RUSTUP_HOME=/opt/rustwide/rustup-home" "-w" "/opt/rustwide/workdir" "-m" "1610612736" "--user" "0:0" "--network" "none" "ghcr.io/rust-lang/crates-build-env/linux@sha256:5ff2268d62e97bff2cde7d5815dd6ed5b47097566f13b8d0ca110b04b60e07ed" "/opt/rustwide/cargo-home/bin/cargo" "+beta-2023-04-20" "metadata" "--no-deps" "--format-version=1", kill_on_drop: false }`
[INFO] [stdout] 0b415c7e475b17ab5054c0a3745b5a46797214a3f253ace4fe0f6b473258371e
[INFO] running `Command { std: "docker" "start" "-a" "0b415c7e475b17ab5054c0a3745b5a46797214a3f253ace4fe0f6b473258371e", kill_on_drop: false }`
[INFO] running `Command { std: "docker" "inspect" "0b415c7e475b17ab5054c0a3745b5a46797214a3f253ace4fe0f6b473258371e", kill_on_drop: false }`
[INFO] running `Command { std: "docker" "rm" "-f" "0b415c7e475b17ab5054c0a3745b5a46797214a3f253ace4fe0f6b473258371e", kill_on_drop: false }`
[INFO] [stdout] 0b415c7e475b17ab5054c0a3745b5a46797214a3f253ace4fe0f6b473258371e
[INFO] running `Command { std: "docker" "create" "-v" "/var/lib/crater-agent-workspace/builds/worker-4-tc2/target:/opt/rustwide/target:rw,Z" "-v" "/var/lib/crater-agent-workspace/builds/worker-4-tc2/source:/opt/rustwide/workdir:ro,Z" "-v" "/var/lib/crater-agent-workspace/cargo-home:/opt/rustwide/cargo-home:ro,Z" "-v" "/var/lib/crater-agent-workspace/rustup-home:/opt/rustwide/rustup-home:ro,Z" "-e" "SOURCE_DIR=/opt/rustwide/workdir" "-e" "CARGO_TARGET_DIR=/opt/rustwide/target" "-e" "CARGO_INCREMENTAL=0" "-e" "RUST_BACKTRACE=full" "-e" "RUSTFLAGS=--cap-lints=warn" "-e" "RUSTDOCFLAGS=--cap-lints=warn" "-e" "CARGO_HOME=/opt/rustwide/cargo-home" "-e" "RUSTUP_HOME=/opt/rustwide/rustup-home" "-w" "/opt/rustwide/workdir" "-m" "1610612736" "--user" "0:0" "--network" "none" "ghcr.io/rust-lang/crates-build-env/linux@sha256:5ff2268d62e97bff2cde7d5815dd6ed5b47097566f13b8d0ca110b04b60e07ed" "/opt/rustwide/cargo-home/bin/cargo" "+beta-2023-04-20" "build" "--frozen" "--message-format=json", kill_on_drop: false }`
[INFO] [stdout] 6c166ee45aa602dc0b5753ba8cb16c962d95b426e252e95d1ae67ad33cbf6c13
[INFO] running `Command { std: "docker" "start" "-a" "6c166ee45aa602dc0b5753ba8cb16c962d95b426e252e95d1ae67ad33cbf6c13", kill_on_drop: false }`
[INFO] [stderr]    Compiling loading v0.3.0 (/opt/rustwide/workdir)
[INFO] [stderr]     Finished dev [unoptimized + debuginfo] target(s) in 0.44s
[INFO] running `Command { std: "docker" "inspect" "6c166ee45aa602dc0b5753ba8cb16c962d95b426e252e95d1ae67ad33cbf6c13", kill_on_drop: false }`
[INFO] running `Command { std: "docker" "rm" "-f" "6c166ee45aa602dc0b5753ba8cb16c962d95b426e252e95d1ae67ad33cbf6c13", kill_on_drop: false }`
[INFO] [stdout] 6c166ee45aa602dc0b5753ba8cb16c962d95b426e252e95d1ae67ad33cbf6c13
[INFO] running `Command { std: "docker" "create" "-v" "/var/lib/crater-agent-workspace/builds/worker-4-tc2/target:/opt/rustwide/target:rw,Z" "-v" "/var/lib/crater-agent-workspace/builds/worker-4-tc2/source:/opt/rustwide/workdir:ro,Z" "-v" "/var/lib/crater-agent-workspace/cargo-home:/opt/rustwide/cargo-home:ro,Z" "-v" "/var/lib/crater-agent-workspace/rustup-home:/opt/rustwide/rustup-home:ro,Z" "-e" "SOURCE_DIR=/opt/rustwide/workdir" "-e" "CARGO_TARGET_DIR=/opt/rustwide/target" "-e" "CARGO_INCREMENTAL=0" "-e" "RUST_BACKTRACE=full" "-e" "RUSTFLAGS=--cap-lints=warn" "-e" "RUSTDOCFLAGS=--cap-lints=warn" "-e" "CARGO_HOME=/opt/rustwide/cargo-home" "-e" "RUSTUP_HOME=/opt/rustwide/rustup-home" "-w" "/opt/rustwide/workdir" "-m" "1610612736" "--user" "0:0" "--network" "none" "ghcr.io/rust-lang/crates-build-env/linux@sha256:5ff2268d62e97bff2cde7d5815dd6ed5b47097566f13b8d0ca110b04b60e07ed" "/opt/rustwide/cargo-home/bin/cargo" "+beta-2023-04-20" "test" "--frozen" "--no-run" "--message-format=json", kill_on_drop: false }`
[INFO] [stdout] 9c6f9abefa4a044bdcaad8b3bf79c6afc681ddcb67b0eaa4946ca1e325c94411
[INFO] running `Command { std: "docker" "start" "-a" "9c6f9abefa4a044bdcaad8b3bf79c6afc681ddcb67b0eaa4946ca1e325c94411", kill_on_drop: false }`
[INFO] [stderr]    Compiling loading v0.3.0 (/opt/rustwide/workdir)
[INFO] [stderr]     Finished test [unoptimized + debuginfo] target(s) in 0.53s
[INFO] running `Command { std: "docker" "inspect" "9c6f9abefa4a044bdcaad8b3bf79c6afc681ddcb67b0eaa4946ca1e325c94411", kill_on_drop: false }`
[INFO] running `Command { std: "docker" "rm" "-f" "9c6f9abefa4a044bdcaad8b3bf79c6afc681ddcb67b0eaa4946ca1e325c94411", kill_on_drop: false }`
[INFO] [stdout] 9c6f9abefa4a044bdcaad8b3bf79c6afc681ddcb67b0eaa4946ca1e325c94411
[INFO] running `Command { std: "docker" "create" "-v" "/var/lib/crater-agent-workspace/builds/worker-4-tc2/target:/opt/rustwide/target:rw,Z" "-v" "/var/lib/crater-agent-workspace/builds/worker-4-tc2/source:/opt/rustwide/workdir:ro,Z" "-v" "/var/lib/crater-agent-workspace/cargo-home:/opt/rustwide/cargo-home:ro,Z" "-v" "/var/lib/crater-agent-workspace/rustup-home:/opt/rustwide/rustup-home:ro,Z" "-e" "SOURCE_DIR=/opt/rustwide/workdir" "-e" "CARGO_TARGET_DIR=/opt/rustwide/target" "-e" "CARGO_INCREMENTAL=0" "-e" "RUST_BACKTRACE=full" "-e" "RUSTFLAGS=--cap-lints=warn" "-e" "RUSTDOCFLAGS=--cap-lints=warn" "-e" "CARGO_HOME=/opt/rustwide/cargo-home" "-e" "RUSTUP_HOME=/opt/rustwide/rustup-home" "-w" "/opt/rustwide/workdir" "-m" "1610612736" "--user" "0:0" "--network" "none" "ghcr.io/rust-lang/crates-build-env/linux@sha256:5ff2268d62e97bff2cde7d5815dd6ed5b47097566f13b8d0ca110b04b60e07ed" "/opt/rustwide/cargo-home/bin/cargo" "+beta-2023-04-20" "test" "--frozen", kill_on_drop: false }`
[INFO] [stdout] 7d0a89a4362641bc15f28e4ebd78d25d0934d37c77f2d878d3fb7219c3eed393
[INFO] running `Command { std: "docker" "start" "-a" "7d0a89a4362641bc15f28e4ebd78d25d0934d37c77f2d878d3fb7219c3eed393", kill_on_drop: false }`
[INFO] [stderr]     Finished test [unoptimized + debuginfo] target(s) in 0.01s
[INFO] [stderr]      Running unittests src/lib.rs (/opt/rustwide/target/debug/deps/loading-4523d8807629d7b0)
[INFO] [stderr]    Doc-tests loading
[INFO] [stdout] 
[INFO] [stdout] running 0 tests
[INFO] [stdout] 
[INFO] [stdout] test result: ok. 0 passed; 0 failed; 0 ignored; 0 measured; 0 filtered out; finished in 0.00s
[INFO] [stdout] 
[INFO] [stdout] 
[INFO] [stdout] running 3 tests
[INFO] [stdout] test src/lib.rs - Spinner::new (line 161) ... FAILED
[INFO] [stdout] test src/lib.rs - Spinner::new (line 165) ... FAILED
[INFO] [stdout] test src/lib.rs - (line 2) ... ok
[INFO] [stdout] 
[INFO] [stdout] failures:
[INFO] [stdout] 
[INFO] [stdout] ---- src/lib.rs - Spinner::new (line 161) stdout ----
[INFO] [stdout] error: expected `;`, found `}`
[INFO] [stdout]  --> src/lib.rs:162:58
[INFO] [stdout]   |
[INFO] [stdout] 3 | let spin = Spinner::new(vec!["∙∙∙", "●∙∙", "∙●∙", "∙∙●"])
[INFO] [stdout]   |                                                          ^ help: add `;` here
[INFO] [stdout] 4 | } _doctest_main_src_lib_rs_161_0() }
[INFO] [stdout]   | - unexpected token
[INFO] [stdout] 
[INFO] [stdout] error[E0433]: failed to resolve: use of undeclared type `Spinner`
[INFO] [stdout]  --> src/lib.rs:162:12
[INFO] [stdout]   |
[INFO] [stdout] 3 | let spin = Spinner::new(vec!["∙∙∙", "●∙∙", "∙●∙", "∙∙●"])
[INFO] [stdout]   |            ^^^^^^^ use of undeclared type `Spinner`
[INFO] [stdout]   |
[INFO] [stdout] help: consider importing this struct
[INFO] [stdout]   |
[INFO] [stdout] 2 + use loading::Spinner;
[INFO] [stdout]   |
[INFO] [stdout] 
[INFO] [stdout] error: aborting due to 2 previous errors
[INFO] [stdout] 
[INFO] [stdout] For more information about this error, try `rustc --explain E0433`.
[INFO] [stdout] Couldn't compile the test.
[INFO] [stdout] ---- src/lib.rs - Spinner::new (line 165) stdout ----
[INFO] [stdout] error: expected `;`, found `}`
[INFO] [stdout]  --> src/lib.rs:166:50
[INFO] [stdout]   |
[INFO] [stdout] 3 | let spin = Spinner::new(vec!["+", "-", "*", "/"])
[INFO] [stdout]   |                                                  ^ help: add `;` here
[INFO] [stdout] 4 | } _doctest_main_src_lib_rs_165_0() }
[INFO] [stdout]   | - unexpected token
[INFO] [stdout] 
[INFO] [stdout] error[E0433]: failed to resolve: use of undeclared type `Spinner`
[INFO] [stdout]  --> src/lib.rs:166:12
[INFO] [stdout]   |
[INFO] [stdout] 3 | let spin = Spinner::new(vec!["+", "-", "*", "/"])
[INFO] [stdout]   |            ^^^^^^^ use of undeclared type `Spinner`
[INFO] [stdout]   |
[INFO] [stdout] help: consider importing this struct
[INFO] [stdout]   |
[INFO] [stdout] 2 + use loading::Spinner;
[INFO] [stdout]   |
[INFO] [stdout] 
[INFO] [stdout] error: aborting due to 2 previous errors
[INFO] [stdout] 
[INFO] [stdout] For more information about this error, try `rustc --explain E0433`.
[INFO] [stdout] Couldn't compile the test.
[INFO] [stdout] 
[INFO] [stdout] failures:
[INFO] [stdout]     src/lib.rs - Spinner::new (line 161)
[INFO] [stdout]     src/lib.rs - Spinner::new (line 165)
[INFO] [stdout] 
[INFO] [stdout] test result: FAILED. 1 passed; 2 failed; 0 ignored; 0 measured; 0 filtered out; finished in 5.42s
[INFO] [stdout] 
[INFO] [stderr] error: doctest failed, to rerun pass `--doc`
[INFO] running `Command { std: "docker" "inspect" "7d0a89a4362641bc15f28e4ebd78d25d0934d37c77f2d878d3fb7219c3eed393", kill_on_drop: false }`
[INFO] running `Command { std: "docker" "rm" "-f" "7d0a89a4362641bc15f28e4ebd78d25d0934d37c77f2d878d3fb7219c3eed393", kill_on_drop: false }`
[INFO] [stdout] 7d0a89a4362641bc15f28e4ebd78d25d0934d37c77f2d878d3fb7219c3eed393
