[INFO] fetching crate loadenv 0.1.4...
[INFO] testing loadenv-0.1.4 against beta-2023-04-20 for beta-1.70-1
[INFO] extracting crate loadenv 0.1.4 into /workspace/builds/worker-6-tc2/source
[INFO] validating manifest of crates.io crate loadenv 0.1.4 on toolchain beta-2023-04-20
[INFO] running `Command { std: CARGO_HOME="/workspace/cargo-home" RUSTUP_HOME="/workspace/rustup-home" "/workspace/cargo-home/bin/cargo" "+beta-2023-04-20" "metadata" "--manifest-path" "Cargo.toml" "--no-deps", kill_on_drop: false }`
[INFO] started tweaking crates.io crate loadenv 0.1.4
[INFO] finished tweaking crates.io crate loadenv 0.1.4
[INFO] tweaked toml for crates.io crate loadenv 0.1.4 written to /workspace/builds/worker-6-tc2/source/Cargo.toml
[INFO] crate crates.io crate loadenv 0.1.4 already has a lockfile, it will not be regenerated
[INFO] running `Command { std: CARGO_HOME="/workspace/cargo-home" RUSTUP_HOME="/workspace/rustup-home" "/workspace/cargo-home/bin/cargo" "+beta-2023-04-20" "fetch" "--manifest-path" "Cargo.toml", kill_on_drop: false }`
[INFO] running `Command { std: "docker" "create" "-v" "/var/lib/crater-agent-workspace/builds/worker-6-tc2/target:/opt/rustwide/target:rw,Z" "-v" "/var/lib/crater-agent-workspace/builds/worker-6-tc2/source:/opt/rustwide/workdir:ro,Z" "-v" "/var/lib/crater-agent-workspace/cargo-home:/opt/rustwide/cargo-home:ro,Z" "-v" "/var/lib/crater-agent-workspace/rustup-home:/opt/rustwide/rustup-home:ro,Z" "-e" "SOURCE_DIR=/opt/rustwide/workdir" "-e" "CARGO_TARGET_DIR=/opt/rustwide/target" "-e" "CARGO_HOME=/opt/rustwide/cargo-home" "-e" "RUSTUP_HOME=/opt/rustwide/rustup-home" "-w" "/opt/rustwide/workdir" "-m" "1610612736" "--user" "0:0" "--network" "none" "ghcr.io/rust-lang/crates-build-env/linux@sha256:5ff2268d62e97bff2cde7d5815dd6ed5b47097566f13b8d0ca110b04b60e07ed" "/opt/rustwide/cargo-home/bin/cargo" "+beta-2023-04-20" "metadata" "--no-deps" "--format-version=1", kill_on_drop: false }`
[INFO] [stdout] d50fbb94199a4c8cc08d0e9f185b430b3e2cec887ec3ce2eab53efa9a12120b8
[INFO] running `Command { std: "docker" "start" "-a" "d50fbb94199a4c8cc08d0e9f185b430b3e2cec887ec3ce2eab53efa9a12120b8", kill_on_drop: false }`
[INFO] running `Command { std: "docker" "inspect" "d50fbb94199a4c8cc08d0e9f185b430b3e2cec887ec3ce2eab53efa9a12120b8", kill_on_drop: false }`
[INFO] running `Command { std: "docker" "rm" "-f" "d50fbb94199a4c8cc08d0e9f185b430b3e2cec887ec3ce2eab53efa9a12120b8", kill_on_drop: false }`
[INFO] [stdout] d50fbb94199a4c8cc08d0e9f185b430b3e2cec887ec3ce2eab53efa9a12120b8
[INFO] running `Command { std: "docker" "create" "-v" "/var/lib/crater-agent-workspace/builds/worker-6-tc2/target:/opt/rustwide/target:rw,Z" "-v" "/var/lib/crater-agent-workspace/builds/worker-6-tc2/source:/opt/rustwide/workdir:ro,Z" "-v" "/var/lib/crater-agent-workspace/cargo-home:/opt/rustwide/cargo-home:ro,Z" "-v" "/var/lib/crater-agent-workspace/rustup-home:/opt/rustwide/rustup-home:ro,Z" "-e" "SOURCE_DIR=/opt/rustwide/workdir" "-e" "CARGO_TARGET_DIR=/opt/rustwide/target" "-e" "CARGO_INCREMENTAL=0" "-e" "RUST_BACKTRACE=full" "-e" "RUSTFLAGS=--cap-lints=warn" "-e" "RUSTDOCFLAGS=--cap-lints=warn" "-e" "CARGO_HOME=/opt/rustwide/cargo-home" "-e" "RUSTUP_HOME=/opt/rustwide/rustup-home" "-w" "/opt/rustwide/workdir" "-m" "1610612736" "--user" "0:0" "--network" "none" "ghcr.io/rust-lang/crates-build-env/linux@sha256:5ff2268d62e97bff2cde7d5815dd6ed5b47097566f13b8d0ca110b04b60e07ed" "/opt/rustwide/cargo-home/bin/cargo" "+beta-2023-04-20" "build" "--frozen" "--message-format=json", kill_on_drop: false }`
[INFO] [stdout] 2fd199387f4fe4af5aa3bfddbfcb029954c683054c401c4965d81699184b8608
[INFO] running `Command { std: "docker" "start" "-a" "2fd199387f4fe4af5aa3bfddbfcb029954c683054c401c4965d81699184b8608", kill_on_drop: false }`
[INFO] [stderr]    Compiling loadenv v0.1.4 (/opt/rustwide/workdir)
[INFO] [stderr]     Finished dev [unoptimized + debuginfo] target(s) in 0.22s
[INFO] running `Command { std: "docker" "inspect" "2fd199387f4fe4af5aa3bfddbfcb029954c683054c401c4965d81699184b8608", kill_on_drop: false }`
[INFO] running `Command { std: "docker" "rm" "-f" "2fd199387f4fe4af5aa3bfddbfcb029954c683054c401c4965d81699184b8608", kill_on_drop: false }`
[INFO] [stdout] 2fd199387f4fe4af5aa3bfddbfcb029954c683054c401c4965d81699184b8608
[INFO] running `Command { std: "docker" "create" "-v" "/var/lib/crater-agent-workspace/builds/worker-6-tc2/target:/opt/rustwide/target:rw,Z" "-v" "/var/lib/crater-agent-workspace/builds/worker-6-tc2/source:/opt/rustwide/workdir:ro,Z" "-v" "/var/lib/crater-agent-workspace/cargo-home:/opt/rustwide/cargo-home:ro,Z" "-v" "/var/lib/crater-agent-workspace/rustup-home:/opt/rustwide/rustup-home:ro,Z" "-e" "SOURCE_DIR=/opt/rustwide/workdir" "-e" "CARGO_TARGET_DIR=/opt/rustwide/target" "-e" "CARGO_INCREMENTAL=0" "-e" "RUST_BACKTRACE=full" "-e" "RUSTFLAGS=--cap-lints=warn" "-e" "RUSTDOCFLAGS=--cap-lints=warn" "-e" "CARGO_HOME=/opt/rustwide/cargo-home" "-e" "RUSTUP_HOME=/opt/rustwide/rustup-home" "-w" "/opt/rustwide/workdir" "-m" "1610612736" "--user" "0:0" "--network" "none" "ghcr.io/rust-lang/crates-build-env/linux@sha256:5ff2268d62e97bff2cde7d5815dd6ed5b47097566f13b8d0ca110b04b60e07ed" "/opt/rustwide/cargo-home/bin/cargo" "+beta-2023-04-20" "test" "--frozen" "--no-run" "--message-format=json", kill_on_drop: false }`
[INFO] [stdout] c58963136740e7926a2d266b39d3396d011290a0c22b2e9bb9a73f124ca90e32
[INFO] running `Command { std: "docker" "start" "-a" "c58963136740e7926a2d266b39d3396d011290a0c22b2e9bb9a73f124ca90e32", kill_on_drop: false }`
[INFO] [stderr]    Compiling loadenv v0.1.4 (/opt/rustwide/workdir)
[INFO] [stderr]     Finished test [unoptimized + debuginfo] target(s) in 0.77s
[INFO] running `Command { std: "docker" "inspect" "c58963136740e7926a2d266b39d3396d011290a0c22b2e9bb9a73f124ca90e32", kill_on_drop: false }`
[INFO] running `Command { std: "docker" "rm" "-f" "c58963136740e7926a2d266b39d3396d011290a0c22b2e9bb9a73f124ca90e32", kill_on_drop: false }`
[INFO] [stdout] c58963136740e7926a2d266b39d3396d011290a0c22b2e9bb9a73f124ca90e32
[INFO] running `Command { std: "docker" "create" "-v" "/var/lib/crater-agent-workspace/builds/worker-6-tc2/target:/opt/rustwide/target:rw,Z" "-v" "/var/lib/crater-agent-workspace/builds/worker-6-tc2/source:/opt/rustwide/workdir:ro,Z" "-v" "/var/lib/crater-agent-workspace/cargo-home:/opt/rustwide/cargo-home:ro,Z" "-v" "/var/lib/crater-agent-workspace/rustup-home:/opt/rustwide/rustup-home:ro,Z" "-e" "SOURCE_DIR=/opt/rustwide/workdir" "-e" "CARGO_TARGET_DIR=/opt/rustwide/target" "-e" "CARGO_INCREMENTAL=0" "-e" "RUST_BACKTRACE=full" "-e" "RUSTFLAGS=--cap-lints=warn" "-e" "RUSTDOCFLAGS=--cap-lints=warn" "-e" "CARGO_HOME=/opt/rustwide/cargo-home" "-e" "RUSTUP_HOME=/opt/rustwide/rustup-home" "-w" "/opt/rustwide/workdir" "-m" "1610612736" "--user" "0:0" "--network" "none" "ghcr.io/rust-lang/crates-build-env/linux@sha256:5ff2268d62e97bff2cde7d5815dd6ed5b47097566f13b8d0ca110b04b60e07ed" "/opt/rustwide/cargo-home/bin/cargo" "+beta-2023-04-20" "test" "--frozen", kill_on_drop: false }`
[INFO] [stdout] 42378037a4c4e9ae5c466b3ea5538bd52e807679f2b60916afea0ea24fa890af
[INFO] running `Command { std: "docker" "start" "-a" "42378037a4c4e9ae5c466b3ea5538bd52e807679f2b60916afea0ea24fa890af", kill_on_drop: false }`
[INFO] [stderr]     Finished test [unoptimized + debuginfo] target(s) in 0.01s
[INFO] [stderr]      Running unittests src/lib.rs (/opt/rustwide/target/debug/deps/loadenv-a7100d527dc08804)
[INFO] [stdout] 
[INFO] [stdout] running 53 tests
[INFO] [stdout] test parse::test_parse::begins_with_assignment_error_on_line_1 ... ok
[INFO] [stdout] test parse::test_parse::comment_line ... ok
[INFO] [stdout] test parse::test_parse::begins_with_assignment_error_on_line_2 ... ok
[INFO] [stdout] test parse::test_parse::example_1 ... ok
[INFO] [stdout] test parse::test_parse::illegal_char_error_on_line_2 ... ok
[INFO] [stdout] test parse::test_parse::mixed_example ... ok
[INFO] [stdout] test parse::test_parse::remove_raw_processing ... ok
[INFO] [stdout] test parse::test_parse::empty_line ... ok
[INFO] [stdout] test parse::test_parse::three_comment_lines ... ok
[INFO] [stdout] test parse::test_parse::example_2 ... ok
[INFO] [stdout] test parse::test_parse::three_empty_lines ... ok
[INFO] [stdout] test parse::test_parse::three_lines ... ok
[INFO] [stdout] test parse::test_parse::three_whitespace_lines ... ok
[INFO] [stdout] test parse::test_parse_line::comment ... ok
[INFO] [stdout] test parse::test_parse_line::comment_with_whitespace ... ok
[INFO] [stdout] test parse::test_parse_line::empty_line ... ok
[INFO] [stdout] test parse::test_parse_line::empty_line_whitespace ... ok
[INFO] [stdout] test parse::test_parse_line::key_illegal_pair ... ok
[INFO] [stdout] test parse::test_parse_line::key_only ... ok
[INFO] [stdout] test parse::test_parse_line::key_only_all_legal_chars ... ok
[INFO] [stdout] test parse::test_parse_line::key_only_illegal_chars ... ok
[INFO] [stdout] test parse::test_parse_line::key_only_leading_whitespace ... ok
[INFO] [stdout] test parse::test_parse_line::key_only_numeric ... ok
[INFO] [stdout] test parse::test_parse_line::key_only_trailing_whitespace ... ok
[INFO] [stdout] test parse::test_parse_line::key_only_underscore ... ok
[INFO] [stdout] test parse::test_parse_line::key_only_whitespace ... ok
[INFO] [stdout] test parse::test_parse_line::key_val ... ok
[INFO] [stdout] test parse::test_parse_line::key_val_between_whitespace ... ok
[INFO] [stdout] test parse::test_parse_line::key_val_empty ... ok
[INFO] [stdout] test parse::test_parse_line::key_val_empty_leading_between_whitespace ... ok
[INFO] [stdout] test parse::test_parse_line::key_val_trailing_between_whitespace ... ok
[INFO] [stdout] test parse::test_parse_line::key_val_leading_whitespace ... ok
[INFO] [stdout] test parse::test_parse_line::dollar_sign_is_removed ... ok
[INFO] [stdout] test parse::test_parse_line::key_val_surrounding_whitespace ... ok
[INFO] [stdout] test parse::test_parse_line::key_val_empty_trailing_whitespace ... ok
[INFO] [stdout] test parse::test_parse_line::key_val_illegal_whitespace ... ok
[INFO] [stdout] test parse::test_parse_line::key_val_trailing_whitespace ... ok
[INFO] [stdout] test parse::test_parse_line::key_val_illegal_chars_in_val ... ok
[INFO] [stdout] test parse::test_parse_line::key_val_leading_between_whitespace ... ok
[INFO] [stdout] test parse::test_parse_line::key_val_raw_is_removed ... ok
[INFO] [stdout] test parse::test_parse_line::key_val_empty_whitespace ... ok
[INFO] [stdout] test parse::test_parse_line::key_val_empty_leading_whitespace ... ok
[INFO] [stdout] test parse::test_parse::illegal_char_error_on_line_1 ... ok
[INFO] [stdout] test parse::test_parse_line::key_val_raw_is_removed_with_whitespace ... ok
[INFO] [stdout] test parse::test_parse::two_lines ... ok
[INFO] [stdout] test parse::test_parse::three_lines_with_comment ... ok
[INFO] [stdout] test parse::test_parse::one_line ... ok
[INFO] [stderr]      Running tests/load.rs (/opt/rustwide/target/debug/deps/load-38a54b64761ad083)
[INFO] [stdout] test parse::test_parse_line::key_val_whitespace ... ok
[INFO] [stdout] test parse::test_parse_line::val_only ... ok
[INFO] [stdout] test parse::test_parse_line::val_only_leading_whitespace ... ok
[INFO] [stdout] test parse::test_parse_line::val_only_trailing_whitespace ... ok
[INFO] [stdout] test parse::test_parse_line::val_only_whitespace ... ok
[INFO] [stdout] test parse::test_parse_line::val_only_surrounding_whitespace ... ok
[INFO] [stdout] 
[INFO] [stdout] test result: ok. 53 passed; 0 failed; 0 ignored; 0 measured; 0 filtered out; finished in 0.03s
[INFO] [stdout] 
[INFO] [stdout] 
[INFO] [stdout] running 1 test
[INFO] [stdout] test load_example ... ok
[INFO] [stdout] 
[INFO] [stdout] test result: ok. 1 passed; 0 failed; 0 ignored; 0 measured; 0 filtered out; finished in 0.00s
[INFO] [stdout] 
[INFO] [stderr]      Running tests/load_buf.rs (/opt/rustwide/target/debug/deps/load_buf-5aeaf1380a3cffcc)
[INFO] [stdout] 
[INFO] [stdout] running 6 tests
[INFO] [stdout] test load_buf_example ... ok
[INFO] [stdout] test load_buf_example_2 ... ok
[INFO] [stdout] test load_buf_keep_last ... ok
[INFO] [stdout] test load_buf_overwrite_environment ... ok
[INFO] [stdout] test load_buf_err_illegal_char ... ok
[INFO] [stdout] test load_buf_err_begins_with_assignment ... FAILED
[INFO] [stdout] 
[INFO] [stdout] failures:
[INFO] [stdout] 
[INFO] [stdout] ---- load_buf_err_begins_with_assignment stdout ----
[INFO] [stdout] thread 'load_buf_err_begins_with_assignment' panicked at 'assertion failed: env::var(\"FOO\").is_err()', tests/load_buf.rs:52:5
[INFO] [stdout] note: run with `RUST_BACKTRACE=1` environment variable to display a backtrace
[INFO] [stdout] 
[INFO] [stdout] 
[INFO] [stdout] failures:
[INFO] [stdout]     load_buf_err_begins_with_assignment
[INFO] [stdout] 
[INFO] [stdout] test result: FAILED. 5 passed; 1 failed; 0 ignored; 0 measured; 0 filtered out; finished in 0.01s
[INFO] [stdout] 
[INFO] [stderr] error: test failed, to rerun pass `--test load_buf`
[INFO] running `Command { std: "docker" "inspect" "42378037a4c4e9ae5c466b3ea5538bd52e807679f2b60916afea0ea24fa890af", kill_on_drop: false }`
[INFO] running `Command { std: "docker" "rm" "-f" "42378037a4c4e9ae5c466b3ea5538bd52e807679f2b60916afea0ea24fa890af", kill_on_drop: false }`
[INFO] [stdout] 42378037a4c4e9ae5c466b3ea5538bd52e807679f2b60916afea0ea24fa890af
