[INFO] fetching crate lmb_engine_simulator 0.1.0...
[INFO] testing lmb_engine_simulator-0.1.0 against beta-2023-04-20 for beta-1.70-1
[INFO] extracting crate lmb_engine_simulator 0.1.0 into /workspace/builds/worker-4-tc2/source
[INFO] validating manifest of crates.io crate lmb_engine_simulator 0.1.0 on toolchain beta-2023-04-20
[INFO] running `Command { std: CARGO_HOME="/workspace/cargo-home" RUSTUP_HOME="/workspace/rustup-home" "/workspace/cargo-home/bin/cargo" "+beta-2023-04-20" "metadata" "--manifest-path" "Cargo.toml" "--no-deps", kill_on_drop: false }`
[INFO] started tweaking crates.io crate lmb_engine_simulator 0.1.0
[INFO] finished tweaking crates.io crate lmb_engine_simulator 0.1.0
[INFO] tweaked toml for crates.io crate lmb_engine_simulator 0.1.0 written to /workspace/builds/worker-4-tc2/source/Cargo.toml
[INFO] crate crates.io crate lmb_engine_simulator 0.1.0 already has a lockfile, it will not be regenerated
[INFO] running `Command { std: CARGO_HOME="/workspace/cargo-home" RUSTUP_HOME="/workspace/rustup-home" "/workspace/cargo-home/bin/cargo" "+beta-2023-04-20" "fetch" "--manifest-path" "Cargo.toml", kill_on_drop: false }`
[INFO] [stderr]     Updating crates.io index
[INFO] [stderr]  Downloading crates ...
[INFO] [stderr]   Downloaded gnuplot v0.0.34
[INFO] [stderr]   Downloaded dyn-clone v1.0.2
[INFO] running `Command { std: "docker" "create" "-v" "/var/lib/crater-agent-workspace/builds/worker-4-tc2/target:/opt/rustwide/target:rw,Z" "-v" "/var/lib/crater-agent-workspace/builds/worker-4-tc2/source:/opt/rustwide/workdir:ro,Z" "-v" "/var/lib/crater-agent-workspace/cargo-home:/opt/rustwide/cargo-home:ro,Z" "-v" "/var/lib/crater-agent-workspace/rustup-home:/opt/rustwide/rustup-home:ro,Z" "-e" "SOURCE_DIR=/opt/rustwide/workdir" "-e" "CARGO_TARGET_DIR=/opt/rustwide/target" "-e" "CARGO_HOME=/opt/rustwide/cargo-home" "-e" "RUSTUP_HOME=/opt/rustwide/rustup-home" "-w" "/opt/rustwide/workdir" "-m" "1610612736" "--user" "0:0" "--network" "none" "ghcr.io/rust-lang/crates-build-env/linux@sha256:5ff2268d62e97bff2cde7d5815dd6ed5b47097566f13b8d0ca110b04b60e07ed" "/opt/rustwide/cargo-home/bin/cargo" "+beta-2023-04-20" "metadata" "--no-deps" "--format-version=1", kill_on_drop: false }`
[INFO] [stdout] c2a78ae7cf9799db1b90a48a0eebaa5fa2867762986671768b104ad11e671053
[INFO] running `Command { std: "docker" "start" "-a" "c2a78ae7cf9799db1b90a48a0eebaa5fa2867762986671768b104ad11e671053", kill_on_drop: false }`
[INFO] running `Command { std: "docker" "inspect" "c2a78ae7cf9799db1b90a48a0eebaa5fa2867762986671768b104ad11e671053", kill_on_drop: false }`
[INFO] running `Command { std: "docker" "rm" "-f" "c2a78ae7cf9799db1b90a48a0eebaa5fa2867762986671768b104ad11e671053", kill_on_drop: false }`
[INFO] [stdout] c2a78ae7cf9799db1b90a48a0eebaa5fa2867762986671768b104ad11e671053
[INFO] running `Command { std: "docker" "create" "-v" "/var/lib/crater-agent-workspace/builds/worker-4-tc2/target:/opt/rustwide/target:rw,Z" "-v" "/var/lib/crater-agent-workspace/builds/worker-4-tc2/source:/opt/rustwide/workdir:ro,Z" "-v" "/var/lib/crater-agent-workspace/cargo-home:/opt/rustwide/cargo-home:ro,Z" "-v" "/var/lib/crater-agent-workspace/rustup-home:/opt/rustwide/rustup-home:ro,Z" "-e" "SOURCE_DIR=/opt/rustwide/workdir" "-e" "CARGO_TARGET_DIR=/opt/rustwide/target" "-e" "CARGO_INCREMENTAL=0" "-e" "RUST_BACKTRACE=full" "-e" "RUSTFLAGS=--cap-lints=warn" "-e" "RUSTDOCFLAGS=--cap-lints=warn" "-e" "CARGO_HOME=/opt/rustwide/cargo-home" "-e" "RUSTUP_HOME=/opt/rustwide/rustup-home" "-w" "/opt/rustwide/workdir" "-m" "1610612736" "--user" "0:0" "--network" "none" "ghcr.io/rust-lang/crates-build-env/linux@sha256:5ff2268d62e97bff2cde7d5815dd6ed5b47097566f13b8d0ca110b04b60e07ed" "/opt/rustwide/cargo-home/bin/cargo" "+beta-2023-04-20" "build" "--frozen" "--message-format=json", kill_on_drop: false }`
[INFO] [stdout] b680f078eefe5ddf5ad9500921c9ae6a64bf96362105d411c1d1b904544f3735
[INFO] running `Command { std: "docker" "start" "-a" "b680f078eefe5ddf5ad9500921c9ae6a64bf96362105d411c1d1b904544f3735", kill_on_drop: false }`
[INFO] [stderr]    Compiling autocfg v1.0.0
[INFO] [stderr]    Compiling proc-macro2 v1.0.9
[INFO] [stderr]    Compiling unicode-xid v0.2.0
[INFO] [stderr]    Compiling syn v1.0.17
[INFO] [stderr]    Compiling byteorder v1.3.4
[INFO] [stderr]    Compiling serde v1.0.105
[INFO] [stderr]    Compiling ryu v1.0.3
[INFO] [stderr]    Compiling rawpointer v0.2.1
[INFO] [stderr]    Compiling either v1.5.3
[INFO] [stderr]    Compiling ndarray v0.13.0
[INFO] [stderr]    Compiling itertools v0.8.2
[INFO] [stderr]    Compiling matrixmultiply v0.2.3
[INFO] [stderr]    Compiling itoa v0.4.5
[INFO] [stderr]    Compiling ansi_term v0.12.1
[INFO] [stderr]    Compiling num-traits v0.2.11
[INFO] [stderr]    Compiling num-integer v0.1.42
[INFO] [stderr]    Compiling num-complex v0.2.4
[INFO] [stderr]    Compiling dyn-clone v1.0.2
[INFO] [stderr]    Compiling quote v1.0.3
[INFO] [stderr]    Compiling gnuplot v0.0.34
[INFO] [stderr]    Compiling serde_derive v1.0.105
[INFO] [stderr]    Compiling serde_json v1.0.48
[INFO] [stderr]    Compiling lmb_engine_simulator v0.1.0 (/opt/rustwide/workdir)
[INFO] [stdout] warning: field `max_lift` is never read
[INFO] [stdout]   --> src/connector/valve.rs:21:5
[INFO] [stdout]    |
[INFO] [stdout] 13 | pub struct Valve {
[INFO] [stdout]    |            ----- field in this struct
[INFO] [stdout] ...
[INFO] [stdout] 21 |     max_lift: f64,
[INFO] [stdout]    |     ^^^^^^^^
[INFO] [stdout]    |
[INFO] [stdout]    = note: `Valve` has a derived impl for the trait `Clone`, but this is intentionally ignored during dead code analysis
[INFO] [stdout]    = note: `#[warn(dead_code)]` on by default
[INFO] [stdout] 
[INFO] [stdout] 
[INFO] [stdout] warning: fields `time_opened`, `acceler_ratio`, and `max_lift_diam_ratio` are never read
[INFO] [stdout]    --> src/connector/valve.rs:374:5
[INFO] [stdout]     |
[INFO] [stdout] 373 | struct ValveLift {
[INFO] [stdout]     |        --------- fields in this struct
[INFO] [stdout] 374 |     time_opened: f64, //in crank angle degree
[INFO] [stdout]     |     ^^^^^^^^^^^
[INFO] [stdout] 375 |     acceler_ratio: f64,
[INFO] [stdout]     |     ^^^^^^^^^^^^^
[INFO] [stdout] 376 |     max_lift_diam_ratio: f64,
[INFO] [stdout]     |     ^^^^^^^^^^^^^^^^^^^
[INFO] [stdout]     |
[INFO] [stdout]     = note: `ValveLift` has derived impls for the traits `Clone` and `Debug`, but these are intentionally ignored during dead code analysis
[INFO] [stdout] 
[INFO] [stdout] 
[INFO] [stdout] warning: field `air_fuel_ratio` is never read
[INFO] [stdout]   --> src/reaction/combustion.rs:36:5
[INFO] [stdout]    |
[INFO] [stdout] 27 | pub struct TwoZoneCombustion {
[INFO] [stdout]    |            ----------------- field in this struct
[INFO] [stdout] ...
[INFO] [stdout] 36 |     air_fuel_ratio: f64,
[INFO] [stdout]    |     ^^^^^^^^^^^^^^
[INFO] [stdout]    |
[INFO] [stdout]    = note: `TwoZoneCombustion` has derived impls for the traits `Clone` and `Debug`, but these are intentionally ignored during dead code analysis
[INFO] [stdout] 
[INFO] [stdout] 
[INFO] [stdout] warning: 3 warnings emitted
[INFO] [stdout] 
[INFO] [stdout] 
[INFO] [stderr]     Finished dev [unoptimized + debuginfo] target(s) in 18.86s
[INFO] running `Command { std: "docker" "inspect" "b680f078eefe5ddf5ad9500921c9ae6a64bf96362105d411c1d1b904544f3735", kill_on_drop: false }`
[INFO] running `Command { std: "docker" "rm" "-f" "b680f078eefe5ddf5ad9500921c9ae6a64bf96362105d411c1d1b904544f3735", kill_on_drop: false }`
[INFO] [stdout] b680f078eefe5ddf5ad9500921c9ae6a64bf96362105d411c1d1b904544f3735
[INFO] running `Command { std: "docker" "create" "-v" "/var/lib/crater-agent-workspace/builds/worker-4-tc2/target:/opt/rustwide/target:rw,Z" "-v" "/var/lib/crater-agent-workspace/builds/worker-4-tc2/source:/opt/rustwide/workdir:ro,Z" "-v" "/var/lib/crater-agent-workspace/cargo-home:/opt/rustwide/cargo-home:ro,Z" "-v" "/var/lib/crater-agent-workspace/rustup-home:/opt/rustwide/rustup-home:ro,Z" "-e" "SOURCE_DIR=/opt/rustwide/workdir" "-e" "CARGO_TARGET_DIR=/opt/rustwide/target" "-e" "CARGO_INCREMENTAL=0" "-e" "RUST_BACKTRACE=full" "-e" "RUSTFLAGS=--cap-lints=warn" "-e" "RUSTDOCFLAGS=--cap-lints=warn" "-e" "CARGO_HOME=/opt/rustwide/cargo-home" "-e" "RUSTUP_HOME=/opt/rustwide/rustup-home" "-w" "/opt/rustwide/workdir" "-m" "1610612736" "--user" "0:0" "--network" "none" "ghcr.io/rust-lang/crates-build-env/linux@sha256:5ff2268d62e97bff2cde7d5815dd6ed5b47097566f13b8d0ca110b04b60e07ed" "/opt/rustwide/cargo-home/bin/cargo" "+beta-2023-04-20" "test" "--frozen" "--no-run" "--message-format=json", kill_on_drop: false }`
[INFO] [stdout] a32fc7af99801f378aab38bdae18ba551a6b30625f8c6772fcc7f0fcebb74129
[INFO] running `Command { std: "docker" "start" "-a" "a32fc7af99801f378aab38bdae18ba551a6b30625f8c6772fcc7f0fcebb74129", kill_on_drop: false }`
[INFO] [stderr]    Compiling lmb_engine_simulator v0.1.0 (/opt/rustwide/workdir)
[INFO] [stdout] warning: field `max_lift` is never read
[INFO] [stdout]   --> src/connector/valve.rs:21:5
[INFO] [stdout]    |
[INFO] [stdout] 13 | pub struct Valve {
[INFO] [stdout]    |            ----- field in this struct
[INFO] [stdout] ...
[INFO] [stdout] 21 |     max_lift: f64,
[INFO] [stdout]    |     ^^^^^^^^
[INFO] [stdout]    |
[INFO] [stdout]    = note: `Valve` has a derived impl for the trait `Clone`, but this is intentionally ignored during dead code analysis
[INFO] [stdout]    = note: `#[warn(dead_code)]` on by default
[INFO] [stdout] 
[INFO] [stdout] 
[INFO] [stdout] warning: fields `time_opened`, `acceler_ratio`, and `max_lift_diam_ratio` are never read
[INFO] [stdout]    --> src/connector/valve.rs:374:5
[INFO] [stdout]     |
[INFO] [stdout] 373 | struct ValveLift {
[INFO] [stdout]     |        --------- fields in this struct
[INFO] [stdout] 374 |     time_opened: f64, //in crank angle degree
[INFO] [stdout]     |     ^^^^^^^^^^^
[INFO] [stdout] 375 |     acceler_ratio: f64,
[INFO] [stdout]     |     ^^^^^^^^^^^^^
[INFO] [stdout] 376 |     max_lift_diam_ratio: f64,
[INFO] [stdout]     |     ^^^^^^^^^^^^^^^^^^^
[INFO] [stdout]     |
[INFO] [stdout]     = note: `ValveLift` has derived impls for the traits `Clone` and `Debug`, but these are intentionally ignored during dead code analysis
[INFO] [stdout] 
[INFO] [stdout] 
[INFO] [stdout] warning: field `air_fuel_ratio` is never read
[INFO] [stdout]   --> src/reaction/combustion.rs:36:5
[INFO] [stdout]    |
[INFO] [stdout] 27 | pub struct TwoZoneCombustion {
[INFO] [stdout]    |            ----------------- field in this struct
[INFO] [stdout] ...
[INFO] [stdout] 36 |     air_fuel_ratio: f64,
[INFO] [stdout]    |     ^^^^^^^^^^^^^^
[INFO] [stdout]    |
[INFO] [stdout]    = note: `TwoZoneCombustion` has derived impls for the traits `Clone` and `Debug`, but these are intentionally ignored during dead code analysis
[INFO] [stdout] 
[INFO] [stdout] 
[INFO] [stdout] warning: 3 warnings emitted
[INFO] [stdout] 
[INFO] [stdout] 
[INFO] [stdout] warning: crate `Ryobi_26_engine` should have a snake case name
[INFO] [stdout]   |
[INFO] [stdout]   = help: convert the identifier to snake case: `ryobi_26_engine`
[INFO] [stdout]   = note: `#[warn(non_snake_case)]` on by default
[INFO] [stdout] 
[INFO] [stdout] 
[INFO] [stdout] warning: 1 warning emitted
[INFO] [stdout] 
[INFO] [stdout] 
[INFO] [stdout] warning: field `max_lift` is never read
[INFO] [stdout]   --> src/connector/valve.rs:21:5
[INFO] [stdout]    |
[INFO] [stdout] 13 | pub struct Valve {
[INFO] [stdout]    |            ----- field in this struct
[INFO] [stdout] ...
[INFO] [stdout] 21 |     max_lift: f64,
[INFO] [stdout]    |     ^^^^^^^^
[INFO] [stdout]    |
[INFO] [stdout]    = note: `Valve` has a derived impl for the trait `Clone`, but this is intentionally ignored during dead code analysis
[INFO] [stdout]    = note: `#[warn(dead_code)]` on by default
[INFO] [stdout] 
[INFO] [stdout] 
[INFO] [stdout] warning: fields `time_opened`, `acceler_ratio`, and `max_lift_diam_ratio` are never read
[INFO] [stdout]    --> src/connector/valve.rs:374:5
[INFO] [stdout]     |
[INFO] [stdout] 373 | struct ValveLift {
[INFO] [stdout]     |        --------- fields in this struct
[INFO] [stdout] 374 |     time_opened: f64, //in crank angle degree
[INFO] [stdout]     |     ^^^^^^^^^^^
[INFO] [stdout] 375 |     acceler_ratio: f64,
[INFO] [stdout]     |     ^^^^^^^^^^^^^
[INFO] [stdout] 376 |     max_lift_diam_ratio: f64,
[INFO] [stdout]     |     ^^^^^^^^^^^^^^^^^^^
[INFO] [stdout]     |
[INFO] [stdout]     = note: `ValveLift` has derived impls for the traits `Clone` and `Debug`, but these are intentionally ignored during dead code analysis
[INFO] [stdout] 
[INFO] [stdout] 
[INFO] [stdout] warning: field `air_fuel_ratio` is never read
[INFO] [stdout]   --> src/reaction/combustion.rs:36:5
[INFO] [stdout]    |
[INFO] [stdout] 27 | pub struct TwoZoneCombustion {
[INFO] [stdout]    |            ----------------- field in this struct
[INFO] [stdout] ...
[INFO] [stdout] 36 |     air_fuel_ratio: f64,
[INFO] [stdout]    |     ^^^^^^^^^^^^^^
[INFO] [stdout]    |
[INFO] [stdout]    = note: `TwoZoneCombustion` has derived impls for the traits `Clone` and `Debug`, but these are intentionally ignored during dead code analysis
[INFO] [stdout] 
[INFO] [stdout] 
[INFO] [stdout] warning: 3 warnings emitted
[INFO] [stdout] 
[INFO] [stdout] 
[INFO] [stderr]     Finished test [unoptimized + debuginfo] target(s) in 1.49s
[INFO] running `Command { std: "docker" "inspect" "a32fc7af99801f378aab38bdae18ba551a6b30625f8c6772fcc7f0fcebb74129", kill_on_drop: false }`
[INFO] running `Command { std: "docker" "rm" "-f" "a32fc7af99801f378aab38bdae18ba551a6b30625f8c6772fcc7f0fcebb74129", kill_on_drop: false }`
[INFO] [stdout] a32fc7af99801f378aab38bdae18ba551a6b30625f8c6772fcc7f0fcebb74129
[INFO] running `Command { std: "docker" "create" "-v" "/var/lib/crater-agent-workspace/builds/worker-4-tc2/target:/opt/rustwide/target:rw,Z" "-v" "/var/lib/crater-agent-workspace/builds/worker-4-tc2/source:/opt/rustwide/workdir:ro,Z" "-v" "/var/lib/crater-agent-workspace/cargo-home:/opt/rustwide/cargo-home:ro,Z" "-v" "/var/lib/crater-agent-workspace/rustup-home:/opt/rustwide/rustup-home:ro,Z" "-e" "SOURCE_DIR=/opt/rustwide/workdir" "-e" "CARGO_TARGET_DIR=/opt/rustwide/target" "-e" "CARGO_INCREMENTAL=0" "-e" "RUST_BACKTRACE=full" "-e" "RUSTFLAGS=--cap-lints=warn" "-e" "RUSTDOCFLAGS=--cap-lints=warn" "-e" "CARGO_HOME=/opt/rustwide/cargo-home" "-e" "RUSTUP_HOME=/opt/rustwide/rustup-home" "-w" "/opt/rustwide/workdir" "-m" "1610612736" "--user" "0:0" "--network" "none" "ghcr.io/rust-lang/crates-build-env/linux@sha256:5ff2268d62e97bff2cde7d5815dd6ed5b47097566f13b8d0ca110b04b60e07ed" "/opt/rustwide/cargo-home/bin/cargo" "+beta-2023-04-20" "test" "--frozen", kill_on_drop: false }`
[INFO] [stdout] 630341a7c634d9f07a3365bf4c3a15fd4b58e533293f449d9e5348fd269c7f7a
[INFO] running `Command { std: "docker" "start" "-a" "630341a7c634d9f07a3365bf4c3a15fd4b58e533293f449d9e5348fd269c7f7a", kill_on_drop: false }`
[INFO] [stderr] warning: field `max_lift` is never read
[INFO] [stderr]   --> src/connector/valve.rs:21:5
[INFO] [stderr]    |
[INFO] [stderr] 13 | pub struct Valve {
[INFO] [stderr]    |            ----- field in this struct
[INFO] [stderr] ...
[INFO] [stderr] 21 |     max_lift: f64,
[INFO] [stderr]    |     ^^^^^^^^
[INFO] [stderr]    |
[INFO] [stderr]    = note: `Valve` has a derived impl for the trait `Clone`, but this is intentionally ignored during dead code analysis
[INFO] [stderr]    = note: `#[warn(dead_code)]` on by default
[INFO] [stderr] 
[INFO] [stderr] warning: fields `time_opened`, `acceler_ratio`, and `max_lift_diam_ratio` are never read
[INFO] [stderr]    --> src/connector/valve.rs:374:5
[INFO] [stderr]     |
[INFO] [stderr] 373 | struct ValveLift {
[INFO] [stderr]     |        --------- fields in this struct
[INFO] [stderr] 374 |     time_opened: f64, //in crank angle degree
[INFO] [stderr]     |     ^^^^^^^^^^^
[INFO] [stderr] 375 |     acceler_ratio: f64,
[INFO] [stderr]     |     ^^^^^^^^^^^^^
[INFO] [stderr] 376 |     max_lift_diam_ratio: f64,
[INFO] [stderr]     |     ^^^^^^^^^^^^^^^^^^^
[INFO] [stderr]     |
[INFO] [stderr]     = note: `ValveLift` has derived impls for the traits `Clone` and `Debug`, but these are intentionally ignored during dead code analysis
[INFO] [stderr] 
[INFO] [stderr] warning: field `air_fuel_ratio` is never read
[INFO] [stderr]   --> src/reaction/combustion.rs:36:5
[INFO] [stderr]    |
[INFO] [stderr] 27 | pub struct TwoZoneCombustion {
[INFO] [stderr]    |            ----------------- field in this struct
[INFO] [stderr] ...
[INFO] [stderr] 36 |     air_fuel_ratio: f64,
[INFO] [stderr]    |     ^^^^^^^^^^^^^^
[INFO] [stderr]    |
[INFO] [stderr]    = note: `TwoZoneCombustion` has derived impls for the traits `Clone` and `Debug`, but these are intentionally ignored during dead code analysis
[INFO] [stderr] 
[INFO] [stderr] warning: `lmb_engine_simulator` (lib) generated 3 warnings
[INFO] [stderr] warning: `lmb_engine_simulator` (lib test) generated 3 warnings (3 duplicates)
[INFO] [stderr] warning: crate `Ryobi_26_engine` should have a snake case name
[INFO] [stderr]   |
[INFO] [stderr]   = help: convert the identifier to snake case: `ryobi_26_engine`
[INFO] [stderr]   = note: `#[warn(non_snake_case)]` on by default
[INFO] [stderr] 
[INFO] [stderr] warning: `lmb_engine_simulator` (example "Ryobi_26_engine") generated 1 warning
[INFO] [stderr]     Finished test [unoptimized + debuginfo] target(s) in 0.04s
[INFO] [stderr]      Running unittests src/lib.rs (/opt/rustwide/target/debug/deps/lmb_engine_simulator-c2079e4a97e82712)
[INFO] [stdout] 
[INFO] [stdout] running 1 test
[INFO] [stdout] test tests::it_works ... ok
[INFO] [stdout] 
[INFO] [stdout] test result: ok. 1 passed; 0 failed; 0 ignored; 0 measured; 0 filtered out; finished in 0.01s
[INFO] [stdout] 
[INFO] [stderr]      Running unittests src/main.rs (/opt/rustwide/target/debug/deps/lmb_engine_simulator-61f32135c0692504)
[INFO] [stdout] 
[INFO] [stdout] running 0 tests
[INFO] [stdout] 
[INFO] [stdout] test result: ok. 0 passed; 0 failed; 0 ignored; 0 measured; 0 filtered out; finished in 0.00s
[INFO] [stdout] 
[INFO] [stderr]    Doc-tests lmb_engine_simulator
[INFO] [stdout] 
[INFO] [stdout] running 10 tests
[INFO] [stdout] test src/doc/ryobi_26cm3_engine.rs - doc::ryobi_26cm3_engine (line 5) ... FAILED
[INFO] [stdout] test src/lib.rs - (line 81) ... FAILED
[INFO] [stdout] test src/reaction/gas.rs - reaction::gas::Gas::TPX (line 71) ... FAILED
[INFO] [stdout] test src/reaction/gas.rs - reaction::gas::Gas::TP (line 55) ... FAILED
[INFO] [stdout] test src/numerics/ode_solvers.rs - numerics::ode_solvers::rk4_step (line 12) ... FAILED
[INFO] [stdout] test src/reaction/gas.rs - reaction::gas::Gas::X (line 89) ... FAILED
[INFO] [stdout] test src/reaction/gas.rs - reaction::gas::Gas::if_mixed_with (line 132) ... FAILED
[INFO] [stdout] test src/doc/ryobi_26cm3_engine.rs - doc::ryobi_26cm3_engine (line 60) ... FAILED
[INFO] [stdout] test src/lib.rs - (line 34) ... FAILED
[INFO] [stderr] error: doctest failed, to rerun pass `--doc`
[INFO] [stdout] test src/lib.rs - (line 147) ... FAILED
[INFO] [stdout] 
[INFO] [stdout] failures:
[INFO] [stdout] 
[INFO] [stdout] ---- src/doc/ryobi_26cm3_engine.rs - doc::ryobi_26cm3_engine (line 5) stdout ----
[INFO] [stdout] error: expected type, found `7500.0`
[INFO] [stdout]  --> src/doc/ryobi_26cm3_engine.rs:7:14
[INFO] [stdout]   |
[INFO] [stdout] 4 |     "speed": 7500.0,
[INFO] [stdout]   |            - ^^^^^^ expected type
[INFO] [stdout]   |            |
[INFO] [stdout]   |            tried to parse a type due to this
[INFO] [stdout] 
[INFO] [stdout] error: aborting due to previous error
[INFO] [stdout] 
[INFO] [stdout] Couldn't compile the test.
[INFO] [stdout] ---- src/lib.rs - (line 81) stdout ----
[INFO] [stdout] error: expected type, found `3000.0`
[INFO] [stdout]  --> src/lib.rs:83:14
[INFO] [stdout]   |
[INFO] [stdout] 4 |     "speed": 3000.0,
[INFO] [stdout]   |            - ^^^^^^ expected type
[INFO] [stdout]   |            |
[INFO] [stdout]   |            tried to parse a type due to this
[INFO] [stdout] 
[INFO] [stdout] error: aborting due to previous error
[INFO] [stdout] 
[INFO] [stdout] Couldn't compile the test.
[INFO] [stdout] ---- src/reaction/gas.rs - reaction::gas::Gas::TPX (line 71) stdout ----
[INFO] [stdout] error[E0425]: cannot find value `gas` in this scope
[INFO] [stdout]  --> src/reaction/gas.rs:75:1
[INFO] [stdout]   |
[INFO] [stdout] 6 | gas.TPX(temp, press, mol_frac);
[INFO] [stdout]   | ^^^ not found in this scope
[INFO] [stdout] 
[INFO] [stdout] error[E0425]: cannot find value `mol_frac` in this scope
[INFO] [stdout]  --> src/reaction/gas.rs:75:22
[INFO] [stdout]   |
[INFO] [stdout] 6 | gas.TPX(temp, press, mol_frac);
[INFO] [stdout]   |                      ^^^^^^^^ help: a local variable with a similar name exists: `mole_frac`
[INFO] [stdout] 
[INFO] [stdout] error[E0425]: cannot find value `gas` in this scope
[INFO] [stdout]  --> src/reaction/gas.rs:76:17
[INFO] [stdout]   |
[INFO] [stdout] 7 | assert_eq!(350, gas.T());
[INFO] [stdout]   |                 ^^^ not found in this scope
[INFO] [stdout] 
[INFO] [stdout] error[E0425]: cannot find value `gas` in this scope
[INFO] [stdout]  --> src/reaction/gas.rs:77:17
[INFO] [stdout]   |
[INFO] [stdout] 8 | assert_eq!(2e5, gas.P());
[INFO] [stdout]   |                 ^^^ not found in this scope
[INFO] [stdout] 
[INFO] [stdout] error[E0425]: cannot find value `gas` in this scope
[INFO] [stdout]  --> src/reaction/gas.rs:78:18
[INFO] [stdout]   |
[INFO] [stdout] 9 | assert_eq!(0.21, gas.mol_frac_of("O2"));
[INFO] [stdout]   |                  ^^^ not found in this scope
[INFO] [stdout] 
[INFO] [stdout] error: aborting due to 5 previous errors
[INFO] [stdout] 
[INFO] [stdout] For more information about this error, try `rustc --explain E0425`.
[INFO] [stdout] Couldn't compile the test.
[INFO] [stdout] ---- src/reaction/gas.rs - reaction::gas::Gas::TP (line 55) stdout ----
[INFO] [stdout] error[E0425]: cannot find value `gas` in this scope
[INFO] [stdout]  --> src/reaction/gas.rs:58:1
[INFO] [stdout]   |
[INFO] [stdout] 5 | gas.TP(temp, press);
[INFO] [stdout]   | ^^^ not found in this scope
[INFO] [stdout] 
[INFO] [stdout] error[E0425]: cannot find value `gas` in this scope
[INFO] [stdout]  --> src/reaction/gas.rs:59:17
[INFO] [stdout]   |
[INFO] [stdout] 6 | assert_eq!(350, gas.T());
[INFO] [stdout]   |                 ^^^ not found in this scope
[INFO] [stdout] 
[INFO] [stdout] error[E0425]: cannot find value `gas` in this scope
[INFO] [stdout]  --> src/reaction/gas.rs:60:17
[INFO] [stdout]   |
[INFO] [stdout] 7 | assert_eq!(2e5, gas.P());
[INFO] [stdout]   |                 ^^^ not found in this scope
[INFO] [stdout] 
[INFO] [stdout] error: aborting due to 3 previous errors
[INFO] [stdout] 
[INFO] [stdout] For more information about this error, try `rustc --explain E0425`.
[INFO] [stdout] Couldn't compile the test.
[INFO] [stdout] ---- src/numerics/ode_solvers.rs - numerics::ode_solvers::rk4_step (line 12) stdout ----
[INFO] [stdout] error: cannot find macro `array` in this scope
[INFO] [stdout]  --> src/numerics/ode_solvers.rs:14:5
[INFO] [stdout]   |
[INFO] [stdout] 4 |     array![ c[0] * (x[1] - x[0]),
[INFO] [stdout]   |     ^^^^^
[INFO] [stdout]   |
[INFO] [stdout]   = help: consider importing this macro:
[INFO] [stdout]           ndarray::array
[INFO] [stdout] 
[INFO] [stdout] error: cannot find macro `array` in this scope
[INFO] [stdout]  --> src/numerics/ode_solvers.rs:18:17
[INFO] [stdout]   |
[INFO] [stdout] 8 | let ini_state = array![0.1, 0.1, 0.1];
[INFO] [stdout]   |                 ^^^^^
[INFO] [stdout]   |
[INFO] [stdout]   = help: consider importing this macro:
[INFO] [stdout]           ndarray::array
[INFO] [stdout] 
[INFO] [stdout] error[E0412]: cannot find type `f` in this scope
[INFO] [stdout]  --> src/numerics/ode_solvers.rs:13:24
[INFO] [stdout]   |
[INFO] [stdout] 3 | let lorentz_eqs = |t: &f, x: &Array1<f64>, c: &Vec<f64>| -> Array1<f64> {
[INFO] [stdout]   |                        ^ not found in this scope
[INFO] [stdout] 
[INFO] [stdout] error[E0412]: cannot find type `Array1` in this scope
[INFO] [stdout]  --> src/numerics/ode_solvers.rs:13:31
[INFO] [stdout]   |
[INFO] [stdout] 3 | let lorentz_eqs = |t: &f, x: &Array1<f64>, c: &Vec<f64>| -> Array1<f64> {
[INFO] [stdout]   |                               ^^^^^^ not found in this scope
[INFO] [stdout]   |
[INFO] [stdout] help: consider importing this type alias
[INFO] [stdout]   |
[INFO] [stdout] 2 + use ndarray::Array1;
[INFO] [stdout]   |
[INFO] [stdout] 
[INFO] [stdout] error[E0412]: cannot find type `Array1` in this scope
[INFO] [stdout]  --> src/numerics/ode_solvers.rs:13:61
[INFO] [stdout]   |
[INFO] [stdout] 3 | let lorentz_eqs = |t: &f, x: &Array1<f64>, c: &Vec<f64>| -> Array1<f64> {
[INFO] [stdout]   |                                                             ^^^^^^ not found in this scope
[INFO] [stdout]   |
[INFO] [stdout] help: consider importing this type alias
[INFO] [stdout]   |
[INFO] [stdout] 2 + use ndarray::Array1;
[INFO] [stdout]   |
[INFO] [stdout] 
[INFO] [stdout] error[E0425]: cannot find function `rk4_step` in this scope
[INFO] [stdout]   --> src/numerics/ode_solvers.rs:20:16
[INFO] [stdout]    |
[INFO] [stdout] 10 | let solution = rk4_step( lorentz_eqs, &ini_state, &consts, &0.0, 1e-4 );
[INFO] [stdout]    |                ^^^^^^^^ not found in this scope
[INFO] [stdout]    |
[INFO] [stdout] help: consider importing this function
[INFO] [stdout]    |
[INFO] [stdout] 2  + use lmb_engine_simulator::numerics::ode_solvers::rk4_step;
[INFO] [stdout]    |
[INFO] [stdout] 
[INFO] [stdout] error: aborting due to 6 previous errors
[INFO] [stdout] 
[INFO] [stdout] Some errors have detailed explanations: E0412, E0425.
[INFO] [stdout] For more information about an error, try `rustc --explain E0412`.
[INFO] [stdout] Couldn't compile the test.
[INFO] [stdout] ---- src/reaction/gas.rs - reaction::gas::Gas::X (line 89) stdout ----
[INFO] [stdout] error[E0425]: cannot find value `gas` in this scope
[INFO] [stdout]  --> src/reaction/gas.rs:91:1
[INFO] [stdout]   |
[INFO] [stdout] 4 | gas.X(mol_frac);
[INFO] [stdout]   | ^^^ not found in this scope
[INFO] [stdout] 
[INFO] [stdout] error[E0425]: cannot find value `mol_frac` in this scope
[INFO] [stdout]  --> src/reaction/gas.rs:91:7
[INFO] [stdout]   |
[INFO] [stdout] 4 | gas.X(mol_frac);
[INFO] [stdout]   |       ^^^^^^^^ help: a local variable with a similar name exists: `mole_frac`
[INFO] [stdout] 
[INFO] [stdout] error[E0425]: cannot find value `gas` in this scope
[INFO] [stdout]  --> src/reaction/gas.rs:92:18
[INFO] [stdout]   |
[INFO] [stdout] 5 | assert_eq!(0.21, gas.mol_frac_of("O2"));
[INFO] [stdout]   |                  ^^^ not found in this scope
[INFO] [stdout] 
[INFO] [stdout] error[E0425]: cannot find value `gas` in this scope
[INFO] [stdout]  --> src/reaction/gas.rs:93:18
[INFO] [stdout]   |
[INFO] [stdout] 6 | assert_eq!(0.79, gas.mol_frac_of("N2"));
[INFO] [stdout]   |                  ^^^ not found in this scope
[INFO] [stdout] 
[INFO] [stdout] error: aborting due to 4 previous errors
[INFO] [stdout] 
[INFO] [stdout] For more information about this error, try `rustc --explain E0425`.
[INFO] [stdout] Couldn't compile the test.
[INFO] [stdout] ---- src/reaction/gas.rs - reaction::gas::Gas::if_mixed_with (line 132) stdout ----
[INFO] [stdout] error[E0425]: cannot find value `gas` in this scope
[INFO] [stdout]  --> src/reaction/gas.rs:133:1
[INFO] [stdout]   |
[INFO] [stdout] 3 | gas.X("O2:1.0");
[INFO] [stdout]   | ^^^ not found in this scope
[INFO] [stdout] 
[INFO] [stdout] error[E0412]: cannot find type `Array1` in this scope
[INFO] [stdout]  --> src/reaction/gas.rs:135:20
[INFO] [stdout]   |
[INFO] [stdout] 5 | let mix_mole_frac: Array1<f64> = gas.if_mixed_with(0.100, additional_gas);
[INFO] [stdout]   |                    ^^^^^^ not found in this scope
[INFO] [stdout]   |
[INFO] [stdout] help: consider importing this type alias
[INFO] [stdout]   |
[INFO] [stdout] 2 + use ndarray::Array1;
[INFO] [stdout]   |
[INFO] [stdout] 
[INFO] [stdout] error[E0425]: cannot find value `gas` in this scope
[INFO] [stdout]  --> src/reaction/gas.rs:135:34
[INFO] [stdout]   |
[INFO] [stdout] 5 | let mix_mole_frac: Array1<f64> = gas.if_mixed_with(0.100, additional_gas);
[INFO] [stdout]   |                                  ^^^ not found in this scope
[INFO] [stdout] 
[INFO] [stdout] error: aborting due to 3 previous errors
[INFO] [stdout] 
[INFO] [stdout] Some errors have detailed explanations: E0412, E0425.
[INFO] [stdout] For more information about an error, try `rustc --explain E0412`.
[INFO] [stdout] Couldn't compile the test.
[INFO] [stdout] ---- src/doc/ryobi_26cm3_engine.rs - doc::ryobi_26cm3_engine (line 60) stdout ----
[INFO] [stdout] Test executable failed (exit status: 101).
[INFO] [stdout] 
[INFO] [stdout] stderr:
[INFO] [stdout] thread 'main' panicked at 'Unable to read file: Os { code: 2, kind: NotFound, message: "No such file or directory" }', src/engine/engine.rs:409:60
[INFO] [stdout] stack backtrace:
[INFO] [stdout]    0:     0x560b4191c88a - std::backtrace_rs::backtrace::libunwind::trace::h2f05d0192276a8f6
[INFO] [stdout]                                at /rustc/1b7dd2252b99671ce5d1cb9664c5f8636329436d/library/std/src/../../backtrace/src/backtrace/libunwind.rs:93:5
[INFO] [stdout]    1:     0x560b4191c88a - std::backtrace_rs::backtrace::trace_unsynchronized::hedc23dff7a1af150
[INFO] [stdout]                                at /rustc/1b7dd2252b99671ce5d1cb9664c5f8636329436d/library/std/src/../../backtrace/src/backtrace/mod.rs:66:5
[INFO] [stdout]    2:     0x560b4191c88a - std::sys_common::backtrace::_print_fmt::h17541ef7592f3ce2
[INFO] [stdout]                                at /rustc/1b7dd2252b99671ce5d1cb9664c5f8636329436d/library/std/src/sys_common/backtrace.rs:65:5
[INFO] [stdout]    3:     0x560b4191c88a - <std::sys_common::backtrace::_print::DisplayBacktrace as core::fmt::Display>::fmt::h20f75df5ab0c0792
[INFO] [stdout]                                at /rustc/1b7dd2252b99671ce5d1cb9664c5f8636329436d/library/std/src/sys_common/backtrace.rs:44:22
[INFO] [stdout]    4:     0x560b4193c07f - core::fmt::write::h78109e6f466b3af6
[INFO] [stdout]                                at /rustc/1b7dd2252b99671ce5d1cb9664c5f8636329436d/library/core/src/fmt/mod.rs:1254:17
[INFO] [stdout]    5:     0x560b4191a475 - std::io::Write::write_fmt::hc59e1b02dd273c8a
[INFO] [stdout]                                at /rustc/1b7dd2252b99671ce5d1cb9664c5f8636329436d/library/std/src/io/mod.rs:1698:15
[INFO] [stdout]    6:     0x560b4191c655 - std::sys_common::backtrace::_print::h8dac57a9f8fbf9a5
[INFO] [stdout]                                at /rustc/1b7dd2252b99671ce5d1cb9664c5f8636329436d/library/std/src/sys_common/backtrace.rs:47:5
[INFO] [stdout]    7:     0x560b4191c655 - std::sys_common::backtrace::print::hf9ecbf41d1aa712f
[INFO] [stdout]                                at /rustc/1b7dd2252b99671ce5d1cb9664c5f8636329436d/library/std/src/sys_common/backtrace.rs:34:9
[INFO] [stdout]    8:     0x560b4191dbde - std::panicking::default_hook::{{closure}}::h04c07acfc84ca028
[INFO] [stdout]                                at /rustc/1b7dd2252b99671ce5d1cb9664c5f8636329436d/library/std/src/panicking.rs:269:22
[INFO] [stdout]    9:     0x560b4191d985 - std::panicking::default_hook::h01f6bb23e1eceb2c
[INFO] [stdout]                                at /rustc/1b7dd2252b99671ce5d1cb9664c5f8636329436d/library/std/src/panicking.rs:288:9
[INFO] [stdout]   10:     0x560b4191e13e - std::panicking::rust_panic_with_hook::h2bb3722bbaf2f6df
[INFO] [stdout]                                at /rustc/1b7dd2252b99671ce5d1cb9664c5f8636329436d/library/std/src/panicking.rs:691:13
[INFO] [stdout]   11:     0x560b4191e039 - std::panicking::begin_panic_handler::{{closure}}::h91bc7f36a4be011b
[INFO] [stdout]                                at /rustc/1b7dd2252b99671ce5d1cb9664c5f8636329436d/library/std/src/panicking.rs:582:13
[INFO] [stdout]   12:     0x560b4191ccf6 - std::sys_common::backtrace::__rust_end_short_backtrace::h8b3d3717114f9e59
[INFO] [stdout]                                at /rustc/1b7dd2252b99671ce5d1cb9664c5f8636329436d/library/std/src/sys_common/backtrace.rs:150:18
[INFO] [stdout]   13:     0x560b4191dd92 - rust_begin_unwind
[INFO] [stdout]                                at /rustc/1b7dd2252b99671ce5d1cb9664c5f8636329436d/library/std/src/panicking.rs:578:5
[INFO] [stdout]   14:     0x560b41810353 - core::panicking::panic_fmt::hfd368e3fbdabea26
[INFO] [stdout]                                at /rustc/1b7dd2252b99671ce5d1cb9664c5f8636329436d/library/core/src/panicking.rs:67:14
[INFO] [stdout]   15:     0x560b41810893 - core::result::unwrap_failed::he54eb4b2f125b26f
[INFO] [stdout]                                at /rustc/1b7dd2252b99671ce5d1cb9664c5f8636329436d/library/core/src/result.rs:1687:5
[INFO] [stdout]   16:     0x560b41847f0e - core::result::Result<T,E>::expect::hac4eb734579518ee
[INFO] [stdout]                                at /rustc/1b7dd2252b99671ce5d1cb9664c5f8636329436d/library/core/src/result.rs:1046:23
[INFO] [stdout]   17:     0x560b4188314e - lmb_engine_simulator::engine::engine::Engine::reading_json::h2f83b7a10b048070
[INFO] [stdout]                                at /opt/rustwide/workdir/src/engine/engine.rs:409:25
[INFO] [stdout]   18:     0x560b4187e691 - lmb_engine_simulator::engine::engine::Engine::new::h9533810d5b2878a6
[INFO] [stdout]                                at /opt/rustwide/workdir/src/engine/engine.rs:33:33
[INFO] [stdout]   19:     0x560b4182c6f4 - lmb_engine_simulator::core::system_builder::SystemBuilder::add_engine::hda1f05082348763e
[INFO] [stdout]                                at /opt/rustwide/workdir/src/core/system_builder.rs:65:28
[INFO] [stdout]   20:     0x560b41811863 - rust_out::main::h2731449a68dfa004
[INFO] [stdout]   21:     0x560b41810e73 - core::ops::function::FnOnce::call_once::hd1715aa1b26fc35c
[INFO] [stdout]   22:     0x560b41810cc6 - std::sys_common::backtrace::__rust_begin_short_backtrace::h8d2b4d09ce515535
[INFO] [stdout]   23:     0x560b41810d19 - std::rt::lang_start::{{closure}}::hc9a918c63b0dc835
[INFO] [stdout]   24:     0x560b4191731e - core::ops::function::impls::<impl core::ops::function::FnOnce<A> for &F>::call_once::h2eb19b8ce4148df4
[INFO] [stdout]                                at /rustc/1b7dd2252b99671ce5d1cb9664c5f8636329436d/library/core/src/ops/function.rs:287:13
[INFO] [stdout]   25:     0x560b4191731e - std::panicking::try::do_call::h2e900feff5d504c5
[INFO] [stdout]                                at /rustc/1b7dd2252b99671ce5d1cb9664c5f8636329436d/library/std/src/panicking.rs:485:40
[INFO] [stdout]   26:     0x560b4191731e - std::panicking::try::h8854836cb85aa9f2
[INFO] [stdout]                                at /rustc/1b7dd2252b99671ce5d1cb9664c5f8636329436d/library/std/src/panicking.rs:449:19
[INFO] [stdout]   27:     0x560b4191731e - std::panic::catch_unwind::h706025dd4c48f64b
[INFO] [stdout]                                at /rustc/1b7dd2252b99671ce5d1cb9664c5f8636329436d/library/std/src/panic.rs:140:14
[INFO] [stdout]   28:     0x560b4191731e - std::rt::lang_start_internal::{{closure}}::h7be5b97f4a07a91a
[INFO] [stdout]                                at /rustc/1b7dd2252b99671ce5d1cb9664c5f8636329436d/library/std/src/rt.rs:148:48
[INFO] [stdout]   29:     0x560b4191731e - std::panicking::try::do_call::h59847e9d0a176965
[INFO] [stdout]                                at /rustc/1b7dd2252b99671ce5d1cb9664c5f8636329436d/library/std/src/panicking.rs:485:40
[INFO] [stdout]   30:     0x560b4191731e - std::panicking::try::h399a918ba8522823
[INFO] [stdout]                                at /rustc/1b7dd2252b99671ce5d1cb9664c5f8636329436d/library/std/src/panicking.rs:449:19
[INFO] [stdout]   31:     0x560b4191731e - std::panic::catch_unwind::hca7ca6c55b2a2e26
[INFO] [stdout]                                at /rustc/1b7dd2252b99671ce5d1cb9664c5f8636329436d/library/std/src/panic.rs:140:14
[INFO] [stdout]   32:     0x560b4191731e - std::rt::lang_start_internal::h2c807a81560459eb
[INFO] [stdout]                                at /rustc/1b7dd2252b99671ce5d1cb9664c5f8636329436d/library/std/src/rt.rs:148:20
[INFO] [stdout]   33:     0x560b41810cf7 - std::rt::lang_start::hc4bd3329ce767e23
[INFO] [stdout]   34:     0x560b41812b75 - main
[INFO] [stdout]   35:     0x7f168f05cd90 - <unknown>
[INFO] [stdout]   36:     0x7f168f05ce40 - __libc_start_main
[INFO] [stdout]   37:     0x560b418109d5 - _start
[INFO] [stdout]   38:                0x0 - <unknown>
[INFO] [stdout] 
[INFO] [stdout] 
[INFO] [stdout] ---- src/lib.rs - (line 34) stdout ----
[INFO] [stdout] Test executable failed (exit status: 101).
[INFO] [stdout] 
[INFO] [stdout] stdout:
[INFO] [stdout] WARNING: At `advance_to_steady_state`!
[INFO] [stdout] WARNING: No one-dimensional nor engine objects were found!
[INFO] [stdout] WARNING: Time step assumed as 0.1ms
[INFO] [stdout] 
[INFO] [stdout] 		System successfully advanced to steady state!
[INFO] [stdout] number of iterations: 50000
[INFO] [stdout] time taken: 2.383110751s
[INFO] [stdout] 
[INFO] [stdout] stderr:
[INFO] [stdout] thread 'main' panicked at 'Error opening writing file: Os { code: 30, kind: ReadOnlyFilesystem, message: "Read-only file system" }', src/lib.rs:359:57
[INFO] [stdout] stack backtrace:
[INFO] [stdout]    0:     0x558c9d0b439a - std::backtrace_rs::backtrace::libunwind::trace::h2f05d0192276a8f6
[INFO] [stdout]                                at /rustc/1b7dd2252b99671ce5d1cb9664c5f8636329436d/library/std/src/../../backtrace/src/backtrace/libunwind.rs:93:5
[INFO] [stdout]    1:     0x558c9d0b439a - std::backtrace_rs::backtrace::trace_unsynchronized::hedc23dff7a1af150
[INFO] [stdout]                                at /rustc/1b7dd2252b99671ce5d1cb9664c5f8636329436d/library/std/src/../../backtrace/src/backtrace/mod.rs:66:5
[INFO] [stdout]    2:     0x558c9d0b439a - std::sys_common::backtrace::_print_fmt::h17541ef7592f3ce2
[INFO] [stdout]                                at /rustc/1b7dd2252b99671ce5d1cb9664c5f8636329436d/library/std/src/sys_common/backtrace.rs:65:5
[INFO] [stdout]    3:     0x558c9d0b439a - <std::sys_common::backtrace::_print::DisplayBacktrace as core::fmt::Display>::fmt::h20f75df5ab0c0792
[INFO] [stdout]                                at /rustc/1b7dd2252b99671ce5d1cb9664c5f8636329436d/library/std/src/sys_common/backtrace.rs:44:22
[INFO] [stdout]    4:     0x558c9d0d3b8f - core::fmt::write::h78109e6f466b3af6
[INFO] [stdout]                                at /rustc/1b7dd2252b99671ce5d1cb9664c5f8636329436d/library/core/src/fmt/mod.rs:1254:17
[INFO] [stdout]    5:     0x558c9d0b2035 - std::io::Write::write_fmt::hc59e1b02dd273c8a
[INFO] [stdout]                                at /rustc/1b7dd2252b99671ce5d1cb9664c5f8636329436d/library/std/src/io/mod.rs:1698:15
[INFO] [stdout]    6:     0x558c9d0b4165 - std::sys_common::backtrace::_print::h8dac57a9f8fbf9a5
[INFO] [stdout]                                at /rustc/1b7dd2252b99671ce5d1cb9664c5f8636329436d/library/std/src/sys_common/backtrace.rs:47:5
[INFO] [stdout]    7:     0x558c9d0b4165 - std::sys_common::backtrace::print::hf9ecbf41d1aa712f
[INFO] [stdout]                                at /rustc/1b7dd2252b99671ce5d1cb9664c5f8636329436d/library/std/src/sys_common/backtrace.rs:34:9
[INFO] [stdout]    8:     0x558c9d0b56ee - std::panicking::default_hook::{{closure}}::h04c07acfc84ca028
[INFO] [stdout]                                at /rustc/1b7dd2252b99671ce5d1cb9664c5f8636329436d/library/std/src/panicking.rs:269:22
[INFO] [stdout]    9:     0x558c9d0b5495 - std::panicking::default_hook::h01f6bb23e1eceb2c
[INFO] [stdout]                                at /rustc/1b7dd2252b99671ce5d1cb9664c5f8636329436d/library/std/src/panicking.rs:288:9
[INFO] [stdout]   10:     0x558c9d0b5c4e - std::panicking::rust_panic_with_hook::h2bb3722bbaf2f6df
[INFO] [stdout]                                at /rustc/1b7dd2252b99671ce5d1cb9664c5f8636329436d/library/std/src/panicking.rs:691:13
[INFO] [stdout]   11:     0x558c9d0b5b49 - std::panicking::begin_panic_handler::{{closure}}::h91bc7f36a4be011b
[INFO] [stdout]                                at /rustc/1b7dd2252b99671ce5d1cb9664c5f8636329436d/library/std/src/panicking.rs:582:13
[INFO] [stdout]   12:     0x558c9d0b4806 - std::sys_common::backtrace::__rust_end_short_backtrace::h8b3d3717114f9e59
[INFO] [stdout]                                at /rustc/1b7dd2252b99671ce5d1cb9664c5f8636329436d/library/std/src/sys_common/backtrace.rs:150:18
[INFO] [stdout]   13:     0x558c9d0b58a2 - rust_begin_unwind
[INFO] [stdout]                                at /rustc/1b7dd2252b99671ce5d1cb9664c5f8636329436d/library/std/src/panicking.rs:578:5
[INFO] [stdout]   14:     0x558c9cfe0353 - core::panicking::panic_fmt::hfd368e3fbdabea26
[INFO] [stdout]                                at /rustc/1b7dd2252b99671ce5d1cb9664c5f8636329436d/library/core/src/panicking.rs:67:14
[INFO] [stdout]   15:     0x558c9cfe0893 - core::result::unwrap_failed::he54eb4b2f125b26f
[INFO] [stdout]                                at /rustc/1b7dd2252b99671ce5d1cb9664c5f8636329436d/library/core/src/result.rs:1687:5
[INFO] [stdout]   16:     0x558c9cffbead - core::result::Result<T,E>::expect::hd2b1874dddcbbf3c
[INFO] [stdout]                                at /rustc/1b7dd2252b99671ce5d1cb9664c5f8636329436d/library/core/src/result.rs:1046:23
[INFO] [stdout]   17:     0x558c9cff9520 - lmb_engine_simulator::StoreData::write_to_file::h77ed3f2f9a198362
[INFO] [stdout]                                at /opt/rustwide/workdir/src/lib.rs:359:24
[INFO] [stdout]   18:     0x558c9d05c0a3 - lmb_engine_simulator::core::system::System::write_to_file::h1f132b301e1b471d
[INFO] [stdout]                                at /opt/rustwide/workdir/src/core/system.rs:287:13
[INFO] [stdout]   19:     0x558c9cfe12e1 - rust_out::main::h2731449a68dfa004
[INFO] [stdout]   20:     0x558c9cfe0b63 - core::ops::function::FnOnce::call_once::hd1715aa1b26fc35c
[INFO] [stdout]   21:     0x558c9cfe0aa6 - std::sys_common::backtrace::__rust_begin_short_backtrace::h8d2b4d09ce515535
[INFO] [stdout]   22:     0x558c9cfe0af9 - std::rt::lang_start::{{closure}}::hc9a918c63b0dc835
[INFO] [stdout]   23:     0x558c9d0af30e - core::ops::function::impls::<impl core::ops::function::FnOnce<A> for &F>::call_once::h2eb19b8ce4148df4
[INFO] [stdout]                                at /rustc/1b7dd2252b99671ce5d1cb9664c5f8636329436d/library/core/src/ops/function.rs:287:13
[INFO] [stdout]   24:     0x558c9d0af30e - std::panicking::try::do_call::h2e900feff5d504c5
[INFO] [stdout]                                at /rustc/1b7dd2252b99671ce5d1cb9664c5f8636329436d/library/std/src/panicking.rs:485:40
[INFO] [stdout]   25:     0x558c9d0af30e - std::panicking::try::h8854836cb85aa9f2
[INFO] [stdout]                                at /rustc/1b7dd2252b99671ce5d1cb9664c5f8636329436d/library/std/src/panicking.rs:449:19
[INFO] [stdout]   26:     0x558c9d0af30e - std::panic::catch_unwind::h706025dd4c48f64b
[INFO] [stdout]                                at /rustc/1b7dd2252b99671ce5d1cb9664c5f8636329436d/library/std/src/panic.rs:140:14
[INFO] [stdout]   27:     0x558c9d0af30e - std::rt::lang_start_internal::{{closure}}::h7be5b97f4a07a91a
[INFO] [stdout]                                at /rustc/1b7dd2252b99671ce5d1cb9664c5f8636329436d/library/std/src/rt.rs:148:48
[INFO] [stdout]   28:     0x558c9d0af30e - std::panicking::try::do_call::h59847e9d0a176965
[INFO] [stdout]                                at /rustc/1b7dd2252b99671ce5d1cb9664c5f8636329436d/library/std/src/panicking.rs:485:40
[INFO] [stdout]   29:     0x558c9d0af30e - std::panicking::try::h399a918ba8522823
[INFO] [stdout]                                at /rustc/1b7dd2252b99671ce5d1cb9664c5f8636329436d/library/std/src/panicking.rs:449:19
[INFO] [stdout]   30:     0x558c9d0af30e - std::panic::catch_unwind::hca7ca6c55b2a2e26
[INFO] [stdout]                                at /rustc/1b7dd2252b99671ce5d1cb9664c5f8636329436d/library/std/src/panic.rs:140:14
[INFO] [stdout]   31:     0x558c9d0af30e - std::rt::lang_start_internal::h2c807a81560459eb
[INFO] [stdout]                                at /rustc/1b7dd2252b99671ce5d1cb9664c5f8636329436d/library/std/src/rt.rs:148:20
[INFO] [stdout]   32:     0x558c9cfe0ad7 - std::rt::lang_start::hc4bd3329ce767e23
[INFO] [stdout]   33:     0x558c9cfe13a5 - main
[INFO] [stdout]   34:     0x7efd44738d90 - <unknown>
[INFO] [stdout]   35:     0x7efd44738e40 - __libc_start_main
[INFO] [stdout]   36:     0x558c9cfe09d5 - _start
[INFO] [stdout]   37:                0x0 - <unknown>
[INFO] [stdout] 
[INFO] [stdout] 
[INFO] [stdout] ---- src/lib.rs - (line 147) stdout ----
[INFO] [stdout] Test executable failed (exit status: 101).
[INFO] [stdout] 
[INFO] [stdout] stdout:
[INFO] [stdout] 
[INFO] [stdout] 		System successfully advanced to steady state!
[INFO] [stdout] number of iterations: 158399
[INFO] [stdout] time taken: 12.581945954s
[INFO] [stdout] Engine performance:
[INFO] [stdout]             Speed [RPM]: [3000.0]
[INFO] [stdout]             Power [W]:	 [11514.44]
[INFO] [stdout]             Torque [Nm]: [36.65]
[INFO] [stdout]             IMEP [bar]:  [11.51]
[INFO] [stdout]             effic [%]:	 [36.83]
[INFO] [stdout]             vol_effic [%]: [104.72]
[INFO] [stdout]             residual_mass [%]: [3.16]
[INFO] [stdout]             
[INFO] [stdout] 
[INFO] [stdout] stderr:
[INFO] [stdout] thread 'main' panicked at 'Error opening writing file: Os { code: 30, kind: ReadOnlyFilesystem, message: "Read-only file system" }', src/lib.rs:359:57
[INFO] [stdout] stack backtrace:
[INFO] [stdout]    0:     0x55f31a0e1f9a - std::backtrace_rs::backtrace::libunwind::trace::h2f05d0192276a8f6
[INFO] [stdout]                                at /rustc/1b7dd2252b99671ce5d1cb9664c5f8636329436d/library/std/src/../../backtrace/src/backtrace/libunwind.rs:93:5
[INFO] [stdout]    1:     0x55f31a0e1f9a - std::backtrace_rs::backtrace::trace_unsynchronized::hedc23dff7a1af150
[INFO] [stdout]                                at /rustc/1b7dd2252b99671ce5d1cb9664c5f8636329436d/library/std/src/../../backtrace/src/backtrace/mod.rs:66:5
[INFO] [stdout]    2:     0x55f31a0e1f9a - std::sys_common::backtrace::_print_fmt::h17541ef7592f3ce2
[INFO] [stdout]                                at /rustc/1b7dd2252b99671ce5d1cb9664c5f8636329436d/library/std/src/sys_common/backtrace.rs:65:5
[INFO] [stdout]    3:     0x55f31a0e1f9a - <std::sys_common::backtrace::_print::DisplayBacktrace as core::fmt::Display>::fmt::h20f75df5ab0c0792
[INFO] [stdout]                                at /rustc/1b7dd2252b99671ce5d1cb9664c5f8636329436d/library/std/src/sys_common/backtrace.rs:44:22
[INFO] [stdout]    4:     0x55f31a10178f - core::fmt::write::h78109e6f466b3af6
[INFO] [stdout]                                at /rustc/1b7dd2252b99671ce5d1cb9664c5f8636329436d/library/core/src/fmt/mod.rs:1254:17
[INFO] [stdout]    5:     0x55f31a0dfb85 - std::io::Write::write_fmt::hc59e1b02dd273c8a
[INFO] [stdout]                                at /rustc/1b7dd2252b99671ce5d1cb9664c5f8636329436d/library/std/src/io/mod.rs:1698:15
[INFO] [stdout]    6:     0x55f31a0e1d65 - std::sys_common::backtrace::_print::h8dac57a9f8fbf9a5
[INFO] [stdout]                                at /rustc/1b7dd2252b99671ce5d1cb9664c5f8636329436d/library/std/src/sys_common/backtrace.rs:47:5
[INFO] [stdout]    7:     0x55f31a0e1d65 - std::sys_common::backtrace::print::hf9ecbf41d1aa712f
[INFO] [stdout]                                at /rustc/1b7dd2252b99671ce5d1cb9664c5f8636329436d/library/std/src/sys_common/backtrace.rs:34:9
[INFO] [stdout]    8:     0x55f31a0e32ee - std::panicking::default_hook::{{closure}}::h04c07acfc84ca028
[INFO] [stdout]                                at /rustc/1b7dd2252b99671ce5d1cb9664c5f8636329436d/library/std/src/panicking.rs:269:22
[INFO] [stdout]    9:     0x55f31a0e3095 - std::panicking::default_hook::h01f6bb23e1eceb2c
[INFO] [stdout]                                at /rustc/1b7dd2252b99671ce5d1cb9664c5f8636329436d/library/std/src/panicking.rs:288:9
[INFO] [stdout]   10:     0x55f31a0e384e - std::panicking::rust_panic_with_hook::h2bb3722bbaf2f6df
[INFO] [stdout]                                at /rustc/1b7dd2252b99671ce5d1cb9664c5f8636329436d/library/std/src/panicking.rs:691:13
[INFO] [stdout]   11:     0x55f31a0e3749 - std::panicking::begin_panic_handler::{{closure}}::h91bc7f36a4be011b
[INFO] [stdout]                                at /rustc/1b7dd2252b99671ce5d1cb9664c5f8636329436d/library/std/src/panicking.rs:582:13
[INFO] [stdout]   12:     0x55f31a0e2406 - std::sys_common::backtrace::__rust_end_short_backtrace::h8b3d3717114f9e59
[INFO] [stdout]                                at /rustc/1b7dd2252b99671ce5d1cb9664c5f8636329436d/library/std/src/sys_common/backtrace.rs:150:18
[INFO] [stdout]   13:     0x55f31a0e34a2 - rust_begin_unwind
[INFO] [stdout]                                at /rustc/1b7dd2252b99671ce5d1cb9664c5f8636329436d/library/std/src/panicking.rs:578:5
[INFO] [stdout]   14:     0x55f319fde353 - core::panicking::panic_fmt::hfd368e3fbdabea26
[INFO] [stdout]                                at /rustc/1b7dd2252b99671ce5d1cb9664c5f8636329436d/library/core/src/panicking.rs:67:14
[INFO] [stdout]   15:     0x55f319fde893 - core::result::unwrap_failed::he54eb4b2f125b26f
[INFO] [stdout]                                at /rustc/1b7dd2252b99671ce5d1cb9664c5f8636329436d/library/core/src/result.rs:1687:5
[INFO] [stdout]   16:     0x55f319ffff8d - core::result::Result<T,E>::expect::hd2b1874dddcbbf3c
[INFO] [stdout]                                at /rustc/1b7dd2252b99671ce5d1cb9664c5f8636329436d/library/core/src/result.rs:1046:23
[INFO] [stdout]   17:     0x55f319ffcc20 - lmb_engine_simulator::StoreData::write_to_file::h77ed3f2f9a198362
[INFO] [stdout]                                at /opt/rustwide/workdir/src/lib.rs:359:24
[INFO] [stdout]   18:     0x55f31a0831e3 - lmb_engine_simulator::core::system::System::write_to_file::h1f132b301e1b471d
[INFO] [stdout]                                at /opt/rustwide/workdir/src/core/system.rs:287:13
[INFO] [stdout]   19:     0x55f319fdef54 - rust_out::main::h2731449a68dfa004
[INFO] [stdout]   20:     0x55f319fdeb63 - core::ops::function::FnOnce::call_once::hd1715aa1b26fc35c
[INFO] [stdout]   21:     0x55f319fdeaa6 - std::sys_common::backtrace::__rust_begin_short_backtrace::h8d2b4d09ce515535
[INFO] [stdout]   22:     0x55f319fdeaf9 - std::rt::lang_start::{{closure}}::hc9a918c63b0dc835
[INFO] [stdout]   23:     0x55f31a0dca2e - core::ops::function::impls::<impl core::ops::function::FnOnce<A> for &F>::call_once::h2eb19b8ce4148df4
[INFO] [stdout]                                at /rustc/1b7dd2252b99671ce5d1cb9664c5f8636329436d/library/core/src/ops/function.rs:287:13
[INFO] [stdout]   24:     0x55f31a0dca2e - std::panicking::try::do_call::h2e900feff5d504c5
[INFO] [stdout]                                at /rustc/1b7dd2252b99671ce5d1cb9664c5f8636329436d/library/std/src/panicking.rs:485:40
[INFO] [stdout]   25:     0x55f31a0dca2e - std::panicking::try::h8854836cb85aa9f2
[INFO] [stdout]                                at /rustc/1b7dd2252b99671ce5d1cb9664c5f8636329436d/library/std/src/panicking.rs:449:19
[INFO] [stdout]   26:     0x55f31a0dca2e - std::panic::catch_unwind::h706025dd4c48f64b
[INFO] [stdout]                                at /rustc/1b7dd2252b99671ce5d1cb9664c5f8636329436d/library/std/src/panic.rs:140:14
[INFO] [stdout]   27:     0x55f31a0dca2e - std::rt::lang_start_internal::{{closure}}::h7be5b97f4a07a91a
[INFO] [stdout]                                at /rustc/1b7dd2252b99671ce5d1cb9664c5f8636329436d/library/std/src/rt.rs:148:48
[INFO] [stdout]   28:     0x55f31a0dca2e - std::panicking::try::do_call::h59847e9d0a176965
[INFO] [stdout]                                at /rustc/1b7dd2252b99671ce5d1cb9664c5f8636329436d/library/std/src/panicking.rs:485:40
[INFO] [stdout]   29:     0x55f31a0dca2e - std::panicking::try::h399a918ba8522823
[INFO] [stdout]                                at /rustc/1b7dd2252b99671ce5d1cb9664c5f8636329436d/library/std/src/panicking.rs:449:19
[INFO] [stdout]   30:     0x55f31a0dca2e - std::panic::catch_unwind::hca7ca6c55b2a2e26
[INFO] [stdout]                                at /rustc/1b7dd2252b99671ce5d1cb9664c5f8636329436d/library/std/src/panic.rs:140:14
[INFO] [stdout]   31:     0x55f31a0dca2e - std::rt::lang_start_internal::h2c807a81560459eb
[INFO] [stdout]                                at /rustc/1b7dd2252b99671ce5d1cb9664c5f8636329436d/library/std/src/rt.rs:148:20
[INFO] [stdout]   32:     0x55f319fdead7 - std::rt::lang_start::hc4bd3329ce767e23
[INFO] [stdout]   33:     0x55f319fdf065 - main
[INFO] [stdout]   34:     0x7fb8f4cf7d90 - <unknown>
[INFO] [stdout]   35:     0x7fb8f4cf7e40 - __libc_start_main
[INFO] [stdout]   36:     0x55f319fde9d5 - _start
[INFO] [stdout]   37:                0x0 - <unknown>
[INFO] [stdout] 
[INFO] [stdout] 
[INFO] [stdout] 
[INFO] [stdout] failures:
[INFO] [stdout]     src/doc/ryobi_26cm3_engine.rs - doc::ryobi_26cm3_engine (line 5)
[INFO] [stdout]     src/doc/ryobi_26cm3_engine.rs - doc::ryobi_26cm3_engine (line 60)
[INFO] [stdout]     src/lib.rs - (line 147)
[INFO] [stdout]     src/lib.rs - (line 34)
[INFO] [stdout]     src/lib.rs - (line 81)
[INFO] [stdout]     src/numerics/ode_solvers.rs - numerics::ode_solvers::rk4_step (line 12)
[INFO] [stdout]     src/reaction/gas.rs - reaction::gas::Gas::TP (line 55)
[INFO] [stdout]     src/reaction/gas.rs - reaction::gas::Gas::TPX (line 71)
[INFO] [stdout]     src/reaction/gas.rs - reaction::gas::Gas::X (line 89)
[INFO] [stdout]     src/reaction/gas.rs - reaction::gas::Gas::if_mixed_with (line 132)
[INFO] [stdout] 
[INFO] [stdout] test result: FAILED. 0 passed; 10 failed; 0 ignored; 0 measured; 0 filtered out; finished in 13.57s
[INFO] [stdout] 
[INFO] running `Command { std: "docker" "inspect" "630341a7c634d9f07a3365bf4c3a15fd4b58e533293f449d9e5348fd269c7f7a", kill_on_drop: false }`
[INFO] running `Command { std: "docker" "rm" "-f" "630341a7c634d9f07a3365bf4c3a15fd4b58e533293f449d9e5348fd269c7f7a", kill_on_drop: false }`
[INFO] [stdout] 630341a7c634d9f07a3365bf4c3a15fd4b58e533293f449d9e5348fd269c7f7a
