[INFO] fetching crate lk 0.3.4...
[INFO] testing lk-0.3.4 against 1.69.0 for beta-1.70-1
[INFO] extracting crate lk 0.3.4 into /workspace/builds/worker-2-tc1/source
[INFO] validating manifest of crates.io crate lk 0.3.4 on toolchain 1.69.0
[INFO] running `Command { std: CARGO_HOME="/workspace/cargo-home" RUSTUP_HOME="/workspace/rustup-home" "/workspace/cargo-home/bin/cargo" "+1.69.0" "metadata" "--manifest-path" "Cargo.toml" "--no-deps", kill_on_drop: false }`
[INFO] started tweaking crates.io crate lk 0.3.4
[INFO] finished tweaking crates.io crate lk 0.3.4
[INFO] tweaked toml for crates.io crate lk 0.3.4 written to /workspace/builds/worker-2-tc1/source/Cargo.toml
[INFO] crate crates.io crate lk 0.3.4 already has a lockfile, it will not be regenerated
[INFO] running `Command { std: CARGO_HOME="/workspace/cargo-home" RUSTUP_HOME="/workspace/rustup-home" "/workspace/cargo-home/bin/cargo" "+1.69.0" "fetch" "--manifest-path" "Cargo.toml", kill_on_drop: false }`
[INFO] [stderr]  Downloading crates ...
[INFO] [stderr]   Downloaded content_inspector v0.2.4
[INFO] [stderr]   Downloaded pad v0.1.6
[INFO] [stderr]   Downloaded pest v2.3.0
[INFO] [stderr]   Downloaded pest_meta v2.3.0
[INFO] [stderr]   Downloaded pest_generator v2.3.0
[INFO] [stderr]   Downloaded fuzzy_finder v0.3.2
[INFO] [stderr]   Downloaded pest_derive v2.3.0
[INFO] [stderr]   Downloaded ordered-float v2.8.0
[INFO] [stderr]   Downloaded config v0.13.2
[INFO] [stderr]   Downloaded log4rs v1.0.0
[INFO] [stderr]   Downloaded pastel_colours v0.1.3
[INFO] [stderr]   Downloaded structopt v0.3.23
[INFO] [stderr]   Downloaded structopt-derive v0.4.16
[INFO] running `Command { std: "docker" "create" "-v" "/var/lib/crater-agent-workspace/builds/worker-2-tc1/target:/opt/rustwide/target:rw,Z" "-v" "/var/lib/crater-agent-workspace/builds/worker-2-tc1/source:/opt/rustwide/workdir:ro,Z" "-v" "/var/lib/crater-agent-workspace/cargo-home:/opt/rustwide/cargo-home:ro,Z" "-v" "/var/lib/crater-agent-workspace/rustup-home:/opt/rustwide/rustup-home:ro,Z" "-e" "SOURCE_DIR=/opt/rustwide/workdir" "-e" "CARGO_TARGET_DIR=/opt/rustwide/target" "-e" "CARGO_HOME=/opt/rustwide/cargo-home" "-e" "RUSTUP_HOME=/opt/rustwide/rustup-home" "-w" "/opt/rustwide/workdir" "-m" "1610612736" "--user" "0:0" "--network" "none" "ghcr.io/rust-lang/crates-build-env/linux@sha256:5ff2268d62e97bff2cde7d5815dd6ed5b47097566f13b8d0ca110b04b60e07ed" "/opt/rustwide/cargo-home/bin/cargo" "+1.69.0" "metadata" "--no-deps" "--format-version=1", kill_on_drop: false }`
[INFO] [stdout] ec6b1fab4b3f782bbd4445e1d735fc7b97c97b867cd558837d9c1a9e81d34de1
[INFO] running `Command { std: "docker" "start" "-a" "ec6b1fab4b3f782bbd4445e1d735fc7b97c97b867cd558837d9c1a9e81d34de1", kill_on_drop: false }`
[INFO] running `Command { std: "docker" "inspect" "ec6b1fab4b3f782bbd4445e1d735fc7b97c97b867cd558837d9c1a9e81d34de1", kill_on_drop: false }`
[INFO] running `Command { std: "docker" "rm" "-f" "ec6b1fab4b3f782bbd4445e1d735fc7b97c97b867cd558837d9c1a9e81d34de1", kill_on_drop: false }`
[INFO] [stdout] ec6b1fab4b3f782bbd4445e1d735fc7b97c97b867cd558837d9c1a9e81d34de1
[INFO] running `Command { std: "docker" "create" "-v" "/var/lib/crater-agent-workspace/builds/worker-2-tc1/target:/opt/rustwide/target:rw,Z" "-v" "/var/lib/crater-agent-workspace/builds/worker-2-tc1/source:/opt/rustwide/workdir:ro,Z" "-v" "/var/lib/crater-agent-workspace/cargo-home:/opt/rustwide/cargo-home:ro,Z" "-v" "/var/lib/crater-agent-workspace/rustup-home:/opt/rustwide/rustup-home:ro,Z" "-e" "SOURCE_DIR=/opt/rustwide/workdir" "-e" "CARGO_TARGET_DIR=/opt/rustwide/target" "-e" "CARGO_INCREMENTAL=0" "-e" "RUST_BACKTRACE=full" "-e" "RUSTFLAGS=--cap-lints=warn" "-e" "RUSTDOCFLAGS=--cap-lints=warn" "-e" "CARGO_HOME=/opt/rustwide/cargo-home" "-e" "RUSTUP_HOME=/opt/rustwide/rustup-home" "-w" "/opt/rustwide/workdir" "-m" "1610612736" "--user" "0:0" "--network" "none" "ghcr.io/rust-lang/crates-build-env/linux@sha256:5ff2268d62e97bff2cde7d5815dd6ed5b47097566f13b8d0ca110b04b60e07ed" "/opt/rustwide/cargo-home/bin/cargo" "+1.69.0" "build" "--frozen" "--message-format=json", kill_on_drop: false }`
[INFO] [stdout] 7740d5adf69480d2fefb5ea1155c25fe80325cf81609c2ead3bf1b8b9144efee
[INFO] running `Command { std: "docker" "start" "-a" "7740d5adf69480d2fefb5ea1155c25fe80325cf81609c2ead3bf1b8b9144efee", kill_on_drop: false }`
[INFO] [stderr]    Compiling proc-macro2 v1.0.43
[INFO] [stderr]    Compiling unicode-ident v1.0.3
[INFO] [stderr]    Compiling syn v1.0.99
[INFO] [stderr]    Compiling libc v0.2.101
[INFO] [stderr]    Compiling serde_derive v1.0.132
[INFO] [stderr]    Compiling serde v1.0.132
[INFO] [stderr]    Compiling once_cell v1.9.0
[INFO] [stderr]    Compiling memchr v2.4.1
[INFO] [stderr]    Compiling num-traits v0.2.14
[INFO] [stderr]    Compiling ahash v0.7.6
[INFO] [stderr]    Compiling ryu v1.0.9
[INFO] [stderr]    Compiling ucd-trie v0.1.5
[INFO] [stderr]    Compiling proc-macro-error-attr v1.0.4
[INFO] [stderr]    Compiling rustversion v1.0.9
[INFO] [stderr]    Compiling num-integer v0.1.44
[INFO] [stderr]    Compiling indexmap v1.7.0
[INFO] [stderr]    Compiling getrandom v0.2.3
[INFO] [stderr]    Compiling proc-macro-error v1.0.4
[INFO] [stderr]    Compiling quote v1.0.9
[INFO] [stderr]    Compiling ppv-lite86 v0.2.10
[INFO] [stderr]    Compiling rand_core v0.6.3
[INFO] [stderr]    Compiling unicode-width v0.1.8
[INFO] [stderr]    Compiling parking_lot_core v0.8.5
[INFO] [stderr]    Compiling serde_json v1.0.73
[INFO] [stderr]    Compiling linked-hash-map v0.5.4
[INFO] [stderr]    Compiling log v0.4.14
[INFO] [stderr]    Compiling hashbrown v0.12.3
[INFO] [stderr]    Compiling yaml-rust v0.4.5
[INFO] [stderr]    Compiling rand_chacha v0.3.1
[INFO] [stderr]    Compiling instant v0.1.12
[INFO] [stderr]    Compiling regex-automata v0.1.10
[INFO] [stderr]    Compiling dlv-list v0.3.0
[INFO] [stderr]    Compiling async-trait v0.1.57
[INFO] [stderr]    Compiling smallvec v1.7.0
[INFO] [stderr]    Compiling unicode-segmentation v1.8.0
[INFO] [stderr]    Compiling traitobject v0.1.0
[INFO] [stderr]    Compiling hashbrown v0.11.2
[INFO] [stderr]    Compiling heck v0.4.0
[INFO] [stderr]    Compiling numtoa v0.1.0
[INFO] [stderr]    Compiling itoa v1.0.1
[INFO] [stderr]    Compiling unsafe-any v0.4.2
[INFO] [stderr]    Compiling termion v1.5.6
[INFO] [stderr]    Compiling heck v0.3.3
[INFO] [stderr]    Compiling ordered-multimap v0.4.3
[INFO] [stderr]    Compiling lock_api v0.4.5
[INFO] [stderr]    Compiling rand v0.8.4
[INFO] [stderr]    Compiling ordered-float v2.8.0
[INFO] [stderr]    Compiling textwrap v0.11.0
[INFO] [stderr]    Compiling time v0.1.43
[INFO] [stderr]    Compiling atty v0.2.14
[INFO] [stderr]    Compiling aho-corasick v0.7.18
[INFO] [stderr]    Compiling csv-core v0.1.10
[INFO] [stderr]    Compiling thread_local v1.1.3
[INFO] [stderr]    Compiling regex-syntax v0.6.25
[INFO] [stderr]    Compiling vec_map v0.8.2
[INFO] [stderr]    Compiling minimal-lexical v0.2.1
[INFO] [stderr]    Compiling clap v2.33.3
[INFO] [stderr]    Compiling fuzzy-matcher v0.3.7
[INFO] [stderr]    Compiling chrono v0.4.19
[INFO] [stderr]    Compiling nom v7.1.1
[INFO] [stderr]    Compiling pastel_colours v0.1.3
[INFO] [stderr]    Compiling rust-ini v0.18.0
[INFO] [stderr]    Compiling parking_lot v0.11.2
[INFO] [stderr]    Compiling typemap v0.3.3
[INFO] [stderr]    Compiling dirs-sys v0.3.6
[INFO] [stderr]    Compiling thread-id v3.3.0
[INFO] [stderr]    Compiling pathdiff v0.2.1
[INFO] [stderr]    Compiling log-mdc v0.1.0
[INFO] [stderr]    Compiling same-file v1.0.6
[INFO] [stderr]    Compiling remove_dir_all v0.5.3
[INFO] [stderr]    Compiling humantime v2.1.0
[INFO] [stderr]    Compiling maplit v1.0.2
[INFO] [stderr]    Compiling tempfile v3.2.0
[INFO] [stderr]    Compiling walkdir v2.3.2
[INFO] [stderr]    Compiling dirs v4.0.0
[INFO] [stderr]    Compiling regex v1.5.4
[INFO] [stderr]    Compiling nanoid v0.4.0
[INFO] [stderr]    Compiling pad v0.1.6
[INFO] [stderr]    Compiling content_inspector v0.2.4
[INFO] [stderr]    Compiling glob v0.3.0
[INFO] [stderr]    Compiling thiserror-impl v1.0.34
[INFO] [stderr]    Compiling strum_macros v0.24.3
[INFO] [stderr]    Compiling structopt-derive v0.4.16
[INFO] [stderr]    Compiling derivative v2.2.0
[INFO] [stderr]    Compiling thiserror v1.0.34
[INFO] [stderr]    Compiling pest v2.3.0
[INFO] [stderr]    Compiling strum v0.24.1
[INFO] [stderr]    Compiling structopt v0.3.23
[INFO] [stderr]    Compiling spinners v4.1.0
[INFO] [stderr]    Compiling pest_meta v2.3.0
[INFO] [stderr]    Compiling pest_generator v2.3.0
[INFO] [stderr]    Compiling pest_derive v2.3.0
[INFO] [stderr]    Compiling bstr v0.2.17
[INFO] [stderr]    Compiling ron v0.7.1
[INFO] [stderr]    Compiling json5 v0.4.1
[INFO] [stderr]    Compiling toml v0.5.8
[INFO] [stderr]    Compiling serde_yaml v0.8.23
[INFO] [stderr]    Compiling serde-value v0.7.0
[INFO] [stderr]    Compiling csv v1.1.6
[INFO] [stderr]    Compiling log4rs v1.0.0
[INFO] [stderr]    Compiling config v0.13.2
[INFO] [stderr]    Compiling fuzzy_finder v0.3.2
[INFO] [stderr]    Compiling lk v0.3.4 (/opt/rustwide/workdir)
[INFO] [stderr]     Finished dev [unoptimized + debuginfo] target(s) in 1m 40s
[INFO] [stderr] warning: the following packages contain code that will be rejected by a future version of Rust: traitobject v0.1.0
[INFO] [stderr] note: to see what the problems were, use the option `--future-incompat-report`, or run `cargo report future-incompatibilities --id 1`
[INFO] running `Command { std: "docker" "inspect" "7740d5adf69480d2fefb5ea1155c25fe80325cf81609c2ead3bf1b8b9144efee", kill_on_drop: false }`
[INFO] running `Command { std: "docker" "rm" "-f" "7740d5adf69480d2fefb5ea1155c25fe80325cf81609c2ead3bf1b8b9144efee", kill_on_drop: false }`
[INFO] [stdout] 7740d5adf69480d2fefb5ea1155c25fe80325cf81609c2ead3bf1b8b9144efee
[INFO] running `Command { std: "docker" "create" "-v" "/var/lib/crater-agent-workspace/builds/worker-2-tc1/target:/opt/rustwide/target:rw,Z" "-v" "/var/lib/crater-agent-workspace/builds/worker-2-tc1/source:/opt/rustwide/workdir:ro,Z" "-v" "/var/lib/crater-agent-workspace/cargo-home:/opt/rustwide/cargo-home:ro,Z" "-v" "/var/lib/crater-agent-workspace/rustup-home:/opt/rustwide/rustup-home:ro,Z" "-e" "SOURCE_DIR=/opt/rustwide/workdir" "-e" "CARGO_TARGET_DIR=/opt/rustwide/target" "-e" "CARGO_INCREMENTAL=0" "-e" "RUST_BACKTRACE=full" "-e" "RUSTFLAGS=--cap-lints=warn" "-e" "RUSTDOCFLAGS=--cap-lints=warn" "-e" "CARGO_HOME=/opt/rustwide/cargo-home" "-e" "RUSTUP_HOME=/opt/rustwide/rustup-home" "-w" "/opt/rustwide/workdir" "-m" "1610612736" "--user" "0:0" "--network" "none" "ghcr.io/rust-lang/crates-build-env/linux@sha256:5ff2268d62e97bff2cde7d5815dd6ed5b47097566f13b8d0ca110b04b60e07ed" "/opt/rustwide/cargo-home/bin/cargo" "+1.69.0" "test" "--frozen" "--no-run" "--message-format=json", kill_on_drop: false }`
[INFO] [stdout] 3fddde4caeb14c5f3eb9cd94898d4bd39deba46ee562da1f7d910ad30fb2406e
[INFO] running `Command { std: "docker" "start" "-a" "3fddde4caeb14c5f3eb9cd94898d4bd39deba46ee562da1f7d910ad30fb2406e", kill_on_drop: false }`
[INFO] [stderr]    Compiling lk v0.3.4 (/opt/rustwide/workdir)
[INFO] [stderr]     Finished test [unoptimized + debuginfo] target(s) in 3.60s
[INFO] [stderr] warning: the following packages contain code that will be rejected by a future version of Rust: traitobject v0.1.0
[INFO] [stderr] note: to see what the problems were, use the option `--future-incompat-report`, or run `cargo report future-incompatibilities --id 1`
[INFO] running `Command { std: "docker" "inspect" "3fddde4caeb14c5f3eb9cd94898d4bd39deba46ee562da1f7d910ad30fb2406e", kill_on_drop: false }`
[INFO] running `Command { std: "docker" "rm" "-f" "3fddde4caeb14c5f3eb9cd94898d4bd39deba46ee562da1f7d910ad30fb2406e", kill_on_drop: false }`
[INFO] [stdout] 3fddde4caeb14c5f3eb9cd94898d4bd39deba46ee562da1f7d910ad30fb2406e
[INFO] running `Command { std: "docker" "create" "-v" "/var/lib/crater-agent-workspace/builds/worker-2-tc1/target:/opt/rustwide/target:rw,Z" "-v" "/var/lib/crater-agent-workspace/builds/worker-2-tc1/source:/opt/rustwide/workdir:ro,Z" "-v" "/var/lib/crater-agent-workspace/cargo-home:/opt/rustwide/cargo-home:ro,Z" "-v" "/var/lib/crater-agent-workspace/rustup-home:/opt/rustwide/rustup-home:ro,Z" "-e" "SOURCE_DIR=/opt/rustwide/workdir" "-e" "CARGO_TARGET_DIR=/opt/rustwide/target" "-e" "CARGO_INCREMENTAL=0" "-e" "RUST_BACKTRACE=full" "-e" "RUSTFLAGS=--cap-lints=warn" "-e" "RUSTDOCFLAGS=--cap-lints=warn" "-e" "CARGO_HOME=/opt/rustwide/cargo-home" "-e" "RUSTUP_HOME=/opt/rustwide/rustup-home" "-w" "/opt/rustwide/workdir" "-m" "1610612736" "--user" "0:0" "--network" "none" "ghcr.io/rust-lang/crates-build-env/linux@sha256:5ff2268d62e97bff2cde7d5815dd6ed5b47097566f13b8d0ca110b04b60e07ed" "/opt/rustwide/cargo-home/bin/cargo" "+1.69.0" "test" "--frozen", kill_on_drop: false }`
[INFO] [stdout] de306e5e181b001868da027115f90b2c99869d161ed85becc8281f6bd30a751e
[INFO] running `Command { std: "docker" "start" "-a" "de306e5e181b001868da027115f90b2c99869d161ed85becc8281f6bd30a751e", kill_on_drop: false }`
[INFO] [stderr]     Finished test [unoptimized + debuginfo] target(s) in 0.12s
[INFO] [stderr] warning: the following packages contain code that will be rejected by a future version of Rust: traitobject v0.1.0
[INFO] [stderr] note: to see what the problems were, use the option `--future-incompat-report`, or run `cargo report future-incompatibilities --id 1`
[INFO] [stderr]      Running unittests src/main.rs (/opt/rustwide/target/debug/deps/lk-f6bcddbf9c165a0b)
[INFO] [stdout] 
[INFO] [stdout] running 11 tests
[INFO] [stdout] test executables::tests::should_fail_when_no_includes ... ok
[INFO] [stdout] test executables::tests::should_exclude_by_file_name ... ok
[INFO] [stdout] test executables::tests::should_include_multiple_specific_folders ... ok
[INFO] [stdout] test script::tests::test_get_function_edge ... ok
[INFO] [stdout] test executables::tests::should_include_only_specific_folder ... ok
[INFO] [stdout] test script::tests::test_get_function ... ok
[INFO] [stdout] test executables::tests::should_exclude_multiple_specific_folders ... ok
[INFO] [stdout] test script::tests::test_is_function_header_line ... ok
[INFO] [stdout] test executables::tests::should_exclude_by_file_folder ... ok
[INFO] [stdout] test script::tests::test_clean_comment_line ... ok
[INFO] [stderr] error: test failed, to rerun pass `--bin lk`
[INFO] [stdout] test executables::tests::default_should_include_all_files ... FAILED
[INFO] [stdout] 
[INFO] [stdout] failures:
[INFO] [stdout] 
[INFO] [stdout] ---- executables::tests::default_should_include_all_files stdout ----
[INFO] [stdout] Including: **/*
[INFO] [stdout] Checking path: ".cargo_vcs_info.json"
[INFO] [stdout] Checking path: ".github"
[INFO] [stdout] Checking path: ".github/workflows"
[INFO] [stdout] Checking path: ".github/workflows/rust.yml"
[INFO] [stdout] Checking path: ".gitignore"
[INFO] [stdout] Checking path: ".vscode"
[INFO] [stdout] Checking path: ".vscode/launch.json"
[INFO] [stdout] Checking path: "CHANGELOG.md"
[INFO] [stdout] Checking path: "Cargo.lock"
[INFO] [stdout] Checking path: "Cargo.toml"
[INFO] [stdout] Checking path: "Cargo.toml.orig"
[INFO] [stdout] Checking path: "README.md"
[INFO] [stdout] Checking path: "dev"
[INFO] [stdout] Including "dev"
[INFO] [stdout] Checking path: "docs"
[INFO] [stdout] Checking path: "docs/demo_01.png"
[INFO] [stdout] Checking path: "docs/demo_02.png"
[INFO] [stdout] Checking path: "docs/demo_03.png"
[INFO] [stdout] Checking path: "docs/demo_04.png"
[INFO] [stdout] Checking path: "docs/demo_05.png"
[INFO] [stdout] Checking path: "docs/demo_06.png"
[INFO] [stdout] Checking path: "docs/demo_07.png"
[INFO] [stdout] Checking path: "docs/demo_08.png"
[INFO] [stdout] Checking path: "docs/demo_09.png"
[INFO] [stdout] Checking path: "docs/demo_10.png"
[INFO] [stdout] Checking path: "docs/example01.png"
[INFO] [stdout] Checking path: "docs/example02.png"
[INFO] [stdout] Checking path: "docs/example03.png"
[INFO] [stdout] Checking path: "docs/example04.png"
[INFO] [stdout] Checking path: "docs/example05.png"
[INFO] [stdout] Checking path: "docs/how_to_change_default.svg"
[INFO] [stdout] Checking path: "docs/how_to_fuzzy.svg"
[INFO] [stdout] Checking path: "docs/how_to_list.svg"
[INFO] [stdout] Checking path: "docs/meme01.png"
[INFO] [stdout] Checking path: "lk.toml"
[INFO] [stdout] Checking path: "src"
[INFO] [stdout] Checking path: "src/bash_file.rs"
[INFO] [stdout] Checking path: "src/executables.rs"
[INFO] [stdout] Checking path: "src/main.rs"
[INFO] [stdout] Checking path: "src/script.rs"
[INFO] [stdout] Checking path: "src/shells.rs"
[INFO] [stdout] Checking path: "src/ui.rs"
[INFO] [stdout] Checking path: "tests"
[INFO] [stdout] Checking path: "tests/depends_on_file"
[INFO] [stdout] Checking path: "tests/depends_on_file/another_random_script.sh"
[INFO] [stdout] Including "tests/depends_on_file/another_random_script.sh"
[INFO] [stdout] Checking path: "tests/depends_on_file/depends_on_file.sh"
[INFO] [stdout] Including "tests/depends_on_file/depends_on_file.sh"
[INFO] [stdout] Checking path: "tests/depends_on_file/file"
[INFO] [stdout] Checking path: "tests/empty_script.sh"
[INFO] [stdout] Including "tests/empty_script.sh"
[INFO] [stdout] Checking path: "tests/exclude_me"
[INFO] [stdout] Checking path: "tests/exclude_me/should_not_be_included.sh"
[INFO] [stdout] Including "tests/exclude_me/should_not_be_included.sh"
[INFO] [stdout] Checking path: "tests/executables_tests"
[INFO] [stdout] Checking path: "tests/executables_tests/script02.sh"
[INFO] [stdout] Including "tests/executables_tests/script02.sh"
[INFO] [stdout] Checking path: "tests/executables_tests/script03.sh"
[INFO] [stdout] Checking path: "tests/executables_tests/script04.sh"
[INFO] [stdout] Including "tests/executables_tests/script04.sh"
[INFO] [stdout] Checking path: "tests/executables_tests/some_sub_dir"
[INFO] [stdout] Checking path: "tests/executables_tests/some_sub_dir/mkfifo"
[INFO] [stdout] Checking path: "tests/executables_tests/some_sub_dir/script01.sh"
[INFO] [stdout] Including "tests/executables_tests/some_sub_dir/script01.sh"
[INFO] [stdout] Checking path: "tests/executables_tests/some_sub_dir/script04.sh"
[INFO] [stdout] Including "tests/executables_tests/some_sub_dir/script04.sh"
[INFO] [stdout] Checking path: "tests/script.sh"
[INFO] [stdout] Including "tests/script.sh"
[INFO] [stdout] Checking path: "tests/test.sh"
[INFO] [stdout] Including "tests/test.sh"
[INFO] [stdout] Checking path: "tests/with_no_param_tests.rs"
[INFO] [stdout] Checking path: "tests/with_script_and_function_tests.rs"
[INFO] [stdout] Checking path: "tests/with_script_tests.rs"
[INFO] [stdout] [Executable { short_name: "dev", path: "dev", absolute_path: "/opt/rustwide/workdir/dev" }, Executable { short_name: "another_random_script.sh", path: "tests/depends_on_file/another_random_script.sh", absolute_path: "/opt/rustwide/workdir/tests/depends_on_file/another_random_script.sh" }, Executable { short_name: "depends_on_file.sh", path: "tests/depends_on_file/depends_on_file.sh", absolute_path: "/opt/rustwide/workdir/tests/depends_on_file/depends_on_file.sh" }, Executable { short_name: "empty_script.sh", path: "tests/empty_script.sh", absolute_path: "/opt/rustwide/workdir/tests/empty_script.sh" }, Executable { short_name: "should_not_be_included.sh", path: "tests/exclude_me/should_not_be_included.sh", absolute_path: "/opt/rustwide/workdir/tests/exclude_me/should_not_be_included.sh" }, Executable { short_name: "script02.sh", path: "tests/executables_tests/script02.sh", absolute_path: "/opt/rustwide/workdir/tests/executables_tests/script02.sh" }, Executable { short_name: "script04.sh", path: "tests/executables_tests/script04.sh", absolute_path: "/opt/rustwide/workdir/tests/executables_tests/script04.sh" }, Executable { short_name: "script01.sh", path: "tests/executables_tests/some_sub_dir/script01.sh", absolute_path: "/opt/rustwide/workdir/tests/executables_tests/some_sub_dir/script01.sh" }, Executable { short_name: "script04.sh", path: "tests/executables_tests/some_sub_dir/script04.sh", absolute_path: "/opt/rustwide/workdir/tests/executables_tests/some_sub_dir/script04.sh" }, Executable { short_name: "script.sh", path: "tests/script.sh", absolute_path: "/opt/rustwide/workdir/tests/script.sh" }, Executable { short_name: "test.sh", path: "tests/test.sh", absolute_path: "/opt/rustwide/workdir/tests/test.sh" }]
[INFO] [stdout] thread 'executables::tests::default_should_include_all_files' panicked at 'assertion failed: `(left == right)`
[INFO] [stdout]   left: `11`,
[INFO] [stdout]  right: `10`', src/executables.rs:211:9
[INFO] [stdout] stack backtrace:
[INFO] [stdout]    0:     0x565223ba833a - std::backtrace_rs::backtrace::libunwind::trace::ha9053a9a07ca49cb
[INFO] [stdout]                                at /rustc/84c898d65adf2f39a5a98507f1fe0ce10a2b8dbc/library/std/src/../../backtrace/src/backtrace/libunwind.rs:93:5
[INFO] [stdout]    1:     0x565223ba833a - std::backtrace_rs::backtrace::trace_unsynchronized::h9c2852a457ad564e
[INFO] [stdout]                                at /rustc/84c898d65adf2f39a5a98507f1fe0ce10a2b8dbc/library/std/src/../../backtrace/src/backtrace/mod.rs:66:5
[INFO] [stdout]    2:     0x565223ba833a - std::sys_common::backtrace::_print_fmt::h457936fbfaa0070f
[INFO] [stdout]                                at /rustc/84c898d65adf2f39a5a98507f1fe0ce10a2b8dbc/library/std/src/sys_common/backtrace.rs:65:5
[INFO] [stdout]    3:     0x565223ba833a - <std::sys_common::backtrace::_print::DisplayBacktrace as core::fmt::Display>::fmt::h5779d7bf7f70cb0c
[INFO] [stdout]                                at /rustc/84c898d65adf2f39a5a98507f1fe0ce10a2b8dbc/library/std/src/sys_common/backtrace.rs:44:22
[INFO] [stdout]    4:     0x565223bcc12e - core::fmt::write::h5a4baaff1bcd3eb5
[INFO] [stdout]                                at /rustc/84c898d65adf2f39a5a98507f1fe0ce10a2b8dbc/library/core/src/fmt/mod.rs:1232:17
[INFO] [stdout]    5:     0x565223ba53f5 - std::io::Write::write_fmt::h478f79c628ef31d1
[INFO] [stdout]                                at /rustc/84c898d65adf2f39a5a98507f1fe0ce10a2b8dbc/library/std/src/io/mod.rs:1684:15
[INFO] [stdout]    6:     0x565223ba8105 - std::sys_common::backtrace::_print::h5fcdc36060f177e8
[INFO] [stdout]                                at /rustc/84c898d65adf2f39a5a98507f1fe0ce10a2b8dbc/library/std/src/sys_common/backtrace.rs:47:5
[INFO] [stdout]    7:     0x565223ba8105 - std::sys_common::backtrace::print::h54ca9458b876c8bf
[INFO] [stdout]                                at /rustc/84c898d65adf2f39a5a98507f1fe0ce10a2b8dbc/library/std/src/sys_common/backtrace.rs:34:9
[INFO] [stdout]    8:     0x565223ba9ecf - std::panicking::default_hook::{{closure}}::hbe471161c7664ed6
[INFO] [stdout]                                at /rustc/84c898d65adf2f39a5a98507f1fe0ce10a2b8dbc/library/std/src/panicking.rs:271:22
[INFO] [stdout]    9:     0x565223ba9b8f - std::panicking::default_hook::ha3500da57aa4ac4f
[INFO] [stdout]                                at /rustc/84c898d65adf2f39a5a98507f1fe0ce10a2b8dbc/library/std/src/panicking.rs:287:9
[INFO] [stdout]   10:     0x5652239eae07 - <alloc::boxed::Box<F,A> as core::ops::function::Fn<Args>>::call::hdf1b89dd137ece34
[INFO] [stdout]                                at /rustc/84c898d65adf2f39a5a98507f1fe0ce10a2b8dbc/library/alloc/src/boxed.rs:2001:9
[INFO] [stdout]   11:     0x5652239eae07 - test::test_main::{{closure}}::h9081a79f20e75698
[INFO] [stdout]                                at /rustc/84c898d65adf2f39a5a98507f1fe0ce10a2b8dbc/library/test/src/lib.rs:135:21
[INFO] [stdout]   12:     0x565223baa5fd - <alloc::boxed::Box<F,A> as core::ops::function::Fn<Args>>::call::h6507bddc3eebb4a5
[INFO] [stdout]                                at /rustc/84c898d65adf2f39a5a98507f1fe0ce10a2b8dbc/library/alloc/src/boxed.rs:2001:9
[INFO] [stdout]   13:     0x565223baa5fd - std::panicking::rust_panic_with_hook::h50c09d000dc561d2
[INFO] [stdout]                                at /rustc/84c898d65adf2f39a5a98507f1fe0ce10a2b8dbc/library/std/src/panicking.rs:696:13
[INFO] [stdout]   14:     0x565223baa379 - std::panicking::begin_panic_handler::{{closure}}::h9e2b2176e00e0d9c
[INFO] [stdout]                                at /rustc/84c898d65adf2f39a5a98507f1fe0ce10a2b8dbc/library/std/src/panicking.rs:583:13
[INFO] [stdout]   15:     0x565223ba87a6 - std::sys_common::backtrace::__rust_end_short_backtrace::h5739b8e512c09d02
[INFO] [stdout]                                at /rustc/84c898d65adf2f39a5a98507f1fe0ce10a2b8dbc/library/std/src/sys_common/backtrace.rs:150:18
[INFO] [stdout]   16:     0x565223baa082 - rust_begin_unwind
[INFO] [stdout]                                at /rustc/84c898d65adf2f39a5a98507f1fe0ce10a2b8dbc/library/std/src/panicking.rs:579:5
[INFO] [stdout]   17:     0x5652239ae283 - core::panicking::panic_fmt::hf33a1475b4dc5c3e
[INFO] [stdout]                                at /rustc/84c898d65adf2f39a5a98507f1fe0ce10a2b8dbc/library/core/src/panicking.rs:64:14
[INFO] [stdout]   18:     0x5652239ae5bf - core::panicking::assert_failed_inner::haf9816227b20b6f2
[INFO] [stdout]   19:     0x5652239fa24a - core::panicking::assert_failed::hb45933fbf0343460
[INFO] [stdout]                                at /rustc/84c898d65adf2f39a5a98507f1fe0ce10a2b8dbc/library/core/src/panicking.rs:211:5
[INFO] [stdout]   20:     0x5652239b14f4 - lk::executables::tests::default_should_include_all_files::hdbacbcffa4c83b79
[INFO] [stdout]                                at /opt/rustwide/workdir/src/executables.rs:211:9
[INFO] [stdout]   21:     0x5652239b1307 - lk::executables::tests::default_should_include_all_files::{{closure}}::hd0d564a5fb805426
[INFO] [stdout]                                at /opt/rustwide/workdir/src/executables.rs:208:43
[INFO] [stdout]   22:     0x5652239b3285 - core::ops::function::FnOnce::call_once::h345b593837fe4721
[INFO] [stdout]                                at /rustc/84c898d65adf2f39a5a98507f1fe0ce10a2b8dbc/library/core/src/ops/function.rs:250:5
[INFO] [stdout]   23:     0x5652239f01ef - core::ops::function::FnOnce::call_once::h7d969581be7d0075
[INFO] [stdout]                                at /rustc/84c898d65adf2f39a5a98507f1fe0ce10a2b8dbc/library/core/src/ops/function.rs:250:5
[INFO] [stdout]   24:     0x5652239f01ef - test::__rust_begin_short_backtrace::hca25a52684e56655
[INFO] [stdout]                                at /rustc/84c898d65adf2f39a5a98507f1fe0ce10a2b8dbc/library/test/src/lib.rs:656:18
[INFO] [stdout]   25:     0x5652239c180c - test::run_test::{{closure}}::ha8ac744c4af1a4bb
[INFO] [stdout]                                at /rustc/84c898d65adf2f39a5a98507f1fe0ce10a2b8dbc/library/test/src/lib.rs:647:30
[INFO] [stdout]   26:     0x5652239c180c - core::ops::function::FnOnce::call_once{{vtable.shim}}::h7b411a9ed45bdecf
[INFO] [stdout]                                at /rustc/84c898d65adf2f39a5a98507f1fe0ce10a2b8dbc/library/core/src/ops/function.rs:250:5
[INFO] [stdout]   27:     0x5652239ef1b6 - <alloc::boxed::Box<F,A> as core::ops::function::FnOnce<Args>>::call_once::hd05328869a8ed200
[INFO] [stdout]                                at /rustc/84c898d65adf2f39a5a98507f1fe0ce10a2b8dbc/library/alloc/src/boxed.rs:1987:9
[INFO] [stdout]   28:     0x5652239ef1b6 - <core::panic::unwind_safe::AssertUnwindSafe<F> as core::ops::function::FnOnce<()>>::call_once::h0c601ce20bd5b2be
[INFO] [stdout]                                at /rustc/84c898d65adf2f39a5a98507f1fe0ce10a2b8dbc/library/core/src/panic/unwind_safe.rs:271:9
[INFO] [stdout]   29:     0x5652239ef1b6 - std::panicking::try::do_call::ha4be5c164fe30854
[INFO] [stdout]                                at /rustc/84c898d65adf2f39a5a98507f1fe0ce10a2b8dbc/library/std/src/panicking.rs:487:40
[INFO] [stdout]   30:     0x5652239ef1b6 - std::panicking::try::h604546f3609af05f
[INFO] [stdout]                                at /rustc/84c898d65adf2f39a5a98507f1fe0ce10a2b8dbc/library/std/src/panicking.rs:451:19
[INFO] [stdout]   31:     0x5652239ef1b6 - std::panic::catch_unwind::h5bfa8afe44c9c2f9
[INFO] [stdout]                                at /rustc/84c898d65adf2f39a5a98507f1fe0ce10a2b8dbc/library/std/src/panic.rs:140:14
[INFO] [stdout]   32:     0x5652239ef1b6 - test::run_test_in_process::hd50dee55dd63e6aa
[INFO] [stdout]                                at /rustc/84c898d65adf2f39a5a98507f1fe0ce10a2b8dbc/library/test/src/lib.rs:679:27
[INFO] [stdout]   33:     0x5652239ef1b6 - test::run_test::run_test_inner::{{closure}}::h4aa0f433aa85cea8
[INFO] [stdout]                                at /rustc/84c898d65adf2f39a5a98507f1fe0ce10a2b8dbc/library/test/src/lib.rs:573:39
[INFO] [stdout]   34:     0x5652239bbe81 - test::run_test::run_test_inner::{{closure}}::had56431adf24b4d6
[INFO] [stdout]                                at /rustc/84c898d65adf2f39a5a98507f1fe0ce10a2b8dbc/library/test/src/lib.rs:600:37
[INFO] [stdout]   35:     0x5652239bbe81 - std::sys_common::backtrace::__rust_begin_short_backtrace::ha8d9890e0c73bf13
[INFO] [stdout]                                at /rustc/84c898d65adf2f39a5a98507f1fe0ce10a2b8dbc/library/std/src/sys_common/backtrace.rs:134:18
[INFO] [stdout]   36:     0x5652239c189b - std::thread::Builder::spawn_unchecked_::{{closure}}::{{closure}}::h251832bcb4a95327
[INFO] [stdout]                                at /rustc/84c898d65adf2f39a5a98507f1fe0ce10a2b8dbc/library/std/src/thread/mod.rs:560:17
[INFO] [stdout]   37:     0x5652239c189b - <core::panic::unwind_safe::AssertUnwindSafe<F> as core::ops::function::FnOnce<()>>::call_once::h8fdff598fa414831
[INFO] [stdout]                                at /rustc/84c898d65adf2f39a5a98507f1fe0ce10a2b8dbc/library/core/src/panic/unwind_safe.rs:271:9
[INFO] [stdout]   38:     0x5652239c189b - std::panicking::try::do_call::h455dd2f7764a950f
[INFO] [stdout]                                at /rustc/84c898d65adf2f39a5a98507f1fe0ce10a2b8dbc/library/std/src/panicking.rs:487:40
[INFO] [stdout]   39:     0x5652239c189b - std::panicking::try::had6f23b7b73ae72a
[INFO] [stdout]                                at /rustc/84c898d65adf2f39a5a98507f1fe0ce10a2b8dbc/library/std/src/panicking.rs:451:19
[INFO] [stdout]   40:     0x5652239c189b - std::panic::catch_unwind::ha6a5ca3915b4dad0
[INFO] [stdout]                                at /rustc/84c898d65adf2f39a5a98507f1fe0ce10a2b8dbc/library/std/src/panic.rs:140:14
[INFO] [stdout]   41:     0x5652239c189b - std::thread::Builder::spawn_unchecked_::{{closure}}::h883b72ef75da6231
[INFO] [stdout]                                at /rustc/84c898d65adf2f39a5a98507f1fe0ce10a2b8dbc/library/std/src/thread/mod.rs:559:30
[INFO] [stdout]   42:     0x5652239c189b - core::ops::function::FnOnce::call_once{{vtable.shim}}::hb7dff73dc8bd2ccb
[INFO] [stdout]                                at /rustc/84c898d65adf2f39a5a98507f1fe0ce10a2b8dbc/library/core/src/ops/function.rs:250:5
[INFO] [stdout]   43:     0x565223baeea3 - <alloc::boxed::Box<F,A> as core::ops::function::FnOnce<Args>>::call_once::h39990b24eedef2ab
[INFO] [stdout]                                at /rustc/84c898d65adf2f39a5a98507f1fe0ce10a2b8dbc/library/alloc/src/boxed.rs:1987:9
[INFO] [stdout]   44:     0x565223baeea3 - <alloc::boxed::Box<F,A> as core::ops::function::FnOnce<Args>>::call_once::h01a027258444143b
[INFO] [stdout]                                at /rustc/84c898d65adf2f39a5a98507f1fe0ce10a2b8dbc/library/alloc/src/boxed.rs:1987:9
[INFO] [stdout]   45:     0x565223baeea3 - std::sys::unix::thread::Thread::new::thread_start::ha4f1cdd9c25884ba
[INFO] [stdout]                                at /rustc/84c898d65adf2f39a5a98507f1fe0ce10a2b8dbc/library/std/src/sys/unix/thread.rs:108:17
[INFO] [stdout]   46:     0x7f592a49fb43 - <unknown>
[INFO] [stdout]   47:     0x7f592a530bb4 - __clone
[INFO] [stdout]   48:                0x0 - <unknown>
[INFO] [stdout] 
[INFO] [stdout] 
[INFO] [stdout] failures:
[INFO] [stdout]     executables::tests::default_should_include_all_files
[INFO] [stdout] 
[INFO] [stdout] test result: FAILED. 10 passed; 1 failed; 0 ignored; 0 measured; 0 filtered out; finished in 0.04s
[INFO] [stdout] 
[INFO] running `Command { std: "docker" "inspect" "de306e5e181b001868da027115f90b2c99869d161ed85becc8281f6bd30a751e", kill_on_drop: false }`
[INFO] running `Command { std: "docker" "rm" "-f" "de306e5e181b001868da027115f90b2c99869d161ed85becc8281f6bd30a751e", kill_on_drop: false }`
[INFO] [stdout] de306e5e181b001868da027115f90b2c99869d161ed85becc8281f6bd30a751e
