[INFO] fetching crate ljprs_es 0.1.0...
[INFO] testing ljprs_es-0.1.0 against 1.69.0 for beta-1.70-1
[INFO] extracting crate ljprs_es 0.1.0 into /workspace/builds/worker-2-tc1/source
[INFO] validating manifest of crates.io crate ljprs_es 0.1.0 on toolchain 1.69.0
[INFO] running `Command { std: CARGO_HOME="/workspace/cargo-home" RUSTUP_HOME="/workspace/rustup-home" "/workspace/cargo-home/bin/cargo" "+1.69.0" "metadata" "--manifest-path" "Cargo.toml" "--no-deps", kill_on_drop: false }`
[INFO] started tweaking crates.io crate ljprs_es 0.1.0
[INFO] finished tweaking crates.io crate ljprs_es 0.1.0
[INFO] tweaked toml for crates.io crate ljprs_es 0.1.0 written to /workspace/builds/worker-2-tc1/source/Cargo.toml
[INFO] running `Command { std: CARGO_HOME="/workspace/cargo-home" RUSTUP_HOME="/workspace/rustup-home" __CARGO_TEST_CHANNEL_OVERRIDE_DO_NOT_USE_THIS="nightly" "/workspace/cargo-home/bin/cargo" "+1.69.0" "generate-lockfile" "--manifest-path" "Cargo.toml" "-Zno-index-update", kill_on_drop: false }`
[INFO] running `Command { std: CARGO_HOME="/workspace/cargo-home" RUSTUP_HOME="/workspace/rustup-home" "/workspace/cargo-home/bin/cargo" "+1.69.0" "fetch" "--manifest-path" "Cargo.toml", kill_on_drop: false }`
[INFO] running `Command { std: "docker" "create" "-v" "/var/lib/crater-agent-workspace/builds/worker-2-tc1/target:/opt/rustwide/target:rw,Z" "-v" "/var/lib/crater-agent-workspace/builds/worker-2-tc1/source:/opt/rustwide/workdir:ro,Z" "-v" "/var/lib/crater-agent-workspace/cargo-home:/opt/rustwide/cargo-home:ro,Z" "-v" "/var/lib/crater-agent-workspace/rustup-home:/opt/rustwide/rustup-home:ro,Z" "-e" "SOURCE_DIR=/opt/rustwide/workdir" "-e" "CARGO_TARGET_DIR=/opt/rustwide/target" "-e" "CARGO_HOME=/opt/rustwide/cargo-home" "-e" "RUSTUP_HOME=/opt/rustwide/rustup-home" "-w" "/opt/rustwide/workdir" "-m" "1610612736" "--user" "0:0" "--network" "none" "ghcr.io/rust-lang/crates-build-env/linux@sha256:5ff2268d62e97bff2cde7d5815dd6ed5b47097566f13b8d0ca110b04b60e07ed" "/opt/rustwide/cargo-home/bin/cargo" "+1.69.0" "metadata" "--no-deps" "--format-version=1", kill_on_drop: false }`
[INFO] [stdout] a30068322a009c337ee15281defaba6167b7b838f4801d7dad4d6ceedd30d1bb
[INFO] running `Command { std: "docker" "start" "-a" "a30068322a009c337ee15281defaba6167b7b838f4801d7dad4d6ceedd30d1bb", kill_on_drop: false }`
[INFO] running `Command { std: "docker" "inspect" "a30068322a009c337ee15281defaba6167b7b838f4801d7dad4d6ceedd30d1bb", kill_on_drop: false }`
[INFO] running `Command { std: "docker" "rm" "-f" "a30068322a009c337ee15281defaba6167b7b838f4801d7dad4d6ceedd30d1bb", kill_on_drop: false }`
[INFO] [stdout] a30068322a009c337ee15281defaba6167b7b838f4801d7dad4d6ceedd30d1bb
[INFO] running `Command { std: "docker" "create" "-v" "/var/lib/crater-agent-workspace/builds/worker-2-tc1/target:/opt/rustwide/target:rw,Z" "-v" "/var/lib/crater-agent-workspace/builds/worker-2-tc1/source:/opt/rustwide/workdir:ro,Z" "-v" "/var/lib/crater-agent-workspace/cargo-home:/opt/rustwide/cargo-home:ro,Z" "-v" "/var/lib/crater-agent-workspace/rustup-home:/opt/rustwide/rustup-home:ro,Z" "-e" "SOURCE_DIR=/opt/rustwide/workdir" "-e" "CARGO_TARGET_DIR=/opt/rustwide/target" "-e" "CARGO_INCREMENTAL=0" "-e" "RUST_BACKTRACE=full" "-e" "RUSTFLAGS=--cap-lints=warn" "-e" "RUSTDOCFLAGS=--cap-lints=warn" "-e" "CARGO_HOME=/opt/rustwide/cargo-home" "-e" "RUSTUP_HOME=/opt/rustwide/rustup-home" "-w" "/opt/rustwide/workdir" "-m" "1610612736" "--user" "0:0" "--network" "none" "ghcr.io/rust-lang/crates-build-env/linux@sha256:5ff2268d62e97bff2cde7d5815dd6ed5b47097566f13b8d0ca110b04b60e07ed" "/opt/rustwide/cargo-home/bin/cargo" "+1.69.0" "build" "--frozen" "--message-format=json", kill_on_drop: false }`
[INFO] [stdout] 137347f606f3662f7b7407119055a84c38455142b8068ccf7aa8341f6980e315
[INFO] running `Command { std: "docker" "start" "-a" "137347f606f3662f7b7407119055a84c38455142b8068ccf7aa8341f6980e315", kill_on_drop: false }`
[INFO] [stderr]    Compiling async-trait v0.1.68
[INFO] [stderr]    Compiling syn v2.0.15
[INFO] [stderr]    Compiling serde_derive v1.0.160
[INFO] [stderr]    Compiling serde v1.0.160
[INFO] [stderr]    Compiling ljprs_es v0.1.0 (/opt/rustwide/workdir)
[INFO] [stderr]     Finished dev [unoptimized + debuginfo] target(s) in 9.02s
[INFO] running `Command { std: "docker" "inspect" "137347f606f3662f7b7407119055a84c38455142b8068ccf7aa8341f6980e315", kill_on_drop: false }`
[INFO] running `Command { std: "docker" "rm" "-f" "137347f606f3662f7b7407119055a84c38455142b8068ccf7aa8341f6980e315", kill_on_drop: false }`
[INFO] [stdout] 137347f606f3662f7b7407119055a84c38455142b8068ccf7aa8341f6980e315
[INFO] running `Command { std: "docker" "create" "-v" "/var/lib/crater-agent-workspace/builds/worker-2-tc1/target:/opt/rustwide/target:rw,Z" "-v" "/var/lib/crater-agent-workspace/builds/worker-2-tc1/source:/opt/rustwide/workdir:ro,Z" "-v" "/var/lib/crater-agent-workspace/cargo-home:/opt/rustwide/cargo-home:ro,Z" "-v" "/var/lib/crater-agent-workspace/rustup-home:/opt/rustwide/rustup-home:ro,Z" "-e" "SOURCE_DIR=/opt/rustwide/workdir" "-e" "CARGO_TARGET_DIR=/opt/rustwide/target" "-e" "CARGO_INCREMENTAL=0" "-e" "RUST_BACKTRACE=full" "-e" "RUSTFLAGS=--cap-lints=warn" "-e" "RUSTDOCFLAGS=--cap-lints=warn" "-e" "CARGO_HOME=/opt/rustwide/cargo-home" "-e" "RUSTUP_HOME=/opt/rustwide/rustup-home" "-w" "/opt/rustwide/workdir" "-m" "1610612736" "--user" "0:0" "--network" "none" "ghcr.io/rust-lang/crates-build-env/linux@sha256:5ff2268d62e97bff2cde7d5815dd6ed5b47097566f13b8d0ca110b04b60e07ed" "/opt/rustwide/cargo-home/bin/cargo" "+1.69.0" "test" "--frozen" "--no-run" "--message-format=json", kill_on_drop: false }`
[INFO] [stdout] c2bcf3f4030e716e5341947f17baa3811f43fa7cbe91154da11aee80345e5eb8
[INFO] running `Command { std: "docker" "start" "-a" "c2bcf3f4030e716e5341947f17baa3811f43fa7cbe91154da11aee80345e5eb8", kill_on_drop: false }`
[INFO] [stderr]    Compiling ljprs_es v0.1.0 (/opt/rustwide/workdir)
[INFO] [stderr]     Finished test [unoptimized + debuginfo] target(s) in 0.23s
[INFO] running `Command { std: "docker" "inspect" "c2bcf3f4030e716e5341947f17baa3811f43fa7cbe91154da11aee80345e5eb8", kill_on_drop: false }`
[INFO] running `Command { std: "docker" "rm" "-f" "c2bcf3f4030e716e5341947f17baa3811f43fa7cbe91154da11aee80345e5eb8", kill_on_drop: false }`
[INFO] [stdout] c2bcf3f4030e716e5341947f17baa3811f43fa7cbe91154da11aee80345e5eb8
[INFO] running `Command { std: "docker" "create" "-v" "/var/lib/crater-agent-workspace/builds/worker-2-tc1/target:/opt/rustwide/target:rw,Z" "-v" "/var/lib/crater-agent-workspace/builds/worker-2-tc1/source:/opt/rustwide/workdir:ro,Z" "-v" "/var/lib/crater-agent-workspace/cargo-home:/opt/rustwide/cargo-home:ro,Z" "-v" "/var/lib/crater-agent-workspace/rustup-home:/opt/rustwide/rustup-home:ro,Z" "-e" "SOURCE_DIR=/opt/rustwide/workdir" "-e" "CARGO_TARGET_DIR=/opt/rustwide/target" "-e" "CARGO_INCREMENTAL=0" "-e" "RUST_BACKTRACE=full" "-e" "RUSTFLAGS=--cap-lints=warn" "-e" "RUSTDOCFLAGS=--cap-lints=warn" "-e" "CARGO_HOME=/opt/rustwide/cargo-home" "-e" "RUSTUP_HOME=/opt/rustwide/rustup-home" "-w" "/opt/rustwide/workdir" "-m" "1610612736" "--user" "0:0" "--network" "none" "ghcr.io/rust-lang/crates-build-env/linux@sha256:5ff2268d62e97bff2cde7d5815dd6ed5b47097566f13b8d0ca110b04b60e07ed" "/opt/rustwide/cargo-home/bin/cargo" "+1.69.0" "test" "--frozen", kill_on_drop: false }`
[INFO] [stdout] 935668e6944ffa052daf660d96d8205e27b665e129981e1383efefd19d948923
[INFO] running `Command { std: "docker" "start" "-a" "935668e6944ffa052daf660d96d8205e27b665e129981e1383efefd19d948923", kill_on_drop: false }`
[INFO] [stdout] 
[INFO] [stderr]     Finished test [unoptimized + debuginfo] target(s) in 0.01s
[INFO] [stdout] running 0 tests
[INFO] [stderr]      Running unittests src/lib.rs (/opt/rustwide/target/debug/deps/ljprs_es-f049c5dd250eb29f)
[INFO] [stdout] 
[INFO] [stderr]    Doc-tests ljprs_es
[INFO] [stdout] test result: ok. 0 passed; 0 failed; 0 ignored; 0 measured; 0 filtered out; finished in 0.00s
[INFO] [stdout] 
[INFO] [stdout] 
[INFO] [stdout] running 3 tests
[INFO] [stdout] test src/state.rs - state::State (line 27) ... FAILED
[INFO] [stdout] test src/aggregate.rs - aggregate::Aggregate (line 19) ... FAILED
[INFO] [stdout] test src/event.rs - event::Event (line 20) ... FAILED
[INFO] [stdout] 
[INFO] [stdout] failures:
[INFO] [stdout] 
[INFO] [stdout] ---- src/state.rs - state::State (line 27) stdout ----
[INFO] [stdout] error: cannot find derive macro `Serialize` in this scope
[INFO] [stdout]  --> src/state.rs:28:26
[INFO] [stdout]   |
[INFO] [stdout] 4 | #[derive(Clone, Default, Serialize, Deserialize)]
[INFO] [stdout]   |                          ^^^^^^^^^
[INFO] [stdout]   |
[INFO] [stdout]   = help: consider importing this derive macro:
[INFO] [stdout]           serde::Serialize
[INFO] [stdout] 
[INFO] [stdout] error: cannot find derive macro `Deserialize` in this scope
[INFO] [stdout]  --> src/state.rs:28:37
[INFO] [stdout]   |
[INFO] [stdout] 4 | #[derive(Clone, Default, Serialize, Deserialize)]
[INFO] [stdout]   |                                     ^^^^^^^^^^^
[INFO] [stdout]   |
[INFO] [stdout]   = help: consider importing this derive macro:
[INFO] [stdout]           serde::Deserialize
[INFO] [stdout] 
[INFO] [stdout] error[E0433]: failed to resolve: use of undeclared type `Event`
[INFO] [stdout]   --> src/state.rs:49:13
[INFO] [stdout]    |
[INFO] [stdout] 25 |             Event::OrderCreated(e) => self.apply_order_created(e),
[INFO] [stdout]    |             ^^^^^ use of undeclared type `Event`
[INFO] [stdout] 
[INFO] [stdout] error[E0433]: failed to resolve: use of undeclared type `Event`
[INFO] [stdout]   --> src/state.rs:50:13
[INFO] [stdout]    |
[INFO] [stdout] 26 |             Event::OrderPayment(e) => self.apply_order_payment(e)
[INFO] [stdout]    |             ^^^^^ use of undeclared type `Event`
[INFO] [stdout] 
[INFO] [stdout] error[E0412]: cannot find type `Event` in this scope
[INFO] [stdout]   --> src/state.rs:37:18
[INFO] [stdout]    |
[INFO] [stdout] 13 |     type Event = Event;
[INFO] [stdout]    |                  ^^^^^
[INFO] [stdout]    |
[INFO] [stdout] help: you might have meant to use the associated type
[INFO] [stdout]    |
[INFO] [stdout] 13 |     type Event = Self::Event;
[INFO] [stdout]    |                  ~~~~~~~~~~~
[INFO] [stdout] help: consider importing this trait
[INFO] [stdout]    |
[INFO] [stdout] 2  | use ljprs_es::Event;
[INFO] [stdout]    |
[INFO] [stdout] 
[INFO] [stdout] error[E0412]: cannot find type `OrderCreatedEvent` in this scope
[INFO] [stdout]   --> src/state.rs:56:47
[INFO] [stdout]    |
[INFO] [stdout] 32 |     fn apply_order_created(&mut self, event: &OrderCreatedEvent) {
[INFO] [stdout]    |                                               ^^^^^^^^^^^^^^^^^ not found in this scope
[INFO] [stdout] 
[INFO] [stdout] error[E0412]: cannot find type `OrderPaymentEvent` in this scope
[INFO] [stdout]   --> src/state.rs:63:47
[INFO] [stdout]    |
[INFO] [stdout] 39 |     fn apply_order_payment(&mut self, event: &OrderPaymentEvent) {
[INFO] [stdout]    |                                               ^^^^^^^^^^^^^^^^^ not found in this scope
[INFO] [stdout] 
[INFO] [stdout] error[E0277]: the trait bound `for<'de> OrderState: serde::de::Deserialize<'de>` is not satisfied
[INFO] [stdout]   --> src/state.rs:35:26
[INFO] [stdout]    |
[INFO] [stdout] 11 | impl ljprs_es::State for OrderState {
[INFO] [stdout]    |                          ^^^^^^^^^^ the trait `for<'de> serde::de::Deserialize<'de>` is not implemented for `OrderState`
[INFO] [stdout]    |
[INFO] [stdout]    = help: the following other types implement trait `serde::de::Deserialize<'de>`:
[INFO] [stdout]              &'a Path
[INFO] [stdout]              &'a [u8]
[INFO] [stdout]              &'a str
[INFO] [stdout]              ()
[INFO] [stdout]              (T0, T1)
[INFO] [stdout]              (T0, T1, T2)
[INFO] [stdout]              (T0, T1, T2, T3)
[INFO] [stdout]              (T0, T1, T2, T3, T4)
[INFO] [stdout]            and 124 others
[INFO] [stdout]    = note: required for `OrderState` to implement `serde::de::DeserializeOwned`
[INFO] [stdout] note: required by a bound in `State`
[INFO] [stdout]   --> /opt/rustwide/workdir/src/state.rs:68:63
[INFO] [stdout]    |
[INFO] [stdout] 68 | pub trait State : Send + Sync + Clone + Default + Serialize + DeserializeOwned {
[INFO] [stdout]    |                                                               ^^^^^^^^^^^^^^^^ required by this bound in `State`
[INFO] [stdout] 
[INFO] [stdout] error[E0277]: the trait bound `OrderState: serde::ser::Serialize` is not satisfied
[INFO] [stdout]   --> src/state.rs:35:26
[INFO] [stdout]    |
[INFO] [stdout] 11 | impl ljprs_es::State for OrderState {
[INFO] [stdout]    |                          ^^^^^^^^^^ the trait `serde::ser::Serialize` is not implemented for `OrderState`
[INFO] [stdout]    |
[INFO] [stdout]    = help: the following other types implement trait `serde::ser::Serialize`:
[INFO] [stdout]              &'a T
[INFO] [stdout]              &'a mut T
[INFO] [stdout]              ()
[INFO] [stdout]              (T0, T1)
[INFO] [stdout]              (T0, T1, T2)
[INFO] [stdout]              (T0, T1, T2, T3)
[INFO] [stdout]              (T0, T1, T2, T3, T4)
[INFO] [stdout]              (T0, T1, T2, T3, T4, T5)
[INFO] [stdout]            and 124 others
[INFO] [stdout] note: required by a bound in `State`
[INFO] [stdout]   --> /opt/rustwide/workdir/src/state.rs:68:51
[INFO] [stdout]    |
[INFO] [stdout] 68 | pub trait State : Send + Sync + Clone + Default + Serialize + DeserializeOwned {
[INFO] [stdout]    |                                                   ^^^^^^^^^ required by this bound in `State`
[INFO] [stdout] 
[INFO] [stdout] error: aborting due to 9 previous errors
[INFO] [stdout] 
[INFO] [stdout] Some errors have detailed explanations: E0277, E0412, E0433.
[INFO] [stdout] For more information about an error, try `rustc --explain E0277`.
[INFO] [stdout] Couldn't compile the test.
[INFO] [stdout] ---- src/aggregate.rs - aggregate::Aggregate (line 19) stdout ----
[INFO] [stdout] error: cannot find derive macro `Error` in this scope
[INFO] [stdout]  --> src/aggregate.rs:20:10
[INFO] [stdout]   |
[INFO] [stdout] 4 | #[derive(Error, Debug, PartialEq)]
[INFO] [stdout]   |          ^^^^^
[INFO] [stdout] 
[INFO] [stdout] error: cannot find attribute `error` in this scope
[INFO] [stdout]  --> src/aggregate.rs:22:7
[INFO] [stdout]   |
[INFO] [stdout] 6 |     #[error("a payment of this amount would leave a negative balance owing")]
[INFO] [stdout]   |       ^^^^^
[INFO] [stdout] 
[INFO] [stdout] error[E0412]: cannot find type `OrderState` in this scope
[INFO] [stdout]   --> src/aggregate.rs:27:12
[INFO] [stdout]    |
[INFO] [stdout] 11 |     state: OrderState,
[INFO] [stdout]    |            ^^^^^^^^^^ not found in this scope
[INFO] [stdout] 
[INFO] [stdout] error[E0412]: cannot find type `Event` in this scope
[INFO] [stdout]   --> src/aggregate.rs:29:25
[INFO] [stdout]    |
[INFO] [stdout] 13 |     pending_events: Vec<Event>
[INFO] [stdout]    |                         ^^^^^ not found in this scope
[INFO] [stdout]    |
[INFO] [stdout] help: consider importing this trait
[INFO] [stdout]    |
[INFO] [stdout] 2  | use ljprs_es::Event;
[INFO] [stdout]    |
[INFO] [stdout] 
[INFO] [stdout] error[E0412]: cannot find type `OrderState` in this scope
[INFO] [stdout]   --> src/aggregate.rs:34:18
[INFO] [stdout]    |
[INFO] [stdout] 18 |     type State = OrderState;
[INFO] [stdout]    |                  ^^^^^^^^^^ not found in this scope
[INFO] [stdout] 
[INFO] [stdout] error[E0433]: failed to resolve: use of undeclared type `Event`
[INFO] [stdout]   --> src/aggregate.rs:56:21
[INFO] [stdout]    |
[INFO] [stdout] 40 |         let event = Event::OrderCreated(OrderCreatedEvent {
[INFO] [stdout]    |                     ^^^^^ use of undeclared type `Event`
[INFO] [stdout]    |
[INFO] [stdout] help: consider importing this trait
[INFO] [stdout]    |
[INFO] [stdout] 2  | use ljprs_es::Event;
[INFO] [stdout]    |
[INFO] [stdout] 
[INFO] [stdout] error[E0422]: cannot find struct, variant or union type `OrderCreatedEvent` in this scope
[INFO] [stdout]   --> src/aggregate.rs:56:41
[INFO] [stdout]    |
[INFO] [stdout] 40 |         let event = Event::OrderCreated(OrderCreatedEvent {
[INFO] [stdout]    |                                         ^^^^^^^^^^^^^^^^^ not found in this scope
[INFO] [stdout] 
[INFO] [stdout] error[E0433]: failed to resolve: use of undeclared type `Event`
[INFO] [stdout]   --> src/aggregate.rs:76:29
[INFO] [stdout]    |
[INFO] [stdout] 60 |         let event_payment = Event::OrderPayment(OrderPaymentEvent {
[INFO] [stdout]    |                             ^^^^^ use of undeclared type `Event`
[INFO] [stdout]    |
[INFO] [stdout] help: consider importing this trait
[INFO] [stdout]    |
[INFO] [stdout] 2  | use ljprs_es::Event;
[INFO] [stdout]    |
[INFO] [stdout] 
[INFO] [stdout] error[E0422]: cannot find struct, variant or union type `OrderPaymentEvent` in this scope
[INFO] [stdout]   --> src/aggregate.rs:76:49
[INFO] [stdout]    |
[INFO] [stdout] 60 |         let event_payment = Event::OrderPayment(OrderPaymentEvent {
[INFO] [stdout]    |                                                 ^^^^^^^^^^^^^^^^^ not found in this scope
[INFO] [stdout] 
[INFO] [stdout] error: impl method assumes more implied bounds than the corresponding trait method
[INFO] [stdout]   --> src/aggregate.rs:48:5
[INFO] [stdout]    |
[INFO] [stdout] 32 |     fn take(self) -> (Self::State, u32, Vec<<Self::State as ljprs_es::State>::Event>) {
[INFO] [stdout]    |     ^^^^^^^^^^^^^^^^^^^^^^^^^^^^^^^^^^^^^^^^^^^^^^^^^^^^^^^^^^^^^^^^^^^^^^^^^^^^^^^^^
[INFO] [stdout]    |
[INFO] [stdout]    = warning: this was previously accepted by the compiler but is being phased out; it will become a hard error in a future release!
[INFO] [stdout]    = note: for more information, see issue #105572 <https://github.com/rust-lang/rust/issues/105572>
[INFO] [stdout]    = note: `#[deny(implied_bounds_entailment)]` on by default
[INFO] [stdout] 
[INFO] [stdout] error[E0433]: failed to resolve: use of undeclared type `OrderState`
[INFO] [stdout]   --> src/aggregate.rs:55:25
[INFO] [stdout]    |
[INFO] [stdout] 39 |         let mut state = OrderState::default();
[INFO] [stdout]    |                         ^^^^^^^^^^ use of undeclared type `OrderState`
[INFO] [stdout] 
[INFO] [stdout] error[E0433]: failed to resolve: use of undeclared crate or module `rand`
[INFO] [stdout]   --> src/aggregate.rs:57:17
[INFO] [stdout]    |
[INFO] [stdout] 41 |             id: rand::thread_rng().gen(),
[INFO] [stdout]    |                 ^^^^ use of undeclared crate or module `rand`
[INFO] [stdout] 
[INFO] [stdout] error: aborting due to 12 previous errors
[INFO] [stdout] 
[INFO] [stdout] Some errors have detailed explanations: E0412, E0422, E0433.
[INFO] [stdout] For more information about an error, try `rustc --explain E0412`.
[INFO] [stdout] Couldn't compile the test.
[INFO] [stdout] ---- src/event.rs - event::Event (line 20) stdout ----
[INFO] [stdout] error: cannot find derive macro `Serialize` in this scope
[INFO] [stdout]   --> src/event.rs:47:10
[INFO] [stdout]    |
[INFO] [stdout] 30 | #[derive(Serialize, Deserialize)]
[INFO] [stdout]    |          ^^^^^^^^^
[INFO] [stdout]    |
[INFO] [stdout]    = help: consider importing this derive macro:
[INFO] [stdout]            serde::Serialize
[INFO] [stdout] 
[INFO] [stdout] error: cannot find derive macro `Deserialize` in this scope
[INFO] [stdout]   --> src/event.rs:47:21
[INFO] [stdout]    |
[INFO] [stdout] 30 | #[derive(Serialize, Deserialize)]
[INFO] [stdout]    |                     ^^^^^^^^^^^
[INFO] [stdout]    |
[INFO] [stdout]    = help: consider importing this derive macro:
[INFO] [stdout]            serde::Deserialize
[INFO] [stdout] 
[INFO] [stdout] error: cannot find derive macro `Serialize` in this scope
[INFO] [stdout]   --> src/event.rs:41:10
[INFO] [stdout]    |
[INFO] [stdout] 24 | #[derive(Serialize, Deserialize)]
[INFO] [stdout]    |          ^^^^^^^^^
[INFO] [stdout]    |
[INFO] [stdout]    = help: consider importing this derive macro:
[INFO] [stdout]            serde::Serialize
[INFO] [stdout] 
[INFO] [stdout] error: cannot find derive macro `Deserialize` in this scope
[INFO] [stdout]   --> src/event.rs:41:21
[INFO] [stdout]    |
[INFO] [stdout] 24 | #[derive(Serialize, Deserialize)]
[INFO] [stdout]    |                     ^^^^^^^^^^^
[INFO] [stdout]    |
[INFO] [stdout]    = help: consider importing this derive macro:
[INFO] [stdout]            serde::Deserialize
[INFO] [stdout] 
[INFO] [stdout] error: cannot find derive macro `Serialize` in this scope
[INFO] [stdout]   --> src/event.rs:34:10
[INFO] [stdout]    |
[INFO] [stdout] 17 | #[derive(Serialize, Deserialize)]
[INFO] [stdout]    |          ^^^^^^^^^
[INFO] [stdout]    |
[INFO] [stdout]    = help: consider importing this derive macro:
[INFO] [stdout]            serde::Serialize
[INFO] [stdout] 
[INFO] [stdout] error: cannot find derive macro `Deserialize` in this scope
[INFO] [stdout]   --> src/event.rs:34:21
[INFO] [stdout]    |
[INFO] [stdout] 17 | #[derive(Serialize, Deserialize)]
[INFO] [stdout]    |                     ^^^^^^^^^^^
[INFO] [stdout]    |
[INFO] [stdout]    = help: consider importing this derive macro:
[INFO] [stdout]            serde::Deserialize
[INFO] [stdout] 
[INFO] [stdout] error: cannot find derive macro `AsRefStr` in this scope
[INFO] [stdout]  --> src/event.rs:21:10
[INFO] [stdout]   |
[INFO] [stdout] 4 | #[derive(AsRefStr, Serialize, Deserialize)]
[INFO] [stdout]   |          ^^^^^^^^
[INFO] [stdout] 
[INFO] [stdout] error: cannot find derive macro `Serialize` in this scope
[INFO] [stdout]  --> src/event.rs:21:20
[INFO] [stdout]   |
[INFO] [stdout] 4 | #[derive(AsRefStr, Serialize, Deserialize)]
[INFO] [stdout]   |                    ^^^^^^^^^
[INFO] [stdout]   |
[INFO] [stdout]   = help: consider importing this derive macro:
[INFO] [stdout]           serde::Serialize
[INFO] [stdout] 
[INFO] [stdout] error: cannot find derive macro `Deserialize` in this scope
[INFO] [stdout]  --> src/event.rs:21:31
[INFO] [stdout]   |
[INFO] [stdout] 4 | #[derive(AsRefStr, Serialize, Deserialize)]
[INFO] [stdout]   |                               ^^^^^^^^^^^
[INFO] [stdout]   |
[INFO] [stdout]   = help: consider importing this derive macro:
[INFO] [stdout]           serde::Deserialize
[INFO] [stdout] 
[INFO] [stdout] error[E0277]: the trait bound `for<'de> _doctest_main_src_event_rs_20_0::Event: serde::de::Deserialize<'de>` is not satisfied
[INFO] [stdout]   --> src/event.rs:28:26
[INFO] [stdout]    |
[INFO] [stdout] 11 | impl ljprs_es::Event for Event {
[INFO] [stdout]    |                          ^^^^^ the trait `for<'de> serde::de::Deserialize<'de>` is not implemented for `_doctest_main_src_event_rs_20_0::Event`
[INFO] [stdout]    |
[INFO] [stdout]    = help: the following other types implement trait `serde::de::Deserialize<'de>`:
[INFO] [stdout]              &'a Path
[INFO] [stdout]              &'a [u8]
[INFO] [stdout]              &'a str
[INFO] [stdout]              ()
[INFO] [stdout]              (T0, T1)
[INFO] [stdout]              (T0, T1, T2)
[INFO] [stdout]              (T0, T1, T2, T3)
[INFO] [stdout]              (T0, T1, T2, T3, T4)
[INFO] [stdout]            and 124 others
[INFO] [stdout]    = note: required for `_doctest_main_src_event_rs_20_0::Event` to implement `serde::de::DeserializeOwned`
[INFO] [stdout] note: required by a bound in `ljprs_es::Event`
[INFO] [stdout]   --> /opt/rustwide/workdir/src/event.rs:55:45
[INFO] [stdout]    |
[INFO] [stdout] 55 | pub trait Event : Send + Sync + Serialize + DeserializeOwned {
[INFO] [stdout]    |                                             ^^^^^^^^^^^^^^^^ required by this bound in `Event`
[INFO] [stdout] 
[INFO] [stdout] error[E0277]: the trait bound `_doctest_main_src_event_rs_20_0::Event: serde::ser::Serialize` is not satisfied
[INFO] [stdout]   --> src/event.rs:28:26
[INFO] [stdout]    |
[INFO] [stdout] 11 | impl ljprs_es::Event for Event {
[INFO] [stdout]    |                          ^^^^^ the trait `serde::ser::Serialize` is not implemented for `_doctest_main_src_event_rs_20_0::Event`
[INFO] [stdout]    |
[INFO] [stdout]    = help: the following other types implement trait `serde::ser::Serialize`:
[INFO] [stdout]              &'a T
[INFO] [stdout]              &'a mut T
[INFO] [stdout]              ()
[INFO] [stdout]              (T0, T1)
[INFO] [stdout]              (T0, T1, T2)
[INFO] [stdout]              (T0, T1, T2, T3)
[INFO] [stdout]              (T0, T1, T2, T3, T4)
[INFO] [stdout]              (T0, T1, T2, T3, T4, T5)
[INFO] [stdout]            and 124 others
[INFO] [stdout] note: required by a bound in `ljprs_es::Event`
[INFO] [stdout]   --> /opt/rustwide/workdir/src/event.rs:55:33
[INFO] [stdout]    |
[INFO] [stdout] 55 | pub trait Event : Send + Sync + Serialize + DeserializeOwned {
[INFO] [stdout]    |                                 ^^^^^^^^^ required by this bound in `Event`
[INFO] [stdout] 
[INFO] [stdout] error: aborting due to 11 previous errors
[INFO] [stdout] 
[INFO] [stdout] For more information about this error, try `rustc --explain E0277`.
[INFO] [stdout] Couldn't compile the test.
[INFO] [stdout] 
[INFO] [stdout] failures:
[INFO] [stdout]     src/aggregate.rs - aggregate::Aggregate (line 19)
[INFO] [stdout]     src/event.rs - event::Event (line 20)
[INFO] [stdout]     src/state.rs - state::State (line 27)
[INFO] [stdout] 
[INFO] [stdout] test result: FAILED. 0 passed; 3 failed; 0 ignored; 0 measured; 0 filtered out; finished in 0.08s
[INFO] [stdout] 
[INFO] [stderr] error: doctest failed, to rerun pass `--doc`
[INFO] running `Command { std: "docker" "inspect" "935668e6944ffa052daf660d96d8205e27b665e129981e1383efefd19d948923", kill_on_drop: false }`
[INFO] running `Command { std: "docker" "rm" "-f" "935668e6944ffa052daf660d96d8205e27b665e129981e1383efefd19d948923", kill_on_drop: false }`
[INFO] [stdout] 935668e6944ffa052daf660d96d8205e27b665e129981e1383efefd19d948923
