[INFO] fetching crate litequad 0.1.2...
[INFO] testing litequad-0.1.2 against 1.69.0 for beta-1.70-1
[INFO] extracting crate litequad 0.1.2 into /workspace/builds/worker-1-tc1/source
[INFO] validating manifest of crates.io crate litequad 0.1.2 on toolchain 1.69.0
[INFO] running `Command { std: CARGO_HOME="/workspace/cargo-home" RUSTUP_HOME="/workspace/rustup-home" "/workspace/cargo-home/bin/cargo" "+1.69.0" "metadata" "--manifest-path" "Cargo.toml" "--no-deps", kill_on_drop: false }`
[INFO] started tweaking crates.io crate litequad 0.1.2
[INFO] finished tweaking crates.io crate litequad 0.1.2
[INFO] tweaked toml for crates.io crate litequad 0.1.2 written to /workspace/builds/worker-1-tc1/source/Cargo.toml
[INFO] crate crates.io crate litequad 0.1.2 already has a lockfile, it will not be regenerated
[INFO] running `Command { std: CARGO_HOME="/workspace/cargo-home" RUSTUP_HOME="/workspace/rustup-home" "/workspace/cargo-home/bin/cargo" "+1.69.0" "fetch" "--manifest-path" "Cargo.toml", kill_on_drop: false }`
[INFO] [stderr]  Downloading crates ...
[INFO] [stderr]   Downloaded sapp-wasm v0.1.26
[INFO] [stderr]   Downloaded sapp-dummy v0.1.5
[INFO] [stderr]   Downloaded sapp-ios v0.1.2
[INFO] [stderr]   Downloaded macroquad_macro v0.1.7
[INFO] [stderr]   Downloaded sapp-darwin v0.1.8
[INFO] [stderr]   Downloaded sapp-android v0.1.10
[INFO] [stderr]   Downloaded fontdue v0.7.2
[INFO] [stderr]   Downloaded sapp-windows v0.2.19
[INFO] [stderr]   Downloaded miniquad v0.3.0-alpha.45
[INFO] [stderr]   Downloaded sapp-linux v0.1.14
[INFO] running `Command { std: "docker" "create" "-v" "/var/lib/crater-agent-workspace/builds/worker-1-tc1/target:/opt/rustwide/target:rw,Z" "-v" "/var/lib/crater-agent-workspace/builds/worker-1-tc1/source:/opt/rustwide/workdir:ro,Z" "-v" "/var/lib/crater-agent-workspace/cargo-home:/opt/rustwide/cargo-home:ro,Z" "-v" "/var/lib/crater-agent-workspace/rustup-home:/opt/rustwide/rustup-home:ro,Z" "-e" "SOURCE_DIR=/opt/rustwide/workdir" "-e" "CARGO_TARGET_DIR=/opt/rustwide/target" "-e" "CARGO_HOME=/opt/rustwide/cargo-home" "-e" "RUSTUP_HOME=/opt/rustwide/rustup-home" "-w" "/opt/rustwide/workdir" "-m" "1610612736" "--user" "0:0" "--network" "none" "ghcr.io/rust-lang/crates-build-env/linux@sha256:5ff2268d62e97bff2cde7d5815dd6ed5b47097566f13b8d0ca110b04b60e07ed" "/opt/rustwide/cargo-home/bin/cargo" "+1.69.0" "metadata" "--no-deps" "--format-version=1", kill_on_drop: false }`
[INFO] [stdout] aec27f2373492874847700639601f47d1c5a4eda61adb7fe49f440840d63c854
[INFO] running `Command { std: "docker" "start" "-a" "aec27f2373492874847700639601f47d1c5a4eda61adb7fe49f440840d63c854", kill_on_drop: false }`
[INFO] running `Command { std: "docker" "inspect" "aec27f2373492874847700639601f47d1c5a4eda61adb7fe49f440840d63c854", kill_on_drop: false }`
[INFO] running `Command { std: "docker" "rm" "-f" "aec27f2373492874847700639601f47d1c5a4eda61adb7fe49f440840d63c854", kill_on_drop: false }`
[INFO] [stdout] aec27f2373492874847700639601f47d1c5a4eda61adb7fe49f440840d63c854
[INFO] running `Command { std: "docker" "create" "-v" "/var/lib/crater-agent-workspace/builds/worker-1-tc1/target:/opt/rustwide/target:rw,Z" "-v" "/var/lib/crater-agent-workspace/builds/worker-1-tc1/source:/opt/rustwide/workdir:ro,Z" "-v" "/var/lib/crater-agent-workspace/cargo-home:/opt/rustwide/cargo-home:ro,Z" "-v" "/var/lib/crater-agent-workspace/rustup-home:/opt/rustwide/rustup-home:ro,Z" "-e" "SOURCE_DIR=/opt/rustwide/workdir" "-e" "CARGO_TARGET_DIR=/opt/rustwide/target" "-e" "CARGO_INCREMENTAL=0" "-e" "RUST_BACKTRACE=full" "-e" "RUSTFLAGS=--cap-lints=warn" "-e" "RUSTDOCFLAGS=--cap-lints=warn" "-e" "CARGO_HOME=/opt/rustwide/cargo-home" "-e" "RUSTUP_HOME=/opt/rustwide/rustup-home" "-w" "/opt/rustwide/workdir" "-m" "1610612736" "--user" "0:0" "--network" "none" "ghcr.io/rust-lang/crates-build-env/linux@sha256:5ff2268d62e97bff2cde7d5815dd6ed5b47097566f13b8d0ca110b04b60e07ed" "/opt/rustwide/cargo-home/bin/cargo" "+1.69.0" "build" "--frozen" "--message-format=json", kill_on_drop: false }`
[INFO] [stdout] 502ca34286350c3f484095d9f593718b3c4645e947c74c4d2d28a52414c124ad
[INFO] running `Command { std: "docker" "start" "-a" "502ca34286350c3f484095d9f593718b3c4645e947c74c4d2d28a52414c124ad", kill_on_drop: false }`
[INFO] [stderr]    Compiling libc v0.2.125
[INFO] [stderr]    Compiling once_cell v1.10.0
[INFO] [stderr]    Compiling sapp-linux v0.1.14
[INFO] [stderr]    Compiling ttf-parser v0.15.0
[INFO] [stderr]    Compiling bumpalo v3.9.1
[INFO] [stderr]    Compiling quad-rand v0.2.1
[INFO] [stderr]    Compiling macroquad_macro v0.1.7
[INFO] [stderr]    Compiling glam v0.20.5
[INFO] [stderr]    Compiling ahash v0.7.6
[INFO] [stderr]    Compiling getrandom v0.2.6
[INFO] [stderr]    Compiling hashbrown v0.11.2
[INFO] [stderr]    Compiling fontdue v0.7.2
[INFO] [stderr]    Compiling miniquad v0.3.0-alpha.45
[INFO] [stderr]    Compiling litequad v0.1.2 (/opt/rustwide/workdir)
[INFO] [stderr]     Finished dev [unoptimized + debuginfo] target(s) in 2.80s
[INFO] running `Command { std: "docker" "inspect" "502ca34286350c3f484095d9f593718b3c4645e947c74c4d2d28a52414c124ad", kill_on_drop: false }`
[INFO] running `Command { std: "docker" "rm" "-f" "502ca34286350c3f484095d9f593718b3c4645e947c74c4d2d28a52414c124ad", kill_on_drop: false }`
[INFO] [stdout] 502ca34286350c3f484095d9f593718b3c4645e947c74c4d2d28a52414c124ad
[INFO] running `Command { std: "docker" "create" "-v" "/var/lib/crater-agent-workspace/builds/worker-1-tc1/target:/opt/rustwide/target:rw,Z" "-v" "/var/lib/crater-agent-workspace/builds/worker-1-tc1/source:/opt/rustwide/workdir:ro,Z" "-v" "/var/lib/crater-agent-workspace/cargo-home:/opt/rustwide/cargo-home:ro,Z" "-v" "/var/lib/crater-agent-workspace/rustup-home:/opt/rustwide/rustup-home:ro,Z" "-e" "SOURCE_DIR=/opt/rustwide/workdir" "-e" "CARGO_TARGET_DIR=/opt/rustwide/target" "-e" "CARGO_INCREMENTAL=0" "-e" "RUST_BACKTRACE=full" "-e" "RUSTFLAGS=--cap-lints=warn" "-e" "RUSTDOCFLAGS=--cap-lints=warn" "-e" "CARGO_HOME=/opt/rustwide/cargo-home" "-e" "RUSTUP_HOME=/opt/rustwide/rustup-home" "-w" "/opt/rustwide/workdir" "-m" "1610612736" "--user" "0:0" "--network" "none" "ghcr.io/rust-lang/crates-build-env/linux@sha256:5ff2268d62e97bff2cde7d5815dd6ed5b47097566f13b8d0ca110b04b60e07ed" "/opt/rustwide/cargo-home/bin/cargo" "+1.69.0" "test" "--frozen" "--no-run" "--message-format=json", kill_on_drop: false }`
[INFO] [stdout] fc472102a2c9cdecfcb7cce6dae4e975232ddca65c9ce0ddf8c38e9238e95c46
[INFO] running `Command { std: "docker" "start" "-a" "fc472102a2c9cdecfcb7cce6dae4e975232ddca65c9ce0ddf8c38e9238e95c46", kill_on_drop: false }`
[INFO] [stderr]    Compiling litequad v0.1.2 (/opt/rustwide/workdir)
[INFO] [stderr]     Finished test [unoptimized + debuginfo] target(s) in 0.93s
[INFO] running `Command { std: "docker" "inspect" "fc472102a2c9cdecfcb7cce6dae4e975232ddca65c9ce0ddf8c38e9238e95c46", kill_on_drop: false }`
[INFO] running `Command { std: "docker" "rm" "-f" "fc472102a2c9cdecfcb7cce6dae4e975232ddca65c9ce0ddf8c38e9238e95c46", kill_on_drop: false }`
[INFO] [stdout] fc472102a2c9cdecfcb7cce6dae4e975232ddca65c9ce0ddf8c38e9238e95c46
[INFO] running `Command { std: "docker" "create" "-v" "/var/lib/crater-agent-workspace/builds/worker-1-tc1/target:/opt/rustwide/target:rw,Z" "-v" "/var/lib/crater-agent-workspace/builds/worker-1-tc1/source:/opt/rustwide/workdir:ro,Z" "-v" "/var/lib/crater-agent-workspace/cargo-home:/opt/rustwide/cargo-home:ro,Z" "-v" "/var/lib/crater-agent-workspace/rustup-home:/opt/rustwide/rustup-home:ro,Z" "-e" "SOURCE_DIR=/opt/rustwide/workdir" "-e" "CARGO_TARGET_DIR=/opt/rustwide/target" "-e" "CARGO_INCREMENTAL=0" "-e" "RUST_BACKTRACE=full" "-e" "RUSTFLAGS=--cap-lints=warn" "-e" "RUSTDOCFLAGS=--cap-lints=warn" "-e" "CARGO_HOME=/opt/rustwide/cargo-home" "-e" "RUSTUP_HOME=/opt/rustwide/rustup-home" "-w" "/opt/rustwide/workdir" "-m" "1610612736" "--user" "0:0" "--network" "none" "ghcr.io/rust-lang/crates-build-env/linux@sha256:5ff2268d62e97bff2cde7d5815dd6ed5b47097566f13b8d0ca110b04b60e07ed" "/opt/rustwide/cargo-home/bin/cargo" "+1.69.0" "test" "--frozen", kill_on_drop: false }`
[INFO] [stdout] a3f7d4fcc21a98fa50d71864f48441c0c92931947f1e8518c4ed4f97ff8e05c4
[INFO] running `Command { std: "docker" "start" "-a" "a3f7d4fcc21a98fa50d71864f48441c0c92931947f1e8518c4ed4f97ff8e05c4", kill_on_drop: false }`
[INFO] [stderr]     Finished test [unoptimized + debuginfo] target(s) in 0.05s
[INFO] [stderr]      Running unittests src/lib.rs (/opt/rustwide/target/debug/deps/litequad-db60046787a57ec1)
[INFO] [stdout] 
[INFO] [stdout] running 2 tests
[INFO] [stdout] test color::color_from_bytes ... ok
[INFO] [stdout] test material::shaders::preprocessor_test ... ok
[INFO] [stdout] 
[INFO] [stdout] test result: ok. 2 passed; 0 failed; 0 ignored; 0 measured; 0 filtered out; finished in 0.00s
[INFO] [stdout] 
[INFO] [stderr]    Doc-tests litequad
[INFO] [stdout] 
[INFO] [stdout] running 9 tests
[INFO] [stdout] test src/text.rs - text::load_ttf_font_from_bytes (line 232) ... ignored
[INFO] [stdout] test src/window.rs - window::set_panic_handler (line 90) ... ignored
[INFO] [stdout] test src/experimental/collections.rs - experimental::collections::storage (line 8) ... FAILED
[INFO] [stdout] test src/texture.rs - texture::Image::empty (line 35) ... FAILED
[INFO] [stdout] test src/texture.rs - texture::Image::gen_image_color (line 54) ... FAILED
[INFO] [stdout] test src/texture.rs - texture::Texture2D::set_filter (line 469) ... FAILED
[INFO] [stdout] test src/texture.rs - texture::Texture2D::empty (line 394) ... FAILED
[INFO] [stdout] test src/lib.rs - (line 21) - compile ... FAILED
[INFO] [stdout] test src/texture.rs - texture::Texture2D::from_rgba8 (line 424) ... FAILED
[INFO] [stdout] 
[INFO] [stdout] failures:
[INFO] [stdout] 
[INFO] [stdout] ---- src/experimental/collections.rs - experimental::collections::storage (line 8) stdout ----
[INFO] [stdout] error[E0433]: failed to resolve: use of undeclared crate or module `macroquad`
[INFO] [stdout]  --> src/experimental/collections.rs:9:5
[INFO] [stdout]   |
[INFO] [stdout] 3 | use macroquad::experimental::collections::storage;
[INFO] [stdout]   |     ^^^^^^^^^ use of undeclared crate or module `macroquad`
[INFO] [stdout] 
[INFO] [stdout] error: aborting due to previous error
[INFO] [stdout] 
[INFO] [stdout] For more information about this error, try `rustc --explain E0433`.
[INFO] [stdout] Couldn't compile the test.
[INFO] [stdout] ---- src/texture.rs - texture::Image::empty (line 35) stdout ----
[INFO] [stdout] error[E0433]: failed to resolve: use of undeclared crate or module `macroquad`
[INFO] [stdout]  --> src/texture.rs:36:5
[INFO] [stdout]   |
[INFO] [stdout] 3 | use macroquad::prelude::*;
[INFO] [stdout]   |     ^^^^^^^^^ use of undeclared crate or module `macroquad`
[INFO] [stdout] 
[INFO] [stdout] error[E0433]: failed to resolve: use of undeclared type `Image`
[INFO] [stdout]  --> src/texture.rs:37:13
[INFO] [stdout]   |
[INFO] [stdout] 4 | let image = Image::empty();
[INFO] [stdout]   |             ^^^^^ use of undeclared type `Image`
[INFO] [stdout]   |
[INFO] [stdout] help: consider importing this struct
[INFO] [stdout]   |
[INFO] [stdout] 2 | use litequad::prelude::Image;
[INFO] [stdout]   |
[INFO] [stdout] 
[INFO] [stdout] error: aborting due to 2 previous errors
[INFO] [stdout] 
[INFO] [stdout] For more information about this error, try `rustc --explain E0433`.
[INFO] [stdout] Couldn't compile the test.
[INFO] [stdout] ---- src/texture.rs - texture::Image::gen_image_color (line 54) stdout ----
[INFO] [stdout] error: couldn't read src/../examples/rust.png: No such file or directory (os error 2)
[INFO] [stdout]  --> src/texture.rs:57:5
[INFO] [stdout]   |
[INFO] [stdout] 5 |     include_bytes!("../examples/rust.png"),
[INFO] [stdout]   |     ^^^^^^^^^^^^^^^^^^^^^^^^^^^^^^^^^^^^^^
[INFO] [stdout]   |
[INFO] [stdout]   = note: this error originates in the macro `include_bytes` (in Nightly builds, run with -Z macro-backtrace for more info)
[INFO] [stdout] 
[INFO] [stdout] error[E0433]: failed to resolve: use of undeclared crate or module `macroquad`
[INFO] [stdout]  --> src/texture.rs:55:5
[INFO] [stdout]   |
[INFO] [stdout] 3 | use macroquad::prelude::*;
[INFO] [stdout]   |     ^^^^^^^^^ use of undeclared crate or module `macroquad`
[INFO] [stdout] 
[INFO] [stdout] error[E0433]: failed to resolve: use of undeclared type `ImageFormat`
[INFO] [stdout]  --> src/texture.rs:58:10
[INFO] [stdout]   |
[INFO] [stdout] 6 |     Some(ImageFormat::Png),
[INFO] [stdout]   |          ^^^^^^^^^^^ use of undeclared type `ImageFormat`
[INFO] [stdout] 
[INFO] [stdout] error[E0433]: failed to resolve: use of undeclared type `Image`
[INFO] [stdout]  --> src/texture.rs:56:12
[INFO] [stdout]   |
[INFO] [stdout] 4 | let icon = Image::from_file_with_format(
[INFO] [stdout]   |            ^^^^^ use of undeclared type `Image`
[INFO] [stdout]   |
[INFO] [stdout] help: consider importing this struct
[INFO] [stdout]   |
[INFO] [stdout] 2 | use litequad::prelude::Image;
[INFO] [stdout]   |
[INFO] [stdout] 
[INFO] [stdout] error: aborting due to 4 previous errors
[INFO] [stdout] 
[INFO] [stdout] For more information about this error, try `rustc --explain E0433`.
[INFO] [stdout] Couldn't compile the test.
[INFO] [stdout] ---- src/texture.rs - texture::Texture2D::set_filter (line 469) stdout ----
[INFO] [stdout] error[E0433]: failed to resolve: use of undeclared crate or module `macroquad`
[INFO] [stdout]  --> src/texture.rs:470:5
[INFO] [stdout]   |
[INFO] [stdout] 2 | use macroquad::prelude::*;
[INFO] [stdout]   |     ^^^^^^^^^ use of undeclared crate or module `macroquad`
[INFO] [stdout] 
[INFO] [stdout] error[E0433]: failed to resolve: use of undeclared crate or module `macroquad`
[INFO] [stdout]  --> src/texture.rs:471:3
[INFO] [stdout]   |
[INFO] [stdout] 3 | #[macroquad::main("test")]
[INFO] [stdout]   |   ^^^^^^^^^ use of undeclared crate or module `macroquad`
[INFO] [stdout] 
[INFO] [stdout] error[E0433]: failed to resolve: use of undeclared type `FilterMode`
[INFO] [stdout]  --> src/texture.rs:474:20
[INFO] [stdout]   |
[INFO] [stdout] 6 | texture.set_filter(FilterMode::Linear);
[INFO] [stdout]   |                    ^^^^^^^^^^ use of undeclared type `FilterMode`
[INFO] [stdout] 
[INFO] [stdout] error[E0433]: failed to resolve: use of undeclared type `Texture2D`
[INFO] [stdout]  --> src/texture.rs:473:15
[INFO] [stdout]   |
[INFO] [stdout] 5 | let texture = Texture2D::empty();
[INFO] [stdout]   |               ^^^^^^^^^ use of undeclared type `Texture2D`
[INFO] [stdout]   |
[INFO] [stdout] help: consider importing this struct
[INFO] [stdout]   |
[INFO] [stdout] 2 | use litequad::prelude::Texture2D;
[INFO] [stdout]   |
[INFO] [stdout] 
[INFO] [stdout] error[E0752]: `main` function is not allowed to be `async`
[INFO] [stdout]  --> src/texture.rs:472:1
[INFO] [stdout]   |
[INFO] [stdout] 4 | async fn main() {
[INFO] [stdout]   | ^^^^^^^^^^^^^^^ `main` function is not allowed to be `async`
[INFO] [stdout] 
[INFO] [stdout] error: aborting due to 5 previous errors
[INFO] [stdout] 
[INFO] [stdout] Some errors have detailed explanations: E0433, E0752.
[INFO] [stdout] For more information about an error, try `rustc --explain E0433`.
[INFO] [stdout] Couldn't compile the test.
[INFO] [stdout] ---- src/texture.rs - texture::Texture2D::empty (line 394) stdout ----
[INFO] [stdout] error[E0433]: failed to resolve: use of undeclared crate or module `macroquad`
[INFO] [stdout]  --> src/texture.rs:395:5
[INFO] [stdout]   |
[INFO] [stdout] 2 | use macroquad::prelude::*;
[INFO] [stdout]   |     ^^^^^^^^^ use of undeclared crate or module `macroquad`
[INFO] [stdout] 
[INFO] [stdout] error[E0433]: failed to resolve: use of undeclared crate or module `macroquad`
[INFO] [stdout]  --> src/texture.rs:396:3
[INFO] [stdout]   |
[INFO] [stdout] 3 | #[macroquad::main("test")]
[INFO] [stdout]   |   ^^^^^^^^^ use of undeclared crate or module `macroquad`
[INFO] [stdout] 
[INFO] [stdout] error[E0433]: failed to resolve: use of undeclared type `Texture2D`
[INFO] [stdout]  --> src/texture.rs:398:15
[INFO] [stdout]   |
[INFO] [stdout] 5 | let texture = Texture2D::empty();
[INFO] [stdout]   |               ^^^^^^^^^ use of undeclared type `Texture2D`
[INFO] [stdout]   |
[INFO] [stdout] help: consider importing this struct
[INFO] [stdout]   |
[INFO] [stdout] 2 | use litequad::prelude::Texture2D;
[INFO] [stdout]   |
[INFO] [stdout] 
[INFO] [stdout] error[E0752]: `main` function is not allowed to be `async`
[INFO] [stdout]  --> src/texture.rs:397:1
[INFO] [stdout]   |
[INFO] [stdout] 4 | async fn main() {
[INFO] [stdout]   | ^^^^^^^^^^^^^^^ `main` function is not allowed to be `async`
[INFO] [stdout] 
[INFO] [stdout] error: aborting due to 4 previous errors
[INFO] [stdout] 
[INFO] [stdout] Some errors have detailed explanations: E0433, E0752.
[INFO] [stdout] For more information about an error, try `rustc --explain E0433`.
[INFO] [stdout] Couldn't compile the test.
[INFO] [stdout] ---- src/lib.rs - (line 21) stdout ----
[INFO] [stdout] error[E0433]: failed to resolve: use of undeclared crate or module `macroquad`
[INFO] [stdout]  --> src/lib.rs:22:5
[INFO] [stdout]   |
[INFO] [stdout] 2 | use macroquad::prelude::*;
[INFO] [stdout]   |     ^^^^^^^^^ use of undeclared crate or module `macroquad`
[INFO] [stdout] 
[INFO] [stdout] error[E0433]: failed to resolve: use of undeclared crate or module `macroquad`
[INFO] [stdout]  --> src/lib.rs:24:3
[INFO] [stdout]   |
[INFO] [stdout] 4 | #[macroquad::main("BasicShapes")]
[INFO] [stdout]   |   ^^^^^^^^^ use of undeclared crate or module `macroquad`
[INFO] [stdout] 
[INFO] [stdout] error[E0425]: cannot find function `clear_background` in this scope
[INFO] [stdout]  --> src/lib.rs:27:9
[INFO] [stdout]   |
[INFO] [stdout] 7 |         clear_background(RED);
[INFO] [stdout]   |         ^^^^^^^^^^^^^^^^ not found in this scope
[INFO] [stdout]   |
[INFO] [stdout] help: consider importing this function
[INFO] [stdout]   |
[INFO] [stdout] 2 | use litequad::prelude::clear_background;
[INFO] [stdout]   |
[INFO] [stdout] 
[INFO] [stdout] error[E0425]: cannot find value `RED` in this scope
[INFO] [stdout]  --> src/lib.rs:27:26
[INFO] [stdout]   |
[INFO] [stdout] 7 |         clear_background(RED);
[INFO] [stdout]   |                          ^^^ not found in this scope
[INFO] [stdout]   |
[INFO] [stdout] help: consider importing this constant
[INFO] [stdout]   |
[INFO] [stdout] 2 | use litequad::prelude::RED;
[INFO] [stdout]   |
[INFO] [stdout] 
[INFO] [stdout] error[E0425]: cannot find function `draw_line` in this scope
[INFO] [stdout]  --> src/lib.rs:29:9
[INFO] [stdout]   |
[INFO] [stdout] 9 |         draw_line(40.0, 40.0, 100.0, 200.0, 15.0, BLUE);
[INFO] [stdout]   |         ^^^^^^^^^ not found in this scope
[INFO] [stdout]   |
[INFO] [stdout] help: consider importing this function
[INFO] [stdout]   |
[INFO] [stdout] 2 | use litequad::prelude::draw_line;
[INFO] [stdout]   |
[INFO] [stdout] 
[INFO] [stdout] error[E0425]: cannot find value `BLUE` in this scope
[INFO] [stdout]  --> src/lib.rs:29:51
[INFO] [stdout]   |
[INFO] [stdout] 9 |         draw_line(40.0, 40.0, 100.0, 200.0, 15.0, BLUE);
[INFO] [stdout]   |                                                   ^^^^ not found in this scope
[INFO] [stdout]   |
[INFO] [stdout] help: consider importing this constant
[INFO] [stdout]   |
[INFO] [stdout] 2 | use litequad::prelude::BLUE;
[INFO] [stdout]   |
[INFO] [stdout] 
[INFO] [stdout] error[E0425]: cannot find function `draw_rectangle` in this scope
[INFO] [stdout]   --> src/lib.rs:30:9
[INFO] [stdout]    |
[INFO] [stdout] 10 |         draw_rectangle(screen_width() / 2.0 - 60.0, 100.0, 120.0, 60.0, GREEN);
[INFO] [stdout]    |         ^^^^^^^^^^^^^^ not found in this scope
[INFO] [stdout]    |
[INFO] [stdout] help: consider importing this function
[INFO] [stdout]    |
[INFO] [stdout] 2  | use litequad::prelude::draw_rectangle;
[INFO] [stdout]    |
[INFO] [stdout] 
[INFO] [stdout] error[E0425]: cannot find function `screen_width` in this scope
[INFO] [stdout]   --> src/lib.rs:30:24
[INFO] [stdout]    |
[INFO] [stdout] 10 |         draw_rectangle(screen_width() / 2.0 - 60.0, 100.0, 120.0, 60.0, GREEN);
[INFO] [stdout]    |                        ^^^^^^^^^^^^ not found in this scope
[INFO] [stdout]    |
[INFO] [stdout] help: consider importing this function
[INFO] [stdout]    |
[INFO] [stdout] 2  | use litequad::prelude::screen_width;
[INFO] [stdout]    |
[INFO] [stdout] 
[INFO] [stdout] error[E0425]: cannot find value `GREEN` in this scope
[INFO] [stdout]   --> src/lib.rs:30:73
[INFO] [stdout]    |
[INFO] [stdout] 10 |         draw_rectangle(screen_width() / 2.0 - 60.0, 100.0, 120.0, 60.0, GREEN);
[INFO] [stdout]    |                                                                         ^^^^^ not found in this scope
[INFO] [stdout]    |
[INFO] [stdout] help: consider importing this constant
[INFO] [stdout]    |
[INFO] [stdout] 2  | use litequad::prelude::GREEN;
[INFO] [stdout]    |
[INFO] [stdout] 
[INFO] [stdout] error[E0425]: cannot find function `draw_circle` in this scope
[INFO] [stdout]   --> src/lib.rs:31:9
[INFO] [stdout]    |
[INFO] [stdout] 11 |         draw_circle(screen_width() - 30.0, screen_height() - 30.0, 15.0, YELLOW);
[INFO] [stdout]    |         ^^^^^^^^^^^ not found in this scope
[INFO] [stdout]    |
[INFO] [stdout] help: consider importing this function
[INFO] [stdout]    |
[INFO] [stdout] 2  | use litequad::prelude::draw_circle;
[INFO] [stdout]    |
[INFO] [stdout] 
[INFO] [stdout] error[E0425]: cannot find function `screen_width` in this scope
[INFO] [stdout]   --> src/lib.rs:31:21
[INFO] [stdout]    |
[INFO] [stdout] 11 |         draw_circle(screen_width() - 30.0, screen_height() - 30.0, 15.0, YELLOW);
[INFO] [stdout]    |                     ^^^^^^^^^^^^ not found in this scope
[INFO] [stdout]    |
[INFO] [stdout] help: consider importing this function
[INFO] [stdout]    |
[INFO] [stdout] 2  | use litequad::prelude::screen_width;
[INFO] [stdout]    |
[INFO] [stdout] 
[INFO] [stdout] error[E0425]: cannot find function `screen_height` in this scope
[INFO] [stdout]   --> src/lib.rs:31:44
[INFO] [stdout]    |
[INFO] [stdout] 11 |         draw_circle(screen_width() - 30.0, screen_height() - 30.0, 15.0, YELLOW);
[INFO] [stdout]    |                                            ^^^^^^^^^^^^^ not found in this scope
[INFO] [stdout]    |
[INFO] [stdout] help: consider importing this function
[INFO] [stdout]    |
[INFO] [stdout] 2  | use litequad::prelude::screen_height;
[INFO] [stdout]    |
[INFO] [stdout] 
[INFO] [stdout] error[E0425]: cannot find value `YELLOW` in this scope
[INFO] [stdout]   --> src/lib.rs:31:74
[INFO] [stdout]    |
[INFO] [stdout] 11 |         draw_circle(screen_width() - 30.0, screen_height() - 30.0, 15.0, YELLOW);
[INFO] [stdout]    |                                                                          ^^^^^^ not found in this scope
[INFO] [stdout]    |
[INFO] [stdout] help: consider importing this constant
[INFO] [stdout]    |
[INFO] [stdout] 2  | use litequad::prelude::YELLOW;
[INFO] [stdout]    |
[INFO] [stdout] 
[INFO] [stdout] error[E0425]: cannot find function `draw_text` in this scope
[INFO] [stdout]   --> src/lib.rs:32:9
[INFO] [stdout]    |
[INFO] [stdout] 12 |         draw_text("HELLO", 20.0, 20.0, 20.0, DARKGRAY);
[INFO] [stdout]    |         ^^^^^^^^^ not found in this scope
[INFO] [stdout]    |
[INFO] [stdout] help: consider importing this function
[INFO] [stdout]    |
[INFO] [stdout] 2  | use litequad::prelude::draw_text;
[INFO] [stdout]    |
[INFO] [stdout] 
[INFO] [stdout] error[E0425]: cannot find value `DARKGRAY` in this scope
[INFO] [stdout]   --> src/lib.rs:32:46
[INFO] [stdout]    |
[INFO] [stdout] 12 |         draw_text("HELLO", 20.0, 20.0, 20.0, DARKGRAY);
[INFO] [stdout]    |                                              ^^^^^^^^ not found in this scope
[INFO] [stdout]    |
[INFO] [stdout] help: consider importing this constant
[INFO] [stdout]    |
[INFO] [stdout] 2  | use litequad::prelude::DARKGRAY;
[INFO] [stdout]    |
[INFO] [stdout] 
[INFO] [stdout] error[E0425]: cannot find function `next_frame` in this scope
[INFO] [stdout]   --> src/lib.rs:34:9
[INFO] [stdout]    |
[INFO] [stdout] 14 |         next_frame().await
[INFO] [stdout]    |         ^^^^^^^^^^ not found in this scope
[INFO] [stdout]    |
[INFO] [stdout] help: consider importing this function
[INFO] [stdout]    |
[INFO] [stdout] 2  | use litequad::prelude::next_frame;
[INFO] [stdout]    |
[INFO] [stdout] 
[INFO] [stdout] error[E0752]: `main` function is not allowed to be `async`
[INFO] [stdout]  --> src/lib.rs:25:1
[INFO] [stdout]   |
[INFO] [stdout] 5 | async fn main() {
[INFO] [stdout]   | ^^^^^^^^^^^^^^^ `main` function is not allowed to be `async`
[INFO] [stdout] 
[INFO] [stdout] error: aborting due to 17 previous errors
[INFO] [stdout] 
[INFO] [stdout] Some errors have detailed explanations: E0425, E0433, E0752.
[INFO] [stdout] For more information about an error, try `rustc --explain E0425`.
[INFO] [stdout] Couldn't compile the test.
[INFO] [stdout] ---- src/texture.rs - texture::Texture2D::from_rgba8 (line 424) stdout ----
[INFO] [stdout] error[E0433]: failed to resolve: use of undeclared crate or module `macroquad`
[INFO] [stdout]  --> src/texture.rs:425:5
[INFO] [stdout]   |
[INFO] [stdout] 2 | use macroquad::prelude::*;
[INFO] [stdout]   |     ^^^^^^^^^ use of undeclared crate or module `macroquad`
[INFO] [stdout] 
[INFO] [stdout] error[E0433]: failed to resolve: use of undeclared crate or module `macroquad`
[INFO] [stdout]  --> src/texture.rs:426:3
[INFO] [stdout]   |
[INFO] [stdout] 3 | #[macroquad::main("test")]
[INFO] [stdout]   |   ^^^^^^^^^ use of undeclared crate or module `macroquad`
[INFO] [stdout] 
[INFO] [stdout] error[E0433]: failed to resolve: use of undeclared type `Texture2D`
[INFO] [stdout]  --> src/texture.rs:430:15
[INFO] [stdout]   |
[INFO] [stdout] 7 | let texture = Texture2D::from_rgba8(2, 2, &bytes);
[INFO] [stdout]   |               ^^^^^^^^^ use of undeclared type `Texture2D`
[INFO] [stdout]   |
[INFO] [stdout] help: consider importing this struct
[INFO] [stdout]   |
[INFO] [stdout] 2 | use litequad::prelude::Texture2D;
[INFO] [stdout]   |
[INFO] [stdout] 
[INFO] [stdout] error[E0752]: `main` function is not allowed to be `async`
[INFO] [stdout]  --> src/texture.rs:427:1
[INFO] [stdout]   |
[INFO] [stdout] 4 | async fn main() {
[INFO] [stdout]   | ^^^^^^^^^^^^^^^ `main` function is not allowed to be `async`
[INFO] [stdout] 
[INFO] [stdout] error: aborting due to 4 previous errors
[INFO] [stdout] 
[INFO] [stdout] Some errors have detailed explanations: E0433, E0752.
[INFO] [stdout] For more information about an error, try `rustc --explain E0433`.
[INFO] [stdout] Couldn't compile the test.
[INFO] [stdout] 
[INFO] [stdout] failures:
[INFO] [stdout]     src/experimental/collections.rs - experimental::collections::storage (line 8)
[INFO] [stdout]     src/lib.rs - (line 21)
[INFO] [stdout]     src/texture.rs - texture::Image::empty (line 35)
[INFO] [stdout]     src/texture.rs - texture::Image::gen_image_color (line 54)
[INFO] [stdout]     src/texture.rs - texture::Texture2D::empty (line 394)
[INFO] [stdout]     src/texture.rs - texture::Texture2D::from_rgba8 (line 424)
[INFO] [stdout]     src/texture.rs - texture::Texture2D::set_filter (line 469)
[INFO] [stdout] 
[INFO] [stdout] test result: FAILED. 0 passed; 7 failed; 2 ignored; 0 measured; 0 filtered out; finished in 0.07s
[INFO] [stdout] 
[INFO] [stderr] error: doctest failed, to rerun pass `--doc`
[INFO] running `Command { std: "docker" "inspect" "a3f7d4fcc21a98fa50d71864f48441c0c92931947f1e8518c4ed4f97ff8e05c4", kill_on_drop: false }`
[INFO] running `Command { std: "docker" "rm" "-f" "a3f7d4fcc21a98fa50d71864f48441c0c92931947f1e8518c4ed4f97ff8e05c4", kill_on_drop: false }`
[INFO] [stdout] a3f7d4fcc21a98fa50d71864f48441c0c92931947f1e8518c4ed4f97ff8e05c4
