[INFO] fetching crate liquid_crystal 0.1.6...
[INFO] testing liquid_crystal-0.1.6 against 1.69.0 for beta-1.70-1
[INFO] extracting crate liquid_crystal 0.1.6 into /workspace/builds/worker-5-tc1/source
[INFO] validating manifest of crates.io crate liquid_crystal 0.1.6 on toolchain 1.69.0
[INFO] running `Command { std: CARGO_HOME="/workspace/cargo-home" RUSTUP_HOME="/workspace/rustup-home" "/workspace/cargo-home/bin/cargo" "+1.69.0" "metadata" "--manifest-path" "Cargo.toml" "--no-deps", kill_on_drop: false }`
[INFO] started tweaking crates.io crate liquid_crystal 0.1.6
[INFO] finished tweaking crates.io crate liquid_crystal 0.1.6
[INFO] tweaked toml for crates.io crate liquid_crystal 0.1.6 written to /workspace/builds/worker-5-tc1/source/Cargo.toml
[INFO] running `Command { std: CARGO_HOME="/workspace/cargo-home" RUSTUP_HOME="/workspace/rustup-home" __CARGO_TEST_CHANNEL_OVERRIDE_DO_NOT_USE_THIS="nightly" "/workspace/cargo-home/bin/cargo" "+1.69.0" "generate-lockfile" "--manifest-path" "Cargo.toml" "-Zno-index-update", kill_on_drop: false }`
[INFO] running `Command { std: CARGO_HOME="/workspace/cargo-home" RUSTUP_HOME="/workspace/rustup-home" "/workspace/cargo-home/bin/cargo" "+1.69.0" "fetch" "--manifest-path" "Cargo.toml", kill_on_drop: false }`
[INFO] running `Command { std: "docker" "create" "-v" "/var/lib/crater-agent-workspace/builds/worker-5-tc1/target:/opt/rustwide/target:rw,Z" "-v" "/var/lib/crater-agent-workspace/builds/worker-5-tc1/source:/opt/rustwide/workdir:ro,Z" "-v" "/var/lib/crater-agent-workspace/cargo-home:/opt/rustwide/cargo-home:ro,Z" "-v" "/var/lib/crater-agent-workspace/rustup-home:/opt/rustwide/rustup-home:ro,Z" "-e" "SOURCE_DIR=/opt/rustwide/workdir" "-e" "CARGO_TARGET_DIR=/opt/rustwide/target" "-e" "CARGO_HOME=/opt/rustwide/cargo-home" "-e" "RUSTUP_HOME=/opt/rustwide/rustup-home" "-w" "/opt/rustwide/workdir" "-m" "1610612736" "--user" "0:0" "--network" "none" "ghcr.io/rust-lang/crates-build-env/linux@sha256:5ff2268d62e97bff2cde7d5815dd6ed5b47097566f13b8d0ca110b04b60e07ed" "/opt/rustwide/cargo-home/bin/cargo" "+1.69.0" "metadata" "--no-deps" "--format-version=1", kill_on_drop: false }`
[INFO] [stdout] 865088b14a01e8163427d2114b63e7a86e09dd361d74af0f56fdbf6949d48762
[INFO] running `Command { std: "docker" "start" "-a" "865088b14a01e8163427d2114b63e7a86e09dd361d74af0f56fdbf6949d48762", kill_on_drop: false }`
[INFO] running `Command { std: "docker" "inspect" "865088b14a01e8163427d2114b63e7a86e09dd361d74af0f56fdbf6949d48762", kill_on_drop: false }`
[INFO] running `Command { std: "docker" "rm" "-f" "865088b14a01e8163427d2114b63e7a86e09dd361d74af0f56fdbf6949d48762", kill_on_drop: false }`
[INFO] [stdout] 865088b14a01e8163427d2114b63e7a86e09dd361d74af0f56fdbf6949d48762
[INFO] running `Command { std: "docker" "create" "-v" "/var/lib/crater-agent-workspace/builds/worker-5-tc1/target:/opt/rustwide/target:rw,Z" "-v" "/var/lib/crater-agent-workspace/builds/worker-5-tc1/source:/opt/rustwide/workdir:ro,Z" "-v" "/var/lib/crater-agent-workspace/cargo-home:/opt/rustwide/cargo-home:ro,Z" "-v" "/var/lib/crater-agent-workspace/rustup-home:/opt/rustwide/rustup-home:ro,Z" "-e" "SOURCE_DIR=/opt/rustwide/workdir" "-e" "CARGO_TARGET_DIR=/opt/rustwide/target" "-e" "CARGO_INCREMENTAL=0" "-e" "RUST_BACKTRACE=full" "-e" "RUSTFLAGS=--cap-lints=warn" "-e" "RUSTDOCFLAGS=--cap-lints=warn" "-e" "CARGO_HOME=/opt/rustwide/cargo-home" "-e" "RUSTUP_HOME=/opt/rustwide/rustup-home" "-w" "/opt/rustwide/workdir" "-m" "1610612736" "--user" "0:0" "--network" "none" "ghcr.io/rust-lang/crates-build-env/linux@sha256:5ff2268d62e97bff2cde7d5815dd6ed5b47097566f13b8d0ca110b04b60e07ed" "/opt/rustwide/cargo-home/bin/cargo" "+1.69.0" "build" "--frozen" "--message-format=json", kill_on_drop: false }`
[INFO] [stdout] ac5401ee04dc69f49e50eae4310a0769f2a54950e3e49705eebf8443fa3c6635
[INFO] running `Command { std: "docker" "start" "-a" "ac5401ee04dc69f49e50eae4310a0769f2a54950e3e49705eebf8443fa3c6635", kill_on_drop: false }`
[INFO] [stderr]    Compiling nb v1.1.0
[INFO] [stderr]    Compiling void v1.0.2
[INFO] [stderr]    Compiling nb v0.1.3
[INFO] [stderr]    Compiling embedded-hal v0.2.7
[INFO] [stderr]    Compiling liquid_crystal v0.1.6 (/opt/rustwide/workdir)
[INFO] [stderr]     Finished dev [unoptimized + debuginfo] target(s) in 0.33s
[INFO] running `Command { std: "docker" "inspect" "ac5401ee04dc69f49e50eae4310a0769f2a54950e3e49705eebf8443fa3c6635", kill_on_drop: false }`
[INFO] running `Command { std: "docker" "rm" "-f" "ac5401ee04dc69f49e50eae4310a0769f2a54950e3e49705eebf8443fa3c6635", kill_on_drop: false }`
[INFO] [stdout] ac5401ee04dc69f49e50eae4310a0769f2a54950e3e49705eebf8443fa3c6635
[INFO] running `Command { std: "docker" "create" "-v" "/var/lib/crater-agent-workspace/builds/worker-5-tc1/target:/opt/rustwide/target:rw,Z" "-v" "/var/lib/crater-agent-workspace/builds/worker-5-tc1/source:/opt/rustwide/workdir:ro,Z" "-v" "/var/lib/crater-agent-workspace/cargo-home:/opt/rustwide/cargo-home:ro,Z" "-v" "/var/lib/crater-agent-workspace/rustup-home:/opt/rustwide/rustup-home:ro,Z" "-e" "SOURCE_DIR=/opt/rustwide/workdir" "-e" "CARGO_TARGET_DIR=/opt/rustwide/target" "-e" "CARGO_INCREMENTAL=0" "-e" "RUST_BACKTRACE=full" "-e" "RUSTFLAGS=--cap-lints=warn" "-e" "RUSTDOCFLAGS=--cap-lints=warn" "-e" "CARGO_HOME=/opt/rustwide/cargo-home" "-e" "RUSTUP_HOME=/opt/rustwide/rustup-home" "-w" "/opt/rustwide/workdir" "-m" "1610612736" "--user" "0:0" "--network" "none" "ghcr.io/rust-lang/crates-build-env/linux@sha256:5ff2268d62e97bff2cde7d5815dd6ed5b47097566f13b8d0ca110b04b60e07ed" "/opt/rustwide/cargo-home/bin/cargo" "+1.69.0" "test" "--frozen" "--no-run" "--message-format=json", kill_on_drop: false }`
[INFO] [stdout] e0cd46f3e90c6ffd69d772fa9176b77ebd8472c16d6857606a3236b871c072ba
[INFO] running `Command { std: "docker" "start" "-a" "e0cd46f3e90c6ffd69d772fa9176b77ebd8472c16d6857606a3236b871c072ba", kill_on_drop: false }`
[INFO] [stderr]    Compiling liquid_crystal v0.1.6 (/opt/rustwide/workdir)
[INFO] [stderr]     Finished test [unoptimized + debuginfo] target(s) in 0.26s
[INFO] running `Command { std: "docker" "inspect" "e0cd46f3e90c6ffd69d772fa9176b77ebd8472c16d6857606a3236b871c072ba", kill_on_drop: false }`
[INFO] running `Command { std: "docker" "rm" "-f" "e0cd46f3e90c6ffd69d772fa9176b77ebd8472c16d6857606a3236b871c072ba", kill_on_drop: false }`
[INFO] [stdout] e0cd46f3e90c6ffd69d772fa9176b77ebd8472c16d6857606a3236b871c072ba
[INFO] running `Command { std: "docker" "create" "-v" "/var/lib/crater-agent-workspace/builds/worker-5-tc1/target:/opt/rustwide/target:rw,Z" "-v" "/var/lib/crater-agent-workspace/builds/worker-5-tc1/source:/opt/rustwide/workdir:ro,Z" "-v" "/var/lib/crater-agent-workspace/cargo-home:/opt/rustwide/cargo-home:ro,Z" "-v" "/var/lib/crater-agent-workspace/rustup-home:/opt/rustwide/rustup-home:ro,Z" "-e" "SOURCE_DIR=/opt/rustwide/workdir" "-e" "CARGO_TARGET_DIR=/opt/rustwide/target" "-e" "CARGO_INCREMENTAL=0" "-e" "RUST_BACKTRACE=full" "-e" "RUSTFLAGS=--cap-lints=warn" "-e" "RUSTDOCFLAGS=--cap-lints=warn" "-e" "CARGO_HOME=/opt/rustwide/cargo-home" "-e" "RUSTUP_HOME=/opt/rustwide/rustup-home" "-w" "/opt/rustwide/workdir" "-m" "1610612736" "--user" "0:0" "--network" "none" "ghcr.io/rust-lang/crates-build-env/linux@sha256:5ff2268d62e97bff2cde7d5815dd6ed5b47097566f13b8d0ca110b04b60e07ed" "/opt/rustwide/cargo-home/bin/cargo" "+1.69.0" "test" "--frozen", kill_on_drop: false }`
[INFO] [stdout] 4d8f3a9b47fadb6882ae3925b4eaf8663e761a947009303fcf0e443a258789e1
[INFO] running `Command { std: "docker" "start" "-a" "4d8f3a9b47fadb6882ae3925b4eaf8663e761a947009303fcf0e443a258789e1", kill_on_drop: false }`
[INFO] [stderr]     Finished test [unoptimized + debuginfo] target(s) in 0.00s
[INFO] [stderr]      Running unittests src/lib.rs (/opt/rustwide/target/debug/deps/liquid_crystal-9fe43f349be2c883)
[INFO] [stdout] 
[INFO] [stdout] running 0 tests
[INFO] [stdout] 
[INFO] [stdout] test result: ok. 0 passed; 0 failed; 0 ignored; 0 measured; 0 filtered out; finished in 0.00s
[INFO] [stdout] 
[INFO] [stderr]    Doc-tests liquid_crystal
[INFO] [stdout] 
[INFO] [stdout] running 3 tests
[INFO] [stdout] test src/lcd_trait/mod.rs - lcd_trait::LiquidCrystal<'interface,T,COLS,LINES>::write (line 116) ... FAILED
[INFO] [stdout] test src/lcd_trait/mod.rs - lcd_trait::LiquidCrystal<'interface,T,COLS,LINES>::write (line 127) ... FAILED
[INFO] [stdout] test src/lcd_trait/mod.rs - lcd_trait::LiquidCrystal<'interface,T,COLS,LINES>::write (line 121) ... FAILED
[INFO] [stdout] 
[INFO] [stdout] failures:
[INFO] [stdout] 
[INFO] [stdout] ---- src/lcd_trait/mod.rs - lcd_trait::LiquidCrystal<'interface,T,COLS,LINES>::write (line 116) stdout ----
[INFO] [stdout] error[E0423]: expected function, found macro `write`
[INFO] [stdout]  --> src/lcd_trait/mod.rs:117:1
[INFO] [stdout]   |
[INFO] [stdout] 3 | write(&mut delay,Text("Text"))
[INFO] [stdout]   | ^^^^^ not a function
[INFO] [stdout]   |
[INFO] [stdout] help: use `!` to invoke the macro
[INFO] [stdout]   |
[INFO] [stdout] 3 | write!(&mut delay,Text("Text"))
[INFO] [stdout]   |      +
[INFO] [stdout] help: consider importing one of these items instead
[INFO] [stdout]   |
[INFO] [stdout] 2 | use core::fmt::write;
[INFO] [stdout]   |
[INFO] [stdout] 2 | use core::ptr::write;
[INFO] [stdout]   |
[INFO] [stdout] 2 | use std::fmt::write;
[INFO] [stdout]   |
[INFO] [stdout] 2 | use std::fs::write;
[INFO] [stdout]   |
[INFO] [stdout]     and 1 other candidate
[INFO] [stdout] 
[INFO] [stdout] error[E0425]: cannot find value `delay` in this scope
[INFO] [stdout]  --> src/lcd_trait/mod.rs:117:12
[INFO] [stdout]   |
[INFO] [stdout] 3 | write(&mut delay,Text("Text"))
[INFO] [stdout]   |            ^^^^^ not found in this scope
[INFO] [stdout] 
[INFO] [stdout] error[E0425]: cannot find function, tuple struct or tuple variant `Text` in this scope
[INFO] [stdout]  --> src/lcd_trait/mod.rs:117:18
[INFO] [stdout]   |
[INFO] [stdout] 3 | write(&mut delay,Text("Text"))
[INFO] [stdout]   |                  ^^^^ not found in this scope
[INFO] [stdout]   |
[INFO] [stdout] help: consider importing this tuple variant
[INFO] [stdout]   |
[INFO] [stdout] 2 | use liquid_crystal::Text;
[INFO] [stdout]   |
[INFO] [stdout] 
[INFO] [stdout] error: aborting due to 3 previous errors
[INFO] [stdout] 
[INFO] [stdout] Some errors have detailed explanations: E0423, E0425.
[INFO] [stdout] For more information about an error, try `rustc --explain E0423`.
[INFO] [stdout] Couldn't compile the test.
[INFO] [stdout] ---- src/lcd_trait/mod.rs - lcd_trait::LiquidCrystal<'interface,T,COLS,LINES>::write (line 127) stdout ----
[INFO] [stdout] error[E0423]: expected function, found macro `write`
[INFO] [stdout]  --> src/lcd_trait/mod.rs:128:1
[INFO] [stdout]   |
[INFO] [stdout] 3 | write(&mut delay, CustomChar(slot))
[INFO] [stdout]   | ^^^^^ not a function
[INFO] [stdout]   |
[INFO] [stdout] help: use `!` to invoke the macro
[INFO] [stdout]   |
[INFO] [stdout] 3 | write!(&mut delay, CustomChar(slot))
[INFO] [stdout]   |      +
[INFO] [stdout] help: consider importing one of these items instead
[INFO] [stdout]   |
[INFO] [stdout] 2 | use core::fmt::write;
[INFO] [stdout]   |
[INFO] [stdout] 2 | use core::ptr::write;
[INFO] [stdout]   |
[INFO] [stdout] 2 | use std::fmt::write;
[INFO] [stdout]   |
[INFO] [stdout] 2 | use std::fs::write;
[INFO] [stdout]   |
[INFO] [stdout]     and 1 other candidate
[INFO] [stdout] 
[INFO] [stdout] error[E0425]: cannot find value `delay` in this scope
[INFO] [stdout]  --> src/lcd_trait/mod.rs:128:12
[INFO] [stdout]   |
[INFO] [stdout] 3 | write(&mut delay, CustomChar(slot))
[INFO] [stdout]   |            ^^^^^ not found in this scope
[INFO] [stdout] 
[INFO] [stdout] error[E0425]: cannot find function, tuple struct or tuple variant `CustomChar` in this scope
[INFO] [stdout]  --> src/lcd_trait/mod.rs:128:19
[INFO] [stdout]   |
[INFO] [stdout] 3 | write(&mut delay, CustomChar(slot))
[INFO] [stdout]   |                   ^^^^^^^^^^ not found in this scope
[INFO] [stdout]   |
[INFO] [stdout] help: consider importing this tuple variant
[INFO] [stdout]   |
[INFO] [stdout] 2 | use liquid_crystal::CustomChar;
[INFO] [stdout]   |
[INFO] [stdout] 
[INFO] [stdout] error[E0425]: cannot find value `slot` in this scope
[INFO] [stdout]  --> src/lcd_trait/mod.rs:128:30
[INFO] [stdout]   |
[INFO] [stdout] 3 | write(&mut delay, CustomChar(slot))
[INFO] [stdout]   |                              ^^^^ not found in this scope
[INFO] [stdout] 
[INFO] [stdout] error: aborting due to 4 previous errors
[INFO] [stdout] 
[INFO] [stdout] Some errors have detailed explanations: E0423, E0425.
[INFO] [stdout] For more information about an error, try `rustc --explain E0423`.
[INFO] [stdout] Couldn't compile the test.
[INFO] [stdout] ---- src/lcd_trait/mod.rs - lcd_trait::LiquidCrystal<'interface,T,COLS,LINES>::write (line 121) stdout ----
[INFO] [stdout] error[E0423]: expected function, found macro `write`
[INFO] [stdout]  --> src/lcd_trait/mod.rs:122:1
[INFO] [stdout]   |
[INFO] [stdout] 3 | write(&mut delay,Command(Command))
[INFO] [stdout]   | ^^^^^ not a function
[INFO] [stdout]   |
[INFO] [stdout] help: use `!` to invoke the macro
[INFO] [stdout]   |
[INFO] [stdout] 3 | write!(&mut delay,Command(Command))
[INFO] [stdout]   |      +
[INFO] [stdout] help: consider importing one of these items instead
[INFO] [stdout]   |
[INFO] [stdout] 2 | use core::fmt::write;
[INFO] [stdout]   |
[INFO] [stdout] 2 | use core::ptr::write;
[INFO] [stdout]   |
[INFO] [stdout] 2 | use std::fmt::write;
[INFO] [stdout]   |
[INFO] [stdout] 2 | use std::fs::write;
[INFO] [stdout]   |
[INFO] [stdout]     and 1 other candidate
[INFO] [stdout] 
[INFO] [stdout] error[E0425]: cannot find value `delay` in this scope
[INFO] [stdout]  --> src/lcd_trait/mod.rs:122:12
[INFO] [stdout]   |
[INFO] [stdout] 3 | write(&mut delay,Command(Command))
[INFO] [stdout]   |            ^^^^^ not found in this scope
[INFO] [stdout] 
[INFO] [stdout] error[E0425]: cannot find function, tuple struct or tuple variant `Command` in this scope
[INFO] [stdout]  --> src/lcd_trait/mod.rs:122:18
[INFO] [stdout]   |
[INFO] [stdout] 3 | write(&mut delay,Command(Command))
[INFO] [stdout]   |                  ^^^^^^^ not found in this scope
[INFO] [stdout]   |
[INFO] [stdout] help: consider importing this tuple variant
[INFO] [stdout]   |
[INFO] [stdout] 2 | use liquid_crystal::Command;
[INFO] [stdout]   |
[INFO] [stdout] 
[INFO] [stdout] error[E0425]: cannot find value `Command` in this scope
[INFO] [stdout]  --> src/lcd_trait/mod.rs:122:26
[INFO] [stdout]   |
[INFO] [stdout] 3 | write(&mut delay,Command(Command))
[INFO] [stdout]   |                          ^^^^^^^ not found in this scope
[INFO] [stdout]   |
[INFO] [stdout] help: consider importing this tuple variant
[INFO] [stdout]   |
[INFO] [stdout] 2 | use liquid_crystal::Command;
[INFO] [stdout]   |
[INFO] [stdout] 
[INFO] [stdout] error: aborting due to 4 previous errors
[INFO] [stdout] 
[INFO] [stdout] Some errors have detailed explanations: E0423, E0425.
[INFO] [stdout] For more information about an error, try `rustc --explain E0423`.
[INFO] [stdout] Couldn't compile the test.
[INFO] [stdout] 
[INFO] [stdout] failures:
[INFO] [stdout]     src/lcd_trait/mod.rs - lcd_trait::LiquidCrystal<'interface,T,COLS,LINES>::write (line 116)
[INFO] [stdout]     src/lcd_trait/mod.rs - lcd_trait::LiquidCrystal<'interface,T,COLS,LINES>::write (line 121)
[INFO] [stdout]     src/lcd_trait/mod.rs - lcd_trait::LiquidCrystal<'interface,T,COLS,LINES>::write (line 127)
[INFO] [stdout] 
[INFO] [stdout] test result: FAILED. 0 passed; 3 failed; 0 ignored; 0 measured; 0 filtered out; finished in 0.04s
[INFO] [stdout] 
[INFO] [stderr] error: doctest failed, to rerun pass `--doc`
[INFO] running `Command { std: "docker" "inspect" "4d8f3a9b47fadb6882ae3925b4eaf8663e761a947009303fcf0e443a258789e1", kill_on_drop: false }`
[INFO] running `Command { std: "docker" "rm" "-f" "4d8f3a9b47fadb6882ae3925b4eaf8663e761a947009303fcf0e443a258789e1", kill_on_drop: false }`
[INFO] [stdout] 4d8f3a9b47fadb6882ae3925b4eaf8663e761a947009303fcf0e443a258789e1
