[INFO] fetching crate lineas 0.1.1...
[INFO] testing lineas-0.1.1 against 1.69.0 for beta-1.70-1
[INFO] extracting crate lineas 0.1.1 into /workspace/builds/worker-1-tc1/source
[INFO] validating manifest of crates.io crate lineas 0.1.1 on toolchain 1.69.0
[INFO] running `Command { std: CARGO_HOME="/workspace/cargo-home" RUSTUP_HOME="/workspace/rustup-home" "/workspace/cargo-home/bin/cargo" "+1.69.0" "metadata" "--manifest-path" "Cargo.toml" "--no-deps", kill_on_drop: false }`
[INFO] started tweaking crates.io crate lineas 0.1.1
[INFO] finished tweaking crates.io crate lineas 0.1.1
[INFO] tweaked toml for crates.io crate lineas 0.1.1 written to /workspace/builds/worker-1-tc1/source/Cargo.toml
[INFO] running `Command { std: CARGO_HOME="/workspace/cargo-home" RUSTUP_HOME="/workspace/rustup-home" __CARGO_TEST_CHANNEL_OVERRIDE_DO_NOT_USE_THIS="nightly" "/workspace/cargo-home/bin/cargo" "+1.69.0" "generate-lockfile" "--manifest-path" "Cargo.toml" "-Zno-index-update", kill_on_drop: false }`
[INFO] [stderr]     Blocking waiting for file lock on package cache
[INFO] running `Command { std: CARGO_HOME="/workspace/cargo-home" RUSTUP_HOME="/workspace/rustup-home" "/workspace/cargo-home/bin/cargo" "+1.69.0" "fetch" "--manifest-path" "Cargo.toml", kill_on_drop: false }`
[INFO] running `Command { std: "docker" "create" "-v" "/var/lib/crater-agent-workspace/builds/worker-1-tc1/target:/opt/rustwide/target:rw,Z" "-v" "/var/lib/crater-agent-workspace/builds/worker-1-tc1/source:/opt/rustwide/workdir:ro,Z" "-v" "/var/lib/crater-agent-workspace/cargo-home:/opt/rustwide/cargo-home:ro,Z" "-v" "/var/lib/crater-agent-workspace/rustup-home:/opt/rustwide/rustup-home:ro,Z" "-e" "SOURCE_DIR=/opt/rustwide/workdir" "-e" "CARGO_TARGET_DIR=/opt/rustwide/target" "-e" "CARGO_HOME=/opt/rustwide/cargo-home" "-e" "RUSTUP_HOME=/opt/rustwide/rustup-home" "-w" "/opt/rustwide/workdir" "-m" "1610612736" "--user" "0:0" "--network" "none" "ghcr.io/rust-lang/crates-build-env/linux@sha256:5ff2268d62e97bff2cde7d5815dd6ed5b47097566f13b8d0ca110b04b60e07ed" "/opt/rustwide/cargo-home/bin/cargo" "+1.69.0" "metadata" "--no-deps" "--format-version=1", kill_on_drop: false }`
[INFO] [stdout] af366abf5bd15dbf104099d012d9afdfe820488a9f7d422821317980e235ae9b
[INFO] running `Command { std: "docker" "start" "-a" "af366abf5bd15dbf104099d012d9afdfe820488a9f7d422821317980e235ae9b", kill_on_drop: false }`
[INFO] running `Command { std: "docker" "inspect" "af366abf5bd15dbf104099d012d9afdfe820488a9f7d422821317980e235ae9b", kill_on_drop: false }`
[INFO] running `Command { std: "docker" "rm" "-f" "af366abf5bd15dbf104099d012d9afdfe820488a9f7d422821317980e235ae9b", kill_on_drop: false }`
[INFO] [stdout] af366abf5bd15dbf104099d012d9afdfe820488a9f7d422821317980e235ae9b
[INFO] running `Command { std: "docker" "create" "-v" "/var/lib/crater-agent-workspace/builds/worker-1-tc1/target:/opt/rustwide/target:rw,Z" "-v" "/var/lib/crater-agent-workspace/builds/worker-1-tc1/source:/opt/rustwide/workdir:ro,Z" "-v" "/var/lib/crater-agent-workspace/cargo-home:/opt/rustwide/cargo-home:ro,Z" "-v" "/var/lib/crater-agent-workspace/rustup-home:/opt/rustwide/rustup-home:ro,Z" "-e" "SOURCE_DIR=/opt/rustwide/workdir" "-e" "CARGO_TARGET_DIR=/opt/rustwide/target" "-e" "CARGO_INCREMENTAL=0" "-e" "RUST_BACKTRACE=full" "-e" "RUSTFLAGS=--cap-lints=warn" "-e" "RUSTDOCFLAGS=--cap-lints=warn" "-e" "CARGO_HOME=/opt/rustwide/cargo-home" "-e" "RUSTUP_HOME=/opt/rustwide/rustup-home" "-w" "/opt/rustwide/workdir" "-m" "1610612736" "--user" "0:0" "--network" "none" "ghcr.io/rust-lang/crates-build-env/linux@sha256:5ff2268d62e97bff2cde7d5815dd6ed5b47097566f13b8d0ca110b04b60e07ed" "/opt/rustwide/cargo-home/bin/cargo" "+1.69.0" "build" "--frozen" "--message-format=json", kill_on_drop: false }`
[INFO] [stdout] 08fc68f01e2c038f3bb27a0ec0e51e801ff3e570b5b486122ec6dc943e477a92
[INFO] running `Command { std: "docker" "start" "-a" "08fc68f01e2c038f3bb27a0ec0e51e801ff3e570b5b486122ec6dc943e477a92", kill_on_drop: false }`
[INFO] [stderr]    Compiling custom_derive v0.1.7
[INFO] [stderr]    Compiling conv v0.3.3
[INFO] [stderr]    Compiling lineas v0.1.1 (/opt/rustwide/workdir)
[INFO] [stdout] warning: unused import: `Vector`
[INFO] [stdout]  --> src/display.rs:2:21
[INFO] [stdout]   |
[INFO] [stdout] 2 | use crate::{Matrix, Vector, polynomials::Polynomial};
[INFO] [stdout]   |                     ^^^^^^
[INFO] [stdout]   |
[INFO] [stdout]   = note: `#[warn(unused_imports)]` on by default
[INFO] [stdout] 
[INFO] [stdout] 
[INFO] [stdout] warning: unused import: `ValueInto`
[INFO] [stdout]  --> src/display.rs:3:33
[INFO] [stdout]   |
[INFO] [stdout] 3 | use conv::{ConvUtil, ValueFrom, ValueInto};
[INFO] [stdout]   |                                 ^^^^^^^^^
[INFO] [stdout] 
[INFO] [stdout] 
[INFO] [stdout] warning: unused variable: `f`
[INFO] [stdout]  --> src/display.rs:7:16
[INFO] [stdout]   |
[INFO] [stdout] 7 |     fn fmt(&self, f: &mut Formatter<'_>) -> std::fmt::Result {
[INFO] [stdout]   |                   ^ help: if this is intentional, prefix it with an underscore: `_f`
[INFO] [stdout]   |
[INFO] [stdout]   = note: `#[warn(unused_variables)]` on by default
[INFO] [stdout] 
[INFO] [stdout] 
[INFO] [stdout] warning: missing documentation for a method
[INFO] [stdout]    --> src/ops.rs:125:2
[INFO] [stdout]     |
[INFO] [stdout] 125 |     pub fn conj<Q: Copy + Debug>(&self) -> Matrix<T, N, Complex<Q>> where L: ValueFrom<isize> + ValueInto<Complex<Q>>, Q: Neg<Output=Q> + ValueFrom<isize...
[INFO] [stdout]     |     ^^^^^^^^^^^^^^^^^^^^^^^^^^^^^^^^^^^^^^^^^^^^^^^^^^^^^^^^^^^^^^^^^^^^^^^^^^^^^^^^^^^^^^^^^^^^^^^^^^^^^^^^^^^^^^^^^^^^^^^^^^^^^^^^^^^^^^^^^^^^^^^^^^^^^^
[INFO] [stdout]     |
[INFO] [stdout] note: the lint level is defined here
[INFO] [stdout]    --> src/lib.rs:1:9
[INFO] [stdout]     |
[INFO] [stdout] 1   | #![warn(missing_docs)]
[INFO] [stdout]     |         ^^^^^^^^^^^^
[INFO] [stdout] 
[INFO] [stdout] 
[INFO] [stdout] warning: 4 warnings emitted
[INFO] [stdout] 
[INFO] [stdout] 
[INFO] [stderr]     Finished dev [unoptimized + debuginfo] target(s) in 0.77s
[INFO] running `Command { std: "docker" "inspect" "08fc68f01e2c038f3bb27a0ec0e51e801ff3e570b5b486122ec6dc943e477a92", kill_on_drop: false }`
[INFO] running `Command { std: "docker" "rm" "-f" "08fc68f01e2c038f3bb27a0ec0e51e801ff3e570b5b486122ec6dc943e477a92", kill_on_drop: false }`
[INFO] [stdout] 08fc68f01e2c038f3bb27a0ec0e51e801ff3e570b5b486122ec6dc943e477a92
[INFO] running `Command { std: "docker" "create" "-v" "/var/lib/crater-agent-workspace/builds/worker-1-tc1/target:/opt/rustwide/target:rw,Z" "-v" "/var/lib/crater-agent-workspace/builds/worker-1-tc1/source:/opt/rustwide/workdir:ro,Z" "-v" "/var/lib/crater-agent-workspace/cargo-home:/opt/rustwide/cargo-home:ro,Z" "-v" "/var/lib/crater-agent-workspace/rustup-home:/opt/rustwide/rustup-home:ro,Z" "-e" "SOURCE_DIR=/opt/rustwide/workdir" "-e" "CARGO_TARGET_DIR=/opt/rustwide/target" "-e" "CARGO_INCREMENTAL=0" "-e" "RUST_BACKTRACE=full" "-e" "RUSTFLAGS=--cap-lints=warn" "-e" "RUSTDOCFLAGS=--cap-lints=warn" "-e" "CARGO_HOME=/opt/rustwide/cargo-home" "-e" "RUSTUP_HOME=/opt/rustwide/rustup-home" "-w" "/opt/rustwide/workdir" "-m" "1610612736" "--user" "0:0" "--network" "none" "ghcr.io/rust-lang/crates-build-env/linux@sha256:5ff2268d62e97bff2cde7d5815dd6ed5b47097566f13b8d0ca110b04b60e07ed" "/opt/rustwide/cargo-home/bin/cargo" "+1.69.0" "test" "--frozen" "--no-run" "--message-format=json", kill_on_drop: false }`
[INFO] [stdout] 4716dc5145c95f55cb2ef31f4ce7a954c24efc82199238c79dd149c58e9f6b0e
[INFO] running `Command { std: "docker" "start" "-a" "4716dc5145c95f55cb2ef31f4ce7a954c24efc82199238c79dd149c58e9f6b0e", kill_on_drop: false }`
[INFO] [stdout] warning: unused import: `Vector`
[INFO] [stdout]  --> src/display.rs:2:21
[INFO] [stdout]   |
[INFO] [stdout] 2 | use crate::{Matrix, Vector, polynomials::Polynomial};
[INFO] [stdout]   |                     ^^^^^^
[INFO] [stdout]   |
[INFO] [stdout]   = note: `#[warn(unused_imports)]` on by default
[INFO] [stdout] 
[INFO] [stdout] 
[INFO] [stdout] warning: unused import: `ValueInto`
[INFO] [stdout]  --> src/display.rs:3:33
[INFO] [stdout]   |
[INFO] [stdout] 3 | use conv::{ConvUtil, ValueFrom, ValueInto};
[INFO] [stdout]   |                                 ^^^^^^^^^
[INFO] [stdout] 
[INFO] [stdout] 
[INFO] [stdout] warning: unused variable: `f`
[INFO] [stdout]  --> src/display.rs:7:16
[INFO] [stdout]   |
[INFO] [stdout] 7 |     fn fmt(&self, f: &mut Formatter<'_>) -> std::fmt::Result {
[INFO] [stdout]   |                   ^ help: if this is intentional, prefix it with an underscore: `_f`
[INFO] [stdout]   |
[INFO] [stdout]   = note: `#[warn(unused_variables)]` on by default
[INFO] [stdout] 
[INFO] [stdout] 
[INFO] [stderr]    Compiling lineas v0.1.1 (/opt/rustwide/workdir)
[INFO] [stdout] warning: missing documentation for a method
[INFO] [stdout]    --> src/ops.rs:125:2
[INFO] [stdout]     |
[INFO] [stdout] 125 |     pub fn conj<Q: Copy + Debug>(&self) -> Matrix<T, N, Complex<Q>> where L: ValueFrom<isize> + ValueInto<Complex<Q>>, Q: Neg<Output=Q> + ValueFrom<isize...
[INFO] [stdout]     |     ^^^^^^^^^^^^^^^^^^^^^^^^^^^^^^^^^^^^^^^^^^^^^^^^^^^^^^^^^^^^^^^^^^^^^^^^^^^^^^^^^^^^^^^^^^^^^^^^^^^^^^^^^^^^^^^^^^^^^^^^^^^^^^^^^^^^^^^^^^^^^^^^^^^^^^
[INFO] [stdout]     |
[INFO] [stdout] note: the lint level is defined here
[INFO] [stdout]    --> src/lib.rs:1:9
[INFO] [stdout]     |
[INFO] [stdout] 1   | #![warn(missing_docs)]
[INFO] [stdout]     |         ^^^^^^^^^^^^
[INFO] [stdout] 
[INFO] [stdout] 
[INFO] [stdout] warning: 4 warnings emitted
[INFO] [stdout] 
[INFO] [stdout] 
[INFO] [stdout] warning: unused import: `Vector`
[INFO] [stdout]  --> src/display.rs:2:21
[INFO] [stdout]   |
[INFO] [stdout] 2 | use crate::{Matrix, Vector, polynomials::Polynomial};
[INFO] [stdout]   |                     ^^^^^^
[INFO] [stdout]   |
[INFO] [stdout]   = note: `#[warn(unused_imports)]` on by default
[INFO] [stdout] 
[INFO] [stdout] 
[INFO] [stdout] warning: unused import: `ValueInto`
[INFO] [stdout]  --> src/display.rs:3:33
[INFO] [stdout]   |
[INFO] [stdout] 3 | use conv::{ConvUtil, ValueFrom, ValueInto};
[INFO] [stdout]   |                                 ^^^^^^^^^
[INFO] [stdout] 
[INFO] [stdout] 
[INFO] [stdout] warning: unused variable: `f`
[INFO] [stdout]  --> src/display.rs:7:16
[INFO] [stdout]   |
[INFO] [stdout] 7 |     fn fmt(&self, f: &mut Formatter<'_>) -> std::fmt::Result {
[INFO] [stdout]   |                   ^ help: if this is intentional, prefix it with an underscore: `_f`
[INFO] [stdout]   |
[INFO] [stdout]   = note: `#[warn(unused_variables)]` on by default
[INFO] [stdout] 
[INFO] [stdout] 
[INFO] [stdout] warning: 3 warnings emitted
[INFO] [stdout] 
[INFO] [stdout] 
[INFO] [stderr]     Finished test [unoptimized + debuginfo] target(s) in 0.56s
[INFO] running `Command { std: "docker" "inspect" "4716dc5145c95f55cb2ef31f4ce7a954c24efc82199238c79dd149c58e9f6b0e", kill_on_drop: false }`
[INFO] running `Command { std: "docker" "rm" "-f" "4716dc5145c95f55cb2ef31f4ce7a954c24efc82199238c79dd149c58e9f6b0e", kill_on_drop: false }`
[INFO] [stdout] 4716dc5145c95f55cb2ef31f4ce7a954c24efc82199238c79dd149c58e9f6b0e
[INFO] running `Command { std: "docker" "create" "-v" "/var/lib/crater-agent-workspace/builds/worker-1-tc1/target:/opt/rustwide/target:rw,Z" "-v" "/var/lib/crater-agent-workspace/builds/worker-1-tc1/source:/opt/rustwide/workdir:ro,Z" "-v" "/var/lib/crater-agent-workspace/cargo-home:/opt/rustwide/cargo-home:ro,Z" "-v" "/var/lib/crater-agent-workspace/rustup-home:/opt/rustwide/rustup-home:ro,Z" "-e" "SOURCE_DIR=/opt/rustwide/workdir" "-e" "CARGO_TARGET_DIR=/opt/rustwide/target" "-e" "CARGO_INCREMENTAL=0" "-e" "RUST_BACKTRACE=full" "-e" "RUSTFLAGS=--cap-lints=warn" "-e" "RUSTDOCFLAGS=--cap-lints=warn" "-e" "CARGO_HOME=/opt/rustwide/cargo-home" "-e" "RUSTUP_HOME=/opt/rustwide/rustup-home" "-w" "/opt/rustwide/workdir" "-m" "1610612736" "--user" "0:0" "--network" "none" "ghcr.io/rust-lang/crates-build-env/linux@sha256:5ff2268d62e97bff2cde7d5815dd6ed5b47097566f13b8d0ca110b04b60e07ed" "/opt/rustwide/cargo-home/bin/cargo" "+1.69.0" "test" "--frozen", kill_on_drop: false }`
[INFO] [stdout] cb7647066eca059224cca52ce33a67f4b5d74de0c6bc81d110dd5d3989a74591
[INFO] running `Command { std: "docker" "start" "-a" "cb7647066eca059224cca52ce33a67f4b5d74de0c6bc81d110dd5d3989a74591", kill_on_drop: false }`
[INFO] [stderr] warning: unused import: `Vector`
[INFO] [stderr]  --> src/display.rs:2:21
[INFO] [stderr]   |
[INFO] [stderr] 2 | use crate::{Matrix, Vector, polynomials::Polynomial};
[INFO] [stderr]   |                     ^^^^^^
[INFO] [stderr]   |
[INFO] [stderr]   = note: `#[warn(unused_imports)]` on by default
[INFO] [stderr] 
[INFO] [stderr] warning: unused import: `ValueInto`
[INFO] [stderr]  --> src/display.rs:3:33
[INFO] [stderr]   |
[INFO] [stderr] 3 | use conv::{ConvUtil, ValueFrom, ValueInto};
[INFO] [stderr]   |                                 ^^^^^^^^^
[INFO] [stderr] 
[INFO] [stderr] warning: unused variable: `f`
[INFO] [stderr]  --> src/display.rs:7:16
[INFO] [stderr]   |
[INFO] [stderr] 7 |     fn fmt(&self, f: &mut Formatter<'_>) -> std::fmt::Result {
[INFO] [stderr]   |                   ^ help: if this is intentional, prefix it with an underscore: `_f`
[INFO] [stderr]   |
[INFO] [stderr]   = note: `#[warn(unused_variables)]` on by default
[INFO] [stderr] 
[INFO] [stderr] warning: missing documentation for a method
[INFO] [stderr]    --> src/ops.rs:125:2
[INFO] [stderr]     |
[INFO] [stderr] 125 |     pub fn conj<Q: Copy + Debug>(&self) -> Matrix<T, N, Complex<Q>> where L: ValueFrom<isize> + ValueInto<Complex<Q>>, Q: Neg<Output=Q> + ValueFrom<isize...
[INFO] [stderr]     |     ^^^^^^^^^^^^^^^^^^^^^^^^^^^^^^^^^^^^^^^^^^^^^^^^^^^^^^^^^^^^^^^^^^^^^^^^^^^^^^^^^^^^^^^^^^^^^^^^^^^^^^^^^^^^^^^^^^^^^^^^^^^^^^^^^^^^^^^^^^^^^^^^^^^^^^
[INFO] [stderr]     |
[INFO] [stderr] note: the lint level is defined here
[INFO] [stderr]    --> src/lib.rs:1:9
[INFO] [stderr]     |
[INFO] [stderr] 1   | #![warn(missing_docs)]
[INFO] [stderr]     |         ^^^^^^^^^^^^
[INFO] [stderr] 
[INFO] [stderr] warning: `lineas` (lib) generated 4 warnings (run `cargo fix --lib -p lineas` to apply 3 suggestions)
[INFO] [stderr] warning: `lineas` (lib test) generated 3 warnings (3 duplicates)
[INFO] [stderr]     Finished test [unoptimized + debuginfo] target(s) in 0.03s
[INFO] [stderr]      Running unittests src/lib.rs (/opt/rustwide/target/debug/deps/lineas-697efb9fd2c67a25)
[INFO] [stdout] 
[INFO] [stdout] running 0 tests
[INFO] [stdout] 
[INFO] [stdout] test result: ok. 0 passed; 0 failed; 0 ignored; 0 measured; 0 filtered out; finished in 0.00s
[INFO] [stdout] 
[INFO] [stderr]      Running tests/complex.rs (/opt/rustwide/target/debug/deps/complex-1a81d2e1cf83d5fe)
[INFO] [stdout] 
[INFO] [stdout] running 4 tests
[INFO] [stdout] test ops::div ... ok
[INFO] [stdout] test ops::mult ... ok
[INFO] [stdout] test ops::div_assign ... ok
[INFO] [stdout] test ops::mult_assign ... ok
[INFO] [stdout] 
[INFO] [stdout] test result: ok. 4 passed; 0 failed; 0 ignored; 0 measured; 0 filtered out; finished in 0.00s
[INFO] [stdout] 
[INFO] [stderr]      Running tests/decompose.rs (/opt/rustwide/target/debug/deps/decompose-1ab1d72005de1ebf)
[INFO] [stdout] 
[INFO] [stdout] running 3 tests
[INFO] [stdout] test lu_decompose::incorrect ... ok
[INFO] [stdout] test lu_decompose::correct ... ok
[INFO] [stdout] test plu_decompose::correct ... ok
[INFO] [stdout] 
[INFO] [stdout] test result: ok. 3 passed; 0 failed; 0 ignored; 0 measured; 0 filtered out; finished in 0.00s
[INFO] [stdout] 
[INFO] [stderr]      Running tests/ops.rs (/opt/rustwide/target/debug/deps/ops-5f6f40a8e7977814)
[INFO] [stdout] 
[INFO] [stdout] running 14 tests
[INFO] [stdout] test add_sub::matrix_add_matrix ... ok
[INFO] [stdout] test add_sub::matrix_add_neg_matrix ... ok
[INFO] [stdout] test add_sub::matrix_sub_matrix ... ok
[INFO] [stdout] test add_sub::matrix_sub_neg_matrix ... ok
[INFO] [stdout] test mult::matrix::rect ... ok
[INFO] [stdout] test mult::matrix::square ... ok
[INFO] [stdout] test mult::matrix::square_assign ... ok
[INFO] [stdout] test mult::scalar::scalar ... ok
[INFO] [stdout] test mult::scalar::scalar_assign ... ok
[INFO] [stdout] test transpose::rectangular ... ok
[INFO] [stdout] test transpose::square_set ... ok
[INFO] [stdout] test unary_not::double_negate ... ok
[INFO] [stdout] test unary_not::negate ... ok
[INFO] [stdout] test transpose::square ... ok
[INFO] [stdout] 
[INFO] [stdout] test result: ok. 14 passed; 0 failed; 0 ignored; 0 measured; 0 filtered out; finished in 0.00s
[INFO] [stdout] 
[INFO] [stderr]      Running tests/polynomials.rs (/opt/rustwide/target/debug/deps/polynomials-ddf42a72ac309df4)
[INFO] [stdout] 
[INFO] [stdout] running 12 tests
[INFO] [stdout] test add::literals::add ... ok
[INFO] [stdout] test add::literals::add_assign ... ok
[INFO] [stdout] test add::literals::add_assign_zero_last_2 ... ok
[INFO] [stdout] test add::literals::add_zero_last_2 ... ok
[INFO] [stdout] test add::polynomials::add_assign ... ok
[INFO] [stdout] test add::polynomials::add ... ok
[INFO] [stdout] test add::polynomials::add_assign_zero_last_2 ... ok
[INFO] [stdout] test mult::literals::mult ... ok
[INFO] [stdout] test add::polynomials::add_zero_last_2 ... ok
[INFO] [stdout] test mult::literals::mult_assign ... ok
[INFO] [stdout] test mult::polynomials::mult ... ok
[INFO] [stdout] test mult::polynomials::mult_assign ... ok
[INFO] [stdout] 
[INFO] [stdout] test result: ok. 12 passed; 0 failed; 0 ignored; 0 measured; 0 filtered out; finished in 0.00s
[INFO] [stdout] 
[INFO] [stderr]      Running tests/util.rs (/opt/rustwide/target/debug/deps/util-369b71184dab2e45)
[INFO] [stdout] 
[INFO] [stdout] running 7 tests
[INFO] [stdout] test conjugate::complex::double_conjugate ... ok
[INFO] [stdout] test conjugate::real::conjugate ... ok
[INFO] [stdout] test conjugate::complex::conjugate ... ok
[INFO] [stdout] test conjugate::real::double_conjugate ... ok
[INFO] [stdout] test det::identity3 ... ok
[INFO] [stdout] test det::identity4 ... ok
[INFO] [stdout] test det::random ... ok
[INFO] [stdout] 
[INFO] [stdout] test result: ok. 7 passed; 0 failed; 0 ignored; 0 measured; 0 filtered out; finished in 0.00s
[INFO] [stdout] 
[INFO] [stderr]    Doc-tests lineas
[INFO] [stdout] 
[INFO] [stdout] running 15 tests
[INFO] [stdout] test src/decompose.rs - decompose (line 7) ... FAILED
[INFO] [stdout] test src/generics.rs - generics::Matrix<T,N,L>::empty (line 30) ... FAILED
[INFO] [stdout] test src/polynomials/prelude.rs - polynomials::prelude::Polynomial (line 9) ... FAILED
[INFO] [stdout] test src/polynomials/prelude.rs - polynomials::prelude::Polynomial (line 15) ... ok
[INFO] [stdout] test src/lib.rs - (line 17) ... ok
[INFO] [stdout] test src/lib.rs - (line 28) ... ok
[INFO] [stdout] test src/lib.rs - (line 11) ... ok
[INFO] [stdout] test src/generics.rs - generics::Matrix<T,T,L>::identity (line 14) ... ok
[INFO] [stdout] test src/prelude.rs - prelude::Matrix (line 16) ... ok
[INFO] [stdout] test src/ops.rs - ops::Matrix<T,N,L>::scale (line 171) ... ok
[INFO] [stdout] test src/polynomials/ops.rs - polynomials::ops::Polynomial<L>::degree (line 51) ... ok
[INFO] [stdout] test src/polynomials/ops.rs - polynomials::ops::Polynomial<L>::minify (line 32) ... ok
[INFO] [stdout] test src/ops.rs - ops::Matrix<T,N,L>::scale_set (line 191) ... ok
[INFO] [stdout] test src/decompose.rs - decompose::LUDecompose::lu_decompose (line 29) ... FAILED
[INFO] [stdout] test src/polynomials/ops.rs - polynomials::ops::Polynomial<L>::real_roots (line 64) ... FAILED
[INFO] [stdout] 
[INFO] [stdout] failures:
[INFO] [stdout] 
[INFO] [stdout] ---- src/decompose.rs - decompose (line 7) stdout ----
[INFO] [stdout] error[E0432]: unresolved import `lineas::decompose::lu_decompose`
[INFO] [stdout]  --> src/decompose.rs:9:6
[INFO] [stdout]   |
[INFO] [stdout] 5 |  use lineas::decompose::lu_decompose;
[INFO] [stdout]   |      ^^^^^^^^^^^^^^^^^^^------------
[INFO] [stdout]   |      |                  |
[INFO] [stdout]   |      |                  help: a similar name exists in the module: `LUDecompose`
[INFO] [stdout]   |      no `lu_decompose` in `decompose`
[INFO] [stdout] 
[INFO] [stdout] error: aborting due to previous error
[INFO] [stdout] 
[INFO] [stdout] For more information about this error, try `rustc --explain E0432`.
[INFO] [stdout] Couldn't compile the test.
[INFO] [stdout] ---- src/generics.rs - generics::Matrix<T,N,L>::empty (line 30) stdout ----
[INFO] [stdout] error[E0308]: mismatched types
[INFO] [stdout]  --> src/generics.rs:33:1
[INFO] [stdout]   |
[INFO] [stdout] 6 | assert_eq!(Matrix::new([[0, 0, 0], [0, 0, 0]]), Matrix::<3, 2, _>::empty())
[INFO] [stdout]   | ^^^^^^^^^^^^^^^^^^^^^^^^^^^^^^^^^^^^^^^^^^^^^^^^^^^^^^^^^^^^^^^^^^^^^^^^^^^ expected `2`, found `3`
[INFO] [stdout]   |
[INFO] [stdout]   = note: expected struct `Matrix<{integer}, 2, 3>`
[INFO] [stdout]              found struct `Matrix<_, 3, 2>`
[INFO] [stdout]   = note: this error originates in the macro `assert_eq` (in Nightly builds, run with -Z macro-backtrace for more info)
[INFO] [stdout] 
[INFO] [stdout] error: aborting due to previous error
[INFO] [stdout] 
[INFO] [stdout] For more information about this error, try `rustc --explain E0308`.
[INFO] [stdout] Couldn't compile the test.
[INFO] [stdout] ---- src/polynomials/prelude.rs - polynomials::prelude::Polynomial (line 9) stdout ----
[INFO] [stdout] error[E0308]: mismatched types
[INFO] [stdout]  --> src/polynomials/prelude.rs:11:1
[INFO] [stdout]   |
[INFO] [stdout] 5 | Polynomial::new(vec![3, -5, 1])
[INFO] [stdout]   | ^^^^^^^^^^^^^^^^^^^^^^^^^^^^^^^ expected `()`, found `Polynomial<{integer}>`
[INFO] [stdout]   |
[INFO] [stdout]   = note: expected unit type `()`
[INFO] [stdout]                 found struct `Polynomial<{integer}>`
[INFO] [stdout] help: consider using a semicolon here
[INFO] [stdout]   |
[INFO] [stdout] 5 | Polynomial::new(vec![3, -5, 1]);
[INFO] [stdout]   |                                +
[INFO] [stdout] help: try adding a return type
[INFO] [stdout]   |
[INFO] [stdout] 3 | fn main() { #[allow(non_snake_case)] fn _doctest_main_src_polynomials_prelude_rs_9_0() -> Polynomial<i32> {
[INFO] [stdout]   |                                                                                        ++++++++++++++++++
[INFO] [stdout] 
[INFO] [stdout] error: aborting due to previous error
[INFO] [stdout] 
[INFO] [stdout] For more information about this error, try `rustc --explain E0308`.
[INFO] [stdout] Couldn't compile the test.
[INFO] [stdout] ---- src/decompose.rs - decompose::LUDecompose::lu_decompose (line 29) stdout ----
[INFO] [stdout] Test executable failed (exit status: 101).
[INFO] [stdout] 
[INFO] [stdout] stderr:
[INFO] [stdout] thread 'main' panicked at 'assertion failed: `(left == right)`
[INFO] [stdout]   left: `Matrix([[2, -2], [-12, 16]])`,
[INFO] [stdout]  right: `Matrix([[4, -2], [-12, 16]])`', src/decompose.rs:11:1
[INFO] [stdout] stack backtrace:
[INFO] [stdout]    0:     0x5612a45558ba - std::backtrace_rs::backtrace::libunwind::trace::ha9053a9a07ca49cb
[INFO] [stdout]                                at /rustc/84c898d65adf2f39a5a98507f1fe0ce10a2b8dbc/library/std/src/../../backtrace/src/backtrace/libunwind.rs:93:5
[INFO] [stdout]    1:     0x5612a45558ba - std::backtrace_rs::backtrace::trace_unsynchronized::h9c2852a457ad564e
[INFO] [stdout]                                at /rustc/84c898d65adf2f39a5a98507f1fe0ce10a2b8dbc/library/std/src/../../backtrace/src/backtrace/mod.rs:66:5
[INFO] [stdout]    2:     0x5612a45558ba - std::sys_common::backtrace::_print_fmt::h457936fbfaa0070f
[INFO] [stdout]                                at /rustc/84c898d65adf2f39a5a98507f1fe0ce10a2b8dbc/library/std/src/sys_common/backtrace.rs:65:5
[INFO] [stdout]    3:     0x5612a45558ba - <std::sys_common::backtrace::_print::DisplayBacktrace as core::fmt::Display>::fmt::h5779d7bf7f70cb0c
[INFO] [stdout]                                at /rustc/84c898d65adf2f39a5a98507f1fe0ce10a2b8dbc/library/std/src/sys_common/backtrace.rs:44:22
[INFO] [stdout]    4:     0x5612a456f51e - core::fmt::write::h5a4baaff1bcd3eb5
[INFO] [stdout]                                at /rustc/84c898d65adf2f39a5a98507f1fe0ce10a2b8dbc/library/core/src/fmt/mod.rs:1232:17
[INFO] [stdout]    5:     0x5612a4553a45 - std::io::Write::write_fmt::h4bc1f301cb9e9cce
[INFO] [stdout]                                at /rustc/84c898d65adf2f39a5a98507f1fe0ce10a2b8dbc/library/std/src/io/mod.rs:1684:15
[INFO] [stdout]    6:     0x5612a4555685 - std::sys_common::backtrace::_print::h5fcdc36060f177e8
[INFO] [stdout]                                at /rustc/84c898d65adf2f39a5a98507f1fe0ce10a2b8dbc/library/std/src/sys_common/backtrace.rs:47:5
[INFO] [stdout]    7:     0x5612a4555685 - std::sys_common::backtrace::print::h54ca9458b876c8bf
[INFO] [stdout]                                at /rustc/84c898d65adf2f39a5a98507f1fe0ce10a2b8dbc/library/std/src/sys_common/backtrace.rs:34:9
[INFO] [stdout]    8:     0x5612a4556cdf - std::panicking::default_hook::{{closure}}::hbe471161c7664ed6
[INFO] [stdout]                                at /rustc/84c898d65adf2f39a5a98507f1fe0ce10a2b8dbc/library/std/src/panicking.rs:271:22
[INFO] [stdout]    9:     0x5612a4556a1b - std::panicking::default_hook::ha3500da57aa4ac4f
[INFO] [stdout]                                at /rustc/84c898d65adf2f39a5a98507f1fe0ce10a2b8dbc/library/std/src/panicking.rs:290:9
[INFO] [stdout]   10:     0x5612a4557288 - std::panicking::rust_panic_with_hook::h50c09d000dc561d2
[INFO] [stdout]                                at /rustc/84c898d65adf2f39a5a98507f1fe0ce10a2b8dbc/library/std/src/panicking.rs:692:13
[INFO] [stdout]   11:     0x5612a4557189 - std::panicking::begin_panic_handler::{{closure}}::h9e2b2176e00e0d9c
[INFO] [stdout]                                at /rustc/84c898d65adf2f39a5a98507f1fe0ce10a2b8dbc/library/std/src/panicking.rs:583:13
[INFO] [stdout]   12:     0x5612a4555d26 - std::sys_common::backtrace::__rust_end_short_backtrace::h5739b8e512c09d02
[INFO] [stdout]                                at /rustc/84c898d65adf2f39a5a98507f1fe0ce10a2b8dbc/library/std/src/sys_common/backtrace.rs:150:18
[INFO] [stdout]   13:     0x5612a4556e92 - rust_begin_unwind
[INFO] [stdout]                                at /rustc/84c898d65adf2f39a5a98507f1fe0ce10a2b8dbc/library/std/src/panicking.rs:579:5
[INFO] [stdout]   14:     0x5612a453cee3 - core::panicking::panic_fmt::hf33a1475b4dc5c3e
[INFO] [stdout]                                at /rustc/84c898d65adf2f39a5a98507f1fe0ce10a2b8dbc/library/core/src/panicking.rs:64:14
[INFO] [stdout]   15:     0x5612a453d15f - core::panicking::assert_failed_inner::haf9816227b20b6f2
[INFO] [stdout]   16:     0x5612a453de76 - core::panicking::assert_failed::he36048ae3914bd50
[INFO] [stdout]   17:     0x5612a453e815 - rust_out::main::_doctest_main_src_decompose_rs_29_0::hf1f56f0a98ba94e9
[INFO] [stdout]   18:     0x5612a453e656 - rust_out::main::h045d0fd74ed7290e
[INFO] [stdout]   19:     0x5612a453db13 - core::ops::function::FnOnce::call_once::h5b89dea722ea21ad
[INFO] [stdout]   20:     0x5612a453d4e9 - std::sys_common::backtrace::__rust_begin_short_backtrace::hc178e4cfacf1803d
[INFO] [stdout]   21:     0x5612a453d539 - std::rt::lang_start::{{closure}}::he8c5d60628d06093
[INFO] [stdout]   22:     0x5612a4551d7c - core::ops::function::impls::<impl core::ops::function::FnOnce<A> for &F>::call_once::hd6efcd3bec896f2c
[INFO] [stdout]                                at /rustc/84c898d65adf2f39a5a98507f1fe0ce10a2b8dbc/library/core/src/ops/function.rs:287:13
[INFO] [stdout]   23:     0x5612a4551d7c - std::panicking::try::do_call::hce04e543bb1f4cbb
[INFO] [stdout]                                at /rustc/84c898d65adf2f39a5a98507f1fe0ce10a2b8dbc/library/std/src/panicking.rs:487:40
[INFO] [stdout]   24:     0x5612a4551d7c - std::panicking::try::h3342dd4e1f680968
[INFO] [stdout]                                at /rustc/84c898d65adf2f39a5a98507f1fe0ce10a2b8dbc/library/std/src/panicking.rs:451:19
[INFO] [stdout]   25:     0x5612a4551d7c - std::panic::catch_unwind::h148ce1e59ac0cee7
[INFO] [stdout]                                at /rustc/84c898d65adf2f39a5a98507f1fe0ce10a2b8dbc/library/std/src/panic.rs:140:14
[INFO] [stdout]   26:     0x5612a4551d7c - std::rt::lang_start_internal::{{closure}}::h25f9dda2057a67fe
[INFO] [stdout]                                at /rustc/84c898d65adf2f39a5a98507f1fe0ce10a2b8dbc/library/std/src/rt.rs:148:48
[INFO] [stdout]   27:     0x5612a4551d7c - std::panicking::try::do_call::h7caaaeaf9401650b
[INFO] [stdout]                                at /rustc/84c898d65adf2f39a5a98507f1fe0ce10a2b8dbc/library/std/src/panicking.rs:487:40
[INFO] [stdout]   28:     0x5612a4551d7c - std::panicking::try::he7d15285746cbbc2
[INFO] [stdout]                                at /rustc/84c898d65adf2f39a5a98507f1fe0ce10a2b8dbc/library/std/src/panicking.rs:451:19
[INFO] [stdout]   29:     0x5612a4551d7c - std::panic::catch_unwind::h89fb4f50c0301fe0
[INFO] [stdout]                                at /rustc/84c898d65adf2f39a5a98507f1fe0ce10a2b8dbc/library/std/src/panic.rs:140:14
[INFO] [stdout]   30:     0x5612a4551d7c - std::rt::lang_start_internal::h078acd489417d3c1
[INFO] [stdout]                                at /rustc/84c898d65adf2f39a5a98507f1fe0ce10a2b8dbc/library/std/src/rt.rs:148:20
[INFO] [stdout]   31:     0x5612a453d517 - std::rt::lang_start::h335d6166ecad8ac7
[INFO] [stdout]   32:     0x5612a453e835 - main
[INFO] [stdout]   33:     0x7f4a5d9c2d90 - <unknown>
[INFO] [stdout]   34:     0x7f4a5d9c2e40 - __libc_start_main
[INFO] [stdout]   35:     0x5612a453d415 - _start
[INFO] [stdout]   36:                0x0 - <unknown>
[INFO] [stdout] 
[INFO] [stdout] 
[INFO] [stdout] ---- src/polynomials/ops.rs - polynomials::ops::Polynomial<L>::real_roots (line 64) stdout ----
[INFO] [stdout] Test executable failed (exit status: 101).
[INFO] [stdout] 
[INFO] [stdout] stderr:
[INFO] [stdout] thread 'main' panicked at 'no', /opt/rustwide/workdir/src/polynomials/ops.rs:88:18
[INFO] [stdout] stack backtrace:
[INFO] [stdout]    0:     0x559f7736817a - std::backtrace_rs::backtrace::libunwind::trace::ha9053a9a07ca49cb
[INFO] [stdout]                                at /rustc/84c898d65adf2f39a5a98507f1fe0ce10a2b8dbc/library/std/src/../../backtrace/src/backtrace/libunwind.rs:93:5
[INFO] [stdout]    1:     0x559f7736817a - std::backtrace_rs::backtrace::trace_unsynchronized::h9c2852a457ad564e
[INFO] [stdout]                                at /rustc/84c898d65adf2f39a5a98507f1fe0ce10a2b8dbc/library/std/src/../../backtrace/src/backtrace/mod.rs:66:5
[INFO] [stdout]    2:     0x559f7736817a - std::sys_common::backtrace::_print_fmt::h457936fbfaa0070f
[INFO] [stdout]                                at /rustc/84c898d65adf2f39a5a98507f1fe0ce10a2b8dbc/library/std/src/sys_common/backtrace.rs:65:5
[INFO] [stdout]    3:     0x559f7736817a - <std::sys_common::backtrace::_print::DisplayBacktrace as core::fmt::Display>::fmt::h5779d7bf7f70cb0c
[INFO] [stdout]                                at /rustc/84c898d65adf2f39a5a98507f1fe0ce10a2b8dbc/library/std/src/sys_common/backtrace.rs:44:22
[INFO] [stdout]    4:     0x559f77385c2e - core::fmt::write::h5a4baaff1bcd3eb5
[INFO] [stdout]                                at /rustc/84c898d65adf2f39a5a98507f1fe0ce10a2b8dbc/library/core/src/fmt/mod.rs:1232:17
[INFO] [stdout]    5:     0x559f77366305 - std::io::Write::write_fmt::h4bc1f301cb9e9cce
[INFO] [stdout]                                at /rustc/84c898d65adf2f39a5a98507f1fe0ce10a2b8dbc/library/std/src/io/mod.rs:1684:15
[INFO] [stdout]    6:     0x559f77367f45 - std::sys_common::backtrace::_print::h5fcdc36060f177e8
[INFO] [stdout]                                at /rustc/84c898d65adf2f39a5a98507f1fe0ce10a2b8dbc/library/std/src/sys_common/backtrace.rs:47:5
[INFO] [stdout]    7:     0x559f77367f45 - std::sys_common::backtrace::print::h54ca9458b876c8bf
[INFO] [stdout]                                at /rustc/84c898d65adf2f39a5a98507f1fe0ce10a2b8dbc/library/std/src/sys_common/backtrace.rs:34:9
[INFO] [stdout]    8:     0x559f7736959f - std::panicking::default_hook::{{closure}}::hbe471161c7664ed6
[INFO] [stdout]                                at /rustc/84c898d65adf2f39a5a98507f1fe0ce10a2b8dbc/library/std/src/panicking.rs:271:22
[INFO] [stdout]    9:     0x559f773692db - std::panicking::default_hook::ha3500da57aa4ac4f
[INFO] [stdout]                                at /rustc/84c898d65adf2f39a5a98507f1fe0ce10a2b8dbc/library/std/src/panicking.rs:290:9
[INFO] [stdout]   10:     0x559f77369b48 - std::panicking::rust_panic_with_hook::h50c09d000dc561d2
[INFO] [stdout]                                at /rustc/84c898d65adf2f39a5a98507f1fe0ce10a2b8dbc/library/std/src/panicking.rs:692:13
[INFO] [stdout]   11:     0x559f77369a02 - std::panicking::begin_panic_handler::{{closure}}::h9e2b2176e00e0d9c
[INFO] [stdout]                                at /rustc/84c898d65adf2f39a5a98507f1fe0ce10a2b8dbc/library/std/src/panicking.rs:581:13
[INFO] [stdout]   12:     0x559f773685e6 - std::sys_common::backtrace::__rust_end_short_backtrace::h5739b8e512c09d02
[INFO] [stdout]                                at /rustc/84c898d65adf2f39a5a98507f1fe0ce10a2b8dbc/library/std/src/sys_common/backtrace.rs:150:18
[INFO] [stdout]   13:     0x559f77369752 - rust_begin_unwind
[INFO] [stdout]                                at /rustc/84c898d65adf2f39a5a98507f1fe0ce10a2b8dbc/library/std/src/panicking.rs:579:5
[INFO] [stdout]   14:     0x559f7734bef3 - core::panicking::panic_fmt::hf33a1475b4dc5c3e
[INFO] [stdout]                                at /rustc/84c898d65adf2f39a5a98507f1fe0ce10a2b8dbc/library/core/src/panicking.rs:64:14
[INFO] [stdout]   15:     0x559f7734e9cb - lineas::polynomials::ops::<impl lineas::polynomials::prelude::Polynomial<L>>::real_roots::hd3d2765e2d28502e
[INFO] [stdout]   16:     0x559f7734feb4 - rust_out::main::_doctest_main_src_polynomials_ops_rs_64_0::h15a2ab738fc5606a
[INFO] [stdout]   17:     0x559f7734fe46 - rust_out::main::h045d0fd74ed7290e
[INFO] [stdout]   18:     0x559f7734cd63 - core::ops::function::FnOnce::call_once::h5b89dea722ea21ad
[INFO] [stdout]   19:     0x559f7734c759 - std::sys_common::backtrace::__rust_begin_short_backtrace::hc178e4cfacf1803d
[INFO] [stdout]   20:     0x559f7734c7a9 - std::rt::lang_start::{{closure}}::he8c5d60628d06093
[INFO] [stdout]   21:     0x559f7736463c - core::ops::function::impls::<impl core::ops::function::FnOnce<A> for &F>::call_once::hd6efcd3bec896f2c
[INFO] [stdout]                                at /rustc/84c898d65adf2f39a5a98507f1fe0ce10a2b8dbc/library/core/src/ops/function.rs:287:13
[INFO] [stdout]   22:     0x559f7736463c - std::panicking::try::do_call::hce04e543bb1f4cbb
[INFO] [stdout]                                at /rustc/84c898d65adf2f39a5a98507f1fe0ce10a2b8dbc/library/std/src/panicking.rs:487:40
[INFO] [stdout]   23:     0x559f7736463c - std::panicking::try::h3342dd4e1f680968
[INFO] [stdout]                                at /rustc/84c898d65adf2f39a5a98507f1fe0ce10a2b8dbc/library/std/src/panicking.rs:451:19
[INFO] [stdout]   24:     0x559f7736463c - std::panic::catch_unwind::h148ce1e59ac0cee7
[INFO] [stdout]                                at /rustc/84c898d65adf2f39a5a98507f1fe0ce10a2b8dbc/library/std/src/panic.rs:140:14
[INFO] [stdout]   25:     0x559f7736463c - std::rt::lang_start_internal::{{closure}}::h25f9dda2057a67fe
[INFO] [stdout]                                at /rustc/84c898d65adf2f39a5a98507f1fe0ce10a2b8dbc/library/std/src/rt.rs:148:48
[INFO] [stdout]   26:     0x559f7736463c - std::panicking::try::do_call::h7caaaeaf9401650b
[INFO] [stdout]                                at /rustc/84c898d65adf2f39a5a98507f1fe0ce10a2b8dbc/library/std/src/panicking.rs:487:40
[INFO] [stdout]   27:     0x559f7736463c - std::panicking::try::he7d15285746cbbc2
[INFO] [stdout]                                at /rustc/84c898d65adf2f39a5a98507f1fe0ce10a2b8dbc/library/std/src/panicking.rs:451:19
[INFO] [stdout]   28:     0x559f7736463c - std::panic::catch_unwind::h89fb4f50c0301fe0
[INFO] [stdout]                                at /rustc/84c898d65adf2f39a5a98507f1fe0ce10a2b8dbc/library/std/src/panic.rs:140:14
[INFO] [stdout]   29:     0x559f7736463c - std::rt::lang_start_internal::h078acd489417d3c1
[INFO] [stdout]                                at /rustc/84c898d65adf2f39a5a98507f1fe0ce10a2b8dbc/library/std/src/rt.rs:148:20
[INFO] [stdout]   30:     0x559f7734c787 - std::rt::lang_start::h335d6166ecad8ac7
[INFO] [stdout]   31:     0x559f77350075 - main
[INFO] [stdout]   32:     0x7fef02f3fd90 - <unknown>
[INFO] [stdout]   33:     0x7fef02f3fe40 - __libc_start_main
[INFO] [stdout]   34:     0x559f7734c485 - _start
[INFO] [stdout]   35:                0x0 - <unknown>
[INFO] [stdout] 
[INFO] [stdout] 
[INFO] [stdout] 
[INFO] [stdout] failures:
[INFO] [stdout]     src/decompose.rs - decompose (line 7)
[INFO] [stdout]     src/decompose.rs - decompose::LUDecompose::lu_decompose (line 29)
[INFO] [stdout]     src/generics.rs - generics::Matrix<T,N,L>::empty (line 30)
[INFO] [stdout]     src/polynomials/ops.rs - polynomials::ops::Polynomial<L>::real_roots (line 64)
[INFO] [stdout]     src/polynomials/prelude.rs - polynomials::prelude::Polynomial (line 9)
[INFO] [stdout] 
[INFO] [stdout] test result: FAILED. 10 passed; 5 failed; 0 ignored; 0 measured; 0 filtered out; finished in 0.27s
[INFO] [stdout] 
[INFO] [stderr] error: doctest failed, to rerun pass `--doc`
[INFO] running `Command { std: "docker" "inspect" "cb7647066eca059224cca52ce33a67f4b5d74de0c6bc81d110dd5d3989a74591", kill_on_drop: false }`
[INFO] running `Command { std: "docker" "rm" "-f" "cb7647066eca059224cca52ce33a67f4b5d74de0c6bc81d110dd5d3989a74591", kill_on_drop: false }`
[INFO] [stdout] cb7647066eca059224cca52ce33a67f4b5d74de0c6bc81d110dd5d3989a74591
