[INFO] fetching crate linbra 0.0.3...
[INFO] testing linbra-0.0.3 against beta-2023-04-20 for beta-1.70-1
[INFO] extracting crate linbra 0.0.3 into /workspace/builds/worker-5-tc2/source
[INFO] validating manifest of crates.io crate linbra 0.0.3 on toolchain beta-2023-04-20
[INFO] running `Command { std: CARGO_HOME="/workspace/cargo-home" RUSTUP_HOME="/workspace/rustup-home" "/workspace/cargo-home/bin/cargo" "+beta-2023-04-20" "metadata" "--manifest-path" "Cargo.toml" "--no-deps", kill_on_drop: false }`
[INFO] removed /workspace/builds/worker-5-tc2/source/.cargo/config.toml
[INFO] started tweaking crates.io crate linbra 0.0.3
[INFO] finished tweaking crates.io crate linbra 0.0.3
[INFO] tweaked toml for crates.io crate linbra 0.0.3 written to /workspace/builds/worker-5-tc2/source/Cargo.toml
[INFO] running `Command { std: CARGO_HOME="/workspace/cargo-home" RUSTUP_HOME="/workspace/rustup-home" __CARGO_TEST_CHANNEL_OVERRIDE_DO_NOT_USE_THIS="nightly" "/workspace/cargo-home/bin/cargo" "+beta-2023-04-20" "generate-lockfile" "--manifest-path" "Cargo.toml" "-Zno-index-update", kill_on_drop: false }`
[INFO] running `Command { std: CARGO_HOME="/workspace/cargo-home" RUSTUP_HOME="/workspace/rustup-home" "/workspace/cargo-home/bin/cargo" "+beta-2023-04-20" "fetch" "--manifest-path" "Cargo.toml", kill_on_drop: false }`
[INFO] running `Command { std: "docker" "create" "-v" "/var/lib/crater-agent-workspace/builds/worker-5-tc2/target:/opt/rustwide/target:rw,Z" "-v" "/var/lib/crater-agent-workspace/builds/worker-5-tc2/source:/opt/rustwide/workdir:ro,Z" "-v" "/var/lib/crater-agent-workspace/cargo-home:/opt/rustwide/cargo-home:ro,Z" "-v" "/var/lib/crater-agent-workspace/rustup-home:/opt/rustwide/rustup-home:ro,Z" "-e" "SOURCE_DIR=/opt/rustwide/workdir" "-e" "CARGO_TARGET_DIR=/opt/rustwide/target" "-e" "CARGO_HOME=/opt/rustwide/cargo-home" "-e" "RUSTUP_HOME=/opt/rustwide/rustup-home" "-w" "/opt/rustwide/workdir" "-m" "1610612736" "--user" "0:0" "--network" "none" "ghcr.io/rust-lang/crates-build-env/linux@sha256:5ff2268d62e97bff2cde7d5815dd6ed5b47097566f13b8d0ca110b04b60e07ed" "/opt/rustwide/cargo-home/bin/cargo" "+beta-2023-04-20" "metadata" "--no-deps" "--format-version=1", kill_on_drop: false }`
[INFO] [stdout] 0f8ec136eb66ecafe8af867e176827ef8edd0f4b18679e8e7873d9331d654486
[INFO] running `Command { std: "docker" "start" "-a" "0f8ec136eb66ecafe8af867e176827ef8edd0f4b18679e8e7873d9331d654486", kill_on_drop: false }`
[INFO] running `Command { std: "docker" "inspect" "0f8ec136eb66ecafe8af867e176827ef8edd0f4b18679e8e7873d9331d654486", kill_on_drop: false }`
[INFO] running `Command { std: "docker" "rm" "-f" "0f8ec136eb66ecafe8af867e176827ef8edd0f4b18679e8e7873d9331d654486", kill_on_drop: false }`
[INFO] [stdout] 0f8ec136eb66ecafe8af867e176827ef8edd0f4b18679e8e7873d9331d654486
[INFO] running `Command { std: "docker" "create" "-v" "/var/lib/crater-agent-workspace/builds/worker-5-tc2/target:/opt/rustwide/target:rw,Z" "-v" "/var/lib/crater-agent-workspace/builds/worker-5-tc2/source:/opt/rustwide/workdir:ro,Z" "-v" "/var/lib/crater-agent-workspace/cargo-home:/opt/rustwide/cargo-home:ro,Z" "-v" "/var/lib/crater-agent-workspace/rustup-home:/opt/rustwide/rustup-home:ro,Z" "-e" "SOURCE_DIR=/opt/rustwide/workdir" "-e" "CARGO_TARGET_DIR=/opt/rustwide/target" "-e" "CARGO_INCREMENTAL=0" "-e" "RUST_BACKTRACE=full" "-e" "RUSTFLAGS=--cap-lints=warn" "-e" "RUSTDOCFLAGS=--cap-lints=warn" "-e" "CARGO_HOME=/opt/rustwide/cargo-home" "-e" "RUSTUP_HOME=/opt/rustwide/rustup-home" "-w" "/opt/rustwide/workdir" "-m" "1610612736" "--user" "0:0" "--network" "none" "ghcr.io/rust-lang/crates-build-env/linux@sha256:5ff2268d62e97bff2cde7d5815dd6ed5b47097566f13b8d0ca110b04b60e07ed" "/opt/rustwide/cargo-home/bin/cargo" "+beta-2023-04-20" "build" "--frozen" "--message-format=json", kill_on_drop: false }`
[INFO] [stdout] 7b005651ff24bf8199e9daccf342b7b33cc3740890f66b6ff654d99d3e44d625
[INFO] running `Command { std: "docker" "start" "-a" "7b005651ff24bf8199e9daccf342b7b33cc3740890f66b6ff654d99d3e44d625", kill_on_drop: false }`
[INFO] [stderr]    Compiling linbra v0.0.3 (/opt/rustwide/workdir)
[INFO] [stderr]     Finished dev [unoptimized + debuginfo] target(s) in 0.16s
[INFO] running `Command { std: "docker" "inspect" "7b005651ff24bf8199e9daccf342b7b33cc3740890f66b6ff654d99d3e44d625", kill_on_drop: false }`
[INFO] running `Command { std: "docker" "rm" "-f" "7b005651ff24bf8199e9daccf342b7b33cc3740890f66b6ff654d99d3e44d625", kill_on_drop: false }`
[INFO] [stdout] 7b005651ff24bf8199e9daccf342b7b33cc3740890f66b6ff654d99d3e44d625
[INFO] running `Command { std: "docker" "create" "-v" "/var/lib/crater-agent-workspace/builds/worker-5-tc2/target:/opt/rustwide/target:rw,Z" "-v" "/var/lib/crater-agent-workspace/builds/worker-5-tc2/source:/opt/rustwide/workdir:ro,Z" "-v" "/var/lib/crater-agent-workspace/cargo-home:/opt/rustwide/cargo-home:ro,Z" "-v" "/var/lib/crater-agent-workspace/rustup-home:/opt/rustwide/rustup-home:ro,Z" "-e" "SOURCE_DIR=/opt/rustwide/workdir" "-e" "CARGO_TARGET_DIR=/opt/rustwide/target" "-e" "CARGO_INCREMENTAL=0" "-e" "RUST_BACKTRACE=full" "-e" "RUSTFLAGS=--cap-lints=warn" "-e" "RUSTDOCFLAGS=--cap-lints=warn" "-e" "CARGO_HOME=/opt/rustwide/cargo-home" "-e" "RUSTUP_HOME=/opt/rustwide/rustup-home" "-w" "/opt/rustwide/workdir" "-m" "1610612736" "--user" "0:0" "--network" "none" "ghcr.io/rust-lang/crates-build-env/linux@sha256:5ff2268d62e97bff2cde7d5815dd6ed5b47097566f13b8d0ca110b04b60e07ed" "/opt/rustwide/cargo-home/bin/cargo" "+beta-2023-04-20" "test" "--frozen" "--no-run" "--message-format=json", kill_on_drop: false }`
[INFO] [stdout] fa4eed719284829c707af3fccb6bedd0b1bf125f91c0017af16f0baea700b989
[INFO] running `Command { std: "docker" "start" "-a" "fa4eed719284829c707af3fccb6bedd0b1bf125f91c0017af16f0baea700b989", kill_on_drop: false }`
[INFO] [stderr]    Compiling linbra v0.0.3 (/opt/rustwide/workdir)
[INFO] [stderr]     Finished test [unoptimized + debuginfo] target(s) in 0.73s
[INFO] running `Command { std: "docker" "inspect" "fa4eed719284829c707af3fccb6bedd0b1bf125f91c0017af16f0baea700b989", kill_on_drop: false }`
[INFO] running `Command { std: "docker" "rm" "-f" "fa4eed719284829c707af3fccb6bedd0b1bf125f91c0017af16f0baea700b989", kill_on_drop: false }`
[INFO] [stdout] fa4eed719284829c707af3fccb6bedd0b1bf125f91c0017af16f0baea700b989
[INFO] running `Command { std: "docker" "create" "-v" "/var/lib/crater-agent-workspace/builds/worker-5-tc2/target:/opt/rustwide/target:rw,Z" "-v" "/var/lib/crater-agent-workspace/builds/worker-5-tc2/source:/opt/rustwide/workdir:ro,Z" "-v" "/var/lib/crater-agent-workspace/cargo-home:/opt/rustwide/cargo-home:ro,Z" "-v" "/var/lib/crater-agent-workspace/rustup-home:/opt/rustwide/rustup-home:ro,Z" "-e" "SOURCE_DIR=/opt/rustwide/workdir" "-e" "CARGO_TARGET_DIR=/opt/rustwide/target" "-e" "CARGO_INCREMENTAL=0" "-e" "RUST_BACKTRACE=full" "-e" "RUSTFLAGS=--cap-lints=warn" "-e" "RUSTDOCFLAGS=--cap-lints=warn" "-e" "CARGO_HOME=/opt/rustwide/cargo-home" "-e" "RUSTUP_HOME=/opt/rustwide/rustup-home" "-w" "/opt/rustwide/workdir" "-m" "1610612736" "--user" "0:0" "--network" "none" "ghcr.io/rust-lang/crates-build-env/linux@sha256:5ff2268d62e97bff2cde7d5815dd6ed5b47097566f13b8d0ca110b04b60e07ed" "/opt/rustwide/cargo-home/bin/cargo" "+beta-2023-04-20" "test" "--frozen", kill_on_drop: false }`
[INFO] [stdout] bb8b6c1b13a008d69439245e2580d79aeff743a1434322ee98e422471fb0585b
[INFO] running `Command { std: "docker" "start" "-a" "bb8b6c1b13a008d69439245e2580d79aeff743a1434322ee98e422471fb0585b", kill_on_drop: false }`
[INFO] [stderr]     Finished test [unoptimized + debuginfo] target(s) in 0.01s
[INFO] [stderr]      Running unittests src/lib.rs (/opt/rustwide/target/debug/deps/linbra-beaf368071607c6b)
[INFO] [stdout] 
[INFO] [stderr]      Running tests/colours.rs (/opt/rustwide/target/debug/deps/colours-5d7bca5218ade80a)
[INFO] [stdout] running 0 tests
[INFO] [stdout] 
[INFO] [stdout] test result: ok. 0 passed; 0 failed; 0 ignored; 0 measured; 0 filtered out; finished in 0.00s
[INFO] [stdout] 
[INFO] [stdout] 
[INFO] [stdout] running 2 tests
[INFO] [stdout] test no_implementation ... ok
[INFO] [stdout] test implementation ... ok
[INFO] [stdout] 
[INFO] [stdout] test result: ok. 2 passed; 0 failed; 0 ignored; 0 measured; 0 filtered out; finished in 0.01s
[INFO] [stdout] 
[INFO] [stderr]      Running tests/conflicts.rs (/opt/rustwide/target/debug/deps/conflicts-a4100fbfd5d89aaa)
[INFO] [stdout] 
[INFO] [stdout] running 2 tests
[INFO] [stdout] test same_getters ... ok
[INFO] [stdout] test same_into ... ok
[INFO] [stdout] 
[INFO] [stdout] test result: ok. 2 passed; 0 failed; 0 ignored; 0 measured; 0 filtered out; finished in 0.00s
[INFO] [stdout] 
[INFO] [stderr]    Doc-tests linbra
[INFO] [stdout] 
[INFO] [stdout] running 24 tests
[INFO] [stdout] test src/sizes.rs - sizes::Vector3<T> (line 63) ... FAILED
[INFO] [stdout] test src/colours.rs - colours::Vector3<u8> (line 75) ... ok
[INFO] [stdout] test src/vector/mod.rs - vector::Vector2<T> (line 24) ... ok
[INFO] [stdout] test src/vector/mod.rs - vector::Vector4<T> (line 54) ... ok
[INFO] [stdout] test src/matrix/matrix.rs - matrix::matrix::Matrix<T,C,R>::new (line 79) ... ok
[INFO] [stdout] test src/matrix/matrix.rs - matrix::matrix::Matrix<T,C,R> (line 97) ... ok
[INFO] [stdout] test src/sizes.rs - sizes::Vector2<T> (line 34) ... ok
[INFO] [stdout] test src/points.rs - points::Vector3<T> (line 67) ... ok
[INFO] [stdout] test src/colours.rs - colours::Vector3<u8> (line 48) ... ok
[INFO] [stdout] test src/vector/mod.rs - vector::Vector3<T> (line 39) ... ok
[INFO] [stdout] test src/matrix/matrix.rs - matrix::matrix::Matrix<T,C,R> (line 121) ... ok
[INFO] [stdout] test src/operations.rs - operations::Vector<T,N> (line 74) ... ok
[INFO] [stdout] test src/colours.rs - colours::Vector4<u8> (line 146) ... ok
[INFO] [stdout] test src/matrix/matrix.rs - matrix::matrix::Matrix<T,C,R>::natural (line 44) ... ok
[INFO] [stdout] test src/vector/operations.rs - vector::operations::Vector<T,N> (line 191) ... ok
[INFO] [stdout] test src/colours.rs - colours::Vector4<u8> (line 116) ... ok
[INFO] [stdout] test src/points.rs - points::Vector2<T> (line 35) ... ok
[INFO] [stdout] test src/vector/vector.rs - vector::vector::Vector<T,N>::new (line 38) ... ok
[INFO] [stdout] test src/vector/operations.rs - vector::operations::Vector<T,N> (line 265) ... ok
[INFO] [stdout] test src/vector/operations.rs - vector::operations::Vector<T,N> (line 120) ... ok
[INFO] [stdout] test src/vector/vector.rs - vector::vector::Vector<T,N> (line 51) ... ok
[INFO] [stdout] test src/vector/vector.rs - vector::vector::Vector<T,N> (line 68) ... ok
[INFO] [stdout] test src/vector/operations.rs - vector::operations::Vector<T,N> (line 53) ... ok
[INFO] [stdout] test src/vector/vector.rs - vector::vector::Vector<T,N> (line 87) ... ok
[INFO] [stdout] 
[INFO] [stdout] failures:
[INFO] [stdout] 
[INFO] [stdout] ---- src/sizes.rs - sizes::Vector3<T> (line 63) stdout ----
[INFO] [stdout] error[E0433]: failed to resolve: use of undeclared type `Vector3`
[INFO] [stdout]  --> src/sizes.rs:69:12
[INFO] [stdout]   |
[INFO] [stdout] 9 | let size = Vector3::size(10, 5, 2);
[INFO] [stdout]   |            ^^^^^^^ use of undeclared type `Vector3`
[INFO] [stdout]   |
[INFO] [stdout] help: a type alias with a similar name exists
[INFO] [stdout]   |
[INFO] [stdout] 9 | let size = Vector2::size(10, 5, 2);
[INFO] [stdout]   |            ~~~~~~~
[INFO] [stdout] help: consider importing this type alias
[INFO] [stdout]   |
[INFO] [stdout] 2 + use linbra::vector::Vector3;
[INFO] [stdout]   |
[INFO] [stdout] 
[INFO] [stdout] error: aborting due to previous error
[INFO] [stdout] 
[INFO] [stdout] For more information about this error, try `rustc --explain E0433`.
[INFO] [stdout] Couldn't compile the test.
[INFO] [stdout] 
[INFO] [stdout] failures:
[INFO] [stdout]     src/sizes.rs - sizes::Vector3<T> (line 63)
[INFO] [stdout] 
[INFO] [stdout] test result: FAILED. 23 passed; 1 failed; 0 ignored; 0 measured; 0 filtered out; finished in 1.39s
[INFO] [stdout] 
[INFO] [stderr] error: doctest failed, to rerun pass `--doc`
[INFO] running `Command { std: "docker" "inspect" "bb8b6c1b13a008d69439245e2580d79aeff743a1434322ee98e422471fb0585b", kill_on_drop: false }`
[INFO] running `Command { std: "docker" "rm" "-f" "bb8b6c1b13a008d69439245e2580d79aeff743a1434322ee98e422471fb0585b", kill_on_drop: false }`
[INFO] [stdout] bb8b6c1b13a008d69439245e2580d79aeff743a1434322ee98e422471fb0585b
