[INFO] fetching crate libparted 0.1.5...
[INFO] testing libparted-0.1.5 against beta-2023-04-20 for beta-1.70-1
[INFO] extracting crate libparted 0.1.5 into /workspace/builds/worker-5-tc2/source
[INFO] validating manifest of crates.io crate libparted 0.1.5 on toolchain beta-2023-04-20
[INFO] running `Command { std: CARGO_HOME="/workspace/cargo-home" RUSTUP_HOME="/workspace/rustup-home" "/workspace/cargo-home/bin/cargo" "+beta-2023-04-20" "metadata" "--manifest-path" "Cargo.toml" "--no-deps", kill_on_drop: false }`
[INFO] removed /workspace/builds/worker-5-tc2/source/rust-toolchain
[INFO] started tweaking crates.io crate libparted 0.1.5
[INFO] finished tweaking crates.io crate libparted 0.1.5
[INFO] tweaked toml for crates.io crate libparted 0.1.5 written to /workspace/builds/worker-5-tc2/source/Cargo.toml
[INFO] crate crates.io crate libparted 0.1.5 already has a lockfile, it will not be regenerated
[INFO] running `Command { std: CARGO_HOME="/workspace/cargo-home" RUSTUP_HOME="/workspace/rustup-home" "/workspace/cargo-home/bin/cargo" "+beta-2023-04-20" "fetch" "--manifest-path" "Cargo.toml", kill_on_drop: false }`
[INFO] [stderr]     Updating crates.io index
[INFO] [stderr]  Downloading crates ...
[INFO] [stderr]   Downloaded libloading v0.7.1
[INFO] [stderr]   Downloaded clang-sys v1.3.0
[INFO] [stderr]   Downloaded libparted-sys v0.3.1
[INFO] [stderr]   Downloaded bindgen v0.58.1
[INFO] running `Command { std: "docker" "create" "-v" "/var/lib/crater-agent-workspace/builds/worker-5-tc2/target:/opt/rustwide/target:rw,Z" "-v" "/var/lib/crater-agent-workspace/builds/worker-5-tc2/source:/opt/rustwide/workdir:ro,Z" "-v" "/var/lib/crater-agent-workspace/cargo-home:/opt/rustwide/cargo-home:ro,Z" "-v" "/var/lib/crater-agent-workspace/rustup-home:/opt/rustwide/rustup-home:ro,Z" "-e" "SOURCE_DIR=/opt/rustwide/workdir" "-e" "CARGO_TARGET_DIR=/opt/rustwide/target" "-e" "CARGO_HOME=/opt/rustwide/cargo-home" "-e" "RUSTUP_HOME=/opt/rustwide/rustup-home" "-w" "/opt/rustwide/workdir" "-m" "1610612736" "--user" "0:0" "--network" "none" "ghcr.io/rust-lang/crates-build-env/linux@sha256:5ff2268d62e97bff2cde7d5815dd6ed5b47097566f13b8d0ca110b04b60e07ed" "/opt/rustwide/cargo-home/bin/cargo" "+beta-2023-04-20" "metadata" "--no-deps" "--format-version=1", kill_on_drop: false }`
[INFO] [stdout] 869f00328895f5bdb59af2743a579f6e7ceb969ee886ed9e4e7f7a66b492d83b
[INFO] running `Command { std: "docker" "start" "-a" "869f00328895f5bdb59af2743a579f6e7ceb969ee886ed9e4e7f7a66b492d83b", kill_on_drop: false }`
[INFO] running `Command { std: "docker" "inspect" "869f00328895f5bdb59af2743a579f6e7ceb969ee886ed9e4e7f7a66b492d83b", kill_on_drop: false }`
[INFO] running `Command { std: "docker" "rm" "-f" "869f00328895f5bdb59af2743a579f6e7ceb969ee886ed9e4e7f7a66b492d83b", kill_on_drop: false }`
[INFO] [stdout] 869f00328895f5bdb59af2743a579f6e7ceb969ee886ed9e4e7f7a66b492d83b
[INFO] running `Command { std: "docker" "create" "-v" "/var/lib/crater-agent-workspace/builds/worker-5-tc2/target:/opt/rustwide/target:rw,Z" "-v" "/var/lib/crater-agent-workspace/builds/worker-5-tc2/source:/opt/rustwide/workdir:ro,Z" "-v" "/var/lib/crater-agent-workspace/cargo-home:/opt/rustwide/cargo-home:ro,Z" "-v" "/var/lib/crater-agent-workspace/rustup-home:/opt/rustwide/rustup-home:ro,Z" "-e" "SOURCE_DIR=/opt/rustwide/workdir" "-e" "CARGO_TARGET_DIR=/opt/rustwide/target" "-e" "CARGO_INCREMENTAL=0" "-e" "RUST_BACKTRACE=full" "-e" "RUSTFLAGS=--cap-lints=warn" "-e" "RUSTDOCFLAGS=--cap-lints=warn" "-e" "CARGO_HOME=/opt/rustwide/cargo-home" "-e" "RUSTUP_HOME=/opt/rustwide/rustup-home" "-w" "/opt/rustwide/workdir" "-m" "1610612736" "--user" "0:0" "--network" "none" "ghcr.io/rust-lang/crates-build-env/linux@sha256:5ff2268d62e97bff2cde7d5815dd6ed5b47097566f13b8d0ca110b04b60e07ed" "/opt/rustwide/cargo-home/bin/cargo" "+beta-2023-04-20" "build" "--frozen" "--message-format=json", kill_on_drop: false }`
[INFO] [stdout] 1ced0e8096fdb61dd27c87cf1a3c5729bb9fc68176987c4c6605ae06d1e51e34
[INFO] running `Command { std: "docker" "start" "-a" "1ced0e8096fdb61dd27c87cf1a3c5729bb9fc68176987c4c6605ae06d1e51e34", kill_on_drop: false }`
[INFO] [stderr]    Compiling libc v0.2.107
[INFO] [stderr]    Compiling memchr v2.4.1
[INFO] [stderr]    Compiling glob v0.3.0
[INFO] [stderr]    Compiling cfg-if v1.0.0
[INFO] [stderr]    Compiling version_check v0.9.3
[INFO] [stderr]    Compiling log v0.4.14
[INFO] [stderr]    Compiling proc-macro2 v1.0.32
[INFO] [stderr]    Compiling unicode-width v0.1.9
[INFO] [stderr]    Compiling unicode-xid v0.2.2
[INFO] [stderr]    Compiling regex-syntax v0.6.25
[INFO] [stderr]    Compiling vec_map v0.8.2
[INFO] [stderr]    Compiling ansi_term v0.11.0
[INFO] [stderr]    Compiling bitflags v1.3.2
[INFO] [stderr]    Compiling strsim v0.8.0
[INFO] [stderr]    Compiling termcolor v1.1.2
[INFO] [stderr]    Compiling bindgen v0.58.1
[INFO] [stderr]    Compiling textwrap v0.11.0
[INFO] [stderr]    Compiling libloading v0.7.1
[INFO] [stderr]    Compiling humantime v2.1.0
[INFO] [stderr]    Compiling lazycell v1.3.0
[INFO] [stderr]    Compiling lazy_static v1.4.0
[INFO] [stderr]    Compiling shlex v1.1.0
[INFO] [stderr]    Compiling peeking_take_while v0.1.2
[INFO] [stderr]    Compiling rustc-hash v1.1.0
[INFO] [stderr]    Compiling nom v5.1.2
[INFO] [stderr]    Compiling clang-sys v1.3.0
[INFO] [stderr]    Compiling quote v1.0.10
[INFO] [stderr]    Compiling aho-corasick v0.7.18
[INFO] [stderr]    Compiling atty v0.2.14
[INFO] [stderr]    Compiling which v3.1.1
[INFO] [stderr]    Compiling clap v2.33.3
[INFO] [stderr]    Compiling regex v1.5.4
[INFO] [stderr]    Compiling cexpr v0.4.0
[INFO] [stderr]    Compiling env_logger v0.8.4
[INFO] [stderr]    Compiling libparted-sys v0.3.1
[INFO] [stderr]    Compiling libparted v0.1.5 (/opt/rustwide/workdir)
[INFO] [stderr]     Finished dev [unoptimized + debuginfo] target(s) in 8.35s
[INFO] [stderr] warning: the following packages contain code that will be rejected by a future version of Rust: nom v5.1.2
[INFO] [stderr] note: to see what the problems were, use the option `--future-incompat-report`, or run `cargo report future-incompatibilities --id 1`
[INFO] running `Command { std: "docker" "inspect" "1ced0e8096fdb61dd27c87cf1a3c5729bb9fc68176987c4c6605ae06d1e51e34", kill_on_drop: false }`
[INFO] running `Command { std: "docker" "rm" "-f" "1ced0e8096fdb61dd27c87cf1a3c5729bb9fc68176987c4c6605ae06d1e51e34", kill_on_drop: false }`
[INFO] [stdout] 1ced0e8096fdb61dd27c87cf1a3c5729bb9fc68176987c4c6605ae06d1e51e34
[INFO] running `Command { std: "docker" "create" "-v" "/var/lib/crater-agent-workspace/builds/worker-5-tc2/target:/opt/rustwide/target:rw,Z" "-v" "/var/lib/crater-agent-workspace/builds/worker-5-tc2/source:/opt/rustwide/workdir:ro,Z" "-v" "/var/lib/crater-agent-workspace/cargo-home:/opt/rustwide/cargo-home:ro,Z" "-v" "/var/lib/crater-agent-workspace/rustup-home:/opt/rustwide/rustup-home:ro,Z" "-e" "SOURCE_DIR=/opt/rustwide/workdir" "-e" "CARGO_TARGET_DIR=/opt/rustwide/target" "-e" "CARGO_INCREMENTAL=0" "-e" "RUST_BACKTRACE=full" "-e" "RUSTFLAGS=--cap-lints=warn" "-e" "RUSTDOCFLAGS=--cap-lints=warn" "-e" "CARGO_HOME=/opt/rustwide/cargo-home" "-e" "RUSTUP_HOME=/opt/rustwide/rustup-home" "-w" "/opt/rustwide/workdir" "-m" "1610612736" "--user" "0:0" "--network" "none" "ghcr.io/rust-lang/crates-build-env/linux@sha256:5ff2268d62e97bff2cde7d5815dd6ed5b47097566f13b8d0ca110b04b60e07ed" "/opt/rustwide/cargo-home/bin/cargo" "+beta-2023-04-20" "test" "--frozen" "--no-run" "--message-format=json", kill_on_drop: false }`
[INFO] [stdout] dbb49367561b3e82d9777a729da4a6d8523a5a8e1fc795eb21af59d4feb12537
[INFO] running `Command { std: "docker" "start" "-a" "dbb49367561b3e82d9777a729da4a6d8523a5a8e1fc795eb21af59d4feb12537", kill_on_drop: false }`
[INFO] [stderr]    Compiling memchr v2.4.1
[INFO] [stderr]    Compiling cfg-if v1.0.0
[INFO] [stderr]    Compiling autocfg v1.0.1
[INFO] [stderr]    Compiling syn v1.0.81
[INFO] [stderr]    Compiling cc v1.0.72
[INFO] [stderr]    Compiling gimli v0.26.1
[INFO] [stderr]    Compiling failure_derive v0.1.8
[INFO] [stderr]    Compiling adler v1.0.2
[INFO] [stderr]    Compiling rustc-demangle v0.1.21
[INFO] [stderr]    Compiling libloading v0.7.1
[INFO] [stderr]    Compiling log v0.4.14
[INFO] [stderr]    Compiling clang-sys v1.3.0
[INFO] [stderr]    Compiling miniz_oxide v0.4.4
[INFO] [stderr]    Compiling aho-corasick v0.7.18
[INFO] [stderr]    Compiling nom v5.1.2
[INFO] [stderr]    Compiling object v0.27.1
[INFO] [stderr]    Compiling backtrace v0.3.63
[INFO] [stderr]    Compiling regex v1.5.4
[INFO] [stderr]    Compiling cexpr v0.4.0
[INFO] [stderr]    Compiling addr2line v0.17.0
[INFO] [stderr]    Compiling env_logger v0.8.4
[INFO] [stderr]    Compiling synstructure v0.12.6
[INFO] [stderr]    Compiling bindgen v0.58.1
[INFO] [stderr]    Compiling failure v0.1.8
[INFO] [stderr]    Compiling libparted-sys v0.3.1
[INFO] [stderr]    Compiling libparted v0.1.5 (/opt/rustwide/workdir)
[INFO] [stderr]     Finished test [unoptimized + debuginfo] target(s) in 9.09s
[INFO] [stderr] warning: the following packages contain code that will be rejected by a future version of Rust: nom v5.1.2
[INFO] [stderr] note: to see what the problems were, use the option `--future-incompat-report`, or run `cargo report future-incompatibilities --id 1`
[INFO] running `Command { std: "docker" "inspect" "dbb49367561b3e82d9777a729da4a6d8523a5a8e1fc795eb21af59d4feb12537", kill_on_drop: false }`
[INFO] running `Command { std: "docker" "rm" "-f" "dbb49367561b3e82d9777a729da4a6d8523a5a8e1fc795eb21af59d4feb12537", kill_on_drop: false }`
[INFO] [stdout] dbb49367561b3e82d9777a729da4a6d8523a5a8e1fc795eb21af59d4feb12537
[INFO] running `Command { std: "docker" "create" "-v" "/var/lib/crater-agent-workspace/builds/worker-5-tc2/target:/opt/rustwide/target:rw,Z" "-v" "/var/lib/crater-agent-workspace/builds/worker-5-tc2/source:/opt/rustwide/workdir:ro,Z" "-v" "/var/lib/crater-agent-workspace/cargo-home:/opt/rustwide/cargo-home:ro,Z" "-v" "/var/lib/crater-agent-workspace/rustup-home:/opt/rustwide/rustup-home:ro,Z" "-e" "SOURCE_DIR=/opt/rustwide/workdir" "-e" "CARGO_TARGET_DIR=/opt/rustwide/target" "-e" "CARGO_INCREMENTAL=0" "-e" "RUST_BACKTRACE=full" "-e" "RUSTFLAGS=--cap-lints=warn" "-e" "RUSTDOCFLAGS=--cap-lints=warn" "-e" "CARGO_HOME=/opt/rustwide/cargo-home" "-e" "RUSTUP_HOME=/opt/rustwide/rustup-home" "-w" "/opt/rustwide/workdir" "-m" "1610612736" "--user" "0:0" "--network" "none" "ghcr.io/rust-lang/crates-build-env/linux@sha256:5ff2268d62e97bff2cde7d5815dd6ed5b47097566f13b8d0ca110b04b60e07ed" "/opt/rustwide/cargo-home/bin/cargo" "+beta-2023-04-20" "test" "--frozen", kill_on_drop: false }`
[INFO] [stdout] 958710d8668efd4be0791309a0b1e9acfd4c938c6c37f3dd18c8b7a9c754dd18
[INFO] running `Command { std: "docker" "start" "-a" "958710d8668efd4be0791309a0b1e9acfd4c938c6c37f3dd18c8b7a9c754dd18", kill_on_drop: false }`
[INFO] [stderr]     Finished test [unoptimized + debuginfo] target(s) in 0.08s
[INFO] [stderr] warning: the following packages contain code that will be rejected by a future version of Rust: nom v5.1.2
[INFO] [stderr] note: to see what the problems were, use the option `--future-incompat-report`, or run `cargo report future-incompatibilities --id 1`
[INFO] [stderr]      Running unittests src/lib.rs (/opt/rustwide/target/debug/deps/libparted-a280acb1317f834c)
[INFO] [stderr]    Doc-tests libparted
[INFO] [stdout] 
[INFO] [stdout] running 0 tests
[INFO] [stdout] 
[INFO] [stdout] test result: ok. 0 passed; 0 failed; 0 ignored; 0 measured; 0 filtered out; finished in 0.00s
[INFO] [stdout] 
[INFO] [stdout] 
[INFO] [stdout] running 8 tests
[INFO] [stdout] test src/geometry.rs - geometry::Geometry<'a>::open_fs (line 244) ... FAILED
[INFO] [stdout] test src/file_system.rs - file_system::FileSystem<'a>::open (line 43) ... FAILED
[INFO] [stdout] test src/geometry.rs - geometry::Geometry<'a>::open_fs (line 248) ... FAILED
[INFO] [stdout] test src/geometry.rs - geometry::Geometry<'a>::check (line 48) ... FAILED
[INFO] [stdout] test src/file_system.rs - file_system::FileSystem<'a>::open (line 47) ... FAILED
[INFO] [stdout] test src/geometry.rs - geometry::Geometry<'a>::map (line 122) ... FAILED
[INFO] [stdout] test src/partition.rs - partition::Partition<'a>::set_name (line 185) ... FAILED
[INFO] [stdout] test src/geometry.rs - geometry::Geometry<'a>::map (line 118) ... FAILED
[INFO] [stdout] 
[INFO] [stdout] failures:
[INFO] [stdout] 
[INFO] [stdout] ---- src/geometry.rs - geometry::Geometry<'a>::open_fs (line 244) stdout ----
[INFO] [stdout] error[E0425]: cannot find value `geometry` in this scope
[INFO] [stdout]  --> src/geometry.rs:245:36
[INFO] [stdout]   |
[INFO] [stdout] 3 | let mut fs = FileSystem::open(&mut geometry);
[INFO] [stdout]   |                                    ^^^^^^^^ not found in this scope
[INFO] [stdout] 
[INFO] [stdout] error[E0433]: failed to resolve: use of undeclared type `FileSystem`
[INFO] [stdout]  --> src/geometry.rs:245:14
[INFO] [stdout]   |
[INFO] [stdout] 3 | let mut fs = FileSystem::open(&mut geometry);
[INFO] [stdout]   |              ^^^^^^^^^^ use of undeclared type `FileSystem`
[INFO] [stdout] 
[INFO] [stdout] error: aborting due to 2 previous errors
[INFO] [stdout] 
[INFO] [stdout] Some errors have detailed explanations: E0425, E0433.
[INFO] [stdout] For more information about an error, try `rustc --explain E0425`.
[INFO] [stdout] Couldn't compile the test.
[INFO] [stdout] ---- src/file_system.rs - file_system::FileSystem<'a>::open (line 43) stdout ----
[INFO] [stdout] error[E0425]: cannot find value `geometry` in this scope
[INFO] [stdout]  --> src/file_system.rs:44:36
[INFO] [stdout]   |
[INFO] [stdout] 3 | let mut fs = FileSystem::open(&mut geometry);
[INFO] [stdout]   |                                    ^^^^^^^^ not found in this scope
[INFO] [stdout] 
[INFO] [stdout] error[E0433]: failed to resolve: use of undeclared type `FileSystem`
[INFO] [stdout]  --> src/file_system.rs:44:14
[INFO] [stdout]   |
[INFO] [stdout] 3 | let mut fs = FileSystem::open(&mut geometry);
[INFO] [stdout]   |              ^^^^^^^^^^ use of undeclared type `FileSystem`
[INFO] [stdout] 
[INFO] [stdout] error: aborting due to 2 previous errors
[INFO] [stdout] 
[INFO] [stdout] Some errors have detailed explanations: E0425, E0433.
[INFO] [stdout] For more information about an error, try `rustc --explain E0425`.
[INFO] [stdout] Couldn't compile the test.
[INFO] [stdout] ---- src/geometry.rs - geometry::Geometry<'a>::open_fs (line 248) stdout ----
[INFO] [stdout] error[E0425]: cannot find value `geometry` in this scope
[INFO] [stdout]  --> src/geometry.rs:249:14
[INFO] [stdout]   |
[INFO] [stdout] 3 | let mut fs = geometry.open_fs();
[INFO] [stdout]   |              ^^^^^^^^ not found in this scope
[INFO] [stdout] 
[INFO] [stdout] error: aborting due to previous error
[INFO] [stdout] 
[INFO] [stdout] For more information about this error, try `rustc --explain E0425`.
[INFO] [stdout] Couldn't compile the test.
[INFO] [stdout] ---- src/geometry.rs - geometry::Geometry<'a>::check (line 48) stdout ----
[INFO] [stdout] error[E0425]: cannot find value `offset` in this scope
[INFO] [stdout]  --> src/geometry.rs:49:1
[INFO] [stdout]   |
[INFO] [stdout] 3 | offset + n * granularity
[INFO] [stdout]   | ^^^^^^ not found in this scope
[INFO] [stdout]   |
[INFO] [stdout] help: consider importing this function
[INFO] [stdout]   |
[INFO] [stdout] 2 + use std::intrinsics::offset;
[INFO] [stdout]   |
[INFO] [stdout] 
[INFO] [stdout] error[E0425]: cannot find value `n` in this scope
[INFO] [stdout]  --> src/geometry.rs:49:10
[INFO] [stdout]   |
[INFO] [stdout] 3 | offset + n * granularity
[INFO] [stdout]   |          ^ not found in this scope
[INFO] [stdout] 
[INFO] [stdout] error[E0425]: cannot find value `granularity` in this scope
[INFO] [stdout]  --> src/geometry.rs:49:14
[INFO] [stdout]   |
[INFO] [stdout] 3 | offset + n * granularity
[INFO] [stdout]   |              ^^^^^^^^^^^ not found in this scope
[INFO] [stdout] 
[INFO] [stdout] error: aborting due to 3 previous errors
[INFO] [stdout] 
[INFO] [stdout] For more information about this error, try `rustc --explain E0425`.
[INFO] [stdout] Couldn't compile the test.
[INFO] [stdout] ---- src/file_system.rs - file_system::FileSystem<'a>::open (line 47) stdout ----
[INFO] [stdout] error[E0425]: cannot find value `geometry` in this scope
[INFO] [stdout]  --> src/file_system.rs:48:14
[INFO] [stdout]   |
[INFO] [stdout] 3 | let mut fs = geometry.open_fs();
[INFO] [stdout]   |              ^^^^^^^^ not found in this scope
[INFO] [stdout] 
[INFO] [stdout] error: aborting due to previous error
[INFO] [stdout] 
[INFO] [stdout] For more information about this error, try `rustc --explain E0425`.
[INFO] [stdout] Couldn't compile the test.
[INFO] [stdout] ---- src/geometry.rs - geometry::Geometry<'a>::map (line 122) stdout ----
[INFO] [stdout] error[E0425]: cannot find value `geometry` in this scope
[INFO] [stdout]  --> src/geometry.rs:123:1
[INFO] [stdout]   |
[INFO] [stdout] 3 | geometry.read(buf, sector, 1);
[INFO] [stdout]   | ^^^^^^^^ not found in this scope
[INFO] [stdout] 
[INFO] [stdout] error[E0425]: cannot find value `buf` in this scope
[INFO] [stdout]  --> src/geometry.rs:123:15
[INFO] [stdout]   |
[INFO] [stdout] 3 | geometry.read(buf, sector, 1);
[INFO] [stdout]   |               ^^^ not found in this scope
[INFO] [stdout] 
[INFO] [stdout] error[E0425]: cannot find value `sector` in this scope
[INFO] [stdout]  --> src/geometry.rs:123:20
[INFO] [stdout]   |
[INFO] [stdout] 3 | geometry.read(buf, sector, 1);
[INFO] [stdout]   |                    ^^^^^^ not found in this scope
[INFO] [stdout] 
[INFO] [stdout] error: aborting due to 3 previous errors
[INFO] [stdout] 
[INFO] [stdout] For more information about this error, try `rustc --explain E0425`.
[INFO] [stdout] Couldn't compile the test.
[INFO] [stdout] ---- src/partition.rs - partition::Partition<'a>::set_name (line 185) stdout ----
[INFO] [stdout] error[E0433]: failed to resolve: use of undeclared type `DiskTypeFeature`
[INFO] [stdout]  --> src/partition.rs:186:25
[INFO] [stdout]   |
[INFO] [stdout] 3 | DiskType::check_feature(DiskTypeFeature::PED_DISK_TYPE_PARTITION_NAME);
[INFO] [stdout]   |                         ^^^^^^^^^^^^^^^ use of undeclared type `DiskTypeFeature`
[INFO] [stdout] 
[INFO] [stdout] error[E0433]: failed to resolve: use of undeclared type `DiskType`
[INFO] [stdout]  --> src/partition.rs:186:1
[INFO] [stdout]   |
[INFO] [stdout] 3 | DiskType::check_feature(DiskTypeFeature::PED_DISK_TYPE_PARTITION_NAME);
[INFO] [stdout]   | ^^^^^^^^ use of undeclared type `DiskType`
[INFO] [stdout] 
[INFO] [stdout] error: aborting due to 2 previous errors
[INFO] [stdout] 
[INFO] [stdout] For more information about this error, try `rustc --explain E0433`.
[INFO] [stdout] Couldn't compile the test.
[INFO] [stdout] ---- src/geometry.rs - geometry::Geometry<'a>::map (line 118) stdout ----
[INFO] [stdout] error[E0425]: cannot find value `geometry` in this scope
[INFO] [stdout]  --> src/geometry.rs:119:1
[INFO] [stdout]   |
[INFO] [stdout] 3 | geometry.read(buf, geometry.map(src, sector), 1);
[INFO] [stdout]   | ^^^^^^^^ not found in this scope
[INFO] [stdout] 
[INFO] [stdout] error[E0425]: cannot find value `buf` in this scope
[INFO] [stdout]  --> src/geometry.rs:119:15
[INFO] [stdout]   |
[INFO] [stdout] 3 | geometry.read(buf, geometry.map(src, sector), 1);
[INFO] [stdout]   |               ^^^ not found in this scope
[INFO] [stdout] 
[INFO] [stdout] error[E0425]: cannot find value `geometry` in this scope
[INFO] [stdout]  --> src/geometry.rs:119:20
[INFO] [stdout]   |
[INFO] [stdout] 3 | geometry.read(buf, geometry.map(src, sector), 1);
[INFO] [stdout]   |                    ^^^^^^^^ not found in this scope
[INFO] [stdout] 
[INFO] [stdout] error[E0425]: cannot find value `src` in this scope
[INFO] [stdout]  --> src/geometry.rs:119:33
[INFO] [stdout]   |
[INFO] [stdout] 3 | geometry.read(buf, geometry.map(src, sector), 1);
[INFO] [stdout]   |                                 ^^^ not found in this scope
[INFO] [stdout] 
[INFO] [stdout] error[E0425]: cannot find value `sector` in this scope
[INFO] [stdout]  --> src/geometry.rs:119:38
[INFO] [stdout]   |
[INFO] [stdout] 3 | geometry.read(buf, geometry.map(src, sector), 1);
[INFO] [stdout]   |                                      ^^^^^^ not found in this scope
[INFO] [stdout] 
[INFO] [stdout] error: aborting due to 5 previous errors
[INFO] [stdout] 
[INFO] [stdout] For more information about this error, try `rustc --explain E0425`.
[INFO] [stdout] Couldn't compile the test.
[INFO] [stdout] 
[INFO] [stdout] failures:
[INFO] [stdout]     src/file_system.rs - file_system::FileSystem<'a>::open (line 43)
[INFO] [stdout]     src/file_system.rs - file_system::FileSystem<'a>::open (line 47)
[INFO] [stdout]     src/geometry.rs - geometry::Geometry<'a>::check (line 48)
[INFO] [stdout]     src/geometry.rs - geometry::Geometry<'a>::map (line 118)
[INFO] [stdout]     src/geometry.rs - geometry::Geometry<'a>::map (line 122)
[INFO] [stdout]     src/geometry.rs - geometry::Geometry<'a>::open_fs (line 244)
[INFO] [stdout]     src/geometry.rs - geometry::Geometry<'a>::open_fs (line 248)
[INFO] [stdout]     src/partition.rs - partition::Partition<'a>::set_name (line 185)
[INFO] [stdout] 
[INFO] [stdout] test result: FAILED. 0 passed; 8 failed; 0 ignored; 0 measured; 0 filtered out; finished in 0.09s
[INFO] [stdout] 
[INFO] [stderr] error: doctest failed, to rerun pass `--doc`
[INFO] running `Command { std: "docker" "inspect" "958710d8668efd4be0791309a0b1e9acfd4c938c6c37f3dd18c8b7a9c754dd18", kill_on_drop: false }`
[INFO] running `Command { std: "docker" "rm" "-f" "958710d8668efd4be0791309a0b1e9acfd4c938c6c37f3dd18c8b7a9c754dd18", kill_on_drop: false }`
[INFO] [stdout] 958710d8668efd4be0791309a0b1e9acfd4c938c6c37f3dd18c8b7a9c754dd18
