[INFO] fetching crate libfar 0.1.1...
[INFO] testing libfar-0.1.1 against beta-2023-04-20 for beta-1.70-1
[INFO] extracting crate libfar 0.1.1 into /workspace/builds/worker-0-tc2/source
[INFO] validating manifest of crates.io crate libfar 0.1.1 on toolchain beta-2023-04-20
[INFO] running `Command { std: CARGO_HOME="/workspace/cargo-home" RUSTUP_HOME="/workspace/rustup-home" "/workspace/cargo-home/bin/cargo" "+beta-2023-04-20" "metadata" "--manifest-path" "Cargo.toml" "--no-deps", kill_on_drop: false }`
[INFO] started tweaking crates.io crate libfar 0.1.1
[INFO] finished tweaking crates.io crate libfar 0.1.1
[INFO] tweaked toml for crates.io crate libfar 0.1.1 written to /workspace/builds/worker-0-tc2/source/Cargo.toml
[INFO] running `Command { std: CARGO_HOME="/workspace/cargo-home" RUSTUP_HOME="/workspace/rustup-home" __CARGO_TEST_CHANNEL_OVERRIDE_DO_NOT_USE_THIS="nightly" "/workspace/cargo-home/bin/cargo" "+beta-2023-04-20" "generate-lockfile" "--manifest-path" "Cargo.toml" "-Zno-index-update", kill_on_drop: false }`
[INFO] running `Command { std: CARGO_HOME="/workspace/cargo-home" RUSTUP_HOME="/workspace/rustup-home" "/workspace/cargo-home/bin/cargo" "+beta-2023-04-20" "fetch" "--manifest-path" "Cargo.toml", kill_on_drop: false }`
[INFO] running `Command { std: "docker" "create" "-v" "/var/lib/crater-agent-workspace/builds/worker-0-tc2/target:/opt/rustwide/target:rw,Z" "-v" "/var/lib/crater-agent-workspace/builds/worker-0-tc2/source:/opt/rustwide/workdir:ro,Z" "-v" "/var/lib/crater-agent-workspace/cargo-home:/opt/rustwide/cargo-home:ro,Z" "-v" "/var/lib/crater-agent-workspace/rustup-home:/opt/rustwide/rustup-home:ro,Z" "-e" "SOURCE_DIR=/opt/rustwide/workdir" "-e" "CARGO_TARGET_DIR=/opt/rustwide/target" "-e" "CARGO_HOME=/opt/rustwide/cargo-home" "-e" "RUSTUP_HOME=/opt/rustwide/rustup-home" "-w" "/opt/rustwide/workdir" "-m" "1610612736" "--user" "0:0" "--network" "none" "ghcr.io/rust-lang/crates-build-env/linux@sha256:5ff2268d62e97bff2cde7d5815dd6ed5b47097566f13b8d0ca110b04b60e07ed" "/opt/rustwide/cargo-home/bin/cargo" "+beta-2023-04-20" "metadata" "--no-deps" "--format-version=1", kill_on_drop: false }`
[INFO] [stdout] 2062b756c290d209b0020587a47ee1fd65074eb4d1f366df54905611228ec9f5
[INFO] running `Command { std: "docker" "start" "-a" "2062b756c290d209b0020587a47ee1fd65074eb4d1f366df54905611228ec9f5", kill_on_drop: false }`
[INFO] running `Command { std: "docker" "inspect" "2062b756c290d209b0020587a47ee1fd65074eb4d1f366df54905611228ec9f5", kill_on_drop: false }`
[INFO] running `Command { std: "docker" "rm" "-f" "2062b756c290d209b0020587a47ee1fd65074eb4d1f366df54905611228ec9f5", kill_on_drop: false }`
[INFO] [stdout] 2062b756c290d209b0020587a47ee1fd65074eb4d1f366df54905611228ec9f5
[INFO] running `Command { std: "docker" "create" "-v" "/var/lib/crater-agent-workspace/builds/worker-0-tc2/target:/opt/rustwide/target:rw,Z" "-v" "/var/lib/crater-agent-workspace/builds/worker-0-tc2/source:/opt/rustwide/workdir:ro,Z" "-v" "/var/lib/crater-agent-workspace/cargo-home:/opt/rustwide/cargo-home:ro,Z" "-v" "/var/lib/crater-agent-workspace/rustup-home:/opt/rustwide/rustup-home:ro,Z" "-e" "SOURCE_DIR=/opt/rustwide/workdir" "-e" "CARGO_TARGET_DIR=/opt/rustwide/target" "-e" "CARGO_INCREMENTAL=0" "-e" "RUST_BACKTRACE=full" "-e" "RUSTFLAGS=--cap-lints=warn" "-e" "RUSTDOCFLAGS=--cap-lints=warn" "-e" "CARGO_HOME=/opt/rustwide/cargo-home" "-e" "RUSTUP_HOME=/opt/rustwide/rustup-home" "-w" "/opt/rustwide/workdir" "-m" "1610612736" "--user" "0:0" "--network" "none" "ghcr.io/rust-lang/crates-build-env/linux@sha256:5ff2268d62e97bff2cde7d5815dd6ed5b47097566f13b8d0ca110b04b60e07ed" "/opt/rustwide/cargo-home/bin/cargo" "+beta-2023-04-20" "build" "--frozen" "--message-format=json", kill_on_drop: false }`
[INFO] [stdout] aed64e9f7d87e060f30c9cda93375ccad8ffc1224a5870b5726225e85ced9907
[INFO] running `Command { std: "docker" "start" "-a" "aed64e9f7d87e060f30c9cda93375ccad8ffc1224a5870b5726225e85ced9907", kill_on_drop: false }`
[INFO] [stderr]    Compiling libfar v0.1.1 (/opt/rustwide/workdir)
[INFO] [stderr]     Finished dev [unoptimized + debuginfo] target(s) in 0.27s
[INFO] running `Command { std: "docker" "inspect" "aed64e9f7d87e060f30c9cda93375ccad8ffc1224a5870b5726225e85ced9907", kill_on_drop: false }`
[INFO] running `Command { std: "docker" "rm" "-f" "aed64e9f7d87e060f30c9cda93375ccad8ffc1224a5870b5726225e85ced9907", kill_on_drop: false }`
[INFO] [stdout] aed64e9f7d87e060f30c9cda93375ccad8ffc1224a5870b5726225e85ced9907
[INFO] running `Command { std: "docker" "create" "-v" "/var/lib/crater-agent-workspace/builds/worker-0-tc2/target:/opt/rustwide/target:rw,Z" "-v" "/var/lib/crater-agent-workspace/builds/worker-0-tc2/source:/opt/rustwide/workdir:ro,Z" "-v" "/var/lib/crater-agent-workspace/cargo-home:/opt/rustwide/cargo-home:ro,Z" "-v" "/var/lib/crater-agent-workspace/rustup-home:/opt/rustwide/rustup-home:ro,Z" "-e" "SOURCE_DIR=/opt/rustwide/workdir" "-e" "CARGO_TARGET_DIR=/opt/rustwide/target" "-e" "CARGO_INCREMENTAL=0" "-e" "RUST_BACKTRACE=full" "-e" "RUSTFLAGS=--cap-lints=warn" "-e" "RUSTDOCFLAGS=--cap-lints=warn" "-e" "CARGO_HOME=/opt/rustwide/cargo-home" "-e" "RUSTUP_HOME=/opt/rustwide/rustup-home" "-w" "/opt/rustwide/workdir" "-m" "1610612736" "--user" "0:0" "--network" "none" "ghcr.io/rust-lang/crates-build-env/linux@sha256:5ff2268d62e97bff2cde7d5815dd6ed5b47097566f13b8d0ca110b04b60e07ed" "/opt/rustwide/cargo-home/bin/cargo" "+beta-2023-04-20" "test" "--frozen" "--no-run" "--message-format=json", kill_on_drop: false }`
[INFO] [stdout] 18710490eaed2523d331a92d507b57d8d581c86797c22aa7a71330622aa0ac47
[INFO] running `Command { std: "docker" "start" "-a" "18710490eaed2523d331a92d507b57d8d581c86797c22aa7a71330622aa0ac47", kill_on_drop: false }`
[INFO] [stderr]    Compiling libfar v0.1.1 (/opt/rustwide/workdir)
[INFO] [stderr]     Finished test [unoptimized + debuginfo] target(s) in 0.25s
[INFO] running `Command { std: "docker" "inspect" "18710490eaed2523d331a92d507b57d8d581c86797c22aa7a71330622aa0ac47", kill_on_drop: false }`
[INFO] running `Command { std: "docker" "rm" "-f" "18710490eaed2523d331a92d507b57d8d581c86797c22aa7a71330622aa0ac47", kill_on_drop: false }`
[INFO] [stdout] 18710490eaed2523d331a92d507b57d8d581c86797c22aa7a71330622aa0ac47
[INFO] running `Command { std: "docker" "create" "-v" "/var/lib/crater-agent-workspace/builds/worker-0-tc2/target:/opt/rustwide/target:rw,Z" "-v" "/var/lib/crater-agent-workspace/builds/worker-0-tc2/source:/opt/rustwide/workdir:ro,Z" "-v" "/var/lib/crater-agent-workspace/cargo-home:/opt/rustwide/cargo-home:ro,Z" "-v" "/var/lib/crater-agent-workspace/rustup-home:/opt/rustwide/rustup-home:ro,Z" "-e" "SOURCE_DIR=/opt/rustwide/workdir" "-e" "CARGO_TARGET_DIR=/opt/rustwide/target" "-e" "CARGO_INCREMENTAL=0" "-e" "RUST_BACKTRACE=full" "-e" "RUSTFLAGS=--cap-lints=warn" "-e" "RUSTDOCFLAGS=--cap-lints=warn" "-e" "CARGO_HOME=/opt/rustwide/cargo-home" "-e" "RUSTUP_HOME=/opt/rustwide/rustup-home" "-w" "/opt/rustwide/workdir" "-m" "1610612736" "--user" "0:0" "--network" "none" "ghcr.io/rust-lang/crates-build-env/linux@sha256:5ff2268d62e97bff2cde7d5815dd6ed5b47097566f13b8d0ca110b04b60e07ed" "/opt/rustwide/cargo-home/bin/cargo" "+beta-2023-04-20" "test" "--frozen", kill_on_drop: false }`
[INFO] [stdout] 134d406db0a9da84a43785070d2e00b1464a32830058f3922c05c073dca6abdb
[INFO] running `Command { std: "docker" "start" "-a" "134d406db0a9da84a43785070d2e00b1464a32830058f3922c05c073dca6abdb", kill_on_drop: false }`
[INFO] [stderr]     Finished test [unoptimized + debuginfo] target(s) in 0.00s
[INFO] [stderr]      Running unittests src/lib.rs (/opt/rustwide/target/debug/deps/libfar-4d63a1cf1749554c)
[INFO] [stdout] 
[INFO] [stdout] running 0 tests
[INFO] [stdout] 
[INFO] [stdout] test result: ok. 0 passed; 0 failed; 0 ignored; 0 measured; 0 filtered out; finished in 0.00s
[INFO] [stdout] 
[INFO] [stderr]    Doc-tests libfar
[INFO] [stdout] 
[INFO] [stdout] running 7 tests
[INFO] [stdout] test src/farlib.rs - farlib::FarFile::new_from_archive (line 53) ... FAILED
[INFO] [stdout] test src/farlib.rs - farlib::FarFile (line 19) ... FAILED
[INFO] [stdout] test src/farlib.rs - farlib::FarFile::new_from_file (line 75) ... FAILED
[INFO] [stdout] test src/farlib.rs - farlib::FarArchive::load_file_data (line 138) ... FAILED
[INFO] [stdout] test src/farlib.rs - farlib::FarArchive::new_from_files (line 95) ... FAILED
[INFO] [stdout] test src/farlib.rs - farlib::FarArchive::to_vec (line 173) ... FAILED
[INFO] [stdout] test src/farlib.rs - farlib::test (line 235) ... FAILED
[INFO] [stdout] 
[INFO] [stdout] failures:
[INFO] [stdout] 
[INFO] [stdout] ---- src/farlib.rs - farlib::FarFile::new_from_archive (line 53) stdout ----
[INFO] [stdout] error[E0425]: cannot find value `file_name` in this scope
[INFO] [stdout]  --> src/farlib.rs:59:38
[INFO] [stdout]   |
[INFO] [stdout] 9 | let file = FarFile::new_from_archive(file_name, file_size, file_offset, archive_buf);
[INFO] [stdout]   |                                      ^^^^^^^^^ not found in this scope
[INFO] [stdout] 
[INFO] [stdout] error[E0425]: cannot find value `file_size` in this scope
[INFO] [stdout]  --> src/farlib.rs:59:49
[INFO] [stdout]   |
[INFO] [stdout] 9 | let file = FarFile::new_from_archive(file_name, file_size, file_offset, archive_buf);
[INFO] [stdout]   |                                                 ^^^^^^^^^ not found in this scope
[INFO] [stdout] 
[INFO] [stdout] error[E0425]: cannot find value `file_offset` in this scope
[INFO] [stdout]  --> src/farlib.rs:59:60
[INFO] [stdout]   |
[INFO] [stdout] 9 | let file = FarFile::new_from_archive(file_name, file_size, file_offset, archive_buf);
[INFO] [stdout]   |                                                            ^^^^^^^^^^^ not found in this scope
[INFO] [stdout] 
[INFO] [stdout] error[E0425]: cannot find value `archive_buf` in this scope
[INFO] [stdout]  --> src/farlib.rs:59:73
[INFO] [stdout]   |
[INFO] [stdout] 9 | let file = FarFile::new_from_archive(file_name, file_size, file_offset, archive_buf);
[INFO] [stdout]   |                                                                         ^^^^^^^^^^^ not found in this scope
[INFO] [stdout] 
[INFO] [stdout] error: aborting due to 4 previous errors
[INFO] [stdout] 
[INFO] [stdout] For more information about this error, try `rustc --explain E0425`.
[INFO] [stdout] Couldn't compile the test.
[INFO] [stdout] ---- src/farlib.rs - farlib::FarFile (line 19) stdout ----
[INFO] [stdout] error[E0425]: cannot find value `fileA_name` in this scope
[INFO] [stdout]  --> src/farlib.rs:23:36
[INFO] [stdout]   |
[INFO] [stdout] 7 | let fileA = FarFile::new_from_file(fileA_name, buffer.len() as u32, buffer);
[INFO] [stdout]   |                                    ^^^^^^^^^^ not found in this scope
[INFO] [stdout] 
[INFO] [stdout] error[E0425]: cannot find value `buffer` in this scope
[INFO] [stdout]  --> src/farlib.rs:23:48
[INFO] [stdout]   |
[INFO] [stdout] 7 | let fileA = FarFile::new_from_file(fileA_name, buffer.len() as u32, buffer);
[INFO] [stdout]   |                                                ^^^^^^ not found in this scope
[INFO] [stdout] 
[INFO] [stdout] error[E0425]: cannot find value `buffer` in this scope
[INFO] [stdout]  --> src/farlib.rs:23:69
[INFO] [stdout]   |
[INFO] [stdout] 7 | let fileA = FarFile::new_from_file(fileA_name, buffer.len() as u32, buffer);
[INFO] [stdout]   |                                                                     ^^^^^^ not found in this scope
[INFO] [stdout] 
[INFO] [stdout] error[E0425]: cannot find value `fileB_name` in this scope
[INFO] [stdout]   --> src/farlib.rs:29:39
[INFO] [stdout]    |
[INFO] [stdout] 13 | let fileB = FarFile::new_from_archive(fileB_name, fileB_size, fileB_offset, archive_buf);
[INFO] [stdout]    |                                       ^^^^^^^^^^ not found in this scope
[INFO] [stdout] 
[INFO] [stdout] error[E0425]: cannot find value `fileB_size` in this scope
[INFO] [stdout]   --> src/farlib.rs:29:51
[INFO] [stdout]    |
[INFO] [stdout] 13 | let fileB = FarFile::new_from_archive(fileB_name, fileB_size, fileB_offset, archive_buf);
[INFO] [stdout]    |                                                   ^^^^^^^^^^ not found in this scope
[INFO] [stdout] 
[INFO] [stdout] error[E0425]: cannot find value `fileB_offset` in this scope
[INFO] [stdout]   --> src/farlib.rs:29:63
[INFO] [stdout]    |
[INFO] [stdout] 13 | let fileB = FarFile::new_from_archive(fileB_name, fileB_size, fileB_offset, archive_buf);
[INFO] [stdout]    |                                                               ^^^^^^^^^^^^ not found in this scope
[INFO] [stdout] 
[INFO] [stdout] error[E0425]: cannot find value `archive_buf` in this scope
[INFO] [stdout]   --> src/farlib.rs:29:77
[INFO] [stdout]    |
[INFO] [stdout] 13 | let fileB = FarFile::new_from_archive(fileB_name, fileB_size, fileB_offset, archive_buf);
[INFO] [stdout]    |                                                                             ^^^^^^^^^^^ not found in this scope
[INFO] [stdout] 
[INFO] [stdout] error: aborting due to 7 previous errors
[INFO] [stdout] 
[INFO] [stdout] For more information about this error, try `rustc --explain E0425`.
[INFO] [stdout] Couldn't compile the test.
[INFO] [stdout] ---- src/farlib.rs - farlib::FarFile::new_from_file (line 75) stdout ----
[INFO] [stdout] error[E0425]: cannot find value `file_name` in this scope
[INFO] [stdout]  --> src/farlib.rs:79:35
[INFO] [stdout]   |
[INFO] [stdout] 7 | let file = FarFile::new_from_file(file_name, buffer.len() as u32, buffer);
[INFO] [stdout]   |                                   ^^^^^^^^^ not found in this scope
[INFO] [stdout] 
[INFO] [stdout] error[E0425]: cannot find value `buffer` in this scope
[INFO] [stdout]  --> src/farlib.rs:79:46
[INFO] [stdout]   |
[INFO] [stdout] 7 | let file = FarFile::new_from_file(file_name, buffer.len() as u32, buffer);
[INFO] [stdout]   |                                              ^^^^^^ not found in this scope
[INFO] [stdout] 
[INFO] [stdout] error[E0425]: cannot find value `buffer` in this scope
[INFO] [stdout]  --> src/farlib.rs:79:67
[INFO] [stdout]   |
[INFO] [stdout] 7 | let file = FarFile::new_from_file(file_name, buffer.len() as u32, buffer);
[INFO] [stdout]   |                                                                   ^^^^^^ not found in this scope
[INFO] [stdout] 
[INFO] [stdout] error: aborting due to 3 previous errors
[INFO] [stdout] 
[INFO] [stdout] For more information about this error, try `rustc --explain E0425`.
[INFO] [stdout] Couldn't compile the test.
[INFO] [stdout] ---- src/farlib.rs - farlib::FarArchive::load_file_data (line 138) stdout ----
[INFO] [stdout] error[E0425]: cannot find value `buffer` in this scope
[INFO] [stdout]  --> src/farlib.rs:141:26
[INFO] [stdout]   |
[INFO] [stdout] 6 | let test = farlib::test(&buffer);
[INFO] [stdout]   |                          ^^^^^^ not found in this scope
[INFO] [stdout] 
[INFO] [stdout] error[E0425]: cannot find value `buffer` in this scope
[INFO] [stdout]  --> src/farlib.rs:144:46
[INFO] [stdout]   |
[INFO] [stdout] 9 |        let archive = archive.load_file_data(&buffer);
[INFO] [stdout]   |                                              ^^^^^^ not found in this scope
[INFO] [stdout] 
[INFO] [stdout] error[E0425]: cannot find value `archive_name` in this scope
[INFO] [stdout]   --> src/farlib.rs:147:47
[INFO] [stdout]    |
[INFO] [stdout] 12 |     println!("{} is not a valid archive: {}", archive_name, e);
[INFO] [stdout]    |                                               ^^^^^^^^^^^^ not found in this scope
[INFO] [stdout] 
[INFO] [stdout] error: aborting due to 3 previous errors
[INFO] [stdout] 
[INFO] [stdout] For more information about this error, try `rustc --explain E0425`.
[INFO] [stdout] Couldn't compile the test.
[INFO] [stdout] ---- src/farlib.rs - farlib::FarArchive::new_from_files (line 95) stdout ----
[INFO] [stdout] error[E0425]: cannot find value `file_names` in this scope
[INFO] [stdout]  --> src/farlib.rs:100:13
[INFO] [stdout]   |
[INFO] [stdout] 8 | for file in file_names {
[INFO] [stdout]   |             ^^^^^^^^^^ not found in this scope
[INFO] [stdout] 
[INFO] [stdout] error: aborting due to previous error
[INFO] [stdout] 
[INFO] [stdout] For more information about this error, try `rustc --explain E0425`.
[INFO] [stdout] Couldn't compile the test.
[INFO] [stdout] ---- src/farlib.rs - farlib::FarArchive::to_vec (line 173) stdout ----
[INFO] [stdout] error[E0425]: cannot find value `archive` in this scope
[INFO] [stdout]  --> src/farlib.rs:179:14
[INFO] [stdout]   |
[INFO] [stdout] 9 | let buffer = archive.to_vec();
[INFO] [stdout]   |              ^^^^^^^ not found in this scope
[INFO] [stdout] 
[INFO] [stdout] error[E0425]: cannot find value `archive_name` in this scope
[INFO] [stdout]   --> src/farlib.rs:180:33
[INFO] [stdout]    |
[INFO] [stdout] 10 | let mut file = fs::File::create(archive_name.clone()).expect("Failed to create file");
[INFO] [stdout]    |                                 ^^^^^^^^^^^^ not found in this scope
[INFO] [stdout] 
[INFO] [stdout] error[E0425]: cannot find value `archive_obj` in this scope
[INFO] [stdout]   --> src/farlib.rs:181:18
[INFO] [stdout]    |
[INFO] [stdout] 11 | file.write_all(&*archive_obj.to_vec()).expect("Failed to write file");
[INFO] [stdout]    |                  ^^^^^^^^^^^ not found in this scope
[INFO] [stdout] 
[INFO] [stdout] error: aborting due to 3 previous errors
[INFO] [stdout] 
[INFO] [stdout] For more information about this error, try `rustc --explain E0425`.
[INFO] [stdout] Couldn't compile the test.
[INFO] [stdout] ---- src/farlib.rs - farlib::test (line 235) stdout ----
[INFO] [stdout] Test executable failed (exit status: 101).
[INFO] [stdout] 
[INFO] [stdout] stderr:
[INFO] [stdout] thread 'main' panicked at 'Failed to read file: Os { code: 2, kind: NotFound, message: "No such file or directory" }', src/farlib.rs:6:35
[INFO] [stdout] stack backtrace:
[INFO] [stdout]    0:     0x564e0332d36a - std::backtrace_rs::backtrace::libunwind::trace::h2f05d0192276a8f6
[INFO] [stdout]                                at /rustc/1b7dd2252b99671ce5d1cb9664c5f8636329436d/library/std/src/../../backtrace/src/backtrace/libunwind.rs:93:5
[INFO] [stdout]    1:     0x564e0332d36a - std::backtrace_rs::backtrace::trace_unsynchronized::hedc23dff7a1af150
[INFO] [stdout]                                at /rustc/1b7dd2252b99671ce5d1cb9664c5f8636329436d/library/std/src/../../backtrace/src/backtrace/mod.rs:66:5
[INFO] [stdout]    2:     0x564e0332d36a - std::sys_common::backtrace::_print_fmt::h17541ef7592f3ce2
[INFO] [stdout]                                at /rustc/1b7dd2252b99671ce5d1cb9664c5f8636329436d/library/std/src/sys_common/backtrace.rs:65:5
[INFO] [stdout]    3:     0x564e0332d36a - <std::sys_common::backtrace::_print::DisplayBacktrace as core::fmt::Display>::fmt::h20f75df5ab0c0792
[INFO] [stdout]                                at /rustc/1b7dd2252b99671ce5d1cb9664c5f8636329436d/library/std/src/sys_common/backtrace.rs:44:22
[INFO] [stdout]    4:     0x564e03347a1f - core::fmt::write::h78109e6f466b3af6
[INFO] [stdout]                                at /rustc/1b7dd2252b99671ce5d1cb9664c5f8636329436d/library/core/src/fmt/mod.rs:1254:17
[INFO] [stdout]    5:     0x564e0332b115 - std::io::Write::write_fmt::hc59e1b02dd273c8a
[INFO] [stdout]                                at /rustc/1b7dd2252b99671ce5d1cb9664c5f8636329436d/library/std/src/io/mod.rs:1698:15
[INFO] [stdout]    6:     0x564e0332d135 - std::sys_common::backtrace::_print::h8dac57a9f8fbf9a5
[INFO] [stdout]                                at /rustc/1b7dd2252b99671ce5d1cb9664c5f8636329436d/library/std/src/sys_common/backtrace.rs:47:5
[INFO] [stdout]    7:     0x564e0332d135 - std::sys_common::backtrace::print::hf9ecbf41d1aa712f
[INFO] [stdout]                                at /rustc/1b7dd2252b99671ce5d1cb9664c5f8636329436d/library/std/src/sys_common/backtrace.rs:34:9
[INFO] [stdout]    8:     0x564e0332e6be - std::panicking::default_hook::{{closure}}::h04c07acfc84ca028
[INFO] [stdout]                                at /rustc/1b7dd2252b99671ce5d1cb9664c5f8636329436d/library/std/src/panicking.rs:269:22
[INFO] [stdout]    9:     0x564e0332e465 - std::panicking::default_hook::h01f6bb23e1eceb2c
[INFO] [stdout]                                at /rustc/1b7dd2252b99671ce5d1cb9664c5f8636329436d/library/std/src/panicking.rs:288:9
[INFO] [stdout]   10:     0x564e0332ec1e - std::panicking::rust_panic_with_hook::h2bb3722bbaf2f6df
[INFO] [stdout]                                at /rustc/1b7dd2252b99671ce5d1cb9664c5f8636329436d/library/std/src/panicking.rs:691:13
[INFO] [stdout]   11:     0x564e0332eb19 - std::panicking::begin_panic_handler::{{closure}}::h91bc7f36a4be011b
[INFO] [stdout]                                at /rustc/1b7dd2252b99671ce5d1cb9664c5f8636329436d/library/std/src/panicking.rs:582:13
[INFO] [stdout]   12:     0x564e0332d7d6 - std::sys_common::backtrace::__rust_end_short_backtrace::h8b3d3717114f9e59
[INFO] [stdout]                                at /rustc/1b7dd2252b99671ce5d1cb9664c5f8636329436d/library/std/src/sys_common/backtrace.rs:150:18
[INFO] [stdout]   13:     0x564e0332e872 - rust_begin_unwind
[INFO] [stdout]                                at /rustc/1b7dd2252b99671ce5d1cb9664c5f8636329436d/library/std/src/panicking.rs:578:5
[INFO] [stdout]   14:     0x564e0330d313 - core::panicking::panic_fmt::hfd368e3fbdabea26
[INFO] [stdout]                                at /rustc/1b7dd2252b99671ce5d1cb9664c5f8636329436d/library/core/src/panicking.rs:67:14
[INFO] [stdout]   15:     0x564e0330d703 - core::result::unwrap_failed::he54eb4b2f125b26f
[INFO] [stdout]                                at /rustc/1b7dd2252b99671ce5d1cb9664c5f8636329436d/library/core/src/result.rs:1687:5
[INFO] [stdout]   16:     0x564e0330dcc4 - core::result::Result<T,E>::expect::heb9197ccc3cdc66c
[INFO] [stdout]   17:     0x564e0330ddd9 - rust_out::main::_doctest_main_src_farlib_rs_235_0::ha1a84326bf271f12
[INFO] [stdout]   18:     0x564e0330dd86 - rust_out::main::h2731449a68dfa004
[INFO] [stdout]   19:     0x564e0330dc13 - core::ops::function::FnOnce::call_once::hd1715aa1b26fc35c
[INFO] [stdout]   20:     0x564e0330d916 - std::sys_common::backtrace::__rust_begin_short_backtrace::h8d2b4d09ce515535
[INFO] [stdout]   21:     0x564e0330d9d9 - std::rt::lang_start::{{closure}}::hc9a918c63b0dc835
[INFO] [stdout]   22:     0x564e033285ce - core::ops::function::impls::<impl core::ops::function::FnOnce<A> for &F>::call_once::h2eb19b8ce4148df4
[INFO] [stdout]                                at /rustc/1b7dd2252b99671ce5d1cb9664c5f8636329436d/library/core/src/ops/function.rs:287:13
[INFO] [stdout]   23:     0x564e033285ce - std::panicking::try::do_call::h2e900feff5d504c5
[INFO] [stdout]                                at /rustc/1b7dd2252b99671ce5d1cb9664c5f8636329436d/library/std/src/panicking.rs:485:40
[INFO] [stdout]   24:     0x564e033285ce - std::panicking::try::h8854836cb85aa9f2
[INFO] [stdout]                                at /rustc/1b7dd2252b99671ce5d1cb9664c5f8636329436d/library/std/src/panicking.rs:449:19
[INFO] [stdout]   25:     0x564e033285ce - std::panic::catch_unwind::h706025dd4c48f64b
[INFO] [stdout]                                at /rustc/1b7dd2252b99671ce5d1cb9664c5f8636329436d/library/std/src/panic.rs:140:14
[INFO] [stdout]   26:     0x564e033285ce - std::rt::lang_start_internal::{{closure}}::h7be5b97f4a07a91a
[INFO] [stdout]                                at /rustc/1b7dd2252b99671ce5d1cb9664c5f8636329436d/library/std/src/rt.rs:148:48
[INFO] [stdout]   27:     0x564e033285ce - std::panicking::try::do_call::h59847e9d0a176965
[INFO] [stdout]                                at /rustc/1b7dd2252b99671ce5d1cb9664c5f8636329436d/library/std/src/panicking.rs:485:40
[INFO] [stdout]   28:     0x564e033285ce - std::panicking::try::h399a918ba8522823
[INFO] [stdout]                                at /rustc/1b7dd2252b99671ce5d1cb9664c5f8636329436d/library/std/src/panicking.rs:449:19
[INFO] [stdout]   29:     0x564e033285ce - std::panic::catch_unwind::hca7ca6c55b2a2e26
[INFO] [stdout]                                at /rustc/1b7dd2252b99671ce5d1cb9664c5f8636329436d/library/std/src/panic.rs:140:14
[INFO] [stdout]   30:     0x564e033285ce - std::rt::lang_start_internal::h2c807a81560459eb
[INFO] [stdout]                                at /rustc/1b7dd2252b99671ce5d1cb9664c5f8636329436d/library/std/src/rt.rs:148:20
[INFO] [stdout]   31:     0x564e0330d9b7 - std::rt::lang_start::hc4bd3329ce767e23
[INFO] [stdout]   32:     0x564e0330dfe5 - main
[INFO] [stdout]   33:     0x7fcf89c81d90 - <unknown>
[INFO] [stdout]   34:     0x7fcf89c81e40 - __libc_start_main
[INFO] [stdout]   35:     0x564e0330d845 - _start
[INFO] [stdout]   36:                0x0 - <unknown>
[INFO] [stdout] 
[INFO] [stdout] 
[INFO] [stdout] 
[INFO] [stdout] failures:
[INFO] [stdout]     src/farlib.rs - farlib::FarArchive::load_file_data (line 138)
[INFO] [stdout]     src/farlib.rs - farlib::FarArchive::new_from_files (line 95)
[INFO] [stdout]     src/farlib.rs - farlib::FarArchive::to_vec (line 173)
[INFO] [stdout]     src/farlib.rs - farlib::FarFile (line 19)
[INFO] [stdout]     src/farlib.rs - farlib::FarFile::new_from_archive (line 53)
[INFO] [stdout]     src/farlib.rs - farlib::FarFile::new_from_file (line 75)
[INFO] [stdout]     src/farlib.rs - farlib::test (line 235)
[INFO] [stdout] 
[INFO] [stdout] test result: FAILED. 0 passed; 7 failed; 0 ignored; 0 measured; 0 filtered out; finished in 0.16s
[INFO] [stdout] 
[INFO] [stderr] error: doctest failed, to rerun pass `--doc`
[INFO] running `Command { std: "docker" "inspect" "134d406db0a9da84a43785070d2e00b1464a32830058f3922c05c073dca6abdb", kill_on_drop: false }`
[INFO] running `Command { std: "docker" "rm" "-f" "134d406db0a9da84a43785070d2e00b1464a32830058f3922c05c073dca6abdb", kill_on_drop: false }`
[INFO] [stdout] 134d406db0a9da84a43785070d2e00b1464a32830058f3922c05c073dca6abdb
