[INFO] fetching crate libdmd 0.1.6...
[INFO] testing libdmd-0.1.6 against 1.69.0 for beta-1.70-1
[INFO] extracting crate libdmd 0.1.6 into /workspace/builds/worker-4-tc1/source
[INFO] validating manifest of crates.io crate libdmd 0.1.6 on toolchain 1.69.0
[INFO] running `Command { std: CARGO_HOME="/workspace/cargo-home" RUSTUP_HOME="/workspace/rustup-home" "/workspace/cargo-home/bin/cargo" "+1.69.0" "metadata" "--manifest-path" "Cargo.toml" "--no-deps", kill_on_drop: false }`
[INFO] started tweaking crates.io crate libdmd 0.1.6
[INFO] removed 1 missing examples
[INFO] finished tweaking crates.io crate libdmd 0.1.6
[INFO] tweaked toml for crates.io crate libdmd 0.1.6 written to /workspace/builds/worker-4-tc1/source/Cargo.toml
[INFO] crate crates.io crate libdmd 0.1.6 already has a lockfile, it will not be regenerated
[INFO] running `Command { std: CARGO_HOME="/workspace/cargo-home" RUSTUP_HOME="/workspace/rustup-home" "/workspace/cargo-home/bin/cargo" "+1.69.0" "fetch" "--manifest-path" "Cargo.toml", kill_on_drop: false }`
[INFO] [stderr]  Downloading crates ...
[INFO] [stderr]   Downloaded serde_json v1.0.75
[INFO] running `Command { std: "docker" "create" "-v" "/var/lib/crater-agent-workspace/builds/worker-4-tc1/target:/opt/rustwide/target:rw,Z" "-v" "/var/lib/crater-agent-workspace/builds/worker-4-tc1/source:/opt/rustwide/workdir:ro,Z" "-v" "/var/lib/crater-agent-workspace/cargo-home:/opt/rustwide/cargo-home:ro,Z" "-v" "/var/lib/crater-agent-workspace/rustup-home:/opt/rustwide/rustup-home:ro,Z" "-e" "SOURCE_DIR=/opt/rustwide/workdir" "-e" "CARGO_TARGET_DIR=/opt/rustwide/target" "-e" "CARGO_HOME=/opt/rustwide/cargo-home" "-e" "RUSTUP_HOME=/opt/rustwide/rustup-home" "-w" "/opt/rustwide/workdir" "-m" "1610612736" "--user" "0:0" "--network" "none" "ghcr.io/rust-lang/crates-build-env/linux@sha256:5ff2268d62e97bff2cde7d5815dd6ed5b47097566f13b8d0ca110b04b60e07ed" "/opt/rustwide/cargo-home/bin/cargo" "+1.69.0" "metadata" "--no-deps" "--format-version=1", kill_on_drop: false }`
[INFO] [stdout] e7720eabebc2ed835015ab45dfef3b4f0e99de3b8f8408bc3a5630f7b358fce8
[INFO] running `Command { std: "docker" "start" "-a" "e7720eabebc2ed835015ab45dfef3b4f0e99de3b8f8408bc3a5630f7b358fce8", kill_on_drop: false }`
[INFO] running `Command { std: "docker" "inspect" "e7720eabebc2ed835015ab45dfef3b4f0e99de3b8f8408bc3a5630f7b358fce8", kill_on_drop: false }`
[INFO] running `Command { std: "docker" "rm" "-f" "e7720eabebc2ed835015ab45dfef3b4f0e99de3b8f8408bc3a5630f7b358fce8", kill_on_drop: false }`
[INFO] [stdout] e7720eabebc2ed835015ab45dfef3b4f0e99de3b8f8408bc3a5630f7b358fce8
[INFO] running `Command { std: "docker" "create" "-v" "/var/lib/crater-agent-workspace/builds/worker-4-tc1/target:/opt/rustwide/target:rw,Z" "-v" "/var/lib/crater-agent-workspace/builds/worker-4-tc1/source:/opt/rustwide/workdir:ro,Z" "-v" "/var/lib/crater-agent-workspace/cargo-home:/opt/rustwide/cargo-home:ro,Z" "-v" "/var/lib/crater-agent-workspace/rustup-home:/opt/rustwide/rustup-home:ro,Z" "-e" "SOURCE_DIR=/opt/rustwide/workdir" "-e" "CARGO_TARGET_DIR=/opt/rustwide/target" "-e" "CARGO_INCREMENTAL=0" "-e" "RUST_BACKTRACE=full" "-e" "RUSTFLAGS=--cap-lints=warn" "-e" "RUSTDOCFLAGS=--cap-lints=warn" "-e" "CARGO_HOME=/opt/rustwide/cargo-home" "-e" "RUSTUP_HOME=/opt/rustwide/rustup-home" "-w" "/opt/rustwide/workdir" "-m" "1610612736" "--user" "0:0" "--network" "none" "ghcr.io/rust-lang/crates-build-env/linux@sha256:5ff2268d62e97bff2cde7d5815dd6ed5b47097566f13b8d0ca110b04b60e07ed" "/opt/rustwide/cargo-home/bin/cargo" "+1.69.0" "build" "--frozen" "--message-format=json", kill_on_drop: false }`
[INFO] [stdout] 7084520a91cf21a9d6b06d2e68e15308baae25b6f23f0c321f8a717b3551fbcb
[INFO] running `Command { std: "docker" "start" "-a" "7084520a91cf21a9d6b06d2e68e15308baae25b6f23f0c321f8a717b3551fbcb", kill_on_drop: false }`
[INFO] [stderr]    Compiling proc-macro2 v1.0.36
[INFO] [stderr]    Compiling unicode-xid v0.2.2
[INFO] [stderr]    Compiling syn v1.0.85
[INFO] [stderr]    Compiling serde_derive v1.0.133
[INFO] [stderr]    Compiling libc v0.2.112
[INFO] [stderr]    Compiling serde v1.0.133
[INFO] [stderr]    Compiling serde_json v1.0.75
[INFO] [stderr]    Compiling anyhow v1.0.52
[INFO] [stderr]    Compiling itoa v1.0.1
[INFO] [stderr]    Compiling ryu v1.0.9
[INFO] [stderr]    Compiling quote v1.0.14
[INFO] [stderr]    Compiling dirs-sys v0.3.6
[INFO] [stderr]    Compiling dirs v4.0.0
[INFO] [stderr]    Compiling toml v0.5.8
[INFO] [stderr]    Compiling libdmd v0.1.6 (/opt/rustwide/workdir)
[INFO] [stderr]     Finished dev [unoptimized + debuginfo] target(s) in 9.48s
[INFO] running `Command { std: "docker" "inspect" "7084520a91cf21a9d6b06d2e68e15308baae25b6f23f0c321f8a717b3551fbcb", kill_on_drop: false }`
[INFO] running `Command { std: "docker" "rm" "-f" "7084520a91cf21a9d6b06d2e68e15308baae25b6f23f0c321f8a717b3551fbcb", kill_on_drop: false }`
[INFO] [stdout] 7084520a91cf21a9d6b06d2e68e15308baae25b6f23f0c321f8a717b3551fbcb
[INFO] running `Command { std: "docker" "create" "-v" "/var/lib/crater-agent-workspace/builds/worker-4-tc1/target:/opt/rustwide/target:rw,Z" "-v" "/var/lib/crater-agent-workspace/builds/worker-4-tc1/source:/opt/rustwide/workdir:ro,Z" "-v" "/var/lib/crater-agent-workspace/cargo-home:/opt/rustwide/cargo-home:ro,Z" "-v" "/var/lib/crater-agent-workspace/rustup-home:/opt/rustwide/rustup-home:ro,Z" "-e" "SOURCE_DIR=/opt/rustwide/workdir" "-e" "CARGO_TARGET_DIR=/opt/rustwide/target" "-e" "CARGO_INCREMENTAL=0" "-e" "RUST_BACKTRACE=full" "-e" "RUSTFLAGS=--cap-lints=warn" "-e" "RUSTDOCFLAGS=--cap-lints=warn" "-e" "CARGO_HOME=/opt/rustwide/cargo-home" "-e" "RUSTUP_HOME=/opt/rustwide/rustup-home" "-w" "/opt/rustwide/workdir" "-m" "1610612736" "--user" "0:0" "--network" "none" "ghcr.io/rust-lang/crates-build-env/linux@sha256:5ff2268d62e97bff2cde7d5815dd6ed5b47097566f13b8d0ca110b04b60e07ed" "/opt/rustwide/cargo-home/bin/cargo" "+1.69.0" "test" "--frozen" "--no-run" "--message-format=json", kill_on_drop: false }`
[INFO] [stdout] 6d36c35ece3a2cad8e1939489c278c7b316c742cec1cc105bc05c7a824790b27
[INFO] running `Command { std: "docker" "start" "-a" "6d36c35ece3a2cad8e1939489c278c7b316c742cec1cc105bc05c7a824790b27", kill_on_drop: false }`
[INFO] [stderr]    Compiling libdmd v0.1.6 (/opt/rustwide/workdir)
[INFO] [stderr]     Finished test [unoptimized + debuginfo] target(s) in 0.32s
[INFO] running `Command { std: "docker" "inspect" "6d36c35ece3a2cad8e1939489c278c7b316c742cec1cc105bc05c7a824790b27", kill_on_drop: false }`
[INFO] running `Command { std: "docker" "rm" "-f" "6d36c35ece3a2cad8e1939489c278c7b316c742cec1cc105bc05c7a824790b27", kill_on_drop: false }`
[INFO] [stdout] 6d36c35ece3a2cad8e1939489c278c7b316c742cec1cc105bc05c7a824790b27
[INFO] running `Command { std: "docker" "create" "-v" "/var/lib/crater-agent-workspace/builds/worker-4-tc1/target:/opt/rustwide/target:rw,Z" "-v" "/var/lib/crater-agent-workspace/builds/worker-4-tc1/source:/opt/rustwide/workdir:ro,Z" "-v" "/var/lib/crater-agent-workspace/cargo-home:/opt/rustwide/cargo-home:ro,Z" "-v" "/var/lib/crater-agent-workspace/rustup-home:/opt/rustwide/rustup-home:ro,Z" "-e" "SOURCE_DIR=/opt/rustwide/workdir" "-e" "CARGO_TARGET_DIR=/opt/rustwide/target" "-e" "CARGO_INCREMENTAL=0" "-e" "RUST_BACKTRACE=full" "-e" "RUSTFLAGS=--cap-lints=warn" "-e" "RUSTDOCFLAGS=--cap-lints=warn" "-e" "CARGO_HOME=/opt/rustwide/cargo-home" "-e" "RUSTUP_HOME=/opt/rustwide/rustup-home" "-w" "/opt/rustwide/workdir" "-m" "1610612736" "--user" "0:0" "--network" "none" "ghcr.io/rust-lang/crates-build-env/linux@sha256:5ff2268d62e97bff2cde7d5815dd6ed5b47097566f13b8d0ca110b04b60e07ed" "/opt/rustwide/cargo-home/bin/cargo" "+1.69.0" "test" "--frozen", kill_on_drop: false }`
[INFO] [stdout] 42e5584567fb3bc0fd2f0731dbab0db22a543b3c3e7ac7e207a00b936f5d1a68
[INFO] running `Command { std: "docker" "start" "-a" "42e5584567fb3bc0fd2f0731dbab0db22a543b3c3e7ac7e207a00b936f5d1a68", kill_on_drop: false }`
[INFO] [stderr]     Finished test [unoptimized + debuginfo] target(s) in 0.01s
[INFO] [stderr]      Running unittests src/lib.rs (/opt/rustwide/target/debug/deps/libdmd-cc041f1ea1ea2b0e)
[INFO] [stdout] 
[INFO] [stdout] running 0 tests
[INFO] [stdout] 
[INFO] [stdout] test result: ok. 0 passed; 0 failed; 0 ignored; 0 measured; 0 filtered out; finished in 0.00s
[INFO] [stdout] 
[INFO] [stderr]    Doc-tests libdmd
[INFO] [stdout] 
[INFO] [stdout] running 6 tests
[INFO] [stdout] test src/config.rs - config::Config::author (line 49) ... FAILED
[INFO] [stdout] test src/config.rs - config::Config::version (line 58) ... FAILED
[INFO] [stdout] test src/config.rs - config::Config::write (line 112) ... FAILED
[INFO] [stdout] test src/config.rs - config::Config::add (line 80) ... FAILED
[INFO] [stdout] test src/config.rs - config::Config::about (line 67) ... FAILED
[INFO] [stdout] test src/config.rs - config::Config::new (line 29) ... FAILED
[INFO] [stdout] 
[INFO] [stdout] failures:
[INFO] [stdout] 
[INFO] [stdout] ---- src/config.rs - config::Config::author (line 49) stdout ----
[INFO] [stdout] error[E0433]: failed to resolve: use of undeclared type `Config`
[INFO] [stdout]  --> src/config.rs:50:14
[INFO] [stdout]   |
[INFO] [stdout] 3 | let config = Config::new("app").author("Your Name");
[INFO] [stdout]   |              ^^^^^^ use of undeclared type `Config`
[INFO] [stdout]   |
[INFO] [stdout] help: consider importing this struct
[INFO] [stdout]   |
[INFO] [stdout] 2 | use libdmd::config::Config;
[INFO] [stdout]   |
[INFO] [stdout] 
[INFO] [stdout] error: aborting due to previous error
[INFO] [stdout] 
[INFO] [stdout] For more information about this error, try `rustc --explain E0433`.
[INFO] [stdout] Couldn't compile the test.
[INFO] [stdout] ---- src/config.rs - config::Config::version (line 58) stdout ----
[INFO] [stdout] error[E0433]: failed to resolve: use of undeclared type `Config`
[INFO] [stdout]  --> src/config.rs:59:14
[INFO] [stdout]   |
[INFO] [stdout] 3 | let config = Config::new("app").version("0.1.1");
[INFO] [stdout]   |              ^^^^^^ use of undeclared type `Config`
[INFO] [stdout]   |
[INFO] [stdout] help: consider importing this struct
[INFO] [stdout]   |
[INFO] [stdout] 2 | use libdmd::config::Config;
[INFO] [stdout]   |
[INFO] [stdout] 
[INFO] [stdout] error: aborting due to previous error
[INFO] [stdout] 
[INFO] [stdout] For more information about this error, try `rustc --explain E0433`.
[INFO] [stdout] Couldn't compile the test.
[INFO] [stdout] ---- src/config.rs - config::Config::write (line 112) stdout ----
[INFO] [stdout] error: cannot find macro `dir` in this scope
[INFO] [stdout]  --> src/config.rs:113:37
[INFO] [stdout]   |
[INFO] [stdout] 3 | let config = Config::new("app").add(dir!("config")).write()?;
[INFO] [stdout]   |                                     ^^^
[INFO] [stdout]   |
[INFO] [stdout]   = help: consider importing this macro:
[INFO] [stdout]           libdmd::dir
[INFO] [stdout] 
[INFO] [stdout] error[E0433]: failed to resolve: use of undeclared type `Config`
[INFO] [stdout]  --> src/config.rs:113:14
[INFO] [stdout]   |
[INFO] [stdout] 3 | let config = Config::new("app").add(dir!("config")).write()?;
[INFO] [stdout]   |              ^^^^^^ use of undeclared type `Config`
[INFO] [stdout]   |
[INFO] [stdout] help: consider importing this struct
[INFO] [stdout]   |
[INFO] [stdout] 2 | use libdmd::config::Config;
[INFO] [stdout]   |
[INFO] [stdout] 
[INFO] [stdout] error: aborting due to 2 previous errors
[INFO] [stdout] 
[INFO] [stdout] For more information about this error, try `rustc --explain E0433`.
[INFO] [stdout] Couldn't compile the test.
[INFO] [stdout] ---- src/config.rs - config::Config::add (line 80) stdout ----
[INFO] [stdout] error: cannot find macro `dir` in this scope
[INFO] [stdout]  --> src/config.rs:81:37
[INFO] [stdout]   |
[INFO] [stdout] 3 | let config = Config::new("app").add(dir!("config"));
[INFO] [stdout]   |                                     ^^^
[INFO] [stdout]   |
[INFO] [stdout]   = help: consider importing this macro:
[INFO] [stdout]           libdmd::dir
[INFO] [stdout] 
[INFO] [stdout] error[E0433]: failed to resolve: use of undeclared type `Config`
[INFO] [stdout]  --> src/config.rs:81:14
[INFO] [stdout]   |
[INFO] [stdout] 3 | let config = Config::new("app").add(dir!("config"));
[INFO] [stdout]   |              ^^^^^^ use of undeclared type `Config`
[INFO] [stdout]   |
[INFO] [stdout] help: consider importing this struct
[INFO] [stdout]   |
[INFO] [stdout] 2 | use libdmd::config::Config;
[INFO] [stdout]   |
[INFO] [stdout] 
[INFO] [stdout] error: aborting due to 2 previous errors
[INFO] [stdout] 
[INFO] [stdout] For more information about this error, try `rustc --explain E0433`.
[INFO] [stdout] Couldn't compile the test.
[INFO] [stdout] ---- src/config.rs - config::Config::about (line 67) stdout ----
[INFO] [stdout] error[E0433]: failed to resolve: use of undeclared type `Config`
[INFO] [stdout]  --> src/config.rs:68:14
[INFO] [stdout]   |
[INFO] [stdout] 3 | let config = Config::new("app").about("This app is just for demonstration.");
[INFO] [stdout]   |              ^^^^^^ use of undeclared type `Config`
[INFO] [stdout]   |
[INFO] [stdout] help: consider importing this struct
[INFO] [stdout]   |
[INFO] [stdout] 2 | use libdmd::config::Config;
[INFO] [stdout]   |
[INFO] [stdout] 
[INFO] [stdout] error: aborting due to previous error
[INFO] [stdout] 
[INFO] [stdout] For more information about this error, try `rustc --explain E0433`.
[INFO] [stdout] Couldn't compile the test.
[INFO] [stdout] ---- src/config.rs - config::Config::new (line 29) stdout ----
[INFO] [stdout] error[E0308]: mismatched types
[INFO] [stdout]  --> src/config.rs:33:14
[INFO] [stdout]   |
[INFO] [stdout] 6 | fn main() -> Result<()> {
[INFO] [stdout]   |    ----      ^^^^^^^^^^ expected `Result<(), Error>`, found `()`
[INFO] [stdout]   |    |
[INFO] [stdout]   |    implicitly returns `()` as its body has no tail or `return` expression
[INFO] [stdout]   |
[INFO] [stdout]   = note:   expected enum `Result<(), anyhow::Error>`
[INFO] [stdout]           found unit type `()`
[INFO] [stdout] 
[INFO] [stdout] error: aborting due to previous error
[INFO] [stdout] 
[INFO] [stdout] For more information about this error, try `rustc --explain E0308`.
[INFO] [stdout] Couldn't compile the test.
[INFO] [stdout] 
[INFO] [stdout] failures:
[INFO] [stdout]     src/config.rs - config::Config::about (line 67)
[INFO] [stdout]     src/config.rs - config::Config::add (line 80)
[INFO] [stdout]     src/config.rs - config::Config::author (line 49)
[INFO] [stdout]     src/config.rs - config::Config::new (line 29)
[INFO] [stdout]     src/config.rs - config::Config::version (line 58)
[INFO] [stdout]     src/config.rs - config::Config::write (line 112)
[INFO] [stdout] 
[INFO] [stdout] test result: FAILED. 0 passed; 6 failed; 0 ignored; 0 measured; 0 filtered out; finished in 0.05s
[INFO] [stdout] 
[INFO] [stderr] error: doctest failed, to rerun pass `--doc`
[INFO] running `Command { std: "docker" "inspect" "42e5584567fb3bc0fd2f0731dbab0db22a543b3c3e7ac7e207a00b936f5d1a68", kill_on_drop: false }`
[INFO] running `Command { std: "docker" "rm" "-f" "42e5584567fb3bc0fd2f0731dbab0db22a543b3c3e7ac7e207a00b936f5d1a68", kill_on_drop: false }`
[INFO] [stdout] 42e5584567fb3bc0fd2f0731dbab0db22a543b3c3e7ac7e207a00b936f5d1a68
