[INFO] fetching crate lfchring 0.1.3...
[INFO] testing lfchring-0.1.3 against beta-2023-04-20 for beta-1.70-1
[INFO] extracting crate lfchring 0.1.3 into /workspace/builds/worker-5-tc2/source
[INFO] validating manifest of crates.io crate lfchring 0.1.3 on toolchain beta-2023-04-20
[INFO] running `Command { std: CARGO_HOME="/workspace/cargo-home" RUSTUP_HOME="/workspace/rustup-home" "/workspace/cargo-home/bin/cargo" "+beta-2023-04-20" "metadata" "--manifest-path" "Cargo.toml" "--no-deps", kill_on_drop: false }`
[INFO] started tweaking crates.io crate lfchring 0.1.3
[INFO] finished tweaking crates.io crate lfchring 0.1.3
[INFO] tweaked toml for crates.io crate lfchring 0.1.3 written to /workspace/builds/worker-5-tc2/source/Cargo.toml
[INFO] running `Command { std: CARGO_HOME="/workspace/cargo-home" RUSTUP_HOME="/workspace/rustup-home" __CARGO_TEST_CHANNEL_OVERRIDE_DO_NOT_USE_THIS="nightly" "/workspace/cargo-home/bin/cargo" "+beta-2023-04-20" "generate-lockfile" "--manifest-path" "Cargo.toml" "-Zno-index-update", kill_on_drop: false }`
[INFO] running `Command { std: CARGO_HOME="/workspace/cargo-home" RUSTUP_HOME="/workspace/rustup-home" "/workspace/cargo-home/bin/cargo" "+beta-2023-04-20" "fetch" "--manifest-path" "Cargo.toml", kill_on_drop: false }`
[INFO] [stderr]     Blocking waiting for file lock on package cache
[INFO] running `Command { std: "docker" "create" "-v" "/var/lib/crater-agent-workspace/builds/worker-5-tc2/target:/opt/rustwide/target:rw,Z" "-v" "/var/lib/crater-agent-workspace/builds/worker-5-tc2/source:/opt/rustwide/workdir:ro,Z" "-v" "/var/lib/crater-agent-workspace/cargo-home:/opt/rustwide/cargo-home:ro,Z" "-v" "/var/lib/crater-agent-workspace/rustup-home:/opt/rustwide/rustup-home:ro,Z" "-e" "SOURCE_DIR=/opt/rustwide/workdir" "-e" "CARGO_TARGET_DIR=/opt/rustwide/target" "-e" "CARGO_HOME=/opt/rustwide/cargo-home" "-e" "RUSTUP_HOME=/opt/rustwide/rustup-home" "-w" "/opt/rustwide/workdir" "-m" "1610612736" "--user" "0:0" "--network" "none" "ghcr.io/rust-lang/crates-build-env/linux@sha256:5ff2268d62e97bff2cde7d5815dd6ed5b47097566f13b8d0ca110b04b60e07ed" "/opt/rustwide/cargo-home/bin/cargo" "+beta-2023-04-20" "metadata" "--no-deps" "--format-version=1", kill_on_drop: false }`
[INFO] [stdout] f8168b7d7600f605eb432f1f033f3b7dc7d5e9e7f70e58520c785dc21a1d5722
[INFO] running `Command { std: "docker" "start" "-a" "f8168b7d7600f605eb432f1f033f3b7dc7d5e9e7f70e58520c785dc21a1d5722", kill_on_drop: false }`
[INFO] running `Command { std: "docker" "inspect" "f8168b7d7600f605eb432f1f033f3b7dc7d5e9e7f70e58520c785dc21a1d5722", kill_on_drop: false }`
[INFO] running `Command { std: "docker" "rm" "-f" "f8168b7d7600f605eb432f1f033f3b7dc7d5e9e7f70e58520c785dc21a1d5722", kill_on_drop: false }`
[INFO] [stdout] f8168b7d7600f605eb432f1f033f3b7dc7d5e9e7f70e58520c785dc21a1d5722
[INFO] running `Command { std: "docker" "create" "-v" "/var/lib/crater-agent-workspace/builds/worker-5-tc2/target:/opt/rustwide/target:rw,Z" "-v" "/var/lib/crater-agent-workspace/builds/worker-5-tc2/source:/opt/rustwide/workdir:ro,Z" "-v" "/var/lib/crater-agent-workspace/cargo-home:/opt/rustwide/cargo-home:ro,Z" "-v" "/var/lib/crater-agent-workspace/rustup-home:/opt/rustwide/rustup-home:ro,Z" "-e" "SOURCE_DIR=/opt/rustwide/workdir" "-e" "CARGO_TARGET_DIR=/opt/rustwide/target" "-e" "CARGO_INCREMENTAL=0" "-e" "RUST_BACKTRACE=full" "-e" "RUSTFLAGS=--cap-lints=warn" "-e" "RUSTDOCFLAGS=--cap-lints=warn" "-e" "CARGO_HOME=/opt/rustwide/cargo-home" "-e" "RUSTUP_HOME=/opt/rustwide/rustup-home" "-w" "/opt/rustwide/workdir" "-m" "1610612736" "--user" "0:0" "--network" "none" "ghcr.io/rust-lang/crates-build-env/linux@sha256:5ff2268d62e97bff2cde7d5815dd6ed5b47097566f13b8d0ca110b04b60e07ed" "/opt/rustwide/cargo-home/bin/cargo" "+beta-2023-04-20" "build" "--frozen" "--message-format=json", kill_on_drop: false }`
[INFO] [stdout] 35b5beac1fc5364f28d9ba8552528b7ef5e2a82c5b826ac760612b32587a203d
[INFO] running `Command { std: "docker" "start" "-a" "35b5beac1fc5364f28d9ba8552528b7ef5e2a82c5b826ac760612b32587a203d", kill_on_drop: false }`
[INFO] [stderr]     Blocking waiting for file lock on package cache
[INFO] [stderr]    Compiling memoffset v0.8.0
[INFO] [stderr]    Compiling crossbeam-utils v0.8.15
[INFO] [stderr]    Compiling crossbeam-epoch v0.9.14
[INFO] [stderr]    Compiling log v0.4.17
[INFO] [stderr]    Compiling syn v2.0.15
[INFO] [stderr]    Compiling thiserror-impl v1.0.40
[INFO] [stderr]    Compiling thiserror v1.0.40
[INFO] [stderr]    Compiling lfchring v0.1.3 (/opt/rustwide/workdir)
[INFO] [stderr]     Finished dev [unoptimized + debuginfo] target(s) in 5.12s
[INFO] running `Command { std: "docker" "inspect" "35b5beac1fc5364f28d9ba8552528b7ef5e2a82c5b826ac760612b32587a203d", kill_on_drop: false }`
[INFO] running `Command { std: "docker" "rm" "-f" "35b5beac1fc5364f28d9ba8552528b7ef5e2a82c5b826ac760612b32587a203d", kill_on_drop: false }`
[INFO] [stdout] 35b5beac1fc5364f28d9ba8552528b7ef5e2a82c5b826ac760612b32587a203d
[INFO] running `Command { std: "docker" "create" "-v" "/var/lib/crater-agent-workspace/builds/worker-5-tc2/target:/opt/rustwide/target:rw,Z" "-v" "/var/lib/crater-agent-workspace/builds/worker-5-tc2/source:/opt/rustwide/workdir:ro,Z" "-v" "/var/lib/crater-agent-workspace/cargo-home:/opt/rustwide/cargo-home:ro,Z" "-v" "/var/lib/crater-agent-workspace/rustup-home:/opt/rustwide/rustup-home:ro,Z" "-e" "SOURCE_DIR=/opt/rustwide/workdir" "-e" "CARGO_TARGET_DIR=/opt/rustwide/target" "-e" "CARGO_INCREMENTAL=0" "-e" "RUST_BACKTRACE=full" "-e" "RUSTFLAGS=--cap-lints=warn" "-e" "RUSTDOCFLAGS=--cap-lints=warn" "-e" "CARGO_HOME=/opt/rustwide/cargo-home" "-e" "RUSTUP_HOME=/opt/rustwide/rustup-home" "-w" "/opt/rustwide/workdir" "-m" "1610612736" "--user" "0:0" "--network" "none" "ghcr.io/rust-lang/crates-build-env/linux@sha256:5ff2268d62e97bff2cde7d5815dd6ed5b47097566f13b8d0ca110b04b60e07ed" "/opt/rustwide/cargo-home/bin/cargo" "+beta-2023-04-20" "test" "--frozen" "--no-run" "--message-format=json", kill_on_drop: false }`
[INFO] [stdout] 17000084d497851c17e75587eafd9ea1926ccb6d263d3f1a3414be81d0dd5728
[INFO] running `Command { std: "docker" "start" "-a" "17000084d497851c17e75587eafd9ea1926ccb6d263d3f1a3414be81d0dd5728", kill_on_drop: false }`
[INFO] [stderr]    Compiling libc v0.2.142
[INFO] [stderr]    Compiling ppv-lite86 v0.2.17
[INFO] [stderr]    Compiling regex-syntax v0.7.1
[INFO] [stderr]    Compiling humantime v2.1.0
[INFO] [stderr]    Compiling termcolor v1.2.0
[INFO] [stderr]    Compiling hex-literal v0.3.4
[INFO] [stderr]    Compiling aho-corasick v1.0.1
[INFO] [stderr]    Compiling getrandom v0.2.9
[INFO] [stderr]    Compiling atty v0.2.14
[INFO] [stderr]    Compiling rand_core v0.6.4
[INFO] [stderr]    Compiling regex v1.8.1
[INFO] [stderr]    Compiling rand_chacha v0.3.1
[INFO] [stderr]    Compiling rand v0.8.5
[INFO] [stderr]    Compiling env_logger v0.8.4
[INFO] [stderr]    Compiling lfchring v0.1.3 (/opt/rustwide/workdir)
[INFO] [stderr]     Finished test [unoptimized + debuginfo] target(s) in 4.68s
[INFO] running `Command { std: "docker" "inspect" "17000084d497851c17e75587eafd9ea1926ccb6d263d3f1a3414be81d0dd5728", kill_on_drop: false }`
[INFO] running `Command { std: "docker" "rm" "-f" "17000084d497851c17e75587eafd9ea1926ccb6d263d3f1a3414be81d0dd5728", kill_on_drop: false }`
[INFO] [stdout] 17000084d497851c17e75587eafd9ea1926ccb6d263d3f1a3414be81d0dd5728
[INFO] running `Command { std: "docker" "create" "-v" "/var/lib/crater-agent-workspace/builds/worker-5-tc2/target:/opt/rustwide/target:rw,Z" "-v" "/var/lib/crater-agent-workspace/builds/worker-5-tc2/source:/opt/rustwide/workdir:ro,Z" "-v" "/var/lib/crater-agent-workspace/cargo-home:/opt/rustwide/cargo-home:ro,Z" "-v" "/var/lib/crater-agent-workspace/rustup-home:/opt/rustwide/rustup-home:ro,Z" "-e" "SOURCE_DIR=/opt/rustwide/workdir" "-e" "CARGO_TARGET_DIR=/opt/rustwide/target" "-e" "CARGO_INCREMENTAL=0" "-e" "RUST_BACKTRACE=full" "-e" "RUSTFLAGS=--cap-lints=warn" "-e" "RUSTDOCFLAGS=--cap-lints=warn" "-e" "CARGO_HOME=/opt/rustwide/cargo-home" "-e" "RUSTUP_HOME=/opt/rustwide/rustup-home" "-w" "/opt/rustwide/workdir" "-m" "1610612736" "--user" "0:0" "--network" "none" "ghcr.io/rust-lang/crates-build-env/linux@sha256:5ff2268d62e97bff2cde7d5815dd6ed5b47097566f13b8d0ca110b04b60e07ed" "/opt/rustwide/cargo-home/bin/cargo" "+beta-2023-04-20" "test" "--frozen", kill_on_drop: false }`
[INFO] [stdout] 8f500d8e241de2d9d10f4aee61d85c360e71cf55224672a503e908f05c2ed113
[INFO] running `Command { std: "docker" "start" "-a" "8f500d8e241de2d9d10f4aee61d85c360e71cf55224672a503e908f05c2ed113", kill_on_drop: false }`
[INFO] [stderr]     Finished test [unoptimized + debuginfo] target(s) in 0.02s
[INFO] [stderr]      Running unittests src/lib.rs (/opt/rustwide/target/debug/deps/lfchring-96fd9ec338bd1545)
[INFO] [stdout] 
[INFO] [stdout] running 21 tests
[INFO] [stdout] test tests::node_str ... ok
[INFO] [stdout] test tests::node_string ... ok
[INFO] [stdout] test tests::new_ring_already_in ... ok
[INFO] [stdout] test tests::new_ring ... ok
[INFO] [stdout] test tests::test_adjacent_node_singlethr_01 ... ok
[INFO] [stdout] test tests::test_adjacent_singlethr_01 ... ok
[INFO] [stdout] test tests::test_insert_singlethr_01 ... ok
[INFO] [stdout] test tests::test_has_virtual_node_singlethr_01 ... ok
[INFO] [stdout] test tests::test_node_impls ... ok
[INFO] [stdout] test tests::test_iter_singlethr_01 ... ok
[INFO] [stdout] test tests::test_replf_gt_nodes ... ok
[INFO] [stdout] test tests::test_iter_singlethr_04 ... ok
[INFO] [stdout] test tests::test_iter_singlethr_02 ... ok
[INFO] [stdout] test tests::test_nodes_for_key_singlethr_01 ... ok
[INFO] [stdout] test tests::test_remove_singlethr_01 ... ok
[INFO] [stdout] test tests::test_iter_singlethr_03 ... ok
[INFO] [stdout] test tests::test_virtual_node_for_key_singlethr_01 ... ok
[INFO] [stdout] test tests::test_extend_singlethr_01 ... ok
[INFO] [stdout] test tests::test_iter_multithr_01_stdhash ... ok
[INFO] [stdout] test tests::test_contention_multithr_01 ... ok
[INFO] [stdout] test tests::test_insert_multithr_01_stdhash has been running for over 60 seconds
[INFO] [stdout] test tests::test_insert_multithr_01_stdhash ... ok
[INFO] [stdout] 
[INFO] [stdout] test result: ok. 21 passed; 0 failed; 0 ignored; 0 measured; 0 filtered out; finished in 77.36s
[INFO] [stdout] 
[INFO] [stderr]    Doc-tests lfchring
[INFO] [stderr] warning: lint `broken_intra_doc_links` has been renamed to `rustdoc::broken_intra_doc_links`
[INFO] [stderr]    --> /opt/rustwide/workdir/src/lib.rs:266:5
[INFO] [stderr]     |
[INFO] [stderr] 266 |     broken_intra_doc_links,
[INFO] [stderr]     |     ^^^^^^^^^^^^^^^^^^^^^^ help: use the new name: `rustdoc::broken_intra_doc_links`
[INFO] [stderr]     |
[INFO] [stderr]     = note: `#[warn(renamed_and_removed_lints)]` on by default
[INFO] [stderr] 
[INFO] [stderr] warning: 1 warning emitted
[INFO] [stderr] 
[INFO] [stdout] 
[INFO] [stdout] running 5 tests
[INFO] [stdout] test src/types.rs - types::Blake3Hasher (line 180) ... FAILED
[INFO] [stdout] test src/types.rs - types::Blake2bHasher (line 223) ... FAILED
[INFO] [stdout] test src/lib.rs - (line 92) ... ok
[INFO] [stdout] test src/lib.rs - (line 73) ... ok
[INFO] [stdout] test src/lib.rs - (line 164) ... ok
[INFO] [stdout] 
[INFO] [stdout] failures:
[INFO] [stdout] 
[INFO] [stdout] ---- src/types.rs - types::Blake3Hasher (line 180) stdout ----
[INFO] [stdout] error[E0432]: unresolved import `lfchring::Blake3Hasher`
[INFO] [stdout]  --> src/types.rs:181:16
[INFO] [stdout]   |
[INFO] [stdout] 3 | use lfchring::{Blake3Hasher, HashRing, Result, Vnid};
[INFO] [stdout]   |                ^^^^^^^^^^^^ no `Blake3Hasher` in the root
[INFO] [stdout] 
[INFO] [stdout] error: aborting due to previous error
[INFO] [stdout] 
[INFO] [stdout] For more information about this error, try `rustc --explain E0432`.
[INFO] [stdout] Couldn't compile the test.
[INFO] [stdout] ---- src/types.rs - types::Blake2bHasher (line 223) stdout ----
[INFO] [stdout] error[E0432]: unresolved import `lfchring::Blake2bHasher`
[INFO] [stdout]  --> src/types.rs:224:16
[INFO] [stdout]   |
[INFO] [stdout] 3 | use lfchring::{Blake2bHasher, HashRing, Result, Vnid};
[INFO] [stdout]   |                ^^^^^^^^^^^^^ no `Blake2bHasher` in the root
[INFO] [stdout] 
[INFO] [stdout] error: aborting due to previous error
[INFO] [stdout] 
[INFO] [stdout] For more information about this error, try `rustc --explain E0432`.
[INFO] [stdout] Couldn't compile the test.
[INFO] [stdout] 
[INFO] [stdout] failures:
[INFO] [stdout]     src/types.rs - types::Blake2bHasher (line 223)
[INFO] [stdout]     src/types.rs - types::Blake3Hasher (line 180)
[INFO] [stdout] 
[INFO] [stdout] test result: FAILED. 3 passed; 2 failed; 0 ignored; 0 measured; 0 filtered out; finished in 0.47s
[INFO] [stdout] 
[INFO] [stderr] error: doctest failed, to rerun pass `--doc`
[INFO] running `Command { std: "docker" "inspect" "8f500d8e241de2d9d10f4aee61d85c360e71cf55224672a503e908f05c2ed113", kill_on_drop: false }`
[INFO] running `Command { std: "docker" "rm" "-f" "8f500d8e241de2d9d10f4aee61d85c360e71cf55224672a503e908f05c2ed113", kill_on_drop: false }`
[INFO] [stdout] 8f500d8e241de2d9d10f4aee61d85c360e71cf55224672a503e908f05c2ed113
