[INFO] fetching crate led 0.3.1...
[INFO] testing led-0.3.1 against 1.69.0 for beta-1.70-1
[INFO] extracting crate led 0.3.1 into /workspace/builds/worker-4-tc1/source
[INFO] validating manifest of crates.io crate led 0.3.1 on toolchain 1.69.0
[INFO] running `Command { std: CARGO_HOME="/workspace/cargo-home" RUSTUP_HOME="/workspace/rustup-home" "/workspace/cargo-home/bin/cargo" "+1.69.0" "metadata" "--manifest-path" "Cargo.toml" "--no-deps", kill_on_drop: false }`
[INFO] started tweaking crates.io crate led 0.3.1
[INFO] finished tweaking crates.io crate led 0.3.1
[INFO] tweaked toml for crates.io crate led 0.3.1 written to /workspace/builds/worker-4-tc1/source/Cargo.toml
[INFO] running `Command { std: CARGO_HOME="/workspace/cargo-home" RUSTUP_HOME="/workspace/rustup-home" __CARGO_TEST_CHANNEL_OVERRIDE_DO_NOT_USE_THIS="nightly" "/workspace/cargo-home/bin/cargo" "+1.69.0" "generate-lockfile" "--manifest-path" "Cargo.toml" "-Zno-index-update", kill_on_drop: false }`
[INFO] running `Command { std: CARGO_HOME="/workspace/cargo-home" RUSTUP_HOME="/workspace/rustup-home" "/workspace/cargo-home/bin/cargo" "+1.69.0" "fetch" "--manifest-path" "Cargo.toml", kill_on_drop: false }`
[INFO] running `Command { std: "docker" "create" "-v" "/var/lib/crater-agent-workspace/builds/worker-4-tc1/target:/opt/rustwide/target:rw,Z" "-v" "/var/lib/crater-agent-workspace/builds/worker-4-tc1/source:/opt/rustwide/workdir:ro,Z" "-v" "/var/lib/crater-agent-workspace/cargo-home:/opt/rustwide/cargo-home:ro,Z" "-v" "/var/lib/crater-agent-workspace/rustup-home:/opt/rustwide/rustup-home:ro,Z" "-e" "SOURCE_DIR=/opt/rustwide/workdir" "-e" "CARGO_TARGET_DIR=/opt/rustwide/target" "-e" "CARGO_HOME=/opt/rustwide/cargo-home" "-e" "RUSTUP_HOME=/opt/rustwide/rustup-home" "-w" "/opt/rustwide/workdir" "-m" "1610612736" "--user" "0:0" "--network" "none" "ghcr.io/rust-lang/crates-build-env/linux@sha256:5ff2268d62e97bff2cde7d5815dd6ed5b47097566f13b8d0ca110b04b60e07ed" "/opt/rustwide/cargo-home/bin/cargo" "+1.69.0" "metadata" "--no-deps" "--format-version=1", kill_on_drop: false }`
[INFO] [stdout] 5cd74d44b66fdccd87300fca981f6117ca6f8759853309abf766765517e0076f
[INFO] running `Command { std: "docker" "start" "-a" "5cd74d44b66fdccd87300fca981f6117ca6f8759853309abf766765517e0076f", kill_on_drop: false }`
[INFO] running `Command { std: "docker" "inspect" "5cd74d44b66fdccd87300fca981f6117ca6f8759853309abf766765517e0076f", kill_on_drop: false }`
[INFO] running `Command { std: "docker" "rm" "-f" "5cd74d44b66fdccd87300fca981f6117ca6f8759853309abf766765517e0076f", kill_on_drop: false }`
[INFO] [stdout] 5cd74d44b66fdccd87300fca981f6117ca6f8759853309abf766765517e0076f
[INFO] running `Command { std: "docker" "create" "-v" "/var/lib/crater-agent-workspace/builds/worker-4-tc1/target:/opt/rustwide/target:rw,Z" "-v" "/var/lib/crater-agent-workspace/builds/worker-4-tc1/source:/opt/rustwide/workdir:ro,Z" "-v" "/var/lib/crater-agent-workspace/cargo-home:/opt/rustwide/cargo-home:ro,Z" "-v" "/var/lib/crater-agent-workspace/rustup-home:/opt/rustwide/rustup-home:ro,Z" "-e" "SOURCE_DIR=/opt/rustwide/workdir" "-e" "CARGO_TARGET_DIR=/opt/rustwide/target" "-e" "CARGO_INCREMENTAL=0" "-e" "RUST_BACKTRACE=full" "-e" "RUSTFLAGS=--cap-lints=warn" "-e" "RUSTDOCFLAGS=--cap-lints=warn" "-e" "CARGO_HOME=/opt/rustwide/cargo-home" "-e" "RUSTUP_HOME=/opt/rustwide/rustup-home" "-w" "/opt/rustwide/workdir" "-m" "1610612736" "--user" "0:0" "--network" "none" "ghcr.io/rust-lang/crates-build-env/linux@sha256:5ff2268d62e97bff2cde7d5815dd6ed5b47097566f13b8d0ca110b04b60e07ed" "/opt/rustwide/cargo-home/bin/cargo" "+1.69.0" "build" "--frozen" "--message-format=json", kill_on_drop: false }`
[INFO] [stdout] cd421298a83da9f9d0851d0887e623a86607f4795a578e6947af3c49193f4cb5
[INFO] running `Command { std: "docker" "start" "-a" "cd421298a83da9f9d0851d0887e623a86607f4795a578e6947af3c49193f4cb5", kill_on_drop: false }`
[INFO] [stderr]    Compiling nb v1.1.0
[INFO] [stderr]    Compiling void v1.0.2
[INFO] [stderr]    Compiling nb v0.1.3
[INFO] [stderr]    Compiling embedded-hal v0.2.7
[INFO] [stderr]    Compiling led v0.3.1 (/opt/rustwide/workdir)
[INFO] [stderr]     Finished dev [unoptimized + debuginfo] target(s) in 0.50s
[INFO] running `Command { std: "docker" "inspect" "cd421298a83da9f9d0851d0887e623a86607f4795a578e6947af3c49193f4cb5", kill_on_drop: false }`
[INFO] running `Command { std: "docker" "rm" "-f" "cd421298a83da9f9d0851d0887e623a86607f4795a578e6947af3c49193f4cb5", kill_on_drop: false }`
[INFO] [stdout] cd421298a83da9f9d0851d0887e623a86607f4795a578e6947af3c49193f4cb5
[INFO] running `Command { std: "docker" "create" "-v" "/var/lib/crater-agent-workspace/builds/worker-4-tc1/target:/opt/rustwide/target:rw,Z" "-v" "/var/lib/crater-agent-workspace/builds/worker-4-tc1/source:/opt/rustwide/workdir:ro,Z" "-v" "/var/lib/crater-agent-workspace/cargo-home:/opt/rustwide/cargo-home:ro,Z" "-v" "/var/lib/crater-agent-workspace/rustup-home:/opt/rustwide/rustup-home:ro,Z" "-e" "SOURCE_DIR=/opt/rustwide/workdir" "-e" "CARGO_TARGET_DIR=/opt/rustwide/target" "-e" "CARGO_INCREMENTAL=0" "-e" "RUST_BACKTRACE=full" "-e" "RUSTFLAGS=--cap-lints=warn" "-e" "RUSTDOCFLAGS=--cap-lints=warn" "-e" "CARGO_HOME=/opt/rustwide/cargo-home" "-e" "RUSTUP_HOME=/opt/rustwide/rustup-home" "-w" "/opt/rustwide/workdir" "-m" "1610612736" "--user" "0:0" "--network" "none" "ghcr.io/rust-lang/crates-build-env/linux@sha256:5ff2268d62e97bff2cde7d5815dd6ed5b47097566f13b8d0ca110b04b60e07ed" "/opt/rustwide/cargo-home/bin/cargo" "+1.69.0" "test" "--frozen" "--no-run" "--message-format=json", kill_on_drop: false }`
[INFO] [stdout] 58e30b2833ed40623ee00ce63e8ea718874f2df9c9849ba7db4ac314b37d976a
[INFO] running `Command { std: "docker" "start" "-a" "58e30b2833ed40623ee00ce63e8ea718874f2df9c9849ba7db4ac314b37d976a", kill_on_drop: false }`
[INFO] [stderr]    Compiling led v0.3.1 (/opt/rustwide/workdir)
[INFO] [stderr]     Finished test [unoptimized + debuginfo] target(s) in 0.46s
[INFO] running `Command { std: "docker" "inspect" "58e30b2833ed40623ee00ce63e8ea718874f2df9c9849ba7db4ac314b37d976a", kill_on_drop: false }`
[INFO] running `Command { std: "docker" "rm" "-f" "58e30b2833ed40623ee00ce63e8ea718874f2df9c9849ba7db4ac314b37d976a", kill_on_drop: false }`
[INFO] [stdout] 58e30b2833ed40623ee00ce63e8ea718874f2df9c9849ba7db4ac314b37d976a
[INFO] running `Command { std: "docker" "create" "-v" "/var/lib/crater-agent-workspace/builds/worker-4-tc1/target:/opt/rustwide/target:rw,Z" "-v" "/var/lib/crater-agent-workspace/builds/worker-4-tc1/source:/opt/rustwide/workdir:ro,Z" "-v" "/var/lib/crater-agent-workspace/cargo-home:/opt/rustwide/cargo-home:ro,Z" "-v" "/var/lib/crater-agent-workspace/rustup-home:/opt/rustwide/rustup-home:ro,Z" "-e" "SOURCE_DIR=/opt/rustwide/workdir" "-e" "CARGO_TARGET_DIR=/opt/rustwide/target" "-e" "CARGO_INCREMENTAL=0" "-e" "RUST_BACKTRACE=full" "-e" "RUSTFLAGS=--cap-lints=warn" "-e" "RUSTDOCFLAGS=--cap-lints=warn" "-e" "CARGO_HOME=/opt/rustwide/cargo-home" "-e" "RUSTUP_HOME=/opt/rustwide/rustup-home" "-w" "/opt/rustwide/workdir" "-m" "1610612736" "--user" "0:0" "--network" "none" "ghcr.io/rust-lang/crates-build-env/linux@sha256:5ff2268d62e97bff2cde7d5815dd6ed5b47097566f13b8d0ca110b04b60e07ed" "/opt/rustwide/cargo-home/bin/cargo" "+1.69.0" "test" "--frozen", kill_on_drop: false }`
[INFO] [stdout] 349a9b4fa622a652c07f220a6d6aa0237a9f604b290cd00ed9698f0e7c894d22
[INFO] running `Command { std: "docker" "start" "-a" "349a9b4fa622a652c07f220a6d6aa0237a9f604b290cd00ed9698f0e7c894d22", kill_on_drop: false }`
[INFO] [stderr]     Finished test [unoptimized + debuginfo] target(s) in 0.00s
[INFO] [stderr]      Running unittests src/lib.rs (/opt/rustwide/target/debug/deps/led-ea5e640dd7eb737c)
[INFO] [stdout] 
[INFO] [stdout] running 0 tests
[INFO] [stderr]    Doc-tests led
[INFO] [stdout] 
[INFO] [stdout] test result: ok. 0 passed; 0 failed; 0 ignored; 0 measured; 0 filtered out; finished in 0.00s
[INFO] [stdout] 
[INFO] [stdout] 
[INFO] [stdout] running 10 tests
[INFO] [stdout] test src/mono.rs - mono (line 21) ... FAILED
[INFO] [stdout] test src/rgb.rs - rgb (line 21) ... FAILED
[INFO] [stdout] test src/mono.rs - mono (line 45) ... FAILED
[INFO] [stdout] test src/mono.rs - mono::Monocolor (line 88) ... FAILED
[INFO] [stdout] test src/rgb.rs - rgb (line 47) ... FAILED
[INFO] [stdout] test src/mono.rs - mono::CommonCathode (line 218) ... FAILED
[INFO] [stdout] test src/rgb.rs - rgb::RGB (line 108) ... FAILED
[INFO] [stdout] test src/mono.rs - mono::CommonAnode (line 188) ... FAILED
[INFO] [stdout] test src/rgb.rs - rgb::CommonAnode (line 255) ... FAILED
[INFO] [stdout] test src/rgb.rs - rgb::CommonCathode (line 285) ... FAILED
[INFO] [stdout] 
[INFO] [stdout] failures:
[INFO] [stdout] 
[INFO] [stdout] ---- src/mono.rs - mono (line 21) stdout ----
[INFO] [stdout] error[E0432]: unresolved import `led::monocolor`
[INFO] [stdout]   --> src/mono.rs:38:10
[INFO] [stdout]    |
[INFO] [stdout] 20 | use led::monocolor::CommonAnodeLED;
[INFO] [stdout]    |          ^^^^^^^^^ could not find `monocolor` in `led`
[INFO] [stdout] 
[INFO] [stdout] error[E0433]: failed to resolve: use of undeclared type `State`
[INFO] [stdout]   --> src/mono.rs:42:9
[INFO] [stdout]    |
[INFO] [stdout] 24 | led.set(State::On);
[INFO] [stdout]    |         ^^^^^ use of undeclared type `State`
[INFO] [stdout] 
[INFO] [stdout] error[E0046]: not all trait items implemented, missing: `Error`
[INFO] [stdout]  --> src/mono.rs:26:1
[INFO] [stdout]   |
[INFO] [stdout] 8 | impl OutputPin for Pin {
[INFO] [stdout]   | ^^^^^^^^^^^^^^^^^^^^^^ missing `Error` in implementation
[INFO] [stdout]   |
[INFO] [stdout]   = help: implement the missing item: `type Error = Type;`
[INFO] [stdout] 
[INFO] [stdout] error: aborting due to 3 previous errors
[INFO] [stdout] 
[INFO] [stdout] Some errors have detailed explanations: E0046, E0432, E0433.
[INFO] [stdout] For more information about an error, try `rustc --explain E0046`.
[INFO] [stdout] Couldn't compile the test.
[INFO] [stdout] ---- src/rgb.rs - rgb (line 21) stdout ----
[INFO] [stdout] error[E0046]: not all trait items implemented, missing: `Error`
[INFO] [stdout]  --> src/rgb.rs:26:1
[INFO] [stdout]   |
[INFO] [stdout] 8 | impl OutputPin for Pin {
[INFO] [stdout]   | ^^^^^^^^^^^^^^^^^^^^^^ missing `Error` in implementation
[INFO] [stdout]   |
[INFO] [stdout]   = help: implement the missing item: `type Error = Type;`
[INFO] [stdout] 
[INFO] [stdout] error: aborting due to previous error
[INFO] [stdout] 
[INFO] [stdout] For more information about this error, try `rustc --explain E0046`.
[INFO] [stdout] Couldn't compile the test.
[INFO] [stdout] ---- src/mono.rs - mono (line 45) stdout ----
[INFO] [stdout] error[E0432]: unresolved import `led::monocolor`
[INFO] [stdout]   --> src/mono.rs:63:10
[INFO] [stdout]    |
[INFO] [stdout] 21 | use led::monocolor::{CommonAnodeLED, CommonCathodeLED, Monocolor};
[INFO] [stdout]    |          ^^^^^^^^^ could not find `monocolor` in `led`
[INFO] [stdout] 
[INFO] [stdout] error[E0433]: failed to resolve: use of undeclared type `State`
[INFO] [stdout]   --> src/mono.rs:71:13
[INFO] [stdout]    |
[INFO] [stdout] 29 |     led.set(State::On)
[INFO] [stdout]    |             ^^^^^ use of undeclared type `State`
[INFO] [stdout] 
[INFO] [stdout] error[E0046]: not all trait items implemented, missing: `Error`
[INFO] [stdout]  --> src/mono.rs:50:1
[INFO] [stdout]   |
[INFO] [stdout] 8 | impl OutputPin for Pin {
[INFO] [stdout]   | ^^^^^^^^^^^^^^^^^^^^^^ missing `Error` in implementation
[INFO] [stdout]   |
[INFO] [stdout]   = help: implement the missing item: `type Error = Type;`
[INFO] [stdout] 
[INFO] [stdout] error: aborting due to 3 previous errors
[INFO] [stdout] 
[INFO] [stdout] Some errors have detailed explanations: E0046, E0432, E0433.
[INFO] [stdout] For more information about an error, try `rustc --explain E0046`.
[INFO] [stdout] Couldn't compile the test.
[INFO] [stdout] ---- src/mono.rs - mono::Monocolor (line 88) stdout ----
[INFO] [stdout] error[E0046]: not all trait items implemented, missing: `Error`
[INFO] [stdout]  --> src/mono.rs:93:1
[INFO] [stdout]   |
[INFO] [stdout] 8 | impl OutputPin for Pin {
[INFO] [stdout]   | ^^^^^^^^^^^^^^^^^^^^^^ missing `Error` in implementation
[INFO] [stdout]   |
[INFO] [stdout]   = help: implement the missing item: `type Error = Type;`
[INFO] [stdout] 
[INFO] [stdout] warning: trait objects without an explicit `dyn` are deprecated
[INFO] [stdout]   --> src/mono.rs:111:21
[INFO] [stdout]    |
[INFO] [stdout] 26 | let mut leds: [&mut RGB; 2] = [
[INFO] [stdout]    |                     ^^^
[INFO] [stdout]    |
[INFO] [stdout]    = warning: this is accepted in the current edition (Rust 2018) but is a hard error in Rust 2021!
[INFO] [stdout]    = note: for more information, see <https://doc.rust-lang.org/nightly/edition-guide/rust-2021/warnings-promoted-to-error.html>
[INFO] [stdout]    = note: `#[warn(bare_trait_objects)]` on by default
[INFO] [stdout] help: use `dyn`
[INFO] [stdout]    |
[INFO] [stdout] 26 | let mut leds: [&mut dyn RGB; 2] = [
[INFO] [stdout]    |                     +++
[INFO] [stdout] 
[INFO] [stdout] error: aborting due to previous error; 1 warning emitted
[INFO] [stdout] 
[INFO] [stdout] For more information about this error, try `rustc --explain E0046`.
[INFO] [stdout] Couldn't compile the test.
[INFO] [stdout] ---- src/rgb.rs - rgb (line 47) stdout ----
[INFO] [stdout] error[E0046]: not all trait items implemented, missing: `Error`
[INFO] [stdout]  --> src/rgb.rs:52:1
[INFO] [stdout]   |
[INFO] [stdout] 8 | impl OutputPin for Pin {
[INFO] [stdout]   | ^^^^^^^^^^^^^^^^^^^^^^ missing `Error` in implementation
[INFO] [stdout]   |
[INFO] [stdout]   = help: implement the missing item: `type Error = Type;`
[INFO] [stdout] 
[INFO] [stdout] warning: trait objects without an explicit `dyn` are deprecated
[INFO] [stdout]   --> src/rgb.rs:71:21
[INFO] [stdout]    |
[INFO] [stdout] 27 | let mut leds: [&mut RGB; 2] = [
[INFO] [stdout]    |                     ^^^
[INFO] [stdout]    |
[INFO] [stdout]    = warning: this is accepted in the current edition (Rust 2018) but is a hard error in Rust 2021!
[INFO] [stdout]    = note: for more information, see <https://doc.rust-lang.org/nightly/edition-guide/rust-2021/warnings-promoted-to-error.html>
[INFO] [stdout]    = note: `#[warn(bare_trait_objects)]` on by default
[INFO] [stdout] help: use `dyn`
[INFO] [stdout]    |
[INFO] [stdout] 27 | let mut leds: [&mut dyn RGB; 2] = [
[INFO] [stdout]    |                     +++
[INFO] [stdout] 
[INFO] [stdout] error: aborting due to previous error; 1 warning emitted
[INFO] [stdout] 
[INFO] [stdout] For more information about this error, try `rustc --explain E0046`.
[INFO] [stdout] Couldn't compile the test.
[INFO] [stdout] ---- src/mono.rs - mono::CommonCathode (line 218) stdout ----
[INFO] [stdout] error[E0046]: not all trait items implemented, missing: `Error`
[INFO] [stdout]  --> src/mono.rs:223:1
[INFO] [stdout]   |
[INFO] [stdout] 8 | impl OutputPin for Pin {
[INFO] [stdout]   | ^^^^^^^^^^^^^^^^^^^^^^ missing `Error` in implementation
[INFO] [stdout]   |
[INFO] [stdout]   = help: implement the missing item: `type Error = Type;`
[INFO] [stdout] 
[INFO] [stdout] error[E0107]: struct takes 5 generic arguments but 4 generic arguments were supplied
[INFO] [stdout]    --> src/mono.rs:238:10
[INFO] [stdout]     |
[INFO] [stdout] 23  | let led: LED<CommonCathode, _, _, _> = LED::new(r, g, b);
[INFO] [stdout]     |          ^^^ -------------  -  -  - supplied 4 generic arguments
[INFO] [stdout]     |          |
[INFO] [stdout]     |          expected 5 generic arguments
[INFO] [stdout]     |
[INFO] [stdout] note: struct defined here, with 5 generic parameters: `C`, `R`, `G`, `B`, `E`
[INFO] [stdout]    --> /opt/rustwide/workdir/src/rgb.rs:148:12
[INFO] [stdout]     |
[INFO] [stdout] 148 | pub struct LED<C, R, G, B, E>
[INFO] [stdout]     |            ^^^ -  -  -  -  -
[INFO] [stdout] help: add missing generic argument
[INFO] [stdout]     |
[INFO] [stdout] 23  | let led: LED<CommonCathode, _, _, _, E> = LED::new(r, g, b);
[INFO] [stdout]     |                                    +++
[INFO] [stdout] 
[INFO] [stdout] error: aborting due to 2 previous errors
[INFO] [stdout] 
[INFO] [stdout] Some errors have detailed explanations: E0046, E0107.
[INFO] [stdout] For more information about an error, try `rustc --explain E0046`.
[INFO] [stdout] Couldn't compile the test.
[INFO] [stdout] ---- src/rgb.rs - rgb::RGB (line 108) stdout ----
[INFO] [stdout] error[E0046]: not all trait items implemented, missing: `Error`
[INFO] [stdout]  --> src/rgb.rs:113:1
[INFO] [stdout]   |
[INFO] [stdout] 8 | impl OutputPin for Pin {
[INFO] [stdout]   | ^^^^^^^^^^^^^^^^^^^^^^ missing `Error` in implementation
[INFO] [stdout]   |
[INFO] [stdout]   = help: implement the missing item: `type Error = Type;`
[INFO] [stdout] 
[INFO] [stdout] warning: trait objects without an explicit `dyn` are deprecated
[INFO] [stdout]   --> src/rgb.rs:131:21
[INFO] [stdout]    |
[INFO] [stdout] 26 | let mut leds: [&mut RGB; 2] = [
[INFO] [stdout]    |                     ^^^
[INFO] [stdout]    |
[INFO] [stdout]    = warning: this is accepted in the current edition (Rust 2018) but is a hard error in Rust 2021!
[INFO] [stdout]    = note: for more information, see <https://doc.rust-lang.org/nightly/edition-guide/rust-2021/warnings-promoted-to-error.html>
[INFO] [stdout]    = note: `#[warn(bare_trait_objects)]` on by default
[INFO] [stdout] help: use `dyn`
[INFO] [stdout]    |
[INFO] [stdout] 26 | let mut leds: [&mut dyn RGB; 2] = [
[INFO] [stdout]    |                     +++
[INFO] [stdout] 
[INFO] [stdout] error: aborting due to previous error; 1 warning emitted
[INFO] [stdout] 
[INFO] [stdout] For more information about this error, try `rustc --explain E0046`.
[INFO] [stdout] Couldn't compile the test.
[INFO] [stdout] ---- src/mono.rs - mono::CommonAnode (line 188) stdout ----
[INFO] [stdout] error[E0046]: not all trait items implemented, missing: `Error`
[INFO] [stdout]  --> src/mono.rs:193:1
[INFO] [stdout]   |
[INFO] [stdout] 8 | impl OutputPin for Pin {
[INFO] [stdout]   | ^^^^^^^^^^^^^^^^^^^^^^ missing `Error` in implementation
[INFO] [stdout]   |
[INFO] [stdout]   = help: implement the missing item: `type Error = Type;`
[INFO] [stdout] 
[INFO] [stdout] error[E0107]: struct takes 5 generic arguments but 4 generic arguments were supplied
[INFO] [stdout]    --> src/mono.rs:208:10
[INFO] [stdout]     |
[INFO] [stdout] 23  | let led: LED<CommonAnode, _, _, _> = LED::new(r, g, b);
[INFO] [stdout]     |          ^^^ -----------  -  -  - supplied 4 generic arguments
[INFO] [stdout]     |          |
[INFO] [stdout]     |          expected 5 generic arguments
[INFO] [stdout]     |
[INFO] [stdout] note: struct defined here, with 5 generic parameters: `C`, `R`, `G`, `B`, `E`
[INFO] [stdout]    --> /opt/rustwide/workdir/src/rgb.rs:148:12
[INFO] [stdout]     |
[INFO] [stdout] 148 | pub struct LED<C, R, G, B, E>
[INFO] [stdout]     |            ^^^ -  -  -  -  -
[INFO] [stdout] help: add missing generic argument
[INFO] [stdout]     |
[INFO] [stdout] 23  | let led: LED<CommonAnode, _, _, _, E> = LED::new(r, g, b);
[INFO] [stdout]     |                                  +++
[INFO] [stdout] 
[INFO] [stdout] error: aborting due to 2 previous errors
[INFO] [stdout] 
[INFO] [stdout] Some errors have detailed explanations: E0046, E0107.
[INFO] [stdout] For more information about an error, try `rustc --explain E0046`.
[INFO] [stdout] Couldn't compile the test.
[INFO] [stdout] ---- src/rgb.rs - rgb::CommonAnode (line 255) stdout ----
[INFO] [stdout] error[E0046]: not all trait items implemented, missing: `Error`
[INFO] [stdout]  --> src/rgb.rs:260:1
[INFO] [stdout]   |
[INFO] [stdout] 8 | impl OutputPin for Pin {
[INFO] [stdout]   | ^^^^^^^^^^^^^^^^^^^^^^ missing `Error` in implementation
[INFO] [stdout]   |
[INFO] [stdout]   = help: implement the missing item: `type Error = Type;`
[INFO] [stdout] 
[INFO] [stdout] error[E0107]: struct takes 5 generic arguments but 4 generic arguments were supplied
[INFO] [stdout]    --> src/rgb.rs:275:10
[INFO] [stdout]     |
[INFO] [stdout] 23  | let led: LED<CommonAnode, _, _, _> = LED::new(r, g, b);
[INFO] [stdout]     |          ^^^ -----------  -  -  - supplied 4 generic arguments
[INFO] [stdout]     |          |
[INFO] [stdout]     |          expected 5 generic arguments
[INFO] [stdout]     |
[INFO] [stdout] note: struct defined here, with 5 generic parameters: `C`, `R`, `G`, `B`, `E`
[INFO] [stdout]    --> /opt/rustwide/workdir/src/rgb.rs:148:12
[INFO] [stdout]     |
[INFO] [stdout] 148 | pub struct LED<C, R, G, B, E>
[INFO] [stdout]     |            ^^^ -  -  -  -  -
[INFO] [stdout] help: add missing generic argument
[INFO] [stdout]     |
[INFO] [stdout] 23  | let led: LED<CommonAnode, _, _, _, E> = LED::new(r, g, b);
[INFO] [stdout]     |                                  +++
[INFO] [stdout] 
[INFO] [stdout] error: aborting due to 2 previous errors
[INFO] [stdout] 
[INFO] [stdout] Some errors have detailed explanations: E0046, E0107.
[INFO] [stdout] For more information about an error, try `rustc --explain E0046`.
[INFO] [stdout] Couldn't compile the test.
[INFO] [stdout] ---- src/rgb.rs - rgb::CommonCathode (line 285) stdout ----
[INFO] [stdout] error[E0046]: not all trait items implemented, missing: `Error`
[INFO] [stdout]  --> src/rgb.rs:290:1
[INFO] [stdout]   |
[INFO] [stdout] 8 | impl OutputPin for Pin {
[INFO] [stdout]   | ^^^^^^^^^^^^^^^^^^^^^^ missing `Error` in implementation
[INFO] [stdout]   |
[INFO] [stdout]   = help: implement the missing item: `type Error = Type;`
[INFO] [stdout] 
[INFO] [stdout] error[E0107]: struct takes 5 generic arguments but 4 generic arguments were supplied
[INFO] [stdout]    --> src/rgb.rs:305:10
[INFO] [stdout]     |
[INFO] [stdout] 23  | let led: LED<CommonCathode, _, _, _> = LED::new(r, g, b);
[INFO] [stdout]     |          ^^^ -------------  -  -  - supplied 4 generic arguments
[INFO] [stdout]     |          |
[INFO] [stdout]     |          expected 5 generic arguments
[INFO] [stdout]     |
[INFO] [stdout] note: struct defined here, with 5 generic parameters: `C`, `R`, `G`, `B`, `E`
[INFO] [stdout]    --> /opt/rustwide/workdir/src/rgb.rs:148:12
[INFO] [stdout]     |
[INFO] [stdout] 148 | pub struct LED<C, R, G, B, E>
[INFO] [stdout]     |            ^^^ -  -  -  -  -
[INFO] [stdout] help: add missing generic argument
[INFO] [stdout]     |
[INFO] [stdout] 23  | let led: LED<CommonCathode, _, _, _, E> = LED::new(r, g, b);
[INFO] [stdout]     |                                    +++
[INFO] [stdout] 
[INFO] [stdout] error: aborting due to 2 previous errors
[INFO] [stdout] 
[INFO] [stdout] Some errors have detailed explanations: E0046, E0107.
[INFO] [stdout] For more information about an error, try `rustc --explain E0046`.
[INFO] [stdout] Couldn't compile the test.
[INFO] [stdout] 
[INFO] [stdout] failures:
[INFO] [stdout]     src/mono.rs - mono (line 21)
[INFO] [stdout]     src/mono.rs - mono (line 45)
[INFO] [stdout]     src/mono.rs - mono::CommonAnode (line 188)
[INFO] [stdout]     src/mono.rs - mono::CommonCathode (line 218)
[INFO] [stdout]     src/mono.rs - mono::Monocolor (line 88)
[INFO] [stdout]     src/rgb.rs - rgb (line 21)
[INFO] [stdout]     src/rgb.rs - rgb (line 47)
[INFO] [stdout]     src/rgb.rs - rgb::CommonAnode (line 255)
[INFO] [stdout]     src/rgb.rs - rgb::CommonCathode (line 285)
[INFO] [stdout]     src/rgb.rs - rgb::RGB (line 108)
[INFO] [stdout] 
[INFO] [stdout] test result: FAILED. 0 passed; 10 failed; 0 ignored; 0 measured; 0 filtered out; finished in 0.05s
[INFO] [stdout] 
[INFO] [stderr] error: doctest failed, to rerun pass `--doc`
[INFO] running `Command { std: "docker" "inspect" "349a9b4fa622a652c07f220a6d6aa0237a9f604b290cd00ed9698f0e7c894d22", kill_on_drop: false }`
[INFO] running `Command { std: "docker" "rm" "-f" "349a9b4fa622a652c07f220a6d6aa0237a9f604b290cd00ed9698f0e7c894d22", kill_on_drop: false }`
[INFO] [stdout] 349a9b4fa622a652c07f220a6d6aa0237a9f604b290cd00ed9698f0e7c894d22
