[INFO] fetching crate lb_test_crates 0.1.0...
[INFO] testing lb_test_crates-0.1.0 against beta-2023-04-20 for beta-1.70-1
[INFO] extracting crate lb_test_crates 0.1.0 into /workspace/builds/worker-7-tc2/source
[INFO] validating manifest of crates.io crate lb_test_crates 0.1.0 on toolchain beta-2023-04-20
[INFO] running `Command { std: CARGO_HOME="/workspace/cargo-home" RUSTUP_HOME="/workspace/rustup-home" "/workspace/cargo-home/bin/cargo" "+beta-2023-04-20" "metadata" "--manifest-path" "Cargo.toml" "--no-deps", kill_on_drop: false }`
[INFO] started tweaking crates.io crate lb_test_crates 0.1.0
[INFO] finished tweaking crates.io crate lb_test_crates 0.1.0
[INFO] tweaked toml for crates.io crate lb_test_crates 0.1.0 written to /workspace/builds/worker-7-tc2/source/Cargo.toml
[INFO] crate crates.io crate lb_test_crates 0.1.0 already has a lockfile, it will not be regenerated
[INFO] running `Command { std: CARGO_HOME="/workspace/cargo-home" RUSTUP_HOME="/workspace/rustup-home" "/workspace/cargo-home/bin/cargo" "+beta-2023-04-20" "fetch" "--manifest-path" "Cargo.toml", kill_on_drop: false }`
[INFO] running `Command { std: "docker" "create" "-v" "/var/lib/crater-agent-workspace/builds/worker-7-tc2/target:/opt/rustwide/target:rw,Z" "-v" "/var/lib/crater-agent-workspace/builds/worker-7-tc2/source:/opt/rustwide/workdir:ro,Z" "-v" "/var/lib/crater-agent-workspace/cargo-home:/opt/rustwide/cargo-home:ro,Z" "-v" "/var/lib/crater-agent-workspace/rustup-home:/opt/rustwide/rustup-home:ro,Z" "-e" "SOURCE_DIR=/opt/rustwide/workdir" "-e" "CARGO_TARGET_DIR=/opt/rustwide/target" "-e" "CARGO_HOME=/opt/rustwide/cargo-home" "-e" "RUSTUP_HOME=/opt/rustwide/rustup-home" "-w" "/opt/rustwide/workdir" "-m" "1610612736" "--user" "0:0" "--network" "none" "ghcr.io/rust-lang/crates-build-env/linux@sha256:5ff2268d62e97bff2cde7d5815dd6ed5b47097566f13b8d0ca110b04b60e07ed" "/opt/rustwide/cargo-home/bin/cargo" "+beta-2023-04-20" "metadata" "--no-deps" "--format-version=1", kill_on_drop: false }`
[INFO] [stdout] 3b4499694a410597252bb15f36e9d6adae9422071ffe0905194adfc24cf69270
[INFO] running `Command { std: "docker" "start" "-a" "3b4499694a410597252bb15f36e9d6adae9422071ffe0905194adfc24cf69270", kill_on_drop: false }`
[INFO] running `Command { std: "docker" "inspect" "3b4499694a410597252bb15f36e9d6adae9422071ffe0905194adfc24cf69270", kill_on_drop: false }`
[INFO] running `Command { std: "docker" "rm" "-f" "3b4499694a410597252bb15f36e9d6adae9422071ffe0905194adfc24cf69270", kill_on_drop: false }`
[INFO] [stdout] 3b4499694a410597252bb15f36e9d6adae9422071ffe0905194adfc24cf69270
[INFO] running `Command { std: "docker" "create" "-v" "/var/lib/crater-agent-workspace/builds/worker-7-tc2/target:/opt/rustwide/target:rw,Z" "-v" "/var/lib/crater-agent-workspace/builds/worker-7-tc2/source:/opt/rustwide/workdir:ro,Z" "-v" "/var/lib/crater-agent-workspace/cargo-home:/opt/rustwide/cargo-home:ro,Z" "-v" "/var/lib/crater-agent-workspace/rustup-home:/opt/rustwide/rustup-home:ro,Z" "-e" "SOURCE_DIR=/opt/rustwide/workdir" "-e" "CARGO_TARGET_DIR=/opt/rustwide/target" "-e" "CARGO_INCREMENTAL=0" "-e" "RUST_BACKTRACE=full" "-e" "RUSTFLAGS=--cap-lints=warn" "-e" "RUSTDOCFLAGS=--cap-lints=warn" "-e" "CARGO_HOME=/opt/rustwide/cargo-home" "-e" "RUSTUP_HOME=/opt/rustwide/rustup-home" "-w" "/opt/rustwide/workdir" "-m" "1610612736" "--user" "0:0" "--network" "none" "ghcr.io/rust-lang/crates-build-env/linux@sha256:5ff2268d62e97bff2cde7d5815dd6ed5b47097566f13b8d0ca110b04b60e07ed" "/opt/rustwide/cargo-home/bin/cargo" "+beta-2023-04-20" "build" "--frozen" "--message-format=json", kill_on_drop: false }`
[INFO] [stdout] 881385d087d714d0e18279fc4a9e4412f19e5685bcdee8b114258802520017de
[INFO] running `Command { std: "docker" "start" "-a" "881385d087d714d0e18279fc4a9e4412f19e5685bcdee8b114258802520017de", kill_on_drop: false }`
[INFO] [stderr]    Compiling lb_test_crates v0.1.0 (/opt/rustwide/workdir)
[INFO] [stdout] warning: type `Primary_Color` should have an upper camel case name
[INFO] [stdout]   --> src/lib.rs:27:14
[INFO] [stdout]    |
[INFO] [stdout] 27 |     pub enum Primary_Color {
[INFO] [stdout]    |              ^^^^^^^^^^^^^ help: convert the identifier to upper camel case: `PrimaryColor`
[INFO] [stdout]    |
[INFO] [stdout]    = note: `#[warn(non_camel_case_types)]` on by default
[INFO] [stdout] 
[INFO] [stdout] 
[INFO] [stdout] warning: type `Secondary_Color` should have an upper camel case name
[INFO] [stdout]   --> src/lib.rs:34:14
[INFO] [stdout]    |
[INFO] [stdout] 34 |     pub enum Secondary_Color {
[INFO] [stdout]    |              ^^^^^^^^^^^^^^^ help: convert the identifier to upper camel case: `SecondaryColor`
[INFO] [stdout] 
[INFO] [stdout] 
[INFO] [stdout] warning: unused variable: `c1`
[INFO] [stdout]   --> src/lib.rs:45:16
[INFO] [stdout]    |
[INFO] [stdout] 45 |     pub fn mix(c1: Primary_Color, c2: Primary_Color) -> Secondary_Color {
[INFO] [stdout]    |                ^^ help: if this is intentional, prefix it with an underscore: `_c1`
[INFO] [stdout]    |
[INFO] [stdout]    = note: `#[warn(unused_variables)]` on by default
[INFO] [stdout] 
[INFO] [stdout] 
[INFO] [stdout] warning: unused variable: `c2`
[INFO] [stdout]   --> src/lib.rs:45:35
[INFO] [stdout]    |
[INFO] [stdout] 45 |     pub fn mix(c1: Primary_Color, c2: Primary_Color) -> Secondary_Color {
[INFO] [stdout]    |                                   ^^ help: if this is intentional, prefix it with an underscore: `_c2`
[INFO] [stdout] 
[INFO] [stdout] 
[INFO] [stdout] warning: 4 warnings emitted
[INFO] [stdout] 
[INFO] [stdout] 
[INFO] [stderr]     Finished dev [unoptimized + debuginfo] target(s) in 0.62s
[INFO] running `Command { std: "docker" "inspect" "881385d087d714d0e18279fc4a9e4412f19e5685bcdee8b114258802520017de", kill_on_drop: false }`
[INFO] running `Command { std: "docker" "rm" "-f" "881385d087d714d0e18279fc4a9e4412f19e5685bcdee8b114258802520017de", kill_on_drop: false }`
[INFO] [stdout] 881385d087d714d0e18279fc4a9e4412f19e5685bcdee8b114258802520017de
[INFO] running `Command { std: "docker" "create" "-v" "/var/lib/crater-agent-workspace/builds/worker-7-tc2/target:/opt/rustwide/target:rw,Z" "-v" "/var/lib/crater-agent-workspace/builds/worker-7-tc2/source:/opt/rustwide/workdir:ro,Z" "-v" "/var/lib/crater-agent-workspace/cargo-home:/opt/rustwide/cargo-home:ro,Z" "-v" "/var/lib/crater-agent-workspace/rustup-home:/opt/rustwide/rustup-home:ro,Z" "-e" "SOURCE_DIR=/opt/rustwide/workdir" "-e" "CARGO_TARGET_DIR=/opt/rustwide/target" "-e" "CARGO_INCREMENTAL=0" "-e" "RUST_BACKTRACE=full" "-e" "RUSTFLAGS=--cap-lints=warn" "-e" "RUSTDOCFLAGS=--cap-lints=warn" "-e" "CARGO_HOME=/opt/rustwide/cargo-home" "-e" "RUSTUP_HOME=/opt/rustwide/rustup-home" "-w" "/opt/rustwide/workdir" "-m" "1610612736" "--user" "0:0" "--network" "none" "ghcr.io/rust-lang/crates-build-env/linux@sha256:5ff2268d62e97bff2cde7d5815dd6ed5b47097566f13b8d0ca110b04b60e07ed" "/opt/rustwide/cargo-home/bin/cargo" "+beta-2023-04-20" "test" "--frozen" "--no-run" "--message-format=json", kill_on_drop: false }`
[INFO] [stdout] 728d2d13ceee85003e13d2a84d66ccd44714219a0d6dcab32353244a6c84df07
[INFO] running `Command { std: "docker" "start" "-a" "728d2d13ceee85003e13d2a84d66ccd44714219a0d6dcab32353244a6c84df07", kill_on_drop: false }`
[INFO] [stdout] warning: type `Primary_Color` should have an upper camel case name
[INFO] [stdout]   --> src/lib.rs:27:14
[INFO] [stdout]    |
[INFO] [stdout] 27 |     pub enum Primary_Color {
[INFO] [stdout]    |              ^^^^^^^^^^^^^ help: convert the identifier to upper camel case: `PrimaryColor`
[INFO] [stdout]    |
[INFO] [stdout]    = note: `#[warn(non_camel_case_types)]` on by default
[INFO] [stdout] 
[INFO] [stdout] 
[INFO] [stderr]    Compiling lb_test_crates v0.1.0 (/opt/rustwide/workdir)
[INFO] [stdout] warning: type `Secondary_Color` should have an upper camel case name
[INFO] [stdout]   --> src/lib.rs:34:14
[INFO] [stdout]    |
[INFO] [stdout] 34 |     pub enum Secondary_Color {
[INFO] [stdout]    |              ^^^^^^^^^^^^^^^ help: convert the identifier to upper camel case: `SecondaryColor`
[INFO] [stdout] 
[INFO] [stdout] 
[INFO] [stdout] warning: unused variable: `c1`
[INFO] [stdout]   --> src/lib.rs:45:16
[INFO] [stdout]    |
[INFO] [stdout] 45 |     pub fn mix(c1: Primary_Color, c2: Primary_Color) -> Secondary_Color {
[INFO] [stdout]    |                ^^ help: if this is intentional, prefix it with an underscore: `_c1`
[INFO] [stdout]    |
[INFO] [stdout]    = note: `#[warn(unused_variables)]` on by default
[INFO] [stdout] 
[INFO] [stdout] 
[INFO] [stdout] warning: unused variable: `c2`
[INFO] [stdout]   --> src/lib.rs:45:35
[INFO] [stdout]    |
[INFO] [stdout] 45 |     pub fn mix(c1: Primary_Color, c2: Primary_Color) -> Secondary_Color {
[INFO] [stdout]    |                                   ^^ help: if this is intentional, prefix it with an underscore: `_c2`
[INFO] [stdout] 
[INFO] [stdout] 
[INFO] [stdout] warning: 4 warnings emitted
[INFO] [stdout] 
[INFO] [stdout] 
[INFO] [stdout] warning: type `Primary_Color` should have an upper camel case name
[INFO] [stdout]   --> src/lib.rs:27:14
[INFO] [stdout]    |
[INFO] [stdout] 27 |     pub enum Primary_Color {
[INFO] [stdout]    |              ^^^^^^^^^^^^^ help: convert the identifier to upper camel case: `PrimaryColor`
[INFO] [stdout]    |
[INFO] [stdout]    = note: `#[warn(non_camel_case_types)]` on by default
[INFO] [stdout] 
[INFO] [stdout] 
[INFO] [stdout] warning: type `Secondary_Color` should have an upper camel case name
[INFO] [stdout]   --> src/lib.rs:34:14
[INFO] [stdout]    |
[INFO] [stdout] 34 |     pub enum Secondary_Color {
[INFO] [stdout]    |              ^^^^^^^^^^^^^^^ help: convert the identifier to upper camel case: `SecondaryColor`
[INFO] [stdout] 
[INFO] [stdout] 
[INFO] [stdout] warning: unused variable: `c1`
[INFO] [stdout]   --> src/lib.rs:45:16
[INFO] [stdout]    |
[INFO] [stdout] 45 |     pub fn mix(c1: Primary_Color, c2: Primary_Color) -> Secondary_Color {
[INFO] [stdout]    |                ^^ help: if this is intentional, prefix it with an underscore: `_c1`
[INFO] [stdout]    |
[INFO] [stdout]    = note: `#[warn(unused_variables)]` on by default
[INFO] [stdout] 
[INFO] [stdout] 
[INFO] [stdout] warning: unused variable: `c2`
[INFO] [stdout]   --> src/lib.rs:45:35
[INFO] [stdout]    |
[INFO] [stdout] 45 |     pub fn mix(c1: Primary_Color, c2: Primary_Color) -> Secondary_Color {
[INFO] [stdout]    |                                   ^^ help: if this is intentional, prefix it with an underscore: `_c2`
[INFO] [stdout] 
[INFO] [stdout] 
[INFO] [stdout] warning: 4 warnings emitted
[INFO] [stdout] 
[INFO] [stdout] 
[INFO] [stderr]     Finished test [unoptimized + debuginfo] target(s) in 0.74s
[INFO] running `Command { std: "docker" "inspect" "728d2d13ceee85003e13d2a84d66ccd44714219a0d6dcab32353244a6c84df07", kill_on_drop: false }`
[INFO] running `Command { std: "docker" "rm" "-f" "728d2d13ceee85003e13d2a84d66ccd44714219a0d6dcab32353244a6c84df07", kill_on_drop: false }`
[INFO] [stdout] 728d2d13ceee85003e13d2a84d66ccd44714219a0d6dcab32353244a6c84df07
[INFO] running `Command { std: "docker" "create" "-v" "/var/lib/crater-agent-workspace/builds/worker-7-tc2/target:/opt/rustwide/target:rw,Z" "-v" "/var/lib/crater-agent-workspace/builds/worker-7-tc2/source:/opt/rustwide/workdir:ro,Z" "-v" "/var/lib/crater-agent-workspace/cargo-home:/opt/rustwide/cargo-home:ro,Z" "-v" "/var/lib/crater-agent-workspace/rustup-home:/opt/rustwide/rustup-home:ro,Z" "-e" "SOURCE_DIR=/opt/rustwide/workdir" "-e" "CARGO_TARGET_DIR=/opt/rustwide/target" "-e" "CARGO_INCREMENTAL=0" "-e" "RUST_BACKTRACE=full" "-e" "RUSTFLAGS=--cap-lints=warn" "-e" "RUSTDOCFLAGS=--cap-lints=warn" "-e" "CARGO_HOME=/opt/rustwide/cargo-home" "-e" "RUSTUP_HOME=/opt/rustwide/rustup-home" "-w" "/opt/rustwide/workdir" "-m" "1610612736" "--user" "0:0" "--network" "none" "ghcr.io/rust-lang/crates-build-env/linux@sha256:5ff2268d62e97bff2cde7d5815dd6ed5b47097566f13b8d0ca110b04b60e07ed" "/opt/rustwide/cargo-home/bin/cargo" "+beta-2023-04-20" "test" "--frozen", kill_on_drop: false }`
[INFO] [stdout] b844fc705733f33a7b41ad63ed9f3f0c1764884adddf82f215c0d3fde5606473
[INFO] running `Command { std: "docker" "start" "-a" "b844fc705733f33a7b41ad63ed9f3f0c1764884adddf82f215c0d3fde5606473", kill_on_drop: false }`
[INFO] [stderr] warning: type `Primary_Color` should have an upper camel case name
[INFO] [stderr]   --> src/lib.rs:27:14
[INFO] [stderr]    |
[INFO] [stderr] 27 |     pub enum Primary_Color {
[INFO] [stderr]    |              ^^^^^^^^^^^^^ help: convert the identifier to upper camel case: `PrimaryColor`
[INFO] [stderr]    |
[INFO] [stderr]    = note: `#[warn(non_camel_case_types)]` on by default
[INFO] [stderr] 
[INFO] [stderr] warning: type `Secondary_Color` should have an upper camel case name
[INFO] [stderr]   --> src/lib.rs:34:14
[INFO] [stderr]    |
[INFO] [stderr] 34 |     pub enum Secondary_Color {
[INFO] [stderr]    |              ^^^^^^^^^^^^^^^ help: convert the identifier to upper camel case: `SecondaryColor`
[INFO] [stderr] 
[INFO] [stderr] warning: unused variable: `c1`
[INFO] [stderr]   --> src/lib.rs:45:16
[INFO] [stderr]    |
[INFO] [stderr] 45 |     pub fn mix(c1: Primary_Color, c2: Primary_Color) -> Secondary_Color {
[INFO] [stderr]    |                ^^ help: if this is intentional, prefix it with an underscore: `_c1`
[INFO] [stderr]    |
[INFO] [stderr]    = note: `#[warn(unused_variables)]` on by default
[INFO] [stderr] 
[INFO] [stderr] warning: unused variable: `c2`
[INFO] [stderr]   --> src/lib.rs:45:35
[INFO] [stderr]    |
[INFO] [stderr] 45 |     pub fn mix(c1: Primary_Color, c2: Primary_Color) -> Secondary_Color {
[INFO] [stderr]    |                                   ^^ help: if this is intentional, prefix it with an underscore: `_c2`
[INFO] [stderr] 
[INFO] [stderr] warning: `lb_test_crates` (lib) generated 4 warnings (run `cargo fix --lib -p lb_test_crates` to apply 2 suggestions)
[INFO] [stderr] warning: `lb_test_crates` (lib test) generated 4 warnings (4 duplicates)
[INFO] [stderr]     Finished test [unoptimized + debuginfo] target(s) in 0.01s
[INFO] [stderr]      Running unittests src/lib.rs (/opt/rustwide/target/debug/deps/lb_test_crates-8702a672626bc425)
[INFO] [stdout] 
[INFO] [stdout] running 0 tests
[INFO] [stdout] 
[INFO] [stdout] test result: ok. 0 passed; 0 failed; 0 ignored; 0 measured; 0 filtered out; finished in 0.00s
[INFO] [stdout] 
[INFO] [stdout] 
[INFO] [stderr]      Running unittests src/main.rs (/opt/rustwide/target/debug/deps/lb_test_crates-2b4d71b159152c2e)
[INFO] [stdout] running 0 tests
[INFO] [stdout] 
[INFO] [stdout] test result: ok. 0 passed; 0 failed; 0 ignored; 0 measured; 0 filtered out; finished in 0.00s
[INFO] [stdout] 
[INFO] [stderr]    Doc-tests lb_test_crates
[INFO] [stderr] warning: type `Primary_Color` should have an upper camel case name
[INFO] [stderr]   --> /opt/rustwide/workdir/src/lib.rs:27:14
[INFO] [stderr]    |
[INFO] [stderr] 27 |     pub enum Primary_Color {
[INFO] [stderr]    |              ^^^^^^^^^^^^^ help: convert the identifier to upper camel case: `PrimaryColor`
[INFO] [stderr]    |
[INFO] [stderr]    = note: `#[warn(non_camel_case_types)]` on by default
[INFO] [stderr] 
[INFO] [stderr] warning: type `Secondary_Color` should have an upper camel case name
[INFO] [stderr]   --> /opt/rustwide/workdir/src/lib.rs:34:14
[INFO] [stderr]    |
[INFO] [stderr] 34 |     pub enum Secondary_Color {
[INFO] [stderr]    |              ^^^^^^^^^^^^^^^ help: convert the identifier to upper camel case: `SecondaryColor`
[INFO] [stderr] 
[INFO] [stderr] warning: 2 warnings emitted
[INFO] [stderr] 
[INFO] [stdout] 
[INFO] [stdout] running 1 test
[INFO] [stderr] error: doctest failed, to rerun pass `--doc`
[INFO] [stdout] test src/lib.rs - add_one (line 11) ... FAILED
[INFO] [stdout] 
[INFO] [stdout] failures:
[INFO] [stdout] 
[INFO] [stdout] ---- src/lib.rs - add_one (line 11) stdout ----
[INFO] [stdout] error[E0433]: failed to resolve: use of undeclared crate or module `my_crate`
[INFO] [stdout]  --> src/lib.rs:13:14
[INFO] [stdout]   |
[INFO] [stdout] 4 | let answer = my_crate::add_one(arg);
[INFO] [stdout]   |              ^^^^^^^^ use of undeclared crate or module `my_crate`
[INFO] [stdout] 
[INFO] [stdout] error: aborting due to previous error
[INFO] [stdout] 
[INFO] [stdout] For more information about this error, try `rustc --explain E0433`.
[INFO] [stdout] Couldn't compile the test.
[INFO] [stdout] 
[INFO] [stdout] failures:
[INFO] [stdout]     src/lib.rs - add_one (line 11)
[INFO] [stdout] 
[INFO] [stdout] test result: FAILED. 0 passed; 1 failed; 0 ignored; 0 measured; 0 filtered out; finished in 0.07s
[INFO] [stdout] 
[INFO] running `Command { std: "docker" "inspect" "b844fc705733f33a7b41ad63ed9f3f0c1764884adddf82f215c0d3fde5606473", kill_on_drop: false }`
[INFO] running `Command { std: "docker" "rm" "-f" "b844fc705733f33a7b41ad63ed9f3f0c1764884adddf82f215c0d3fde5606473", kill_on_drop: false }`
[INFO] [stdout] b844fc705733f33a7b41ad63ed9f3f0c1764884adddf82f215c0d3fde5606473
