[INFO] fetching crate latch_iter 0.1.1...
[INFO] testing latch_iter-0.1.1 against 1.69.0 for beta-1.70-1
[INFO] extracting crate latch_iter 0.1.1 into /workspace/builds/worker-6-tc1/source
[INFO] validating manifest of crates.io crate latch_iter 0.1.1 on toolchain 1.69.0
[INFO] running `Command { std: CARGO_HOME="/workspace/cargo-home" RUSTUP_HOME="/workspace/rustup-home" "/workspace/cargo-home/bin/cargo" "+1.69.0" "metadata" "--manifest-path" "Cargo.toml" "--no-deps", kill_on_drop: false }`
[INFO] started tweaking crates.io crate latch_iter 0.1.1
[INFO] finished tweaking crates.io crate latch_iter 0.1.1
[INFO] tweaked toml for crates.io crate latch_iter 0.1.1 written to /workspace/builds/worker-6-tc1/source/Cargo.toml
[INFO] running `Command { std: CARGO_HOME="/workspace/cargo-home" RUSTUP_HOME="/workspace/rustup-home" __CARGO_TEST_CHANNEL_OVERRIDE_DO_NOT_USE_THIS="nightly" "/workspace/cargo-home/bin/cargo" "+1.69.0" "generate-lockfile" "--manifest-path" "Cargo.toml" "-Zno-index-update", kill_on_drop: false }`
[INFO] running `Command { std: CARGO_HOME="/workspace/cargo-home" RUSTUP_HOME="/workspace/rustup-home" "/workspace/cargo-home/bin/cargo" "+1.69.0" "fetch" "--manifest-path" "Cargo.toml", kill_on_drop: false }`
[INFO] running `Command { std: "docker" "create" "-v" "/var/lib/crater-agent-workspace/builds/worker-6-tc1/target:/opt/rustwide/target:rw,Z" "-v" "/var/lib/crater-agent-workspace/builds/worker-6-tc1/source:/opt/rustwide/workdir:ro,Z" "-v" "/var/lib/crater-agent-workspace/cargo-home:/opt/rustwide/cargo-home:ro,Z" "-v" "/var/lib/crater-agent-workspace/rustup-home:/opt/rustwide/rustup-home:ro,Z" "-e" "SOURCE_DIR=/opt/rustwide/workdir" "-e" "CARGO_TARGET_DIR=/opt/rustwide/target" "-e" "CARGO_HOME=/opt/rustwide/cargo-home" "-e" "RUSTUP_HOME=/opt/rustwide/rustup-home" "-w" "/opt/rustwide/workdir" "-m" "1610612736" "--user" "0:0" "--network" "none" "ghcr.io/rust-lang/crates-build-env/linux@sha256:5ff2268d62e97bff2cde7d5815dd6ed5b47097566f13b8d0ca110b04b60e07ed" "/opt/rustwide/cargo-home/bin/cargo" "+1.69.0" "metadata" "--no-deps" "--format-version=1", kill_on_drop: false }`
[INFO] [stdout] 02a3ed45a091056227dfeb17fd8f5092c6cbcc80569726175886764cf93068ac
[INFO] running `Command { std: "docker" "start" "-a" "02a3ed45a091056227dfeb17fd8f5092c6cbcc80569726175886764cf93068ac", kill_on_drop: false }`
[INFO] running `Command { std: "docker" "inspect" "02a3ed45a091056227dfeb17fd8f5092c6cbcc80569726175886764cf93068ac", kill_on_drop: false }`
[INFO] running `Command { std: "docker" "rm" "-f" "02a3ed45a091056227dfeb17fd8f5092c6cbcc80569726175886764cf93068ac", kill_on_drop: false }`
[INFO] [stdout] 02a3ed45a091056227dfeb17fd8f5092c6cbcc80569726175886764cf93068ac
[INFO] running `Command { std: "docker" "create" "-v" "/var/lib/crater-agent-workspace/builds/worker-6-tc1/target:/opt/rustwide/target:rw,Z" "-v" "/var/lib/crater-agent-workspace/builds/worker-6-tc1/source:/opt/rustwide/workdir:ro,Z" "-v" "/var/lib/crater-agent-workspace/cargo-home:/opt/rustwide/cargo-home:ro,Z" "-v" "/var/lib/crater-agent-workspace/rustup-home:/opt/rustwide/rustup-home:ro,Z" "-e" "SOURCE_DIR=/opt/rustwide/workdir" "-e" "CARGO_TARGET_DIR=/opt/rustwide/target" "-e" "CARGO_INCREMENTAL=0" "-e" "RUST_BACKTRACE=full" "-e" "RUSTFLAGS=--cap-lints=warn" "-e" "RUSTDOCFLAGS=--cap-lints=warn" "-e" "CARGO_HOME=/opt/rustwide/cargo-home" "-e" "RUSTUP_HOME=/opt/rustwide/rustup-home" "-w" "/opt/rustwide/workdir" "-m" "1610612736" "--user" "0:0" "--network" "none" "ghcr.io/rust-lang/crates-build-env/linux@sha256:5ff2268d62e97bff2cde7d5815dd6ed5b47097566f13b8d0ca110b04b60e07ed" "/opt/rustwide/cargo-home/bin/cargo" "+1.69.0" "build" "--frozen" "--message-format=json", kill_on_drop: false }`
[INFO] [stdout] 0f6d2d53af51eaf311256542fce5e99dcb2d8b4bbcff984182bdc197a912b757
[INFO] running `Command { std: "docker" "start" "-a" "0f6d2d53af51eaf311256542fce5e99dcb2d8b4bbcff984182bdc197a912b757", kill_on_drop: false }`
[INFO] [stderr]    Compiling latch_iter v0.1.1 (/opt/rustwide/workdir)
[INFO] [stderr]     Finished dev [unoptimized + debuginfo] target(s) in 0.07s
[INFO] running `Command { std: "docker" "inspect" "0f6d2d53af51eaf311256542fce5e99dcb2d8b4bbcff984182bdc197a912b757", kill_on_drop: false }`
[INFO] running `Command { std: "docker" "rm" "-f" "0f6d2d53af51eaf311256542fce5e99dcb2d8b4bbcff984182bdc197a912b757", kill_on_drop: false }`
[INFO] [stdout] 0f6d2d53af51eaf311256542fce5e99dcb2d8b4bbcff984182bdc197a912b757
[INFO] running `Command { std: "docker" "create" "-v" "/var/lib/crater-agent-workspace/builds/worker-6-tc1/target:/opt/rustwide/target:rw,Z" "-v" "/var/lib/crater-agent-workspace/builds/worker-6-tc1/source:/opt/rustwide/workdir:ro,Z" "-v" "/var/lib/crater-agent-workspace/cargo-home:/opt/rustwide/cargo-home:ro,Z" "-v" "/var/lib/crater-agent-workspace/rustup-home:/opt/rustwide/rustup-home:ro,Z" "-e" "SOURCE_DIR=/opt/rustwide/workdir" "-e" "CARGO_TARGET_DIR=/opt/rustwide/target" "-e" "CARGO_INCREMENTAL=0" "-e" "RUST_BACKTRACE=full" "-e" "RUSTFLAGS=--cap-lints=warn" "-e" "RUSTDOCFLAGS=--cap-lints=warn" "-e" "CARGO_HOME=/opt/rustwide/cargo-home" "-e" "RUSTUP_HOME=/opt/rustwide/rustup-home" "-w" "/opt/rustwide/workdir" "-m" "1610612736" "--user" "0:0" "--network" "none" "ghcr.io/rust-lang/crates-build-env/linux@sha256:5ff2268d62e97bff2cde7d5815dd6ed5b47097566f13b8d0ca110b04b60e07ed" "/opt/rustwide/cargo-home/bin/cargo" "+1.69.0" "test" "--frozen" "--no-run" "--message-format=json", kill_on_drop: false }`
[INFO] [stdout] f4440fd1dc14e763b93bd63e0ed34dcf6c7783957e407be81170729f82bfd0d5
[INFO] running `Command { std: "docker" "start" "-a" "f4440fd1dc14e763b93bd63e0ed34dcf6c7783957e407be81170729f82bfd0d5", kill_on_drop: false }`
[INFO] [stderr]    Compiling latch_iter v0.1.1 (/opt/rustwide/workdir)
[INFO] [stderr]     Finished test [unoptimized + debuginfo] target(s) in 0.27s
[INFO] running `Command { std: "docker" "inspect" "f4440fd1dc14e763b93bd63e0ed34dcf6c7783957e407be81170729f82bfd0d5", kill_on_drop: false }`
[INFO] running `Command { std: "docker" "rm" "-f" "f4440fd1dc14e763b93bd63e0ed34dcf6c7783957e407be81170729f82bfd0d5", kill_on_drop: false }`
[INFO] [stdout] f4440fd1dc14e763b93bd63e0ed34dcf6c7783957e407be81170729f82bfd0d5
[INFO] running `Command { std: "docker" "create" "-v" "/var/lib/crater-agent-workspace/builds/worker-6-tc1/target:/opt/rustwide/target:rw,Z" "-v" "/var/lib/crater-agent-workspace/builds/worker-6-tc1/source:/opt/rustwide/workdir:ro,Z" "-v" "/var/lib/crater-agent-workspace/cargo-home:/opt/rustwide/cargo-home:ro,Z" "-v" "/var/lib/crater-agent-workspace/rustup-home:/opt/rustwide/rustup-home:ro,Z" "-e" "SOURCE_DIR=/opt/rustwide/workdir" "-e" "CARGO_TARGET_DIR=/opt/rustwide/target" "-e" "CARGO_INCREMENTAL=0" "-e" "RUST_BACKTRACE=full" "-e" "RUSTFLAGS=--cap-lints=warn" "-e" "RUSTDOCFLAGS=--cap-lints=warn" "-e" "CARGO_HOME=/opt/rustwide/cargo-home" "-e" "RUSTUP_HOME=/opt/rustwide/rustup-home" "-w" "/opt/rustwide/workdir" "-m" "1610612736" "--user" "0:0" "--network" "none" "ghcr.io/rust-lang/crates-build-env/linux@sha256:5ff2268d62e97bff2cde7d5815dd6ed5b47097566f13b8d0ca110b04b60e07ed" "/opt/rustwide/cargo-home/bin/cargo" "+1.69.0" "test" "--frozen", kill_on_drop: false }`
[INFO] [stdout] 00fe19783d8f455b3195c8c03f9e9915d1bfb6177217606a381e31efbf0c488c
[INFO] running `Command { std: "docker" "start" "-a" "00fe19783d8f455b3195c8c03f9e9915d1bfb6177217606a381e31efbf0c488c", kill_on_drop: false }`
[INFO] [stderr]     Finished test [unoptimized + debuginfo] target(s) in 0.00s
[INFO] [stderr]      Running unittests src/lib.rs (/opt/rustwide/target/debug/deps/latch_iter-2e94dccb7cbf252b)
[INFO] [stdout] 
[INFO] [stdout] running 1 test
[INFO] [stdout] test tests::range_test ... ok
[INFO] [stdout] 
[INFO] [stdout] test result: ok. 1 passed; 0 failed; 0 ignored; 0 measured; 0 filtered out; finished in 0.00s
[INFO] [stdout] 
[INFO] [stderr]    Doc-tests latch_iter
[INFO] [stdout] 
[INFO] [stdout] running 1 test
[INFO] [stdout] test src/into_iterator.rs - into_iterator::IntoLatchIterator::latch (line 13) ... FAILED
[INFO] [stdout] 
[INFO] [stdout] failures:
[INFO] [stdout] 
[INFO] [stdout] ---- src/into_iterator.rs - into_iterator::IntoLatchIterator::latch (line 13) stdout ----
[INFO] [stdout] error[E0599]: no method named `latch` found for struct `std::ops::Range` in the current scope
[INFO] [stdout]  --> src/into_iterator.rs:15:31
[INFO] [stdout]   |
[INFO] [stdout] 4 | for number in (0_u32..25_u32).latch(|&num| num % 5 == 0, |&num| num % 7 == 0) {
[INFO] [stdout]   |                               ^^^^^ method not found in `Range<u32>`
[INFO] [stdout] 
[INFO] [stdout] error: aborting due to previous error
[INFO] [stdout] 
[INFO] [stdout] For more information about this error, try `rustc --explain E0599`.
[INFO] [stdout] Couldn't compile the test.
[INFO] [stdout] 
[INFO] [stdout] failures:
[INFO] [stdout]     src/into_iterator.rs - into_iterator::IntoLatchIterator::latch (line 13)
[INFO] [stdout] 
[INFO] [stdout] test result: FAILED. 0 passed; 1 failed; 0 ignored; 0 measured; 0 filtered out; finished in 0.05s
[INFO] [stdout] 
[INFO] [stderr] error: doctest failed, to rerun pass `--doc`
[INFO] running `Command { std: "docker" "inspect" "00fe19783d8f455b3195c8c03f9e9915d1bfb6177217606a381e31efbf0c488c", kill_on_drop: false }`
[INFO] running `Command { std: "docker" "rm" "-f" "00fe19783d8f455b3195c8c03f9e9915d1bfb6177217606a381e31efbf0c488c", kill_on_drop: false }`
[INFO] [stdout] 00fe19783d8f455b3195c8c03f9e9915d1bfb6177217606a381e31efbf0c488c
