[INFO] fetching crate lambda_web_adapter 0.7.0...
[INFO] testing lambda_web_adapter-0.7.0 against 1.69.0 for beta-1.70-1
[INFO] extracting crate lambda_web_adapter 0.7.0 into /workspace/builds/worker-0-tc1/source
[INFO] validating manifest of crates.io crate lambda_web_adapter 0.7.0 on toolchain 1.69.0
[INFO] running `Command { std: CARGO_HOME="/workspace/cargo-home" RUSTUP_HOME="/workspace/rustup-home" "/workspace/cargo-home/bin/cargo" "+1.69.0" "metadata" "--manifest-path" "Cargo.toml" "--no-deps", kill_on_drop: false }`
[INFO] removed /workspace/builds/worker-0-tc1/source/.cargo/config
[INFO] started tweaking crates.io crate lambda_web_adapter 0.7.0
[INFO] finished tweaking crates.io crate lambda_web_adapter 0.7.0
[INFO] tweaked toml for crates.io crate lambda_web_adapter 0.7.0 written to /workspace/builds/worker-0-tc1/source/Cargo.toml
[INFO] crate crates.io crate lambda_web_adapter 0.7.0 already has a lockfile, it will not be regenerated
[INFO] running `Command { std: CARGO_HOME="/workspace/cargo-home" RUSTUP_HOME="/workspace/rustup-home" "/workspace/cargo-home/bin/cargo" "+1.69.0" "fetch" "--manifest-path" "Cargo.toml", kill_on_drop: false }`
[INFO] [stderr]  Downloading crates ...
[INFO] [stderr]   Downloaded query_map v0.6.0
[INFO] [stderr]   Downloaded tokio v1.24.2
[INFO] [stderr]   Downloaded concurrent-queue v2.0.0
[INFO] [stderr]   Downloaded http-body v1.0.0-rc.2
[INFO] [stderr]   Downloaded http-body-util v0.1.0-rc.2
[INFO] [stderr]   Downloaded aws-smithy-types v0.55.1
[INFO] [stderr]   Downloaded aws-smithy-http v0.55.1
[INFO] [stderr]   Downloaded tokio-retry v0.3.0
[INFO] [stderr]   Downloaded async-process v1.6.0
[INFO] [stderr]   Downloaded gloo-timers v0.2.5
[INFO] [stderr]   Downloaded hyper-rustls v0.24.0
[INFO] [stderr]   Downloaded http-serde v1.1.0
[INFO] [stderr]   Downloaded tokio-rustls v0.24.0
[INFO] [stderr]   Downloaded lambda_runtime_api_client v0.8.0
[INFO] [stderr]   Downloaded aws_lambda_events v0.7.2
[INFO] [stderr]   Downloaded serde_derive v1.0.139
[INFO] [stderr]   Downloaded lambda_runtime v0.8.0
[INFO] [stderr]   Downloaded curl-sys v0.4.59+curl-7.86.0
[INFO] [stderr]   Downloaded lambda_http v0.8.0
[INFO] [stderr]   Downloaded httpmock v0.6.6
[INFO] running `Command { std: "docker" "create" "-v" "/var/lib/crater-agent-workspace/builds/worker-0-tc1/target:/opt/rustwide/target:rw,Z" "-v" "/var/lib/crater-agent-workspace/builds/worker-0-tc1/source:/opt/rustwide/workdir:ro,Z" "-v" "/var/lib/crater-agent-workspace/cargo-home:/opt/rustwide/cargo-home:ro,Z" "-v" "/var/lib/crater-agent-workspace/rustup-home:/opt/rustwide/rustup-home:ro,Z" "-e" "SOURCE_DIR=/opt/rustwide/workdir" "-e" "CARGO_TARGET_DIR=/opt/rustwide/target" "-e" "CARGO_HOME=/opt/rustwide/cargo-home" "-e" "RUSTUP_HOME=/opt/rustwide/rustup-home" "-w" "/opt/rustwide/workdir" "-m" "1610612736" "--user" "0:0" "--network" "none" "ghcr.io/rust-lang/crates-build-env/linux@sha256:5ff2268d62e97bff2cde7d5815dd6ed5b47097566f13b8d0ca110b04b60e07ed" "/opt/rustwide/cargo-home/bin/cargo" "+1.69.0" "metadata" "--no-deps" "--format-version=1", kill_on_drop: false }`
[INFO] [stdout] 033027530c336ccf23ebd3c445f4a101e07e5dec6cd2efeea212e89268adf074
[INFO] running `Command { std: "docker" "start" "-a" "033027530c336ccf23ebd3c445f4a101e07e5dec6cd2efeea212e89268adf074", kill_on_drop: false }`
[INFO] running `Command { std: "docker" "inspect" "033027530c336ccf23ebd3c445f4a101e07e5dec6cd2efeea212e89268adf074", kill_on_drop: false }`
[INFO] running `Command { std: "docker" "rm" "-f" "033027530c336ccf23ebd3c445f4a101e07e5dec6cd2efeea212e89268adf074", kill_on_drop: false }`
[INFO] [stdout] 033027530c336ccf23ebd3c445f4a101e07e5dec6cd2efeea212e89268adf074
[INFO] running `Command { std: "docker" "create" "-v" "/var/lib/crater-agent-workspace/builds/worker-0-tc1/target:/opt/rustwide/target:rw,Z" "-v" "/var/lib/crater-agent-workspace/builds/worker-0-tc1/source:/opt/rustwide/workdir:ro,Z" "-v" "/var/lib/crater-agent-workspace/cargo-home:/opt/rustwide/cargo-home:ro,Z" "-v" "/var/lib/crater-agent-workspace/rustup-home:/opt/rustwide/rustup-home:ro,Z" "-e" "SOURCE_DIR=/opt/rustwide/workdir" "-e" "CARGO_TARGET_DIR=/opt/rustwide/target" "-e" "CARGO_INCREMENTAL=0" "-e" "RUST_BACKTRACE=full" "-e" "RUSTFLAGS=--cap-lints=warn" "-e" "RUSTDOCFLAGS=--cap-lints=warn" "-e" "CARGO_HOME=/opt/rustwide/cargo-home" "-e" "RUSTUP_HOME=/opt/rustwide/rustup-home" "-w" "/opt/rustwide/workdir" "-m" "1610612736" "--user" "0:0" "--network" "none" "ghcr.io/rust-lang/crates-build-env/linux@sha256:5ff2268d62e97bff2cde7d5815dd6ed5b47097566f13b8d0ca110b04b60e07ed" "/opt/rustwide/cargo-home/bin/cargo" "+1.69.0" "build" "--frozen" "--message-format=json", kill_on_drop: false }`
[INFO] [stdout] 0e4912383e8aec5da928f04f3e1133443cdf3197d7b38850587e7313a4518478
[INFO] running `Command { std: "docker" "start" "-a" "0e4912383e8aec5da928f04f3e1133443cdf3197d7b38850587e7313a4518478", kill_on_drop: false }`
[INFO] [stderr]    Compiling proc-macro2 v1.0.40
[INFO] [stderr]    Compiling quote v1.0.20
[INFO] [stderr]    Compiling unicode-ident v1.0.2
[INFO] [stderr]    Compiling syn v1.0.98
[INFO] [stderr]    Compiling libc v0.2.141
[INFO] [stderr]    Compiling serde_derive v1.0.139
[INFO] [stderr]    Compiling serde v1.0.139
[INFO] [stderr]    Compiling futures-core v0.3.25
[INFO] [stderr]    Compiling once_cell v1.13.0
[INFO] [stderr]    Compiling itoa v1.0.2
[INFO] [stderr]    Compiling futures-channel v0.3.25
[INFO] [stderr]    Compiling tokio v1.24.2
[INFO] [stderr]    Compiling futures-sink v0.3.25
[INFO] [stderr]    Compiling futures-task v0.3.25
[INFO] [stderr]    Compiling futures-util v0.3.25
[INFO] [stderr]    Compiling futures-io v0.3.25
[INFO] [stderr]    Compiling slab v0.4.6
[INFO] [stderr]    Compiling cc v1.0.78
[INFO] [stderr]    Compiling tracing-core v0.1.30
[INFO] [stderr]    Compiling num-traits v0.2.15
[INFO] [stderr]    Compiling untrusted v0.7.1
[INFO] [stderr]    Compiling spin v0.5.2
[INFO] [stderr]    Compiling try-lock v0.2.3
[INFO] [stderr]    Compiling form_urlencoded v1.1.0
[INFO] [stderr]    Compiling want v0.3.0
[INFO] [stderr]    Compiling num-integer v0.1.45
[INFO] [stderr]    Compiling httpdate v1.0.2
[INFO] [stderr]    Compiling ryu v1.0.10
[INFO] [stderr]    Compiling serde_json v1.0.82
[INFO] [stderr]    Compiling crc32fast v1.3.2
[INFO] [stderr]    Compiling tinyvec_macros v0.1.0
[INFO] [stderr]    Compiling rustls v0.21.0
[INFO] [stderr]    Compiling tinyvec v1.6.0
[INFO] [stderr]    Compiling base64 v0.21.0
[INFO] [stderr]    Compiling adler v1.0.2
[INFO] [stderr]    Compiling tower-layer v0.3.1
[INFO] [stderr]    Compiling regex-syntax v0.6.27
[INFO] [stderr]    Compiling miniz_oxide v0.6.2
[INFO] [stderr]    Compiling unicode-bidi v0.3.8
[INFO] [stderr]    Compiling encoding_rs v0.8.31
[INFO] [stderr]    Compiling ppv-lite86 v0.2.16
[INFO] [stderr]    Compiling rustls-pemfile v1.0.2
[INFO] [stderr]    Compiling openssl-probe v0.1.5
[INFO] [stderr]    Compiling base64 v0.13.0
[INFO] [stderr]    Compiling sharded-slab v0.1.4
[INFO] [stderr]    Compiling rustls-native-certs v0.6.2
[INFO] [stderr]    Compiling thread_local v1.1.4
[INFO] [stderr]    Compiling unicode-normalization v0.1.21
[INFO] [stderr]    Compiling mime v0.3.16
[INFO] [stderr]    Compiling socket2 v0.4.9
[INFO] [stderr]    Compiling num_cpus v1.13.1
[INFO] [stderr]    Compiling mio v0.8.4
[INFO] [stderr]    Compiling ring v0.16.20
[INFO] [stderr]    Compiling getrandom v0.2.7
[INFO] [stderr]    Compiling flate2 v1.0.25
[INFO] [stderr]    Compiling bitflags v1.3.2
[INFO] [stderr]    Compiling http-range-header v0.3.0
[INFO] [stderr]    Compiling rand_core v0.6.3
[INFO] [stderr]    Compiling idna v0.3.0
[INFO] [stderr]    Compiling rand_chacha v0.3.1
[INFO] [stderr]    Compiling rand v0.8.5
[INFO] [stderr]    Compiling url v2.3.1
[INFO] [stderr]    Compiling regex-automata v0.1.10
[INFO] [stderr]    Compiling regex v1.6.0
[INFO] [stderr]    Compiling matchers v0.1.0
[INFO] [stderr]    Compiling tokio-macros v1.8.0
[INFO] [stderr]    Compiling futures-macro v0.3.25
[INFO] [stderr]    Compiling tracing-attributes v0.1.23
[INFO] [stderr]    Compiling pin-project-internal v1.0.11
[INFO] [stderr]    Compiling async-stream-impl v0.3.3
[INFO] [stderr]    Compiling async-stream v0.3.3
[INFO] [stderr]    Compiling pin-project v1.0.11
[INFO] [stderr]    Compiling tracing v0.1.37
[INFO] [stderr]    Compiling tracing-subscriber v0.3.15
[INFO] [stderr]    Compiling rustls-webpki v0.100.1
[INFO] [stderr]    Compiling sct v0.7.0
[INFO] [stderr]    Compiling futures-executor v0.3.25
[INFO] [stderr]    Compiling tower v0.4.13
[INFO] [stderr]    Compiling futures v0.3.25
[INFO] [stderr]    Compiling bytes v1.4.0
[INFO] [stderr]    Compiling chrono v0.4.19
[INFO] [stderr]    Compiling query_map v0.6.0
[INFO] [stderr]    Compiling serde_urlencoded v0.7.1
[INFO] [stderr]    Compiling http v0.2.8
[INFO] [stderr]    Compiling http-body v0.4.5
[INFO] [stderr]    Compiling http-serde v1.1.0
[INFO] [stderr]    Compiling aws_lambda_events v0.7.2
[INFO] [stderr]    Compiling hyper v0.14.25
[INFO] [stderr]    Compiling tokio-stream v0.1.9
[INFO] [stderr]    Compiling tokio-rustls v0.24.0
[INFO] [stderr]    Compiling tokio-util v0.7.7
[INFO] [stderr]    Compiling async-compression v0.3.15
[INFO] [stderr]    Compiling tokio-retry v0.3.0
[INFO] [stderr]    Compiling tower-http v0.4.0
[INFO] [stderr]    Compiling lambda_runtime_api_client v0.8.0
[INFO] [stderr]    Compiling hyper-rustls v0.24.0
[INFO] [stderr]    Compiling lambda_runtime v0.8.0
[INFO] [stderr]    Compiling lambda_http v0.8.0
[INFO] [stderr]    Compiling lambda_web_adapter v0.7.0 (/opt/rustwide/workdir)
[INFO] [stderr]     Finished dev [unoptimized + debuginfo] target(s) in 34.59s
[INFO] running `Command { std: "docker" "inspect" "0e4912383e8aec5da928f04f3e1133443cdf3197d7b38850587e7313a4518478", kill_on_drop: false }`
[INFO] running `Command { std: "docker" "rm" "-f" "0e4912383e8aec5da928f04f3e1133443cdf3197d7b38850587e7313a4518478", kill_on_drop: false }`
[INFO] [stdout] 0e4912383e8aec5da928f04f3e1133443cdf3197d7b38850587e7313a4518478
[INFO] running `Command { std: "docker" "create" "-v" "/var/lib/crater-agent-workspace/builds/worker-0-tc1/target:/opt/rustwide/target:rw,Z" "-v" "/var/lib/crater-agent-workspace/builds/worker-0-tc1/source:/opt/rustwide/workdir:ro,Z" "-v" "/var/lib/crater-agent-workspace/cargo-home:/opt/rustwide/cargo-home:ro,Z" "-v" "/var/lib/crater-agent-workspace/rustup-home:/opt/rustwide/rustup-home:ro,Z" "-e" "SOURCE_DIR=/opt/rustwide/workdir" "-e" "CARGO_TARGET_DIR=/opt/rustwide/target" "-e" "CARGO_INCREMENTAL=0" "-e" "RUST_BACKTRACE=full" "-e" "RUSTFLAGS=--cap-lints=warn" "-e" "RUSTDOCFLAGS=--cap-lints=warn" "-e" "CARGO_HOME=/opt/rustwide/cargo-home" "-e" "RUSTUP_HOME=/opt/rustwide/rustup-home" "-w" "/opt/rustwide/workdir" "-m" "1610612736" "--user" "0:0" "--network" "none" "ghcr.io/rust-lang/crates-build-env/linux@sha256:5ff2268d62e97bff2cde7d5815dd6ed5b47097566f13b8d0ca110b04b60e07ed" "/opt/rustwide/cargo-home/bin/cargo" "+1.69.0" "test" "--frozen" "--no-run" "--message-format=json", kill_on_drop: false }`
[INFO] [stdout] 668b2eb677863374ec2286273ac0d6a2ff630352c81a021145fba89759f167c8
[INFO] running `Command { std: "docker" "start" "-a" "668b2eb677863374ec2286273ac0d6a2ff630352c81a021145fba89759f167c8", kill_on_drop: false }`
[INFO] [stderr]    Compiling version_check v0.9.4
[INFO] [stderr]    Compiling log v0.4.17
[INFO] [stderr]    Compiling futures-io v0.3.25
[INFO] [stderr]    Compiling tokio v1.24.2
[INFO] [stderr]    Compiling futures-util v0.3.25
[INFO] [stderr]    Compiling pkg-config v0.3.26
[INFO] [stderr]    Compiling crossbeam-utils v0.8.14
[INFO] [stderr]    Compiling signal-hook-registry v1.4.0
[INFO] [stderr]    Compiling aho-corasick v0.7.20
[INFO] [stderr]    Compiling event-listener v2.5.3
[INFO] [stderr]    Compiling ctor v0.1.26
[INFO] [stderr]    Compiling num-traits v0.2.15
[INFO] [stderr]    Compiling parking v2.0.0
[INFO] [stderr]    Compiling fastrand v1.8.0
[INFO] [stderr]    Compiling waker-fn v1.1.0
[INFO] [stderr]    Compiling num-integer v0.1.45
[INFO] [stderr]    Compiling libnghttp2-sys v0.1.7+1.45.0
[INFO] [stderr]    Compiling lock_api v0.4.9
[INFO] [stderr]    Compiling futures-lite v1.12.0
[INFO] [stderr]    Compiling polling v2.5.2
[INFO] [stderr]    Compiling typenum v1.16.0
[INFO] [stderr]    Compiling parking_lot_core v0.9.5
[INFO] [stderr]    Compiling value-bag v1.0.0-alpha.9
[INFO] [stderr]    Compiling generic-array v0.14.6
[INFO] [stderr]    Compiling dirs-sys-next v0.1.2
[INFO] [stderr]    Compiling indexmap v1.9.1
[INFO] [stderr]    Compiling libz-sys v1.1.8
[INFO] [stderr]    Compiling openssl-sys v0.9.80
[INFO] [stderr]    Compiling crunchy v0.2.2
[INFO] [stderr]    Compiling smallvec v1.10.0
[INFO] [stderr]    Compiling scopeguard v1.1.0
[INFO] [stderr]    Compiling curl-sys v0.4.59+curl-7.86.0
[INFO] [stderr]    Compiling dirs-next v2.0.0
[INFO] [stderr]    Compiling concurrent-queue v2.0.0
[INFO] [stderr]    Compiling regex v1.6.0
[INFO] [stderr]    Compiling async-channel v1.8.0
[INFO] [stderr]    Compiling async-io v1.12.0
[INFO] [stderr]    Compiling async-lock v2.6.0
[INFO] [stderr]    Compiling tiny-keccak v2.0.2
[INFO] [stderr]    Compiling siphasher v0.3.10
[INFO] [stderr]    Compiling hashbrown v0.12.3
[INFO] [stderr]    Compiling parking_lot v0.12.1
[INFO] [stderr]    Compiling term v0.7.0
[INFO] [stderr]    Compiling mio v0.8.4
[INFO] [stderr]    Compiling tracing v0.1.37
[INFO] [stderr]    Compiling want v0.3.0
[INFO] [stderr]    Compiling phf_shared v0.10.0
[INFO] [stderr]    Compiling precomputed-hash v0.1.1
[INFO] [stderr]    Compiling signal-hook v0.3.14
[INFO] [stderr]    Compiling async-task v4.3.0
[INFO] [stderr]    Compiling new_debug_unreachable v1.0.4
[INFO] [stderr]    Compiling either v1.8.0
[INFO] [stderr]    Compiling bit-vec v0.6.3
[INFO] [stderr]    Compiling fixedbitset v0.4.2
[INFO] [stderr]    Compiling string_cache v0.8.4
[INFO] [stderr]    Compiling ascii-canvas v3.0.0
[INFO] [stderr]    Compiling lalrpop-util v0.19.8
[INFO] [stderr]    Compiling bit-set v0.5.3
[INFO] [stderr]    Compiling itertools v0.10.5
[INFO] [stderr]    Compiling ena v0.14.0
[INFO] [stderr]    Compiling atty v0.2.14
[INFO] [stderr]    Compiling async-process v1.6.0
[INFO] [stderr]    Compiling diff v0.1.13
[INFO] [stderr]    Compiling atomic-waker v1.0.0
[INFO] [stderr]    Compiling pico-args v0.4.2
[INFO] [stderr]    Compiling unicode-xid v0.2.4
[INFO] [stderr]    Compiling rustls v0.21.0
[INFO] [stderr]    Compiling petgraph v0.6.2
[INFO] [stderr]    Compiling blocking v1.3.0
[INFO] [stderr]    Compiling chrono v0.4.19
[INFO] [stderr]    Compiling async-executor v1.5.0
[INFO] [stderr]    Compiling curl v0.4.44
[INFO] [stderr]    Compiling crypto-common v0.1.6
[INFO] [stderr]    Compiling block-buffer v0.10.4
[INFO] [stderr]    Compiling time-core v0.1.0
[INFO] [stderr]    Compiling outref v0.5.1
[INFO] [stderr]    Compiling subtle v2.4.1
[INFO] [stderr]    Compiling vsimd v0.8.0
[INFO] [stderr]    Compiling time v0.3.20
[INFO] [stderr]    Compiling digest v0.10.6
[INFO] [stderr]    Compiling async-global-executor v2.3.1
[INFO] [stderr]    Compiling kv-log-macro v1.0.7
[INFO] [stderr]    Compiling async-trait v0.1.60
[INFO] [stderr]    Compiling isahc v1.7.2
[INFO] [stderr]    Compiling aws_lambda_events v0.7.2
[INFO] [stderr]    Compiling futures-executor v0.3.25
[INFO] [stderr]    Compiling tower v0.4.13
[INFO] [stderr]    Compiling base64-simd v0.8.0
[INFO] [stderr]    Compiling futures v0.3.25
[INFO] [stderr]    Compiling lalrpop v0.19.8
[INFO] [stderr]    Compiling bytes-utils v0.1.3
[INFO] [stderr]    Compiling async-std v1.12.0
[INFO] [stderr]    Compiling tracing-subscriber v0.3.15
[INFO] [stderr]    Compiling tracing-futures v0.2.5
[INFO] [stderr]    Compiling sluice v0.5.5
[INFO] [stderr]    Compiling castaway v0.1.2
[INFO] [stderr]    Compiling cpufeatures v0.2.5
[INFO] [stderr]    Compiling hmac v0.12.1
[INFO] [stderr]    Compiling serde_regex v1.1.0
[INFO] [stderr]    Compiling sha2 v0.10.6
[INFO] [stderr]    Compiling assert-json-diff v2.0.2
[INFO] [stderr]    Compiling http-body v1.0.0-rc.2
[INFO] [stderr]    Compiling hex v0.4.3
[INFO] [stderr]    Compiling similar v2.2.1
[INFO] [stderr]    Compiling levenshtein v1.0.5
[INFO] [stderr]    Compiling http-body-util v0.1.0-rc.2
[INFO] [stderr]    Compiling aws-smithy-types v0.55.1
[INFO] [stderr]    Compiling hyper v0.14.25
[INFO] [stderr]    Compiling tokio-stream v0.1.9
[INFO] [stderr]    Compiling tokio-rustls v0.24.0
[INFO] [stderr]    Compiling async-compression v0.3.15
[INFO] [stderr]    Compiling tokio-util v0.7.7
[INFO] [stderr]    Compiling tokio-retry v0.3.0
[INFO] [stderr]    Compiling tower-http v0.4.0
[INFO] [stderr]    Compiling async-object-pool v0.1.4
[INFO] [stderr]    Compiling lambda_runtime_api_client v0.8.0
[INFO] [stderr]    Compiling hyper-rustls v0.24.0
[INFO] [stderr]    Compiling aws-smithy-http v0.55.1
[INFO] [stderr]    Compiling lambda_runtime v0.8.0
[INFO] [stderr]    Compiling aws-sigv4 v0.55.1
[INFO] [stderr]    Compiling lambda_http v0.8.0
[INFO] [stderr]    Compiling lambda_web_adapter v0.7.0 (/opt/rustwide/workdir)
[INFO] [stderr]    Compiling basic-cookies v0.1.4
[INFO] [stderr]    Compiling httpmock v0.6.6
[INFO] [stderr]     Finished test [unoptimized + debuginfo] target(s) in 32.66s
[INFO] [stderr] warning: the following packages contain code that will be rejected by a future version of Rust: lalrpop v0.19.8
[INFO] [stderr] note: to see what the problems were, use the option `--future-incompat-report`, or run `cargo report future-incompatibilities --id 2`
[INFO] running `Command { std: "docker" "inspect" "668b2eb677863374ec2286273ac0d6a2ff630352c81a021145fba89759f167c8", kill_on_drop: false }`
[INFO] running `Command { std: "docker" "rm" "-f" "668b2eb677863374ec2286273ac0d6a2ff630352c81a021145fba89759f167c8", kill_on_drop: false }`
[INFO] [stdout] 668b2eb677863374ec2286273ac0d6a2ff630352c81a021145fba89759f167c8
[INFO] running `Command { std: "docker" "create" "-v" "/var/lib/crater-agent-workspace/builds/worker-0-tc1/target:/opt/rustwide/target:rw,Z" "-v" "/var/lib/crater-agent-workspace/builds/worker-0-tc1/source:/opt/rustwide/workdir:ro,Z" "-v" "/var/lib/crater-agent-workspace/cargo-home:/opt/rustwide/cargo-home:ro,Z" "-v" "/var/lib/crater-agent-workspace/rustup-home:/opt/rustwide/rustup-home:ro,Z" "-e" "SOURCE_DIR=/opt/rustwide/workdir" "-e" "CARGO_TARGET_DIR=/opt/rustwide/target" "-e" "CARGO_INCREMENTAL=0" "-e" "RUST_BACKTRACE=full" "-e" "RUSTFLAGS=--cap-lints=warn" "-e" "RUSTDOCFLAGS=--cap-lints=warn" "-e" "CARGO_HOME=/opt/rustwide/cargo-home" "-e" "RUSTUP_HOME=/opt/rustwide/rustup-home" "-w" "/opt/rustwide/workdir" "-m" "1610612736" "--user" "0:0" "--network" "none" "ghcr.io/rust-lang/crates-build-env/linux@sha256:5ff2268d62e97bff2cde7d5815dd6ed5b47097566f13b8d0ca110b04b60e07ed" "/opt/rustwide/cargo-home/bin/cargo" "+1.69.0" "test" "--frozen", kill_on_drop: false }`
[INFO] [stdout] 3a6c918afab45bddcc59253c9fad1b6cdf4b8c3ae4c0a20a9493b2ebb9571376
[INFO] running `Command { std: "docker" "start" "-a" "3a6c918afab45bddcc59253c9fad1b6cdf4b8c3ae4c0a20a9493b2ebb9571376", kill_on_drop: false }`
[INFO] [stderr]     Finished test [unoptimized + debuginfo] target(s) in 2.39s
[INFO] [stderr] warning: the following packages contain code that will be rejected by a future version of Rust: lalrpop v0.19.8
[INFO] [stderr] note: to see what the problems were, use the option `--future-incompat-report`, or run `cargo report future-incompatibilities --id 2`
[INFO] [stderr]      Running unittests src/lib.rs (/opt/rustwide/target/debug/deps/lambda_web_adapter-dcf98901e7c0a8c3)
[INFO] [stdout] 
[INFO] [stdout] running 0 tests
[INFO] [stdout] 
[INFO] [stdout] test result: ok. 0 passed; 0 failed; 0 ignored; 0 measured; 0 filtered out; finished in 0.00s
[INFO] [stdout] 
[INFO] [stderr]      Running unittests src/main.rs (/opt/rustwide/target/debug/deps/lambda_adapter-649be1aebacac933)
[INFO] [stdout] 
[INFO] [stdout] running 0 tests
[INFO] [stdout] 
[INFO] [stdout] test result: ok. 0 passed; 0 failed; 0 ignored; 0 measured; 0 filtered out; finished in 0.00s
[INFO] [stdout] 
[INFO] [stderr]      Running tests/e2e_tests/main.rs (/opt/rustwide/target/debug/deps/e2e_tests-fbb7cf4a4686ebc7)
[INFO] [stdout] 
[INFO] [stdout] running 4 tests
[INFO] [stdout] test test_http_basic_request ... ignored
[INFO] [stdout] test test_http_compress ... ignored
[INFO] [stdout] test test_http_headers ... ignored
[INFO] [stdout] test test_http_query_params ... ignored
[INFO] [stdout] 
[INFO] [stdout] test result: ok. 0 passed; 0 failed; 4 ignored; 0 measured; 0 filtered out; finished in 0.00s
[INFO] [stdout] 
[INFO] [stderr]      Running tests/integ_tests/main.rs (/opt/rustwide/target/debug/deps/integ_tests-327cd31d3265d301)
[INFO] [stdout] 
[INFO] [stdout] running 11 tests
[INFO] [stdout] test test_adapter_options_from_env ... ok
[INFO] [stdout] test test_http_headers ... ok
[INFO] [stdout] test test_http_path_encoding ... ok
[INFO] [stdout] test test_http_basic_request ... ok
[INFO] [stdout] test test_http_readiness_check ... ok
[INFO] [stdout] test test_http_compress ... ok
[INFO] [stdout] test test_http_compress_disallowed_type ... ok
[INFO] [stdout] test test_http_post_put_delete ... ok
[INFO] [stdout] test test_http_query_params ... ok
[INFO] [stdout] test test_http_compress_already_compressed ... ok
[INFO] [stdout] test test_adapter_options_from_namespaced_env ... FAILED
[INFO] [stdout] 
[INFO] [stdout] failures:
[INFO] [stdout] 
[INFO] [stdout] ---- test_adapter_options_from_namespaced_env stdout ----
[INFO] [stdout] thread 'test_adapter_options_from_namespaced_env' panicked at 'assertion failed: `(left == right)`
[INFO] [stdout]   left: `ResponseStream`,
[INFO] [stdout]  right: `Buffered`', tests/integ_tests/main.rs:85:5
[INFO] [stdout] stack backtrace:
[INFO] [stdout]    0:     0x5604d7871d5a - std::backtrace_rs::backtrace::libunwind::trace::ha9053a9a07ca49cb
[INFO] [stdout]                                at /rustc/84c898d65adf2f39a5a98507f1fe0ce10a2b8dbc/library/std/src/../../backtrace/src/backtrace/libunwind.rs:93:5
[INFO] [stdout]    1:     0x5604d7871d5a - std::backtrace_rs::backtrace::trace_unsynchronized::h9c2852a457ad564e
[INFO] [stdout]                                at /rustc/84c898d65adf2f39a5a98507f1fe0ce10a2b8dbc/library/std/src/../../backtrace/src/backtrace/mod.rs:66:5
[INFO] [stdout]    2:     0x5604d7871d5a - std::sys_common::backtrace::_print_fmt::h457936fbfaa0070f
[INFO] [stdout]                                at /rustc/84c898d65adf2f39a5a98507f1fe0ce10a2b8dbc/library/std/src/sys_common/backtrace.rs:65:5
[INFO] [stdout]    3:     0x5604d7871d5a - <std::sys_common::backtrace::_print::DisplayBacktrace as core::fmt::Display>::fmt::h5779d7bf7f70cb0c
[INFO] [stdout]                                at /rustc/84c898d65adf2f39a5a98507f1fe0ce10a2b8dbc/library/std/src/sys_common/backtrace.rs:44:22
[INFO] [stdout]    4:     0x5604d789a3de - core::fmt::write::h5a4baaff1bcd3eb5
[INFO] [stdout]                                at /rustc/84c898d65adf2f39a5a98507f1fe0ce10a2b8dbc/library/core/src/fmt/mod.rs:1232:17
[INFO] [stdout]    5:     0x5604d786e535 - std::io::Write::write_fmt::h478f79c628ef31d1
[INFO] [stdout]                                at /rustc/84c898d65adf2f39a5a98507f1fe0ce10a2b8dbc/library/std/src/io/mod.rs:1684:15
[INFO] [stdout]    6:     0x5604d7871b25 - std::sys_common::backtrace::_print::h5fcdc36060f177e8
[INFO] [stdout]                                at /rustc/84c898d65adf2f39a5a98507f1fe0ce10a2b8dbc/library/std/src/sys_common/backtrace.rs:47:5
[INFO] [stdout]    7:     0x5604d7871b25 - std::sys_common::backtrace::print::h54ca9458b876c8bf
[INFO] [stdout]                                at /rustc/84c898d65adf2f39a5a98507f1fe0ce10a2b8dbc/library/std/src/sys_common/backtrace.rs:34:9
[INFO] [stdout]    8:     0x5604d78738ef - std::panicking::default_hook::{{closure}}::hbe471161c7664ed6
[INFO] [stdout]                                at /rustc/84c898d65adf2f39a5a98507f1fe0ce10a2b8dbc/library/std/src/panicking.rs:271:22
[INFO] [stdout]    9:     0x5604d78735af - std::panicking::default_hook::ha3500da57aa4ac4f
[INFO] [stdout]                                at /rustc/84c898d65adf2f39a5a98507f1fe0ce10a2b8dbc/library/std/src/panicking.rs:287:9
[INFO] [stdout]   10:     0x5604d709a937 - <alloc::boxed::Box<F,A> as core::ops::function::Fn<Args>>::call::hdf1b89dd137ece34
[INFO] [stdout]                                at /rustc/84c898d65adf2f39a5a98507f1fe0ce10a2b8dbc/library/alloc/src/boxed.rs:2001:9
[INFO] [stdout]   11:     0x5604d709a937 - test::test_main::{{closure}}::h9081a79f20e75698
[INFO] [stdout]                                at /rustc/84c898d65adf2f39a5a98507f1fe0ce10a2b8dbc/library/test/src/lib.rs:135:21
[INFO] [stdout]   12:     0x5604d787401d - <alloc::boxed::Box<F,A> as core::ops::function::Fn<Args>>::call::h6507bddc3eebb4a5
[INFO] [stdout]                                at /rustc/84c898d65adf2f39a5a98507f1fe0ce10a2b8dbc/library/alloc/src/boxed.rs:2001:9
[INFO] [stdout]   13:     0x5604d787401d - std::panicking::rust_panic_with_hook::h50c09d000dc561d2
[INFO] [stdout]                                at /rustc/84c898d65adf2f39a5a98507f1fe0ce10a2b8dbc/library/std/src/panicking.rs:696:13
[INFO] [stdout]   14:     0x5604d7873d99 - std::panicking::begin_panic_handler::{{closure}}::h9e2b2176e00e0d9c
[INFO] [stdout]                                at /rustc/84c898d65adf2f39a5a98507f1fe0ce10a2b8dbc/library/std/src/panicking.rs:583:13
[INFO] [stdout]   15:     0x5604d78721c6 - std::sys_common::backtrace::__rust_end_short_backtrace::h5739b8e512c09d02
[INFO] [stdout]                                at /rustc/84c898d65adf2f39a5a98507f1fe0ce10a2b8dbc/library/std/src/sys_common/backtrace.rs:150:18
[INFO] [stdout]   16:     0x5604d7873aa2 - rust_begin_unwind
[INFO] [stdout]                                at /rustc/84c898d65adf2f39a5a98507f1fe0ce10a2b8dbc/library/std/src/panicking.rs:579:5
[INFO] [stdout]   17:     0x5604d6f3d523 - core::panicking::panic_fmt::hf33a1475b4dc5c3e
[INFO] [stdout]                                at /rustc/84c898d65adf2f39a5a98507f1fe0ce10a2b8dbc/library/core/src/panicking.rs:64:14
[INFO] [stdout]   18:     0x5604d6f3d85f - core::panicking::assert_failed_inner::haf9816227b20b6f2
[INFO] [stdout]   19:     0x5604d6fe27da - core::panicking::assert_failed::hb34b5877d5cedd68
[INFO] [stdout]                                at /rustc/84c898d65adf2f39a5a98507f1fe0ce10a2b8dbc/library/core/src/panicking.rs:211:5
[INFO] [stdout]   20:     0x5604d6f7d1b4 - integ_tests::test_adapter_options_from_namespaced_env::h792624e3e480f8ad
[INFO] [stdout]                                at /opt/rustwide/workdir/tests/integ_tests/main.rs:85:5
[INFO] [stdout]   21:     0x5604d6f7c857 - integ_tests::test_adapter_options_from_namespaced_env::{{closure}}::heb1c004741842dce
[INFO] [stdout]                                at /opt/rustwide/workdir/tests/integ_tests/main.rs:56:47
[INFO] [stdout]   22:     0x5604d6fa52d5 - core::ops::function::FnOnce::call_once::h7e1c58d46fd9d16a
[INFO] [stdout]                                at /rustc/84c898d65adf2f39a5a98507f1fe0ce10a2b8dbc/library/core/src/ops/function.rs:250:5
[INFO] [stdout]   23:     0x5604d709fd1f - core::ops::function::FnOnce::call_once::h7d969581be7d0075
[INFO] [stdout]                                at /rustc/84c898d65adf2f39a5a98507f1fe0ce10a2b8dbc/library/core/src/ops/function.rs:250:5
[INFO] [stdout]   24:     0x5604d709fd1f - test::__rust_begin_short_backtrace::hca25a52684e56655
[INFO] [stdout]                                at /rustc/84c898d65adf2f39a5a98507f1fe0ce10a2b8dbc/library/test/src/lib.rs:656:18
[INFO] [stdout]   25:     0x5604d707133c - test::run_test::{{closure}}::ha8ac744c4af1a4bb
[INFO] [stdout]                                at /rustc/84c898d65adf2f39a5a98507f1fe0ce10a2b8dbc/library/test/src/lib.rs:647:30
[INFO] [stdout]   26:     0x5604d707133c - core::ops::function::FnOnce::call_once{{vtable.shim}}::h7b411a9ed45bdecf
[INFO] [stdout]                                at /rustc/84c898d65adf2f39a5a98507f1fe0ce10a2b8dbc/library/core/src/ops/function.rs:250:5
[INFO] [stdout]   27:     0x5604d709ece6 - <alloc::boxed::Box<F,A> as core::ops::function::FnOnce<Args>>::call_once::hd05328869a8ed200
[INFO] [stdout]                                at /rustc/84c898d65adf2f39a5a98507f1fe0ce10a2b8dbc/library/alloc/src/boxed.rs:1987:9
[INFO] [stdout]   28:     0x5604d709ece6 - <core::panic::unwind_safe::AssertUnwindSafe<F> as core::ops::function::FnOnce<()>>::call_once::h0c601ce20bd5b2be
[INFO] [stdout]                                at /rustc/84c898d65adf2f39a5a98507f1fe0ce10a2b8dbc/library/core/src/panic/unwind_safe.rs:271:9
[INFO] [stdout]   29:     0x5604d709ece6 - std::panicking::try::do_call::ha4be5c164fe30854
[INFO] [stdout]                                at /rustc/84c898d65adf2f39a5a98507f1fe0ce10a2b8dbc/library/std/src/panicking.rs:487:40
[INFO] [stdout]   30:     0x5604d709ece6 - std::panicking::try::h604546f3609af05f
[INFO] [stdout]                                at /rustc/84c898d65adf2f39a5a98507f1fe0ce10a2b8dbc/library/std/src/panicking.rs:451:19
[INFO] [stdout]   31:     0x5604d709ece6 - std::panic::catch_unwind::h5bfa8afe44c9c2f9
[INFO] [stdout]                                at /rustc/84c898d65adf2f39a5a98507f1fe0ce10a2b8dbc/library/std/src/panic.rs:140:14
[INFO] [stdout]   32:     0x5604d709ece6 - test::run_test_in_process::hd50dee55dd63e6aa
[INFO] [stdout]                                at /rustc/84c898d65adf2f39a5a98507f1fe0ce10a2b8dbc/library/test/src/lib.rs:679:27
[INFO] [stdout]   33:     0x5604d709ece6 - test::run_test::run_test_inner::{{closure}}::h4aa0f433aa85cea8
[INFO] [stdout]                                at /rustc/84c898d65adf2f39a5a98507f1fe0ce10a2b8dbc/library/test/src/lib.rs:573:39
[INFO] [stdout]   34:     0x5604d706b9b1 - test::run_test::run_test_inner::{{closure}}::had56431adf24b4d6
[INFO] [stdout]                                at /rustc/84c898d65adf2f39a5a98507f1fe0ce10a2b8dbc/library/test/src/lib.rs:600:37
[INFO] [stdout]   35:     0x5604d706b9b1 - std::sys_common::backtrace::__rust_begin_short_backtrace::ha8d9890e0c73bf13
[INFO] [stdout]                                at /rustc/84c898d65adf2f39a5a98507f1fe0ce10a2b8dbc/library/std/src/sys_common/backtrace.rs:134:18
[INFO] [stdout]   36:     0x5604d70713cb - std::thread::Builder::spawn_unchecked_::{{closure}}::{{closure}}::h251832bcb4a95327
[INFO] [stdout]                                at /rustc/84c898d65adf2f39a5a98507f1fe0ce10a2b8dbc/library/std/src/thread/mod.rs:560:17
[INFO] [stdout]   37:     0x5604d70713cb - <core::panic::unwind_safe::AssertUnwindSafe<F> as core::ops::function::FnOnce<()>>::call_once::h8fdff598fa414831
[INFO] [stdout]                                at /rustc/84c898d65adf2f39a5a98507f1fe0ce10a2b8dbc/library/core/src/panic/unwind_safe.rs:271:9
[INFO] [stdout]   38:     0x5604d70713cb - std::panicking::try::do_call::h455dd2f7764a950f
[INFO] [stdout]                                at /rustc/84c898d65adf2f39a5a98507f1fe0ce10a2b8dbc/library/std/src/panicking.rs:487:40
[INFO] [stdout]   39:     0x5604d70713cb - std::panicking::try::had6f23b7b73ae72a
[INFO] [stdout]                                at /rustc/84c898d65adf2f39a5a98507f1fe0ce10a2b8dbc/library/std/src/panicking.rs:451:19
[INFO] [stdout]   40:     0x5604d70713cb - std::panic::catch_unwind::ha6a5ca3915b4dad0
[INFO] [stdout]                                at /rustc/84c898d65adf2f39a5a98507f1fe0ce10a2b8dbc/library/std/src/panic.rs:140:14
[INFO] [stdout]   41:     0x5604d70713cb - std::thread::Builder::spawn_unchecked_::{{closure}}::h883b72ef75da6231
[INFO] [stdout]                                at /rustc/84c898d65adf2f39a5a98507f1fe0ce10a2b8dbc/library/std/src/thread/mod.rs:559:30
[INFO] [stdout]   42:     0x5604d70713cb - core::ops::function::FnOnce::call_once{{vtable.shim}}::hb7dff73dc8bd2ccb
[INFO] [stdout]                                at /rustc/84c898d65adf2f39a5a98507f1fe0ce10a2b8dbc/library/core/src/ops/function.rs:250:5
[INFO] [stdout]   43:     0x5604d7878733 - <alloc::boxed::Box<F,A> as core::ops::function::FnOnce<Args>>::call_once::h39990b24eedef2ab
[INFO] [stdout]                                at /rustc/84c898d65adf2f39a5a98507f1fe0ce10a2b8dbc/library/alloc/src/boxed.rs:1987:9
[INFO] [stdout]   44:     0x5604d7878733 - <alloc::boxed::Box<F,A> as core::ops::function::FnOnce<Args>>::call_once::h01a027258444143b
[INFO] [stdout]                                at /rustc/84c898d65adf2f39a5a98507f1fe0ce10a2b8dbc/library/alloc/src/boxed.rs:1987:9
[INFO] [stdout]   45:     0x5604d7878733 - std::sys::unix::thread::Thread::new::thread_start::ha4f1cdd9c25884ba
[INFO] [stdout]                                at /rustc/84c898d65adf2f39a5a98507f1fe0ce10a2b8dbc/library/std/src/sys/unix/thread.rs:108:17
[INFO] [stdout]   46:     0x7f3b46550b43 - <unknown>
[INFO] [stdout]   47:     0x7f3b465e1bb4 - __clone
[INFO] [stdout]   48:                0x0 - <unknown>
[INFO] [stdout] 
[INFO] [stdout] 
[INFO] [stdout] failures:
[INFO] [stdout]     test_adapter_options_from_namespaced_env
[INFO] [stdout] 
[INFO] [stdout] test result: FAILED. 10 passed; 1 failed; 0 ignored; 0 measured; 0 filtered out; finished in 0.09s
[INFO] [stdout] 
[INFO] [stderr] error: test failed, to rerun pass `--test integ_tests`
[INFO] running `Command { std: "docker" "inspect" "3a6c918afab45bddcc59253c9fad1b6cdf4b8c3ae4c0a20a9493b2ebb9571376", kill_on_drop: false }`
[INFO] running `Command { std: "docker" "rm" "-f" "3a6c918afab45bddcc59253c9fad1b6cdf4b8c3ae4c0a20a9493b2ebb9571376", kill_on_drop: false }`
[INFO] [stdout] 3a6c918afab45bddcc59253c9fad1b6cdf4b8c3ae4c0a20a9493b2ebb9571376
