[INFO] fetching crate label-logger 0.2.0...
[INFO] testing label-logger-0.2.0 against beta-2023-04-20 for beta-1.70-1
[INFO] extracting crate label-logger 0.2.0 into /workspace/builds/worker-0-tc2/source
[INFO] validating manifest of crates.io crate label-logger 0.2.0 on toolchain beta-2023-04-20
[INFO] running `Command { std: CARGO_HOME="/workspace/cargo-home" RUSTUP_HOME="/workspace/rustup-home" "/workspace/cargo-home/bin/cargo" "+beta-2023-04-20" "metadata" "--manifest-path" "Cargo.toml" "--no-deps", kill_on_drop: false }`
[INFO] removed /workspace/builds/worker-0-tc2/source/rust-toolchain.toml
[INFO] started tweaking crates.io crate label-logger 0.2.0
[INFO] removed 0 missing examples
[INFO] finished tweaking crates.io crate label-logger 0.2.0
[INFO] tweaked toml for crates.io crate label-logger 0.2.0 written to /workspace/builds/worker-0-tc2/source/Cargo.toml
[INFO] crate crates.io crate label-logger 0.2.0 already has a lockfile, it will not be regenerated
[INFO] running `Command { std: CARGO_HOME="/workspace/cargo-home" RUSTUP_HOME="/workspace/rustup-home" "/workspace/cargo-home/bin/cargo" "+beta-2023-04-20" "fetch" "--manifest-path" "Cargo.toml", kill_on_drop: false }`
[INFO] running `Command { std: "docker" "create" "-v" "/var/lib/crater-agent-workspace/builds/worker-0-tc2/target:/opt/rustwide/target:rw,Z" "-v" "/var/lib/crater-agent-workspace/builds/worker-0-tc2/source:/opt/rustwide/workdir:ro,Z" "-v" "/var/lib/crater-agent-workspace/cargo-home:/opt/rustwide/cargo-home:ro,Z" "-v" "/var/lib/crater-agent-workspace/rustup-home:/opt/rustwide/rustup-home:ro,Z" "-e" "SOURCE_DIR=/opt/rustwide/workdir" "-e" "CARGO_TARGET_DIR=/opt/rustwide/target" "-e" "CARGO_HOME=/opt/rustwide/cargo-home" "-e" "RUSTUP_HOME=/opt/rustwide/rustup-home" "-w" "/opt/rustwide/workdir" "-m" "1610612736" "--user" "0:0" "--network" "none" "ghcr.io/rust-lang/crates-build-env/linux@sha256:5ff2268d62e97bff2cde7d5815dd6ed5b47097566f13b8d0ca110b04b60e07ed" "/opt/rustwide/cargo-home/bin/cargo" "+beta-2023-04-20" "metadata" "--no-deps" "--format-version=1", kill_on_drop: false }`
[INFO] [stdout] 7204cbc7ec5697ee2c3efcabdaab22586fb3c99c856b4da66a803486ffe85766
[INFO] running `Command { std: "docker" "start" "-a" "7204cbc7ec5697ee2c3efcabdaab22586fb3c99c856b4da66a803486ffe85766", kill_on_drop: false }`
[INFO] running `Command { std: "docker" "inspect" "7204cbc7ec5697ee2c3efcabdaab22586fb3c99c856b4da66a803486ffe85766", kill_on_drop: false }`
[INFO] running `Command { std: "docker" "rm" "-f" "7204cbc7ec5697ee2c3efcabdaab22586fb3c99c856b4da66a803486ffe85766", kill_on_drop: false }`
[INFO] [stdout] 7204cbc7ec5697ee2c3efcabdaab22586fb3c99c856b4da66a803486ffe85766
[INFO] running `Command { std: "docker" "create" "-v" "/var/lib/crater-agent-workspace/builds/worker-0-tc2/target:/opt/rustwide/target:rw,Z" "-v" "/var/lib/crater-agent-workspace/builds/worker-0-tc2/source:/opt/rustwide/workdir:ro,Z" "-v" "/var/lib/crater-agent-workspace/cargo-home:/opt/rustwide/cargo-home:ro,Z" "-v" "/var/lib/crater-agent-workspace/rustup-home:/opt/rustwide/rustup-home:ro,Z" "-e" "SOURCE_DIR=/opt/rustwide/workdir" "-e" "CARGO_TARGET_DIR=/opt/rustwide/target" "-e" "CARGO_INCREMENTAL=0" "-e" "RUST_BACKTRACE=full" "-e" "RUSTFLAGS=--cap-lints=warn" "-e" "RUSTDOCFLAGS=--cap-lints=warn" "-e" "CARGO_HOME=/opt/rustwide/cargo-home" "-e" "RUSTUP_HOME=/opt/rustwide/rustup-home" "-w" "/opt/rustwide/workdir" "-m" "1610612736" "--user" "0:0" "--network" "none" "ghcr.io/rust-lang/crates-build-env/linux@sha256:5ff2268d62e97bff2cde7d5815dd6ed5b47097566f13b8d0ca110b04b60e07ed" "/opt/rustwide/cargo-home/bin/cargo" "+beta-2023-04-20" "build" "--frozen" "--message-format=json", kill_on_drop: false }`
[INFO] [stdout] d79edd2d24d4547f3bf9fd295216c563546df80f5d60ffe3fd4eb52b35b2b0a3
[INFO] running `Command { std: "docker" "start" "-a" "d79edd2d24d4547f3bf9fd295216c563546df80f5d60ffe3fd4eb52b35b2b0a3", kill_on_drop: false }`
[INFO] [stderr]    Compiling libc v0.2.141
[INFO] [stderr]    Compiling lazy_static v1.4.0
[INFO] [stderr]    Compiling unicode-width v0.1.10
[INFO] [stderr]    Compiling once_cell v1.17.1
[INFO] [stderr]    Compiling console v0.15.5
[INFO] [stderr]    Compiling term_size v0.3.2
[INFO] [stderr]    Compiling label-logger v0.2.0 (/opt/rustwide/workdir)
[INFO] [stderr]     Finished dev [unoptimized + debuginfo] target(s) in 1.22s
[INFO] running `Command { std: "docker" "inspect" "d79edd2d24d4547f3bf9fd295216c563546df80f5d60ffe3fd4eb52b35b2b0a3", kill_on_drop: false }`
[INFO] running `Command { std: "docker" "rm" "-f" "d79edd2d24d4547f3bf9fd295216c563546df80f5d60ffe3fd4eb52b35b2b0a3", kill_on_drop: false }`
[INFO] [stdout] d79edd2d24d4547f3bf9fd295216c563546df80f5d60ffe3fd4eb52b35b2b0a3
[INFO] running `Command { std: "docker" "create" "-v" "/var/lib/crater-agent-workspace/builds/worker-0-tc2/target:/opt/rustwide/target:rw,Z" "-v" "/var/lib/crater-agent-workspace/builds/worker-0-tc2/source:/opt/rustwide/workdir:ro,Z" "-v" "/var/lib/crater-agent-workspace/cargo-home:/opt/rustwide/cargo-home:ro,Z" "-v" "/var/lib/crater-agent-workspace/rustup-home:/opt/rustwide/rustup-home:ro,Z" "-e" "SOURCE_DIR=/opt/rustwide/workdir" "-e" "CARGO_TARGET_DIR=/opt/rustwide/target" "-e" "CARGO_INCREMENTAL=0" "-e" "RUST_BACKTRACE=full" "-e" "RUSTFLAGS=--cap-lints=warn" "-e" "RUSTDOCFLAGS=--cap-lints=warn" "-e" "CARGO_HOME=/opt/rustwide/cargo-home" "-e" "RUSTUP_HOME=/opt/rustwide/rustup-home" "-w" "/opt/rustwide/workdir" "-m" "1610612736" "--user" "0:0" "--network" "none" "ghcr.io/rust-lang/crates-build-env/linux@sha256:5ff2268d62e97bff2cde7d5815dd6ed5b47097566f13b8d0ca110b04b60e07ed" "/opt/rustwide/cargo-home/bin/cargo" "+beta-2023-04-20" "test" "--frozen" "--no-run" "--message-format=json", kill_on_drop: false }`
[INFO] [stdout] 1aa49398f2e822d8bf1008e516e6dfa8ca6f56666b5456a08773205fce18973a
[INFO] running `Command { std: "docker" "start" "-a" "1aa49398f2e822d8bf1008e516e6dfa8ca6f56666b5456a08773205fce18973a", kill_on_drop: false }`
[INFO] [stderr]    Compiling cfg-if v1.0.0
[INFO] [stderr]    Compiling ppv-lite86 v0.2.17
[INFO] [stderr]    Compiling getrandom v0.2.9
[INFO] [stderr]    Compiling rand_core v0.6.4
[INFO] [stderr]    Compiling rand_chacha v0.3.1
[INFO] [stderr]    Compiling rand v0.8.5
[INFO] [stderr]    Compiling label-logger v0.2.0 (/opt/rustwide/workdir)
[INFO] [stderr]     Finished test [unoptimized + debuginfo] target(s) in 1.44s
[INFO] running `Command { std: "docker" "inspect" "1aa49398f2e822d8bf1008e516e6dfa8ca6f56666b5456a08773205fce18973a", kill_on_drop: false }`
[INFO] running `Command { std: "docker" "rm" "-f" "1aa49398f2e822d8bf1008e516e6dfa8ca6f56666b5456a08773205fce18973a", kill_on_drop: false }`
[INFO] [stdout] 1aa49398f2e822d8bf1008e516e6dfa8ca6f56666b5456a08773205fce18973a
[INFO] running `Command { std: "docker" "create" "-v" "/var/lib/crater-agent-workspace/builds/worker-0-tc2/target:/opt/rustwide/target:rw,Z" "-v" "/var/lib/crater-agent-workspace/builds/worker-0-tc2/source:/opt/rustwide/workdir:ro,Z" "-v" "/var/lib/crater-agent-workspace/cargo-home:/opt/rustwide/cargo-home:ro,Z" "-v" "/var/lib/crater-agent-workspace/rustup-home:/opt/rustwide/rustup-home:ro,Z" "-e" "SOURCE_DIR=/opt/rustwide/workdir" "-e" "CARGO_TARGET_DIR=/opt/rustwide/target" "-e" "CARGO_INCREMENTAL=0" "-e" "RUST_BACKTRACE=full" "-e" "RUSTFLAGS=--cap-lints=warn" "-e" "RUSTDOCFLAGS=--cap-lints=warn" "-e" "CARGO_HOME=/opt/rustwide/cargo-home" "-e" "RUSTUP_HOME=/opt/rustwide/rustup-home" "-w" "/opt/rustwide/workdir" "-m" "1610612736" "--user" "0:0" "--network" "none" "ghcr.io/rust-lang/crates-build-env/linux@sha256:5ff2268d62e97bff2cde7d5815dd6ed5b47097566f13b8d0ca110b04b60e07ed" "/opt/rustwide/cargo-home/bin/cargo" "+beta-2023-04-20" "test" "--frozen", kill_on_drop: false }`
[INFO] [stdout] a6b9180e3e60501b1dc6327e5804df3c3ca90c5ac3b92b3ee8f933a9a17e99f4
[INFO] running `Command { std: "docker" "start" "-a" "a6b9180e3e60501b1dc6327e5804df3c3ca90c5ac3b92b3ee8f933a9a17e99f4", kill_on_drop: false }`
[INFO] [stderr]     Finished test [unoptimized + debuginfo] target(s) in 0.01s
[INFO] [stderr]      Running unittests src/lib.rs (/opt/rustwide/target/debug/deps/label_logger-29e0a880a957b27f)
[INFO] [stdout] 
[INFO] [stdout] running 6 tests
[INFO] [stdout] test macros::tests::error_macro_expand ... ok
[INFO] [stdout] test macros::tests::info_macro_expand ... ok
[INFO] [stdout] test macros::tests::format_label_macro_expand ... ok
[INFO] [stdout] test macros::tests::log_macro_expand ... ok
[INFO] [stdout] test macros::tests::success_macro_expand ... ok
[INFO] [stdout] test macros::tests::warn_macro_expand ... ok
[INFO] [stdout] 
[INFO] [stdout] test result: ok. 6 passed; 0 failed; 0 ignored; 0 measured; 0 filtered out; finished in 0.00s
[INFO] [stdout] 
[INFO] [stderr]    Doc-tests label-logger
[INFO] [stdout] 
[INFO] [stdout] running 9 tests
[INFO] [stdout] test src/macros.rs - macros::format_label (line 124) ... FAILED
[INFO] [stdout] test src/lib.rs - (line 29) ... ok
[INFO] [stdout] test src/macros.rs - macros::info (line 73) ... ok
[INFO] [stdout] test src/macros.rs - macros::error (line 35) ... ok
[INFO] [stdout] test src/macros.rs - macros::format_label (line 111) ... ok
[INFO] [stdout] test src/macros.rs - macros::warn (line 54) ... ok
[INFO] [stdout] test src/macros.rs - macros (line 5) ... ok
[INFO] [stdout] test src/macros.rs - macros::log (line 18) ... ok
[INFO] [stdout] test src/macros.rs - macros::success (line 92) ... ok
[INFO] [stdout] 
[INFO] [stdout] failures:
[INFO] [stdout] 
[INFO] [stdout] ---- src/macros.rs - macros::format_label (line 124) stdout ----
[INFO] [stdout] error[E0432]: unresolved import `indicatif`
[INFO] [stdout]  --> src/macros.rs:126:5
[INFO] [stdout]   |
[INFO] [stdout] 5 | use indicatif::ProgressBar;
[INFO] [stdout]   |     ^^^^^^^^^ use of undeclared crate or module `indicatif`
[INFO] [stdout] 
[INFO] [stdout] error: aborting due to previous error
[INFO] [stdout] 
[INFO] [stdout] For more information about this error, try `rustc --explain E0432`.
[INFO] [stdout] Couldn't compile the test.
[INFO] [stdout] 
[INFO] [stdout] failures:
[INFO] [stdout]     src/macros.rs - macros::format_label (line 124)
[INFO] [stdout] 
[INFO] [stdout] test result: FAILED. 8 passed; 1 failed; 0 ignored; 0 measured; 0 filtered out; finished in 0.38s
[INFO] [stdout] 
[INFO] [stderr] error: doctest failed, to rerun pass `--doc`
[INFO] running `Command { std: "docker" "inspect" "a6b9180e3e60501b1dc6327e5804df3c3ca90c5ac3b92b3ee8f933a9a17e99f4", kill_on_drop: false }`
[INFO] running `Command { std: "docker" "rm" "-f" "a6b9180e3e60501b1dc6327e5804df3c3ca90c5ac3b92b3ee8f933a9a17e99f4", kill_on_drop: false }`
[INFO] [stdout] a6b9180e3e60501b1dc6327e5804df3c3ca90c5ac3b92b3ee8f933a9a17e99f4
