[INFO] fetching crate kubernix 0.1.1...
[INFO] testing kubernix-0.1.1 against beta-2023-04-20 for beta-1.70-1
[INFO] extracting crate kubernix 0.1.1 into /workspace/builds/worker-4-tc2/source
[INFO] validating manifest of crates.io crate kubernix 0.1.1 on toolchain beta-2023-04-20
[INFO] running `Command { std: CARGO_HOME="/workspace/cargo-home" RUSTUP_HOME="/workspace/rustup-home" "/workspace/cargo-home/bin/cargo" "+beta-2023-04-20" "metadata" "--manifest-path" "Cargo.toml" "--no-deps", kill_on_drop: false }`
[INFO] started tweaking crates.io crate kubernix 0.1.1
[INFO] finished tweaking crates.io crate kubernix 0.1.1
[INFO] tweaked toml for crates.io crate kubernix 0.1.1 written to /workspace/builds/worker-4-tc2/source/Cargo.toml
[INFO] crate crates.io crate kubernix 0.1.1 already has a lockfile, it will not be regenerated
[INFO] running `Command { std: CARGO_HOME="/workspace/cargo-home" RUSTUP_HOME="/workspace/rustup-home" "/workspace/cargo-home/bin/cargo" "+beta-2023-04-20" "fetch" "--manifest-path" "Cargo.toml", kill_on_drop: false }`
[INFO] [stderr]     Updating crates.io index
[INFO] [stderr]  Downloading crates ...
[INFO] [stderr]   Downloaded winutil v0.1.1
[INFO] [stderr]   Downloaded hostname v0.1.5
[INFO] [stderr]   Downloaded linked-hash-map v0.5.2
[INFO] [stderr]   Downloaded ppv-lite86 v0.2.5
[INFO] [stderr]   Downloaded synstructure v0.10.2
[INFO] [stderr]   Downloaded backtrace v0.3.38
[INFO] [stderr]   Downloaded darling_macro v0.10.1
[INFO] [stderr]   Downloaded wincolor v1.0.2
[INFO] [stderr]   Downloaded derive_builder v0.8.0
[INFO] [stderr]   Downloaded strsim v0.9.2
[INFO] [stderr]   Downloaded darling v0.10.1
[INFO] [stderr]   Downloaded derive_builder_core v0.8.0
[INFO] [stderr]   Downloaded darling_core v0.10.1
[INFO] [stderr]   Downloaded yaml-rust v0.4.3
[INFO] [stderr]   Downloaded serde_yaml v0.8.9
[INFO] [stderr]   Downloaded proc-macro2 v1.0.4
[INFO] [stderr]   Downloaded c2-chacha v0.2.2
[INFO] [stderr]   Downloaded serde_derive v1.0.101
[INFO] [stderr]   Downloaded dtoa v0.4.4
[INFO] [stderr]   Downloaded toml v0.5.3
[INFO] [stderr]   Downloaded env_logger v0.7.0
[INFO] [stderr]   Downloaded ipnetwork v0.15.0
[INFO] running `Command { std: "docker" "create" "-v" "/var/lib/crater-agent-workspace/builds/worker-4-tc2/target:/opt/rustwide/target:rw,Z" "-v" "/var/lib/crater-agent-workspace/builds/worker-4-tc2/source:/opt/rustwide/workdir:ro,Z" "-v" "/var/lib/crater-agent-workspace/cargo-home:/opt/rustwide/cargo-home:ro,Z" "-v" "/var/lib/crater-agent-workspace/rustup-home:/opt/rustwide/rustup-home:ro,Z" "-e" "SOURCE_DIR=/opt/rustwide/workdir" "-e" "CARGO_TARGET_DIR=/opt/rustwide/target" "-e" "CARGO_HOME=/opt/rustwide/cargo-home" "-e" "RUSTUP_HOME=/opt/rustwide/rustup-home" "-w" "/opt/rustwide/workdir" "-m" "1610612736" "--user" "0:0" "--network" "none" "ghcr.io/rust-lang/crates-build-env/linux@sha256:5ff2268d62e97bff2cde7d5815dd6ed5b47097566f13b8d0ca110b04b60e07ed" "/opt/rustwide/cargo-home/bin/cargo" "+beta-2023-04-20" "metadata" "--no-deps" "--format-version=1", kill_on_drop: false }`
[INFO] [stdout] aa59cff730521825cdf9a9a70e05fbba2d6f371a775a0e37d4c7a2c3a639c889
[INFO] running `Command { std: "docker" "start" "-a" "aa59cff730521825cdf9a9a70e05fbba2d6f371a775a0e37d4c7a2c3a639c889", kill_on_drop: false }`
[INFO] running `Command { std: "docker" "inspect" "aa59cff730521825cdf9a9a70e05fbba2d6f371a775a0e37d4c7a2c3a639c889", kill_on_drop: false }`
[INFO] running `Command { std: "docker" "rm" "-f" "aa59cff730521825cdf9a9a70e05fbba2d6f371a775a0e37d4c7a2c3a639c889", kill_on_drop: false }`
[INFO] [stdout] aa59cff730521825cdf9a9a70e05fbba2d6f371a775a0e37d4c7a2c3a639c889
[INFO] running `Command { std: "docker" "create" "-v" "/var/lib/crater-agent-workspace/builds/worker-4-tc2/target:/opt/rustwide/target:rw,Z" "-v" "/var/lib/crater-agent-workspace/builds/worker-4-tc2/source:/opt/rustwide/workdir:ro,Z" "-v" "/var/lib/crater-agent-workspace/cargo-home:/opt/rustwide/cargo-home:ro,Z" "-v" "/var/lib/crater-agent-workspace/rustup-home:/opt/rustwide/rustup-home:ro,Z" "-e" "SOURCE_DIR=/opt/rustwide/workdir" "-e" "CARGO_TARGET_DIR=/opt/rustwide/target" "-e" "CARGO_INCREMENTAL=0" "-e" "RUST_BACKTRACE=full" "-e" "RUSTFLAGS=--cap-lints=warn" "-e" "RUSTDOCFLAGS=--cap-lints=warn" "-e" "CARGO_HOME=/opt/rustwide/cargo-home" "-e" "RUSTUP_HOME=/opt/rustwide/rustup-home" "-w" "/opt/rustwide/workdir" "-m" "1610612736" "--user" "0:0" "--network" "none" "ghcr.io/rust-lang/crates-build-env/linux@sha256:5ff2268d62e97bff2cde7d5815dd6ed5b47097566f13b8d0ca110b04b60e07ed" "/opt/rustwide/cargo-home/bin/cargo" "+beta-2023-04-20" "build" "--frozen" "--message-format=json", kill_on_drop: false }`
[INFO] [stdout] ba64e6928cfcff0075380c609310d53b7dd6255ed9e709f6aafa9a297b248ac8
[INFO] running `Command { std: "docker" "start" "-a" "ba64e6928cfcff0075380c609310d53b7dd6255ed9e709f6aafa9a297b248ac8", kill_on_drop: false }`
[INFO] [stderr]    Compiling libc v0.2.62
[INFO] [stderr]    Compiling proc-macro2 v1.0.4
[INFO] [stderr]    Compiling unicode-xid v0.2.0
[INFO] [stderr]    Compiling syn v1.0.5
[INFO] [stderr]    Compiling cfg-if v0.1.10
[INFO] [stderr]    Compiling lazy_static v1.4.0
[INFO] [stderr]    Compiling semver-parser v0.7.0
[INFO] [stderr]    Compiling serde v1.0.101
[INFO] [stderr]    Compiling proc-macro2 v0.4.30
[INFO] [stderr]    Compiling unicode-xid v0.1.0
[INFO] [stderr]    Compiling arrayvec v0.4.11
[INFO] [stderr]    Compiling semver v0.9.0
[INFO] [stderr]    Compiling rustc_version v0.2.3
[INFO] [stderr]    Compiling crossbeam-utils v0.6.6
[INFO] [stderr]    Compiling nodrop v0.1.13
[INFO] [stderr]    Compiling getrandom v0.1.12
[INFO] [stderr]    Compiling syn v0.15.44
[INFO] [stderr]    Compiling fnv v1.0.6
[INFO] [stderr]    Compiling memoffset v0.5.1
[INFO] [stderr]    Compiling memchr v2.2.1
[INFO] [stderr]    Compiling ident_case v1.0.1
[INFO] [stderr]    Compiling cc v1.0.45
[INFO] [stderr]    Compiling strsim v0.9.2
[INFO] [stderr]    Compiling quote v1.0.2
[INFO] [stderr]    Compiling quote v0.6.13
[INFO] [stderr]    Compiling scopeguard v1.0.0
[INFO] [stderr]    Compiling bitflags v1.2.0
[INFO] [stderr]    Compiling crossbeam-epoch v0.7.2
[INFO] [stderr]    Compiling failure_derive v0.1.5
[INFO] [stderr]    Compiling byteorder v1.3.2
[INFO] [stderr]    Compiling ppv-lite86 v0.2.5
[INFO] [stderr]    Compiling ryu v1.0.0
[INFO] [stderr]    Compiling backtrace-sys v0.1.31
[INFO] [stderr]    Compiling rayon-core v1.6.0
[INFO] [stderr]    Compiling log v0.4.8
[INFO] [stderr]    Compiling c2-chacha v0.2.2
[INFO] [stderr]    Compiling crossbeam-deque v0.7.1
[INFO] [stderr]    Compiling aho-corasick v0.7.6
[INFO] [stderr]    Compiling rand_core v0.5.1
[INFO] [stderr]    Compiling num_cpus v1.10.1
[INFO] [stderr]    Compiling atty v0.2.13
[INFO] [stderr]    Compiling term_size v0.3.1
[INFO] [stderr]    Compiling crossbeam-queue v0.1.2
[INFO] [stderr]    Compiling thread_local v0.3.6
[INFO] [stderr]    Compiling quick-error v1.2.2
[INFO] [stderr]    Compiling rustc-demangle v0.1.16
[INFO] [stderr]    Compiling linked-hash-map v0.5.2
[INFO] [stderr]    Compiling nix v0.15.0
[INFO] [stderr]    Compiling regex-syntax v0.6.12
[INFO] [stderr]    Compiling unicode-width v0.1.6
[INFO] [stderr]    Compiling derive_builder v0.8.0
[INFO] [stderr]    Compiling backtrace v0.3.38
[INFO] [stderr]    Compiling textwrap v0.11.0
[INFO] [stderr]    Compiling yaml-rust v0.4.3
[INFO] [stderr]    Compiling synstructure v0.10.2
[INFO] [stderr]    Compiling humantime v1.3.0
[INFO] [stderr]    Compiling rand_chacha v0.2.1
[INFO] [stderr]    Compiling itoa v0.4.4
[INFO] [stderr]    Compiling vec_map v0.8.1
[INFO] [stderr]    Compiling yaml-rust v0.3.5
[INFO] [stderr]    Compiling ansi_term v0.11.0
[INFO] [stderr]    Compiling termcolor v1.0.5
[INFO] [stderr]    Compiling void v1.0.2
[INFO] [stderr]    Compiling strsim v0.8.0
[INFO] [stderr]    Compiling either v1.5.3
[INFO] [stderr]    Compiling dtoa v0.4.4
[INFO] [stderr]    Compiling regex v1.3.1
[INFO] [stderr]    Compiling rayon v1.2.0
[INFO] [stderr]    Compiling darling_core v0.10.1
[INFO] [stderr]    Compiling clap v2.33.0
[INFO] [stderr]    Compiling failure v0.1.5
[INFO] [stderr]    Compiling base64 v0.10.1
[INFO] [stderr]    Compiling rand v0.7.2
[INFO] [stderr]    Compiling hostname v0.1.5
[INFO] [stderr]    Compiling serde_derive v1.0.101
[INFO] [stderr]    Compiling darling_macro v0.10.1
[INFO] [stderr]    Compiling darling v0.10.1
[INFO] [stderr]    Compiling derive_builder_core v0.8.0
[INFO] [stderr]    Compiling serde_json v1.0.40
[INFO] [stderr]    Compiling ipnetwork v0.15.0
[INFO] [stderr]    Compiling serde_yaml v0.8.9
[INFO] [stderr]    Compiling toml v0.5.3
[INFO] [stderr]    Compiling env_logger v0.7.0
[INFO] [stderr]    Compiling kubernix v0.1.1 (/opt/rustwide/workdir)
[INFO] [stderr]     Finished dev [unoptimized + debuginfo] target(s) in 57.69s
[INFO] running `Command { std: "docker" "inspect" "ba64e6928cfcff0075380c609310d53b7dd6255ed9e709f6aafa9a297b248ac8", kill_on_drop: false }`
[INFO] running `Command { std: "docker" "rm" "-f" "ba64e6928cfcff0075380c609310d53b7dd6255ed9e709f6aafa9a297b248ac8", kill_on_drop: false }`
[INFO] [stdout] ba64e6928cfcff0075380c609310d53b7dd6255ed9e709f6aafa9a297b248ac8
[INFO] running `Command { std: "docker" "create" "-v" "/var/lib/crater-agent-workspace/builds/worker-4-tc2/target:/opt/rustwide/target:rw,Z" "-v" "/var/lib/crater-agent-workspace/builds/worker-4-tc2/source:/opt/rustwide/workdir:ro,Z" "-v" "/var/lib/crater-agent-workspace/cargo-home:/opt/rustwide/cargo-home:ro,Z" "-v" "/var/lib/crater-agent-workspace/rustup-home:/opt/rustwide/rustup-home:ro,Z" "-e" "SOURCE_DIR=/opt/rustwide/workdir" "-e" "CARGO_TARGET_DIR=/opt/rustwide/target" "-e" "CARGO_INCREMENTAL=0" "-e" "RUST_BACKTRACE=full" "-e" "RUSTFLAGS=--cap-lints=warn" "-e" "RUSTDOCFLAGS=--cap-lints=warn" "-e" "CARGO_HOME=/opt/rustwide/cargo-home" "-e" "RUSTUP_HOME=/opt/rustwide/rustup-home" "-w" "/opt/rustwide/workdir" "-m" "1610612736" "--user" "0:0" "--network" "none" "ghcr.io/rust-lang/crates-build-env/linux@sha256:5ff2268d62e97bff2cde7d5815dd6ed5b47097566f13b8d0ca110b04b60e07ed" "/opt/rustwide/cargo-home/bin/cargo" "+beta-2023-04-20" "test" "--frozen" "--no-run" "--message-format=json", kill_on_drop: false }`
[INFO] [stdout] 17cb93ad5cedb839d94fd4b76a5ffca6e9b7672744c2db95923e5a52123bcc21
[INFO] running `Command { std: "docker" "start" "-a" "17cb93ad5cedb839d94fd4b76a5ffca6e9b7672744c2db95923e5a52123bcc21", kill_on_drop: false }`
[INFO] [stderr]    Compiling remove_dir_all v0.5.2
[INFO] [stderr]    Compiling tempfile v3.1.0
[INFO] [stderr]    Compiling kubernix v0.1.1 (/opt/rustwide/workdir)
[INFO] [stderr]     Finished test [unoptimized + debuginfo] target(s) in 4.13s
[INFO] running `Command { std: "docker" "inspect" "17cb93ad5cedb839d94fd4b76a5ffca6e9b7672744c2db95923e5a52123bcc21", kill_on_drop: false }`
[INFO] running `Command { std: "docker" "rm" "-f" "17cb93ad5cedb839d94fd4b76a5ffca6e9b7672744c2db95923e5a52123bcc21", kill_on_drop: false }`
[INFO] [stdout] 17cb93ad5cedb839d94fd4b76a5ffca6e9b7672744c2db95923e5a52123bcc21
[INFO] running `Command { std: "docker" "create" "-v" "/var/lib/crater-agent-workspace/builds/worker-4-tc2/target:/opt/rustwide/target:rw,Z" "-v" "/var/lib/crater-agent-workspace/builds/worker-4-tc2/source:/opt/rustwide/workdir:ro,Z" "-v" "/var/lib/crater-agent-workspace/cargo-home:/opt/rustwide/cargo-home:ro,Z" "-v" "/var/lib/crater-agent-workspace/rustup-home:/opt/rustwide/rustup-home:ro,Z" "-e" "SOURCE_DIR=/opt/rustwide/workdir" "-e" "CARGO_TARGET_DIR=/opt/rustwide/target" "-e" "CARGO_INCREMENTAL=0" "-e" "RUST_BACKTRACE=full" "-e" "RUSTFLAGS=--cap-lints=warn" "-e" "RUSTDOCFLAGS=--cap-lints=warn" "-e" "CARGO_HOME=/opt/rustwide/cargo-home" "-e" "RUSTUP_HOME=/opt/rustwide/rustup-home" "-w" "/opt/rustwide/workdir" "-m" "1610612736" "--user" "0:0" "--network" "none" "ghcr.io/rust-lang/crates-build-env/linux@sha256:5ff2268d62e97bff2cde7d5815dd6ed5b47097566f13b8d0ca110b04b60e07ed" "/opt/rustwide/cargo-home/bin/cargo" "+beta-2023-04-20" "test" "--frozen", kill_on_drop: false }`
[INFO] [stdout] c824b7d2ecddacbc65ed6fddc146914bc0a6f1418e769d65e86fbeb323e2a482
[INFO] running `Command { std: "docker" "start" "-a" "c824b7d2ecddacbc65ed6fddc146914bc0a6f1418e769d65e86fbeb323e2a482", kill_on_drop: false }`
[INFO] [stderr]     Finished test [unoptimized + debuginfo] target(s) in 0.09s
[INFO] [stderr]      Running unittests src/lib.rs (/opt/rustwide/target/debug/deps/kubernix-06aa4b96f0e2658a)
[INFO] [stdout] 
[INFO] [stdout] running 19 tests
[INFO] [stdout] test config::tests::to_file_success ... ok
[INFO] [stdout] test config::tests::builder_success ... ok
[INFO] [stdout] test config::tests::update_from_file_failure ... ok
[INFO] [stdout] test pki::tests::new_failure ... ok
[INFO] [stdout] test config::tests::canonicalize_root_failure ... ok
[INFO] [stdout] test encryptionconfig::tests::encryptionconfig_failure ... ok
[INFO] [stdout] test encryptionconfig::tests::encryptionconfig_success ... ok
[INFO] [stdout] test config::tests::update_from_file_success ... ok
[INFO] [stdout] test config::tests::canonicalize_root_success ... ok
[INFO] [stdout] test config::tests::to_file_failure ... ok
[INFO] [stdout] test process::tests::start_failure_no_command ... ok
[INFO] [stdout] test process::tests::start_success ... ok
[INFO] [stdout] test process::tests::stop_success ... ok
[INFO] [stdout] test process::tests::wait_ready_success ... ok
[INFO] [stdout] test process::tests::start_failure_wrong_root ... ok
[INFO] [stdout] test process::tests::start_failure_invalid_command ... ok
[INFO] [stdout] test process::tests::stopped ... ok
[INFO] [stdout] test pki::tests::new_success ... FAILED
[INFO] [stdout] test process::tests::wait_ready_failure ... ok
[INFO] [stdout] 
[INFO] [stdout] failures:
[INFO] [stdout] 
[INFO] [stdout] ---- pki::tests::new_success stdout ----
[INFO] [stdout] Error: Os { code: 2, kind: NotFound, message: "No such file or directory" }
[INFO] [stdout] 
[INFO] [stdout] stack backtrace:
[INFO] [stdout]    0: failure::backtrace::internal::InternalBacktrace::new
[INFO] [stdout]              at src/backtrace/internal.rs:44
[INFO] [stdout]    1: failure::backtrace::Backtrace::new
[INFO] [stdout]              at src/backtrace/mod.rs:111
[INFO] [stdout]    2: <failure::error::error_impl::ErrorImpl as core::convert::From<F>>::from
[INFO] [stdout]              at /opt/rustwide/cargo-home/registry/src/index.crates.io-6f17d22bba15001f/failure-0.1.5/src/error/error_impl.rs:19
[INFO] [stdout]    3: <failure::error::Error as core::convert::From<F>>::from
[INFO] [stdout]              at /opt/rustwide/cargo-home/registry/src/index.crates.io-6f17d22bba15001f/failure-0.1.5/src/error/mod.rs:36
[INFO] [stdout]    4: <core::result::Result<T,F> as core::ops::try_trait::FromResidual<core::result::Result<core::convert::Infallible,E>>>::from_residual
[INFO] [stdout]              at /rustc/1b7dd2252b99671ce5d1cb9664c5f8636329436d/library/core/src/result.rs:2002
[INFO] [stdout]    5: kubernix::pki::Pki::setup_ca
[INFO] [stdout]              at src/pki.rs:111
[INFO] [stdout]    6: kubernix::pki::Pki::new
[INFO] [stdout]              at src/pki.rs:84
[INFO] [stdout]    7: kubernix::pki::tests::new_success
[INFO] [stdout]              at src/pki.rs:276
[INFO] [stdout]    8: kubernix::pki::tests::new_success::{{closure}}
[INFO] [stdout]              at src/pki.rs:274
[INFO] [stdout]    9: core::ops::function::FnOnce::call_once
[INFO] [stdout]              at /rustc/1b7dd2252b99671ce5d1cb9664c5f8636329436d/library/core/src/ops/function.rs:250
[INFO] [stdout]   10: core::ops::function::FnOnce::call_once
[INFO] [stdout]              at library/core/src/ops/function.rs:250
[INFO] [stdout]       test::__rust_begin_short_backtrace
[INFO] [stdout]              at library/test/src/lib.rs:655
[INFO] [stdout]   11: test::run_test::{{closure}}
[INFO] [stdout]              at library/test/src/lib.rs:646
[INFO] [stdout]       core::ops::function::FnOnce::call_once{{vtable.shim}}
[INFO] [stdout]              at library/core/src/ops/function.rs:250
[INFO] [stdout]   12: <alloc::boxed::Box<F,A> as core::ops::function::FnOnce<Args>>::call_once
[INFO] [stdout]              at library/alloc/src/boxed.rs:1973
[INFO] [stdout]       <core::panic::unwind_safe::AssertUnwindSafe<F> as core::ops::function::FnOnce<()>>::call_once
[INFO] [stdout]              at library/core/src/panic/unwind_safe.rs:271
[INFO] [stdout]       std::panicking::try::do_call
[INFO] [stdout]              at library/std/src/panicking.rs:485
[INFO] [stdout]       std::panicking::try
[INFO] [stdout]              at library/std/src/panicking.rs:449
[INFO] [stdout]       std::panic::catch_unwind
[INFO] [stdout]              at library/std/src/panic.rs:140
[INFO] [stdout]       test::run_test_in_process
[INFO] [stdout]              at library/test/src/lib.rs:678
[INFO] [stdout]       test::run_test::run_test_inner::{{closure}}
[INFO] [stdout]              at library/test/src/lib.rs:572
[INFO] [stdout]   13: test::run_test::run_test_inner::{{closure}}
[INFO] [stdout]              at library/test/src/lib.rs:599
[INFO] [stdout]       std::sys_common::backtrace::__rust_begin_short_backtrace
[INFO] [stdout]              at library/std/src/sys_common/backtrace.rs:134
[INFO] [stdout]   14: std::thread::Builder::spawn_unchecked_::{{closure}}::{{closure}}
[INFO] [stdout]              at library/std/src/thread/mod.rs:526
[INFO] [stdout]       <core::panic::unwind_safe::AssertUnwindSafe<F> as core::ops::function::FnOnce<()>>::call_once
[INFO] [stdout]              at library/core/src/panic/unwind_safe.rs:271
[INFO] [stdout]       std::panicking::try::do_call
[INFO] [stdout]              at library/std/src/panicking.rs:485
[INFO] [stdout]       std::panicking::try
[INFO] [stdout]              at library/std/src/panicking.rs:449
[INFO] [stdout]       std::panic::catch_unwind
[INFO] [stdout]              at library/std/src/panic.rs:140
[INFO] [stdout]       std::thread::Builder::spawn_unchecked_::{{closure}}
[INFO] [stdout]              at library/std/src/thread/mod.rs:525
[INFO] [stdout]       core::ops::function::FnOnce::call_once{{vtable.shim}}
[INFO] [stdout]              at library/core/src/ops/function.rs:250
[INFO] [stdout]   15: <alloc::boxed::Box<F,A> as core::ops::function::FnOnce<Args>>::call_once
[INFO] [stdout]              at library/alloc/src/boxed.rs:1973
[INFO] [stdout]       <alloc::boxed::Box<F,A> as core::ops::function::FnOnce<Args>>::call_once
[INFO] [stdout]              at library/alloc/src/boxed.rs:1973
[INFO] [stdout]       std::sys::unix::thread::Thread::new::thread_start
[INFO] [stdout]              at library/std/src/sys/unix/thread.rs:108
[INFO] [stdout]   16: <unknown>
[INFO] [stdout]   17: __clone
[INFO] [stdout] 
[INFO] [stdout] 
[INFO] [stdout] 
[INFO] [stdout] failures:
[INFO] [stdout]     pki::tests::new_success
[INFO] [stdout] 
[INFO] [stdout] test result: FAILED. 18 passed; 1 failed; 0 ignored; 0 measured; 0 filtered out; finished in 1.05s
[INFO] [stdout] 
[INFO] [stderr] error: test failed, to rerun pass `--lib`
[INFO] running `Command { std: "docker" "inspect" "c824b7d2ecddacbc65ed6fddc146914bc0a6f1418e769d65e86fbeb323e2a482", kill_on_drop: false }`
[INFO] running `Command { std: "docker" "rm" "-f" "c824b7d2ecddacbc65ed6fddc146914bc0a6f1418e769d65e86fbeb323e2a482", kill_on_drop: false }`
[INFO] [stdout] c824b7d2ecddacbc65ed6fddc146914bc0a6f1418e769d65e86fbeb323e2a482
