[INFO] fetching crate krpc-client 0.5.0-0.5.2...
[INFO] testing krpc-client-0.5.0-0.5.2 against 1.69.0 for beta-1.70-1
[INFO] extracting crate krpc-client 0.5.0-0.5.2 into /workspace/builds/worker-4-tc1/source
[INFO] validating manifest of crates.io crate krpc-client 0.5.0-0.5.2 on toolchain 1.69.0
[INFO] running `Command { std: CARGO_HOME="/workspace/cargo-home" RUSTUP_HOME="/workspace/rustup-home" "/workspace/cargo-home/bin/cargo" "+1.69.0" "metadata" "--manifest-path" "Cargo.toml" "--no-deps", kill_on_drop: false }`
[INFO] started tweaking crates.io crate krpc-client 0.5.0-0.5.2
[INFO] finished tweaking crates.io crate krpc-client 0.5.0-0.5.2
[INFO] tweaked toml for crates.io crate krpc-client 0.5.0-0.5.2 written to /workspace/builds/worker-4-tc1/source/Cargo.toml
[INFO] crate crates.io crate krpc-client 0.5.0-0.5.2 already has a lockfile, it will not be regenerated
[INFO] running `Command { std: CARGO_HOME="/workspace/cargo-home" RUSTUP_HOME="/workspace/rustup-home" "/workspace/cargo-home/bin/cargo" "+1.69.0" "fetch" "--manifest-path" "Cargo.toml", kill_on_drop: false }`
[INFO] [stderr]  Downloading crates ...
[INFO] [stderr]   Downloaded io-lifetimes v1.0.7
[INFO] [stderr]   Downloaded protobuf-codegen v3.2.0
[INFO] [stderr]   Downloaded protobuf-parse v3.2.0
[INFO] [stderr]   Downloaded codegen v0.2.0
[INFO] running `Command { std: "docker" "create" "-v" "/var/lib/crater-agent-workspace/builds/worker-4-tc1/target:/opt/rustwide/target:rw,Z" "-v" "/var/lib/crater-agent-workspace/builds/worker-4-tc1/source:/opt/rustwide/workdir:ro,Z" "-v" "/var/lib/crater-agent-workspace/cargo-home:/opt/rustwide/cargo-home:ro,Z" "-v" "/var/lib/crater-agent-workspace/rustup-home:/opt/rustwide/rustup-home:ro,Z" "-e" "SOURCE_DIR=/opt/rustwide/workdir" "-e" "CARGO_TARGET_DIR=/opt/rustwide/target" "-e" "CARGO_HOME=/opt/rustwide/cargo-home" "-e" "RUSTUP_HOME=/opt/rustwide/rustup-home" "-w" "/opt/rustwide/workdir" "-m" "1610612736" "--user" "0:0" "--network" "none" "ghcr.io/rust-lang/crates-build-env/linux@sha256:5ff2268d62e97bff2cde7d5815dd6ed5b47097566f13b8d0ca110b04b60e07ed" "/opt/rustwide/cargo-home/bin/cargo" "+1.69.0" "metadata" "--no-deps" "--format-version=1", kill_on_drop: false }`
[INFO] [stdout] 5904e039304a4d28703843006b297d6a920ddfeb26a41a3db7c77ca4a5dc2351
[INFO] running `Command { std: "docker" "start" "-a" "5904e039304a4d28703843006b297d6a920ddfeb26a41a3db7c77ca4a5dc2351", kill_on_drop: false }`
[INFO] running `Command { std: "docker" "inspect" "5904e039304a4d28703843006b297d6a920ddfeb26a41a3db7c77ca4a5dc2351", kill_on_drop: false }`
[INFO] running `Command { std: "docker" "rm" "-f" "5904e039304a4d28703843006b297d6a920ddfeb26a41a3db7c77ca4a5dc2351", kill_on_drop: false }`
[INFO] [stdout] 5904e039304a4d28703843006b297d6a920ddfeb26a41a3db7c77ca4a5dc2351
[INFO] running `Command { std: "docker" "create" "-v" "/var/lib/crater-agent-workspace/builds/worker-4-tc1/target:/opt/rustwide/target:rw,Z" "-v" "/var/lib/crater-agent-workspace/builds/worker-4-tc1/source:/opt/rustwide/workdir:ro,Z" "-v" "/var/lib/crater-agent-workspace/cargo-home:/opt/rustwide/cargo-home:ro,Z" "-v" "/var/lib/crater-agent-workspace/rustup-home:/opt/rustwide/rustup-home:ro,Z" "-e" "SOURCE_DIR=/opt/rustwide/workdir" "-e" "CARGO_TARGET_DIR=/opt/rustwide/target" "-e" "CARGO_INCREMENTAL=0" "-e" "RUST_BACKTRACE=full" "-e" "RUSTFLAGS=--cap-lints=warn" "-e" "RUSTDOCFLAGS=--cap-lints=warn" "-e" "CARGO_HOME=/opt/rustwide/cargo-home" "-e" "RUSTUP_HOME=/opt/rustwide/rustup-home" "-w" "/opt/rustwide/workdir" "-m" "1610612736" "--user" "0:0" "--network" "none" "ghcr.io/rust-lang/crates-build-env/linux@sha256:5ff2268d62e97bff2cde7d5815dd6ed5b47097566f13b8d0ca110b04b60e07ed" "/opt/rustwide/cargo-home/bin/cargo" "+1.69.0" "build" "--frozen" "--message-format=json", kill_on_drop: false }`
[INFO] [stdout] 75c96da05c948dc2259c6684c83af8eb28a0851fc86c181eef7a4dc9c5e38e73
[INFO] running `Command { std: "docker" "start" "-a" "75c96da05c948dc2259c6684c83af8eb28a0851fc86c181eef7a4dc9c5e38e73", kill_on_drop: false }`
[INFO] [stderr]    Compiling proc-macro2 v1.0.52
[INFO] [stderr]    Compiling syn v1.0.109
[INFO] [stderr]    Compiling libc v0.2.140
[INFO] [stderr]    Compiling thiserror v1.0.39
[INFO] [stderr]    Compiling io-lifetimes v1.0.7
[INFO] [stderr]    Compiling rustix v0.36.9
[INFO] [stderr]    Compiling cfg-if v1.0.0
[INFO] [stderr]    Compiling hashbrown v0.12.3
[INFO] [stderr]    Compiling anyhow v1.0.69
[INFO] [stderr]    Compiling bitflags v1.3.2
[INFO] [stderr]    Compiling linux-raw-sys v0.1.4
[INFO] [stderr]    Compiling indexmap v1.9.2
[INFO] [stderr]    Compiling memchr v2.5.0
[INFO] [stderr]    Compiling log v0.4.17
[INFO] [stderr]    Compiling protobuf v3.2.0
[INFO] [stderr]    Compiling serde v1.0.156
[INFO] [stderr]    Compiling either v1.8.1
[INFO] [stderr]    Compiling fastrand v1.9.0
[INFO] [stderr]    Compiling regex-syntax v0.6.28
[INFO] [stderr]    Compiling aho-corasick v0.7.20
[INFO] [stderr]    Compiling serde_json v1.0.94
[INFO] [stderr]    Compiling ryu v1.0.13
[INFO] [stderr]    Compiling itoa v1.0.6
[INFO] [stderr]    Compiling unicode-segmentation v1.10.1
[INFO] [stderr]    Compiling bytes v1.4.0
[INFO] [stderr]    Compiling quote v1.0.26
[INFO] [stderr]    Compiling convert_case v0.6.0
[INFO] [stderr]    Compiling codegen v0.2.0
[INFO] [stderr]    Compiling regex v1.7.1
[INFO] [stderr]    Compiling which v4.4.0
[INFO] [stderr]    Compiling thiserror-impl v1.0.39
[INFO] [stderr]    Compiling tempfile v3.4.0
[INFO] [stderr]    Compiling protobuf-support v3.2.0
[INFO] [stderr]    Compiling protobuf-parse v3.2.0
[INFO] [stderr]    Compiling protobuf-codegen v3.2.0
[INFO] [stderr]    Compiling krpc-client v0.5.0-0.5.2 (/opt/rustwide/workdir)
[INFO] [stderr]     Finished dev [unoptimized + debuginfo] target(s) in 38.21s
[INFO] running `Command { std: "docker" "inspect" "75c96da05c948dc2259c6684c83af8eb28a0851fc86c181eef7a4dc9c5e38e73", kill_on_drop: false }`
[INFO] running `Command { std: "docker" "rm" "-f" "75c96da05c948dc2259c6684c83af8eb28a0851fc86c181eef7a4dc9c5e38e73", kill_on_drop: false }`
[INFO] [stdout] 75c96da05c948dc2259c6684c83af8eb28a0851fc86c181eef7a4dc9c5e38e73
[INFO] running `Command { std: "docker" "create" "-v" "/var/lib/crater-agent-workspace/builds/worker-4-tc1/target:/opt/rustwide/target:rw,Z" "-v" "/var/lib/crater-agent-workspace/builds/worker-4-tc1/source:/opt/rustwide/workdir:ro,Z" "-v" "/var/lib/crater-agent-workspace/cargo-home:/opt/rustwide/cargo-home:ro,Z" "-v" "/var/lib/crater-agent-workspace/rustup-home:/opt/rustwide/rustup-home:ro,Z" "-e" "SOURCE_DIR=/opt/rustwide/workdir" "-e" "CARGO_TARGET_DIR=/opt/rustwide/target" "-e" "CARGO_INCREMENTAL=0" "-e" "RUST_BACKTRACE=full" "-e" "RUSTFLAGS=--cap-lints=warn" "-e" "RUSTDOCFLAGS=--cap-lints=warn" "-e" "CARGO_HOME=/opt/rustwide/cargo-home" "-e" "RUSTUP_HOME=/opt/rustwide/rustup-home" "-w" "/opt/rustwide/workdir" "-m" "1610612736" "--user" "0:0" "--network" "none" "ghcr.io/rust-lang/crates-build-env/linux@sha256:5ff2268d62e97bff2cde7d5815dd6ed5b47097566f13b8d0ca110b04b60e07ed" "/opt/rustwide/cargo-home/bin/cargo" "+1.69.0" "test" "--frozen" "--no-run" "--message-format=json", kill_on_drop: false }`
[INFO] [stdout] e92151513542f3cf92cdb5d7feb61809fe63be0e3c801f489dfc63406dbd381d
[INFO] running `Command { std: "docker" "start" "-a" "e92151513542f3cf92cdb5d7feb61809fe63be0e3c801f489dfc63406dbd381d", kill_on_drop: false }`
[INFO] [stderr]    Compiling krpc-client v0.5.0-0.5.2 (/opt/rustwide/workdir)
[INFO] [stderr]     Finished test [unoptimized + debuginfo] target(s) in 4.33s
[INFO] running `Command { std: "docker" "inspect" "e92151513542f3cf92cdb5d7feb61809fe63be0e3c801f489dfc63406dbd381d", kill_on_drop: false }`
[INFO] running `Command { std: "docker" "rm" "-f" "e92151513542f3cf92cdb5d7feb61809fe63be0e3c801f489dfc63406dbd381d", kill_on_drop: false }`
[INFO] [stdout] e92151513542f3cf92cdb5d7feb61809fe63be0e3c801f489dfc63406dbd381d
[INFO] running `Command { std: "docker" "create" "-v" "/var/lib/crater-agent-workspace/builds/worker-4-tc1/target:/opt/rustwide/target:rw,Z" "-v" "/var/lib/crater-agent-workspace/builds/worker-4-tc1/source:/opt/rustwide/workdir:ro,Z" "-v" "/var/lib/crater-agent-workspace/cargo-home:/opt/rustwide/cargo-home:ro,Z" "-v" "/var/lib/crater-agent-workspace/rustup-home:/opt/rustwide/rustup-home:ro,Z" "-e" "SOURCE_DIR=/opt/rustwide/workdir" "-e" "CARGO_TARGET_DIR=/opt/rustwide/target" "-e" "CARGO_INCREMENTAL=0" "-e" "RUST_BACKTRACE=full" "-e" "RUSTFLAGS=--cap-lints=warn" "-e" "RUSTDOCFLAGS=--cap-lints=warn" "-e" "CARGO_HOME=/opt/rustwide/cargo-home" "-e" "RUSTUP_HOME=/opt/rustwide/rustup-home" "-w" "/opt/rustwide/workdir" "-m" "1610612736" "--user" "0:0" "--network" "none" "ghcr.io/rust-lang/crates-build-env/linux@sha256:5ff2268d62e97bff2cde7d5815dd6ed5b47097566f13b8d0ca110b04b60e07ed" "/opt/rustwide/cargo-home/bin/cargo" "+1.69.0" "test" "--frozen", kill_on_drop: false }`
[INFO] [stdout] 1cffba00ec84f60f9dbc763dfd63070a62e8aa8dc4894a69f7ce8c2e4b67da67
[INFO] running `Command { std: "docker" "start" "-a" "1cffba00ec84f60f9dbc763dfd63070a62e8aa8dc4894a69f7ce8c2e4b67da67", kill_on_drop: false }`
[INFO] [stderr]     Finished test [unoptimized + debuginfo] target(s) in 0.04s
[INFO] [stderr]      Running unittests src/lib.rs (/opt/rustwide/target/debug/deps/krpc_client-34d7de60b82caeb2)
[INFO] [stdout] 
[INFO] [stdout] running 0 tests
[INFO] [stderr]    Doc-tests krpc-client
[INFO] [stdout] 
[INFO] [stdout] test result: ok. 0 passed; 0 failed; 0 ignored; 0 measured; 0 filtered out; finished in 0.00s
[INFO] [stdout] 
[INFO] [stdout] 
[INFO] [stdout] running 3 tests
[INFO] [stdout] test src/client.rs - client::Client (line 36) ... FAILED
[INFO] [stdout] test src/client.rs - client::Client::new (line 56) ... ok
[INFO] [stdout] test src/client.rs - client::Client (line 25) ... ok
[INFO] [stdout] 
[INFO] [stdout] failures:
[INFO] [stdout] 
[INFO] [stdout] ---- src/client.rs - client::Client (line 36) stdout ----
[INFO] [stdout] error[E0425]: cannot find value `client` in this scope
[INFO] [stdout]  --> src/client.rs:38:37
[INFO] [stdout]   |
[INFO] [stdout] 5 | let space_center = SpaceCenter::new(client);
[INFO] [stdout]   |                                     ^^^^^^ not found in this scope
[INFO] [stdout] 
[INFO] [stdout] error[E0277]: the `?` operator can only be used in a function that returns `Result` or `Option` (or another type that implements `FromResidual`)
[INFO] [stdout]  --> src/client.rs:40:56
[INFO] [stdout]   |
[INFO] [stdout] 3 | fn main() { #[allow(non_snake_case)] fn _doctest_main_src_client_rs_36_0() {
[INFO] [stdout]   |                                      ------------------------------------- this function should return `Result` or `Option` to accept `?`
[INFO] [stdout] ...
[INFO] [stdout] 7 | println!("Hello, {}!", space_center.get_active_vessel()?.get_name()?);
[INFO] [stdout]   |                                                        ^ cannot use the `?` operator in a function that returns `()`
[INFO] [stdout]   |
[INFO] [stdout]   = help: the trait `FromResidual<Result<Infallible, RpcError>>` is not implemented for `()`
[INFO] [stdout] 
[INFO] [stdout] error[E0277]: the `?` operator can only be used in a function that returns `Result` or `Option` (or another type that implements `FromResidual`)
[INFO] [stdout]  --> src/client.rs:40:68
[INFO] [stdout]   |
[INFO] [stdout] 3 | fn main() { #[allow(non_snake_case)] fn _doctest_main_src_client_rs_36_0() {
[INFO] [stdout]   |                                      ------------------------------------- this function should return `Result` or `Option` to accept `?`
[INFO] [stdout] ...
[INFO] [stdout] 7 | println!("Hello, {}!", space_center.get_active_vessel()?.get_name()?);
[INFO] [stdout]   |                                                                    ^ cannot use the `?` operator in a function that returns `()`
[INFO] [stdout]   |
[INFO] [stdout]   = help: the trait `FromResidual<Result<Infallible, RpcError>>` is not implemented for `()`
[INFO] [stdout] 
[INFO] [stdout] error: aborting due to 3 previous errors
[INFO] [stdout] 
[INFO] [stdout] Some errors have detailed explanations: E0277, E0425.
[INFO] [stdout] For more information about an error, try `rustc --explain E0277`.
[INFO] [stdout] Couldn't compile the test.
[INFO] [stdout] 
[INFO] [stdout] failures:
[INFO] [stdout]     src/client.rs - client::Client (line 36)
[INFO] [stdout] 
[INFO] [stdout] test result: FAILED. 2 passed; 1 failed; 0 ignored; 0 measured; 0 filtered out; finished in 1.06s
[INFO] [stdout] 
[INFO] [stderr] error: doctest failed, to rerun pass `--doc`
[INFO] running `Command { std: "docker" "inspect" "1cffba00ec84f60f9dbc763dfd63070a62e8aa8dc4894a69f7ce8c2e4b67da67", kill_on_drop: false }`
[INFO] running `Command { std: "docker" "rm" "-f" "1cffba00ec84f60f9dbc763dfd63070a62e8aa8dc4894a69f7ce8c2e4b67da67", kill_on_drop: false }`
[INFO] [stdout] 1cffba00ec84f60f9dbc763dfd63070a62e8aa8dc4894a69f7ce8c2e4b67da67
