[INFO] fetching crate kinetic-engine 0.1.1...
[INFO] testing kinetic-engine-0.1.1 against 1.69.0 for beta-1.70-1
[INFO] extracting crate kinetic-engine 0.1.1 into /workspace/builds/worker-1-tc1/source
[INFO] validating manifest of crates.io crate kinetic-engine 0.1.1 on toolchain 1.69.0
[INFO] running `Command { std: CARGO_HOME="/workspace/cargo-home" RUSTUP_HOME="/workspace/rustup-home" "/workspace/cargo-home/bin/cargo" "+1.69.0" "metadata" "--manifest-path" "Cargo.toml" "--no-deps", kill_on_drop: false }`
[INFO] started tweaking crates.io crate kinetic-engine 0.1.1
[INFO] finished tweaking crates.io crate kinetic-engine 0.1.1
[INFO] tweaked toml for crates.io crate kinetic-engine 0.1.1 written to /workspace/builds/worker-1-tc1/source/Cargo.toml
[INFO] running `Command { std: CARGO_HOME="/workspace/cargo-home" RUSTUP_HOME="/workspace/rustup-home" __CARGO_TEST_CHANNEL_OVERRIDE_DO_NOT_USE_THIS="nightly" "/workspace/cargo-home/bin/cargo" "+1.69.0" "generate-lockfile" "--manifest-path" "Cargo.toml" "-Zno-index-update", kill_on_drop: false }`
[INFO] running `Command { std: CARGO_HOME="/workspace/cargo-home" RUSTUP_HOME="/workspace/rustup-home" "/workspace/cargo-home/bin/cargo" "+1.69.0" "fetch" "--manifest-path" "Cargo.toml", kill_on_drop: false }`
[INFO] running `Command { std: "docker" "create" "-v" "/var/lib/crater-agent-workspace/builds/worker-1-tc1/target:/opt/rustwide/target:rw,Z" "-v" "/var/lib/crater-agent-workspace/builds/worker-1-tc1/source:/opt/rustwide/workdir:ro,Z" "-v" "/var/lib/crater-agent-workspace/cargo-home:/opt/rustwide/cargo-home:ro,Z" "-v" "/var/lib/crater-agent-workspace/rustup-home:/opt/rustwide/rustup-home:ro,Z" "-e" "SOURCE_DIR=/opt/rustwide/workdir" "-e" "CARGO_TARGET_DIR=/opt/rustwide/target" "-e" "CARGO_HOME=/opt/rustwide/cargo-home" "-e" "RUSTUP_HOME=/opt/rustwide/rustup-home" "-w" "/opt/rustwide/workdir" "-m" "1610612736" "--user" "0:0" "--network" "none" "ghcr.io/rust-lang/crates-build-env/linux@sha256:5ff2268d62e97bff2cde7d5815dd6ed5b47097566f13b8d0ca110b04b60e07ed" "/opt/rustwide/cargo-home/bin/cargo" "+1.69.0" "metadata" "--no-deps" "--format-version=1", kill_on_drop: false }`
[INFO] [stdout] 5d5f67a866e3a3ca1bbf88e92d5ae59bcdedf25dc36331cefd0fd16ac1d78652
[INFO] running `Command { std: "docker" "start" "-a" "5d5f67a866e3a3ca1bbf88e92d5ae59bcdedf25dc36331cefd0fd16ac1d78652", kill_on_drop: false }`
[INFO] running `Command { std: "docker" "inspect" "5d5f67a866e3a3ca1bbf88e92d5ae59bcdedf25dc36331cefd0fd16ac1d78652", kill_on_drop: false }`
[INFO] running `Command { std: "docker" "rm" "-f" "5d5f67a866e3a3ca1bbf88e92d5ae59bcdedf25dc36331cefd0fd16ac1d78652", kill_on_drop: false }`
[INFO] [stdout] 5d5f67a866e3a3ca1bbf88e92d5ae59bcdedf25dc36331cefd0fd16ac1d78652
[INFO] running `Command { std: "docker" "create" "-v" "/var/lib/crater-agent-workspace/builds/worker-1-tc1/target:/opt/rustwide/target:rw,Z" "-v" "/var/lib/crater-agent-workspace/builds/worker-1-tc1/source:/opt/rustwide/workdir:ro,Z" "-v" "/var/lib/crater-agent-workspace/cargo-home:/opt/rustwide/cargo-home:ro,Z" "-v" "/var/lib/crater-agent-workspace/rustup-home:/opt/rustwide/rustup-home:ro,Z" "-e" "SOURCE_DIR=/opt/rustwide/workdir" "-e" "CARGO_TARGET_DIR=/opt/rustwide/target" "-e" "CARGO_INCREMENTAL=0" "-e" "RUST_BACKTRACE=full" "-e" "RUSTFLAGS=--cap-lints=warn" "-e" "RUSTDOCFLAGS=--cap-lints=warn" "-e" "CARGO_HOME=/opt/rustwide/cargo-home" "-e" "RUSTUP_HOME=/opt/rustwide/rustup-home" "-w" "/opt/rustwide/workdir" "-m" "1610612736" "--user" "0:0" "--network" "none" "ghcr.io/rust-lang/crates-build-env/linux@sha256:5ff2268d62e97bff2cde7d5815dd6ed5b47097566f13b8d0ca110b04b60e07ed" "/opt/rustwide/cargo-home/bin/cargo" "+1.69.0" "build" "--frozen" "--message-format=json", kill_on_drop: false }`
[INFO] [stdout] 8a468ad358ad98dce0678d9bf2ced4f92df3ff0c309a1a7451844ebbed561a2c
[INFO] running `Command { std: "docker" "start" "-a" "8a468ad358ad98dce0678d9bf2ced4f92df3ff0c309a1a7451844ebbed561a2c", kill_on_drop: false }`
[INFO] [stderr]    Compiling kinetic-engine v0.1.1 (/opt/rustwide/workdir)
[INFO] [stderr]     Finished dev [unoptimized + debuginfo] target(s) in 0.09s
[INFO] running `Command { std: "docker" "inspect" "8a468ad358ad98dce0678d9bf2ced4f92df3ff0c309a1a7451844ebbed561a2c", kill_on_drop: false }`
[INFO] running `Command { std: "docker" "rm" "-f" "8a468ad358ad98dce0678d9bf2ced4f92df3ff0c309a1a7451844ebbed561a2c", kill_on_drop: false }`
[INFO] [stdout] 8a468ad358ad98dce0678d9bf2ced4f92df3ff0c309a1a7451844ebbed561a2c
[INFO] running `Command { std: "docker" "create" "-v" "/var/lib/crater-agent-workspace/builds/worker-1-tc1/target:/opt/rustwide/target:rw,Z" "-v" "/var/lib/crater-agent-workspace/builds/worker-1-tc1/source:/opt/rustwide/workdir:ro,Z" "-v" "/var/lib/crater-agent-workspace/cargo-home:/opt/rustwide/cargo-home:ro,Z" "-v" "/var/lib/crater-agent-workspace/rustup-home:/opt/rustwide/rustup-home:ro,Z" "-e" "SOURCE_DIR=/opt/rustwide/workdir" "-e" "CARGO_TARGET_DIR=/opt/rustwide/target" "-e" "CARGO_INCREMENTAL=0" "-e" "RUST_BACKTRACE=full" "-e" "RUSTFLAGS=--cap-lints=warn" "-e" "RUSTDOCFLAGS=--cap-lints=warn" "-e" "CARGO_HOME=/opt/rustwide/cargo-home" "-e" "RUSTUP_HOME=/opt/rustwide/rustup-home" "-w" "/opt/rustwide/workdir" "-m" "1610612736" "--user" "0:0" "--network" "none" "ghcr.io/rust-lang/crates-build-env/linux@sha256:5ff2268d62e97bff2cde7d5815dd6ed5b47097566f13b8d0ca110b04b60e07ed" "/opt/rustwide/cargo-home/bin/cargo" "+1.69.0" "test" "--frozen" "--no-run" "--message-format=json", kill_on_drop: false }`
[INFO] [stdout] 3491ef3d2847f52ab60d3a42ea440fde0ba274e30a5ff12eef3231711178722f
[INFO] running `Command { std: "docker" "start" "-a" "3491ef3d2847f52ab60d3a42ea440fde0ba274e30a5ff12eef3231711178722f", kill_on_drop: false }`
[INFO] [stderr]    Compiling kinetic-engine v0.1.1 (/opt/rustwide/workdir)
[INFO] [stderr]     Finished test [unoptimized + debuginfo] target(s) in 0.21s
[INFO] running `Command { std: "docker" "inspect" "3491ef3d2847f52ab60d3a42ea440fde0ba274e30a5ff12eef3231711178722f", kill_on_drop: false }`
[INFO] running `Command { std: "docker" "rm" "-f" "3491ef3d2847f52ab60d3a42ea440fde0ba274e30a5ff12eef3231711178722f", kill_on_drop: false }`
[INFO] [stdout] 3491ef3d2847f52ab60d3a42ea440fde0ba274e30a5ff12eef3231711178722f
[INFO] running `Command { std: "docker" "create" "-v" "/var/lib/crater-agent-workspace/builds/worker-1-tc1/target:/opt/rustwide/target:rw,Z" "-v" "/var/lib/crater-agent-workspace/builds/worker-1-tc1/source:/opt/rustwide/workdir:ro,Z" "-v" "/var/lib/crater-agent-workspace/cargo-home:/opt/rustwide/cargo-home:ro,Z" "-v" "/var/lib/crater-agent-workspace/rustup-home:/opt/rustwide/rustup-home:ro,Z" "-e" "SOURCE_DIR=/opt/rustwide/workdir" "-e" "CARGO_TARGET_DIR=/opt/rustwide/target" "-e" "CARGO_INCREMENTAL=0" "-e" "RUST_BACKTRACE=full" "-e" "RUSTFLAGS=--cap-lints=warn" "-e" "RUSTDOCFLAGS=--cap-lints=warn" "-e" "CARGO_HOME=/opt/rustwide/cargo-home" "-e" "RUSTUP_HOME=/opt/rustwide/rustup-home" "-w" "/opt/rustwide/workdir" "-m" "1610612736" "--user" "0:0" "--network" "none" "ghcr.io/rust-lang/crates-build-env/linux@sha256:5ff2268d62e97bff2cde7d5815dd6ed5b47097566f13b8d0ca110b04b60e07ed" "/opt/rustwide/cargo-home/bin/cargo" "+1.69.0" "test" "--frozen", kill_on_drop: false }`
[INFO] [stdout] 3637595cc429ac82e08c03e8b5b18576112475c3098dde65affa0bb26c56e20f
[INFO] running `Command { std: "docker" "start" "-a" "3637595cc429ac82e08c03e8b5b18576112475c3098dde65affa0bb26c56e20f", kill_on_drop: false }`
[INFO] [stderr]     Finished test [unoptimized + debuginfo] target(s) in 0.00s
[INFO] [stderr]      Running unittests src/lib.rs (/opt/rustwide/target/debug/deps/kinetic_engine-43009a714d679d9c)
[INFO] [stdout] 
[INFO] [stdout] running 0 tests
[INFO] [stdout] 
[INFO] [stdout] test result: ok. 0 passed; 0 failed; 0 ignored; 0 measured; 0 filtered out; finished in 0.00s
[INFO] [stdout] 
[INFO] [stderr]    Doc-tests kinetic-engine
[INFO] [stdout] 
[INFO] [stdout] running 2 tests
[INFO] [stdout] test src/application.rs - application::Application (line 65) ... FAILED
[INFO] [stdout] test src/application.rs - application::ApplicationBuilder (line 5) ... FAILED
[INFO] [stdout] 
[INFO] [stdout] failures:
[INFO] [stdout] 
[INFO] [stdout] ---- src/application.rs - application::Application (line 65) stdout ----
[INFO] [stdout] error: expected `;`, found `}`
[INFO] [stdout]   --> src/application.rs:71:14
[INFO] [stdout]    |
[INFO] [stdout] 9  |     .unwrap()
[INFO] [stdout]    |              ^ help: add `;` here
[INFO] [stdout] 10 | } _doctest_main_src_application_rs_65_0() }
[INFO] [stdout]    | - unexpected token
[INFO] [stdout] 
[INFO] [stdout] error[E0308]: mismatched types
[INFO] [stdout]   --> src/application.rs:67:16
[INFO] [stdout]    |
[INFO] [stdout] 5  |     .with_name("kinetic")
[INFO] [stdout]    |      --------- ^^^^^^^^^- help: try using a conversion method: `.to_string()`
[INFO] [stdout]    |      |         |
[INFO] [stdout]    |      |         expected `String`, found `&str`
[INFO] [stdout]    |      arguments to this method are incorrect
[INFO] [stdout]    |
[INFO] [stdout] note: method defined here
[INFO] [stdout]   --> /opt/rustwide/workdir/src/application.rs:31:12
[INFO] [stdout]    |
[INFO] [stdout] 31 |     pub fn with_name(mut self, name: String) -> Self {
[INFO] [stdout]    |            ^^^^^^^^^
[INFO] [stdout] 
[INFO] [stdout] error: aborting due to 2 previous errors
[INFO] [stdout] 
[INFO] [stdout] For more information about this error, try `rustc --explain E0308`.
[INFO] [stdout] Couldn't compile the test.
[INFO] [stdout] ---- src/application.rs - application::ApplicationBuilder (line 5) stdout ----
[INFO] [stdout] error: expected `;`, found `}`
[INFO] [stdout]  --> src/application.rs:9:13
[INFO] [stdout]   |
[INFO] [stdout] 7 |     .build()
[INFO] [stdout]   |             ^ help: add `;` here
[INFO] [stdout] 8 | } _doctest_main_src_application_rs_5_0() }
[INFO] [stdout]   | - unexpected token
[INFO] [stdout] 
[INFO] [stdout] error[E0308]: mismatched types
[INFO] [stdout]   --> src/application.rs:7:16
[INFO] [stdout]    |
[INFO] [stdout] 5  |     .with_name("kinetic")
[INFO] [stdout]    |      --------- ^^^^^^^^^- help: try using a conversion method: `.to_string()`
[INFO] [stdout]    |      |         |
[INFO] [stdout]    |      |         expected `String`, found `&str`
[INFO] [stdout]    |      arguments to this method are incorrect
[INFO] [stdout]    |
[INFO] [stdout] note: method defined here
[INFO] [stdout]   --> /opt/rustwide/workdir/src/application.rs:31:12
[INFO] [stdout]    |
[INFO] [stdout] 31 |     pub fn with_name(mut self, name: String) -> Self {
[INFO] [stdout]    |            ^^^^^^^^^
[INFO] [stdout] 
[INFO] [stdout] error: aborting due to 2 previous errors
[INFO] [stdout] 
[INFO] [stdout] For more information about this error, try `rustc --explain E0308`.
[INFO] [stdout] Couldn't compile the test.
[INFO] [stdout] 
[INFO] [stdout] failures:
[INFO] [stdout]     src/application.rs - application::Application (line 65)
[INFO] [stdout]     src/application.rs - application::ApplicationBuilder (line 5)
[INFO] [stdout] 
[INFO] [stdout] test result: FAILED. 0 passed; 2 failed; 0 ignored; 0 measured; 0 filtered out; finished in 0.07s
[INFO] [stdout] 
[INFO] [stderr] error: doctest failed, to rerun pass `--doc`
[INFO] running `Command { std: "docker" "inspect" "3637595cc429ac82e08c03e8b5b18576112475c3098dde65affa0bb26c56e20f", kill_on_drop: false }`
[INFO] running `Command { std: "docker" "rm" "-f" "3637595cc429ac82e08c03e8b5b18576112475c3098dde65affa0bb26c56e20f", kill_on_drop: false }`
[INFO] [stdout] 3637595cc429ac82e08c03e8b5b18576112475c3098dde65affa0bb26c56e20f
