[INFO] fetching crate keystone-engine 0.1.0...
[INFO] testing keystone-engine-0.1.0 against 1.69.0 for beta-1.70-1
[INFO] extracting crate keystone-engine 0.1.0 into /workspace/builds/worker-0-tc1/source
[INFO] validating manifest of crates.io crate keystone-engine 0.1.0 on toolchain 1.69.0
[INFO] running `Command { std: CARGO_HOME="/workspace/cargo-home" RUSTUP_HOME="/workspace/rustup-home" "/workspace/cargo-home/bin/cargo" "+1.69.0" "metadata" "--manifest-path" "Cargo.toml" "--no-deps", kill_on_drop: false }`
[INFO] started tweaking crates.io crate keystone-engine 0.1.0
[INFO] finished tweaking crates.io crate keystone-engine 0.1.0
[INFO] tweaked toml for crates.io crate keystone-engine 0.1.0 written to /workspace/builds/worker-0-tc1/source/Cargo.toml
[INFO] running `Command { std: CARGO_HOME="/workspace/cargo-home" RUSTUP_HOME="/workspace/rustup-home" __CARGO_TEST_CHANNEL_OVERRIDE_DO_NOT_USE_THIS="nightly" "/workspace/cargo-home/bin/cargo" "+1.69.0" "generate-lockfile" "--manifest-path" "Cargo.toml" "-Zno-index-update", kill_on_drop: false }`
[INFO] [stderr]     Blocking waiting for file lock on package cache
[INFO] running `Command { std: CARGO_HOME="/workspace/cargo-home" RUSTUP_HOME="/workspace/rustup-home" "/workspace/cargo-home/bin/cargo" "+1.69.0" "fetch" "--manifest-path" "Cargo.toml", kill_on_drop: false }`
[INFO] running `Command { std: "docker" "create" "-v" "/var/lib/crater-agent-workspace/builds/worker-0-tc1/target:/opt/rustwide/target:rw,Z" "-v" "/var/lib/crater-agent-workspace/builds/worker-0-tc1/source:/opt/rustwide/workdir:ro,Z" "-v" "/var/lib/crater-agent-workspace/cargo-home:/opt/rustwide/cargo-home:ro,Z" "-v" "/var/lib/crater-agent-workspace/rustup-home:/opt/rustwide/rustup-home:ro,Z" "-e" "SOURCE_DIR=/opt/rustwide/workdir" "-e" "CARGO_TARGET_DIR=/opt/rustwide/target" "-e" "CARGO_HOME=/opt/rustwide/cargo-home" "-e" "RUSTUP_HOME=/opt/rustwide/rustup-home" "-w" "/opt/rustwide/workdir" "-m" "1610612736" "--user" "0:0" "--network" "none" "ghcr.io/rust-lang/crates-build-env/linux@sha256:5ff2268d62e97bff2cde7d5815dd6ed5b47097566f13b8d0ca110b04b60e07ed" "/opt/rustwide/cargo-home/bin/cargo" "+1.69.0" "metadata" "--no-deps" "--format-version=1", kill_on_drop: false }`
[INFO] [stdout] cf7621bbad6b687f7b087dd8013bb74999b985a6f5a6340349d10ecc1084a858
[INFO] running `Command { std: "docker" "start" "-a" "cf7621bbad6b687f7b087dd8013bb74999b985a6f5a6340349d10ecc1084a858", kill_on_drop: false }`
[INFO] running `Command { std: "docker" "inspect" "cf7621bbad6b687f7b087dd8013bb74999b985a6f5a6340349d10ecc1084a858", kill_on_drop: false }`
[INFO] running `Command { std: "docker" "rm" "-f" "cf7621bbad6b687f7b087dd8013bb74999b985a6f5a6340349d10ecc1084a858", kill_on_drop: false }`
[INFO] [stdout] cf7621bbad6b687f7b087dd8013bb74999b985a6f5a6340349d10ecc1084a858
[INFO] running `Command { std: "docker" "create" "-v" "/var/lib/crater-agent-workspace/builds/worker-0-tc1/target:/opt/rustwide/target:rw,Z" "-v" "/var/lib/crater-agent-workspace/builds/worker-0-tc1/source:/opt/rustwide/workdir:ro,Z" "-v" "/var/lib/crater-agent-workspace/cargo-home:/opt/rustwide/cargo-home:ro,Z" "-v" "/var/lib/crater-agent-workspace/rustup-home:/opt/rustwide/rustup-home:ro,Z" "-e" "SOURCE_DIR=/opt/rustwide/workdir" "-e" "CARGO_TARGET_DIR=/opt/rustwide/target" "-e" "CARGO_INCREMENTAL=0" "-e" "RUST_BACKTRACE=full" "-e" "RUSTFLAGS=--cap-lints=warn" "-e" "RUSTDOCFLAGS=--cap-lints=warn" "-e" "CARGO_HOME=/opt/rustwide/cargo-home" "-e" "RUSTUP_HOME=/opt/rustwide/rustup-home" "-w" "/opt/rustwide/workdir" "-m" "1610612736" "--user" "0:0" "--network" "none" "ghcr.io/rust-lang/crates-build-env/linux@sha256:5ff2268d62e97bff2cde7d5815dd6ed5b47097566f13b8d0ca110b04b60e07ed" "/opt/rustwide/cargo-home/bin/cargo" "+1.69.0" "build" "--frozen" "--message-format=json", kill_on_drop: false }`
[INFO] [stdout] 2a775cd9ba9c776b24153b2cc22fe9c020e102ab236d559517c879b3008306b4
[INFO] running `Command { std: "docker" "start" "-a" "2a775cd9ba9c776b24153b2cc22fe9c020e102ab236d559517c879b3008306b4", kill_on_drop: false }`
[INFO] [stderr]    Compiling cmake v0.1.50
[INFO] [stderr]    Compiling keystone-engine v0.1.0 (/opt/rustwide/workdir)
[INFO] [stderr]     Finished dev [unoptimized + debuginfo] target(s) in 1m 45s
[INFO] running `Command { std: "docker" "inspect" "2a775cd9ba9c776b24153b2cc22fe9c020e102ab236d559517c879b3008306b4", kill_on_drop: false }`
[INFO] running `Command { std: "docker" "rm" "-f" "2a775cd9ba9c776b24153b2cc22fe9c020e102ab236d559517c879b3008306b4", kill_on_drop: false }`
[INFO] [stdout] 2a775cd9ba9c776b24153b2cc22fe9c020e102ab236d559517c879b3008306b4
[INFO] running `Command { std: "docker" "create" "-v" "/var/lib/crater-agent-workspace/builds/worker-0-tc1/target:/opt/rustwide/target:rw,Z" "-v" "/var/lib/crater-agent-workspace/builds/worker-0-tc1/source:/opt/rustwide/workdir:ro,Z" "-v" "/var/lib/crater-agent-workspace/cargo-home:/opt/rustwide/cargo-home:ro,Z" "-v" "/var/lib/crater-agent-workspace/rustup-home:/opt/rustwide/rustup-home:ro,Z" "-e" "SOURCE_DIR=/opt/rustwide/workdir" "-e" "CARGO_TARGET_DIR=/opt/rustwide/target" "-e" "CARGO_INCREMENTAL=0" "-e" "RUST_BACKTRACE=full" "-e" "RUSTFLAGS=--cap-lints=warn" "-e" "RUSTDOCFLAGS=--cap-lints=warn" "-e" "CARGO_HOME=/opt/rustwide/cargo-home" "-e" "RUSTUP_HOME=/opt/rustwide/rustup-home" "-w" "/opt/rustwide/workdir" "-m" "1610612736" "--user" "0:0" "--network" "none" "ghcr.io/rust-lang/crates-build-env/linux@sha256:5ff2268d62e97bff2cde7d5815dd6ed5b47097566f13b8d0ca110b04b60e07ed" "/opt/rustwide/cargo-home/bin/cargo" "+1.69.0" "test" "--frozen" "--no-run" "--message-format=json", kill_on_drop: false }`
[INFO] [stdout] ac929dd132a82444d06752972a0b5d91c60bd14f41489cba976c4fb1ce63911d
[INFO] running `Command { std: "docker" "start" "-a" "ac929dd132a82444d06752972a0b5d91c60bd14f41489cba976c4fb1ce63911d", kill_on_drop: false }`
[INFO] [stderr]    Compiling keystone-engine v0.1.0 (/opt/rustwide/workdir)
[INFO] [stderr]     Finished test [unoptimized + debuginfo] target(s) in 2.25s
[INFO] running `Command { std: "docker" "inspect" "ac929dd132a82444d06752972a0b5d91c60bd14f41489cba976c4fb1ce63911d", kill_on_drop: false }`
[INFO] running `Command { std: "docker" "rm" "-f" "ac929dd132a82444d06752972a0b5d91c60bd14f41489cba976c4fb1ce63911d", kill_on_drop: false }`
[INFO] [stdout] ac929dd132a82444d06752972a0b5d91c60bd14f41489cba976c4fb1ce63911d
[INFO] running `Command { std: "docker" "create" "-v" "/var/lib/crater-agent-workspace/builds/worker-0-tc1/target:/opt/rustwide/target:rw,Z" "-v" "/var/lib/crater-agent-workspace/builds/worker-0-tc1/source:/opt/rustwide/workdir:ro,Z" "-v" "/var/lib/crater-agent-workspace/cargo-home:/opt/rustwide/cargo-home:ro,Z" "-v" "/var/lib/crater-agent-workspace/rustup-home:/opt/rustwide/rustup-home:ro,Z" "-e" "SOURCE_DIR=/opt/rustwide/workdir" "-e" "CARGO_TARGET_DIR=/opt/rustwide/target" "-e" "CARGO_INCREMENTAL=0" "-e" "RUST_BACKTRACE=full" "-e" "RUSTFLAGS=--cap-lints=warn" "-e" "RUSTDOCFLAGS=--cap-lints=warn" "-e" "CARGO_HOME=/opt/rustwide/cargo-home" "-e" "RUSTUP_HOME=/opt/rustwide/rustup-home" "-w" "/opt/rustwide/workdir" "-m" "1610612736" "--user" "0:0" "--network" "none" "ghcr.io/rust-lang/crates-build-env/linux@sha256:5ff2268d62e97bff2cde7d5815dd6ed5b47097566f13b8d0ca110b04b60e07ed" "/opt/rustwide/cargo-home/bin/cargo" "+1.69.0" "test" "--frozen", kill_on_drop: false }`
[INFO] [stdout] 1ff4495a9a1ad34aebbd4a2eb9f38bf8c71b6cb2d26efaa32db2866920b88005
[INFO] running `Command { std: "docker" "start" "-a" "1ff4495a9a1ad34aebbd4a2eb9f38bf8c71b6cb2d26efaa32db2866920b88005", kill_on_drop: false }`
[INFO] [stderr]     Finished test [unoptimized + debuginfo] target(s) in 0.02s
[INFO] [stderr]      Running unittests src/lib.rs (/opt/rustwide/target/debug/deps/keystone_engine-f43c898651da9ce5)
[INFO] [stdout] 
[INFO] [stdout] running 7 tests
[INFO] [stdout] test ffi::tests::test_ks_arch_supported ... ok
[INFO] [stdout] test ffi::tests::test_ks_option ... ok
[INFO] [stdout] test ffi::tests::test_ks_errno ... ok
[INFO] [stdout] test ffi::tests::test_ks_open_ks_close ... ok
[INFO] [stdout] test ffi::tests::test_ks_asm ... ok
[INFO] [stdout] test tests::test ... ok
[INFO] [stdout] test ffi::tests::test_ks_version ... ok
[INFO] [stdout] 
[INFO] [stdout] test result: ok. 7 passed; 0 failed; 0 ignored; 0 measured; 0 filtered out; finished in 0.03s
[INFO] [stdout] 
[INFO] [stderr]    Doc-tests keystone-engine
[INFO] [stdout] 
[INFO] [stdout] running 2 tests
[INFO] [stdout] test src/lib.rs - (line 26) ... FAILED
[INFO] [stdout] test src/lib.rs - (line 35) ... ok
[INFO] [stdout] 
[INFO] [stdout] failures:
[INFO] [stdout] 
[INFO] [stdout] ---- src/lib.rs - (line 26) stdout ----
[INFO] [stdout] error: expected one of `.`, `;`, `?`, `}`, or an operator, found `,`
[INFO] [stdout]  --> src/lib.rs:27:38
[INFO] [stdout]   |
[INFO] [stdout] 4 | keystone_engine = { version = "0.1.0", features = ["build-from-src"] }
[INFO] [stdout]   |                                      ^ expected one of `.`, `;`, `?`, `}`, or an operator
[INFO] [stdout] 
[INFO] [stdout] error[E0423]: expected value, found crate `keystone_engine`
[INFO] [stdout]  --> src/lib.rs:27:1
[INFO] [stdout]   |
[INFO] [stdout] 4 | keystone_engine = { version = "0.1.0", features = ["build-from-src"] }
[INFO] [stdout]   | ^^^^^^^^^^^^^^^
[INFO] [stdout]   |
[INFO] [stdout] help: you might have meant to introduce a new binding
[INFO] [stdout]   |
[INFO] [stdout] 4 | let keystone_engine = { version = "0.1.0", features = ["build-from-src"] }
[INFO] [stdout]   | +++
[INFO] [stdout] 
[INFO] [stdout] error: aborting due to 2 previous errors
[INFO] [stdout] 
[INFO] [stdout] For more information about this error, try `rustc --explain E0423`.
[INFO] [stdout] Couldn't compile the test.
[INFO] [stdout] 
[INFO] [stdout] failures:
[INFO] [stdout]     src/lib.rs - (line 26)
[INFO] [stdout] 
[INFO] [stdout] test result: FAILED. 1 passed; 1 failed; 0 ignored; 0 measured; 0 filtered out; finished in 1.60s
[INFO] [stdout] 
[INFO] [stderr] error: doctest failed, to rerun pass `--doc`
[INFO] running `Command { std: "docker" "inspect" "1ff4495a9a1ad34aebbd4a2eb9f38bf8c71b6cb2d26efaa32db2866920b88005", kill_on_drop: false }`
[INFO] running `Command { std: "docker" "rm" "-f" "1ff4495a9a1ad34aebbd4a2eb9f38bf8c71b6cb2d26efaa32db2866920b88005", kill_on_drop: false }`
[INFO] [stdout] 1ff4495a9a1ad34aebbd4a2eb9f38bf8c71b6cb2d26efaa32db2866920b88005
