[INFO] fetching crate keypad2 0.1.1...
[INFO] testing keypad2-0.1.1 against 1.69.0 for beta-1.70-1
[INFO] extracting crate keypad2 0.1.1 into /workspace/builds/worker-6-tc1/source
[INFO] validating manifest of crates.io crate keypad2 0.1.1 on toolchain 1.69.0
[INFO] running `Command { std: CARGO_HOME="/workspace/cargo-home" RUSTUP_HOME="/workspace/rustup-home" "/workspace/cargo-home/bin/cargo" "+1.69.0" "metadata" "--manifest-path" "Cargo.toml" "--no-deps", kill_on_drop: false }`
[INFO] started tweaking crates.io crate keypad2 0.1.1
[INFO] finished tweaking crates.io crate keypad2 0.1.1
[INFO] tweaked toml for crates.io crate keypad2 0.1.1 written to /workspace/builds/worker-6-tc1/source/Cargo.toml
[INFO] running `Command { std: CARGO_HOME="/workspace/cargo-home" RUSTUP_HOME="/workspace/rustup-home" __CARGO_TEST_CHANNEL_OVERRIDE_DO_NOT_USE_THIS="nightly" "/workspace/cargo-home/bin/cargo" "+1.69.0" "generate-lockfile" "--manifest-path" "Cargo.toml" "-Zno-index-update", kill_on_drop: false }`
[INFO] running `Command { std: CARGO_HOME="/workspace/cargo-home" RUSTUP_HOME="/workspace/rustup-home" "/workspace/cargo-home/bin/cargo" "+1.69.0" "fetch" "--manifest-path" "Cargo.toml", kill_on_drop: false }`
[INFO] running `Command { std: "docker" "create" "-v" "/var/lib/crater-agent-workspace/builds/worker-6-tc1/target:/opt/rustwide/target:rw,Z" "-v" "/var/lib/crater-agent-workspace/builds/worker-6-tc1/source:/opt/rustwide/workdir:ro,Z" "-v" "/var/lib/crater-agent-workspace/cargo-home:/opt/rustwide/cargo-home:ro,Z" "-v" "/var/lib/crater-agent-workspace/rustup-home:/opt/rustwide/rustup-home:ro,Z" "-e" "SOURCE_DIR=/opt/rustwide/workdir" "-e" "CARGO_TARGET_DIR=/opt/rustwide/target" "-e" "CARGO_HOME=/opt/rustwide/cargo-home" "-e" "RUSTUP_HOME=/opt/rustwide/rustup-home" "-w" "/opt/rustwide/workdir" "-m" "1610612736" "--user" "0:0" "--network" "none" "ghcr.io/rust-lang/crates-build-env/linux@sha256:5ff2268d62e97bff2cde7d5815dd6ed5b47097566f13b8d0ca110b04b60e07ed" "/opt/rustwide/cargo-home/bin/cargo" "+1.69.0" "metadata" "--no-deps" "--format-version=1", kill_on_drop: false }`
[INFO] [stdout] c694143cacd2113a48876162c4579ff320f30176b17f5f6ac6215e7e754822f0
[INFO] running `Command { std: "docker" "start" "-a" "c694143cacd2113a48876162c4579ff320f30176b17f5f6ac6215e7e754822f0", kill_on_drop: false }`
[INFO] running `Command { std: "docker" "inspect" "c694143cacd2113a48876162c4579ff320f30176b17f5f6ac6215e7e754822f0", kill_on_drop: false }`
[INFO] running `Command { std: "docker" "rm" "-f" "c694143cacd2113a48876162c4579ff320f30176b17f5f6ac6215e7e754822f0", kill_on_drop: false }`
[INFO] [stdout] c694143cacd2113a48876162c4579ff320f30176b17f5f6ac6215e7e754822f0
[INFO] running `Command { std: "docker" "create" "-v" "/var/lib/crater-agent-workspace/builds/worker-6-tc1/target:/opt/rustwide/target:rw,Z" "-v" "/var/lib/crater-agent-workspace/builds/worker-6-tc1/source:/opt/rustwide/workdir:ro,Z" "-v" "/var/lib/crater-agent-workspace/cargo-home:/opt/rustwide/cargo-home:ro,Z" "-v" "/var/lib/crater-agent-workspace/rustup-home:/opt/rustwide/rustup-home:ro,Z" "-e" "SOURCE_DIR=/opt/rustwide/workdir" "-e" "CARGO_TARGET_DIR=/opt/rustwide/target" "-e" "CARGO_INCREMENTAL=0" "-e" "RUST_BACKTRACE=full" "-e" "RUSTFLAGS=--cap-lints=warn" "-e" "RUSTDOCFLAGS=--cap-lints=warn" "-e" "CARGO_HOME=/opt/rustwide/cargo-home" "-e" "RUSTUP_HOME=/opt/rustwide/rustup-home" "-w" "/opt/rustwide/workdir" "-m" "1610612736" "--user" "0:0" "--network" "none" "ghcr.io/rust-lang/crates-build-env/linux@sha256:5ff2268d62e97bff2cde7d5815dd6ed5b47097566f13b8d0ca110b04b60e07ed" "/opt/rustwide/cargo-home/bin/cargo" "+1.69.0" "build" "--frozen" "--message-format=json", kill_on_drop: false }`
[INFO] [stdout] 651d4f7f2dd55c16472a1a48699b795f6d8bde03d26cb367982cd2dc1490f6d4
[INFO] running `Command { std: "docker" "start" "-a" "651d4f7f2dd55c16472a1a48699b795f6d8bde03d26cb367982cd2dc1490f6d4", kill_on_drop: false }`
[INFO] [stderr]     Blocking waiting for file lock on package cache
[INFO] [stderr]    Compiling nb v1.1.0
[INFO] [stderr]    Compiling void v1.0.2
[INFO] [stderr]    Compiling nb v0.1.3
[INFO] [stderr]    Compiling embedded-hal v0.2.7
[INFO] [stderr]    Compiling keypad2 v0.1.1 (/opt/rustwide/workdir)
[INFO] [stderr]     Finished dev [unoptimized + debuginfo] target(s) in 0.84s
[INFO] running `Command { std: "docker" "inspect" "651d4f7f2dd55c16472a1a48699b795f6d8bde03d26cb367982cd2dc1490f6d4", kill_on_drop: false }`
[INFO] running `Command { std: "docker" "rm" "-f" "651d4f7f2dd55c16472a1a48699b795f6d8bde03d26cb367982cd2dc1490f6d4", kill_on_drop: false }`
[INFO] [stdout] 651d4f7f2dd55c16472a1a48699b795f6d8bde03d26cb367982cd2dc1490f6d4
[INFO] running `Command { std: "docker" "create" "-v" "/var/lib/crater-agent-workspace/builds/worker-6-tc1/target:/opt/rustwide/target:rw,Z" "-v" "/var/lib/crater-agent-workspace/builds/worker-6-tc1/source:/opt/rustwide/workdir:ro,Z" "-v" "/var/lib/crater-agent-workspace/cargo-home:/opt/rustwide/cargo-home:ro,Z" "-v" "/var/lib/crater-agent-workspace/rustup-home:/opt/rustwide/rustup-home:ro,Z" "-e" "SOURCE_DIR=/opt/rustwide/workdir" "-e" "CARGO_TARGET_DIR=/opt/rustwide/target" "-e" "CARGO_INCREMENTAL=0" "-e" "RUST_BACKTRACE=full" "-e" "RUSTFLAGS=--cap-lints=warn" "-e" "RUSTDOCFLAGS=--cap-lints=warn" "-e" "CARGO_HOME=/opt/rustwide/cargo-home" "-e" "RUSTUP_HOME=/opt/rustwide/rustup-home" "-w" "/opt/rustwide/workdir" "-m" "1610612736" "--user" "0:0" "--network" "none" "ghcr.io/rust-lang/crates-build-env/linux@sha256:5ff2268d62e97bff2cde7d5815dd6ed5b47097566f13b8d0ca110b04b60e07ed" "/opt/rustwide/cargo-home/bin/cargo" "+1.69.0" "test" "--frozen" "--no-run" "--message-format=json", kill_on_drop: false }`
[INFO] [stdout] f542de517ef8116348f30f5b6f629032cf66dc9e8a7d34fc865eb43470e0f679
[INFO] running `Command { std: "docker" "start" "-a" "f542de517ef8116348f30f5b6f629032cf66dc9e8a7d34fc865eb43470e0f679", kill_on_drop: false }`
[INFO] [stderr]     Blocking waiting for file lock on package cache
[INFO] [stderr]    Compiling keypad2 v0.1.1 (/opt/rustwide/workdir)
[INFO] [stderr]     Finished test [unoptimized + debuginfo] target(s) in 0.61s
[INFO] running `Command { std: "docker" "inspect" "f542de517ef8116348f30f5b6f629032cf66dc9e8a7d34fc865eb43470e0f679", kill_on_drop: false }`
[INFO] running `Command { std: "docker" "rm" "-f" "f542de517ef8116348f30f5b6f629032cf66dc9e8a7d34fc865eb43470e0f679", kill_on_drop: false }`
[INFO] [stdout] f542de517ef8116348f30f5b6f629032cf66dc9e8a7d34fc865eb43470e0f679
[INFO] running `Command { std: "docker" "create" "-v" "/var/lib/crater-agent-workspace/builds/worker-6-tc1/target:/opt/rustwide/target:rw,Z" "-v" "/var/lib/crater-agent-workspace/builds/worker-6-tc1/source:/opt/rustwide/workdir:ro,Z" "-v" "/var/lib/crater-agent-workspace/cargo-home:/opt/rustwide/cargo-home:ro,Z" "-v" "/var/lib/crater-agent-workspace/rustup-home:/opt/rustwide/rustup-home:ro,Z" "-e" "SOURCE_DIR=/opt/rustwide/workdir" "-e" "CARGO_TARGET_DIR=/opt/rustwide/target" "-e" "CARGO_INCREMENTAL=0" "-e" "RUST_BACKTRACE=full" "-e" "RUSTFLAGS=--cap-lints=warn" "-e" "RUSTDOCFLAGS=--cap-lints=warn" "-e" "CARGO_HOME=/opt/rustwide/cargo-home" "-e" "RUSTUP_HOME=/opt/rustwide/rustup-home" "-w" "/opt/rustwide/workdir" "-m" "1610612736" "--user" "0:0" "--network" "none" "ghcr.io/rust-lang/crates-build-env/linux@sha256:5ff2268d62e97bff2cde7d5815dd6ed5b47097566f13b8d0ca110b04b60e07ed" "/opt/rustwide/cargo-home/bin/cargo" "+1.69.0" "test" "--frozen", kill_on_drop: false }`
[INFO] [stdout] bee0ccaf3b42ad80f0f38cb7f5c7c5d2d76953590fb76f7d815b135308442e85
[INFO] running `Command { std: "docker" "start" "-a" "bee0ccaf3b42ad80f0f38cb7f5c7c5d2d76953590fb76f7d815b135308442e85", kill_on_drop: false }`
[INFO] [stderr]     Finished test [unoptimized + debuginfo] target(s) in 0.00s
[INFO] [stderr]      Running unittests src/lib.rs (/opt/rustwide/target/debug/deps/keypad2-c51596f7c6de2636)
[INFO] [stdout] 
[INFO] [stdout] running 0 tests
[INFO] [stdout] 
[INFO] [stdout] test result: ok. 0 passed; 0 failed; 0 ignored; 0 measured; 0 filtered out; finished in 0.00s
[INFO] [stdout] 
[INFO] [stderr]    Doc-tests keypad2
[INFO] [stdout] 
[INFO] [stdout] running 1 test
[INFO] [stdout] test src/lib.rs - (line 7) ... FAILED
[INFO] [stdout] 
[INFO] [stdout] failures:
[INFO] [stdout] 
[INFO] [stdout] ---- src/lib.rs - (line 7) stdout ----
[INFO] [stdout] error: unexpected token: `...`
[INFO] [stdout]   --> src/lib.rs:25:5
[INFO] [stdout]    |
[INFO] [stdout] 20 |     ...
[INFO] [stdout]    |     ^^^
[INFO] [stdout]    |
[INFO] [stdout] help: use `..` for an exclusive range
[INFO] [stdout]    |
[INFO] [stdout] 20 |     ..
[INFO] [stdout]    |
[INFO] [stdout] help: or `..=` for an inclusive range
[INFO] [stdout]    |
[INFO] [stdout] 20 |     ..=
[INFO] [stdout]    |
[INFO] [stdout] 
[INFO] [stdout] error[E0586]: inclusive range with no end
[INFO] [stdout]   --> src/lib.rs:25:5
[INFO] [stdout]    |
[INFO] [stdout] 20 |     ...
[INFO] [stdout]    |     ^^^ help: use `..` instead
[INFO] [stdout]    |
[INFO] [stdout]    = note: inclusive ranges must be bounded at the end (`..=b` or `a..=b`)
[INFO] [stdout] 
[INFO] [stdout] error[E0425]: cannot find value `gpiob` in this scope
[INFO] [stdout]  --> src/lib.rs:9:5
[INFO] [stdout]   |
[INFO] [stdout] 4 |     gpiob.pb15.into_pull_up_input(&mut gpiob.crh),
[INFO] [stdout]   |     ^^^^^ not found in this scope
[INFO] [stdout] 
[INFO] [stdout] error[E0425]: cannot find value `gpiob` in this scope
[INFO] [stdout]  --> src/lib.rs:9:40
[INFO] [stdout]   |
[INFO] [stdout] 4 |     gpiob.pb15.into_pull_up_input(&mut gpiob.crh),
[INFO] [stdout]   |                                        ^^^^^ not found in this scope
[INFO] [stdout] 
[INFO] [stdout] error[E0425]: cannot find value `gpioa` in this scope
[INFO] [stdout]  --> src/lib.rs:10:5
[INFO] [stdout]   |
[INFO] [stdout] 5 |     gpioa.pa7.into_pull_up_input(&mut gpioa.crl),
[INFO] [stdout]   |     ^^^^^ not found in this scope
[INFO] [stdout] 
[INFO] [stdout] error[E0425]: cannot find value `gpioa` in this scope
[INFO] [stdout]  --> src/lib.rs:10:39
[INFO] [stdout]   |
[INFO] [stdout] 5 |     gpioa.pa7.into_pull_up_input(&mut gpioa.crl),
[INFO] [stdout]   |                                       ^^^^^ not found in this scope
[INFO] [stdout] 
[INFO] [stdout] error[E0425]: cannot find value `gpiob` in this scope
[INFO] [stdout]  --> src/lib.rs:11:5
[INFO] [stdout]   |
[INFO] [stdout] 6 |     gpiob.pb6.into_pull_up_input(&mut gpiob.crl),
[INFO] [stdout]   |     ^^^^^ not found in this scope
[INFO] [stdout] 
[INFO] [stdout] error[E0425]: cannot find value `gpiob` in this scope
[INFO] [stdout]  --> src/lib.rs:11:39
[INFO] [stdout]   |
[INFO] [stdout] 6 |     gpiob.pb6.into_pull_up_input(&mut gpiob.crl),
[INFO] [stdout]   |                                       ^^^^^ not found in this scope
[INFO] [stdout] 
[INFO] [stdout] error[E0425]: cannot find value `gpioa` in this scope
[INFO] [stdout]  --> src/lib.rs:12:5
[INFO] [stdout]   |
[INFO] [stdout] 7 |     gpioa.pa9.into_pull_up_input(&mut gpioa.crh),
[INFO] [stdout]   |     ^^^^^ not found in this scope
[INFO] [stdout] 
[INFO] [stdout] error[E0425]: cannot find value `gpioa` in this scope
[INFO] [stdout]  --> src/lib.rs:12:39
[INFO] [stdout]   |
[INFO] [stdout] 7 |     gpioa.pa9.into_pull_up_input(&mut gpioa.crh),
[INFO] [stdout]   |                                       ^^^^^ not found in this scope
[INFO] [stdout] 
[INFO] [stdout] error[E0425]: cannot find value `gpioa` in this scope
[INFO] [stdout]   --> src/lib.rs:16:5
[INFO] [stdout]    |
[INFO] [stdout] 11 |     gpioa.pa8.into_open_drain_output(&mut gpioa.crh),
[INFO] [stdout]    |     ^^^^^ not found in this scope
[INFO] [stdout] 
[INFO] [stdout] error[E0425]: cannot find value `gpioa` in this scope
[INFO] [stdout]   --> src/lib.rs:16:43
[INFO] [stdout]    |
[INFO] [stdout] 11 |     gpioa.pa8.into_open_drain_output(&mut gpioa.crh),
[INFO] [stdout]    |                                           ^^^^^ not found in this scope
[INFO] [stdout] 
[INFO] [stdout] error[E0425]: cannot find value `gpiob` in this scope
[INFO] [stdout]   --> src/lib.rs:17:5
[INFO] [stdout]    |
[INFO] [stdout] 12 |     gpiob.pb5.into_open_drain_output(&mut gpiob.crl),
[INFO] [stdout]    |     ^^^^^ not found in this scope
[INFO] [stdout] 
[INFO] [stdout] error[E0425]: cannot find value `gpiob` in this scope
[INFO] [stdout]   --> src/lib.rs:17:43
[INFO] [stdout]    |
[INFO] [stdout] 12 |     gpiob.pb5.into_open_drain_output(&mut gpiob.crl),
[INFO] [stdout]    |                                           ^^^^^ not found in this scope
[INFO] [stdout] 
[INFO] [stdout] error[E0425]: cannot find value `gpioc` in this scope
[INFO] [stdout]   --> src/lib.rs:18:5
[INFO] [stdout]    |
[INFO] [stdout] 13 |     gpioc.pc7.into_open_drain_output(&mut gpioc.crl),
[INFO] [stdout]    |     ^^^^^ not found in this scope
[INFO] [stdout] 
[INFO] [stdout] error[E0425]: cannot find value `gpioc` in this scope
[INFO] [stdout]   --> src/lib.rs:18:43
[INFO] [stdout]    |
[INFO] [stdout] 13 |     gpioc.pc7.into_open_drain_output(&mut gpioc.crl),
[INFO] [stdout]    |                                           ^^^^^ not found in this scope
[INFO] [stdout] 
[INFO] [stdout] error[E0433]: failed to resolve: use of undeclared type `Keypad`
[INFO] [stdout]   --> src/lib.rs:21:18
[INFO] [stdout]    |
[INFO] [stdout] 16 | let mut keypad = Keypad::new(rows, cols);
[INFO] [stdout]    |                  ^^^^^^ use of undeclared type `Keypad`
[INFO] [stdout]    |
[INFO] [stdout] help: consider importing this struct
[INFO] [stdout]    |
[INFO] [stdout] 2  | use keypad2::Keypad;
[INFO] [stdout]    |
[INFO] [stdout] 
[INFO] [stdout] error[E0425]: cannot find value `delay` in this scope
[INFO] [stdout]   --> src/lib.rs:23:33
[INFO] [stdout]    |
[INFO] [stdout] 18 | let key = keypad.read_char(&mut delay);
[INFO] [stdout]    |                                 ^^^^^ not found in this scope
[INFO] [stdout] 
[INFO] [stdout] error: aborting due to 18 previous errors
[INFO] [stdout] 
[INFO] [stdout] Some errors have detailed explanations: E0425, E0433, E0586.
[INFO] [stdout] For more information about an error, try `rustc --explain E0425`.
[INFO] [stdout] Couldn't compile the test.
[INFO] [stdout] 
[INFO] [stdout] failures:
[INFO] [stdout]     src/lib.rs - (line 7)
[INFO] [stdout] 
[INFO] [stdout] test result: FAILED. 0 passed; 1 failed; 0 ignored; 0 measured; 0 filtered out; finished in 0.05s
[INFO] [stdout] 
[INFO] [stderr] error: doctest failed, to rerun pass `--doc`
[INFO] running `Command { std: "docker" "inspect" "bee0ccaf3b42ad80f0f38cb7f5c7c5d2d76953590fb76f7d815b135308442e85", kill_on_drop: false }`
[INFO] running `Command { std: "docker" "rm" "-f" "bee0ccaf3b42ad80f0f38cb7f5c7c5d2d76953590fb76f7d815b135308442e85", kill_on_drop: false }`
[INFO] [stdout] bee0ccaf3b42ad80f0f38cb7f5c7c5d2d76953590fb76f7d815b135308442e85
